Report for WebService-NotifyMyAndroid-0.0.6

Back
From: metabase:user:314402c4-2aae-11df-837a-5e0a49663a4f
Subject: FAIL WebService-NotifyMyAndroid-0.0.6 v5.25.4 GNU/Linux
Date: 2016-08-30T06:37:51Z

This distribution has been tested as part of the CPAN Testers
project, supporting the Perl programming language.  See
http://wiki.cpantesters.org/ for more information or email
questions to cpan-testers-discuss@perl.org


--
Dear Chisel,

This is a computer-generated report for WebService-NotifyMyAndroid-0.0.6
on perl 5.25.4, created by CPAN-Reporter-1.2018.

Thank you for uploading your work to CPAN.  However, there was a problem
testing your distribution.

If you think this report is invalid, please consult the CPAN Testers Wiki
for suggestions on how to avoid getting FAIL reports for missing library
or binary dependencies, unsupported operating systems, and so on:

http://wiki.cpantesters.org/wiki/CPANAuthorNotes

Sections of this report:

    * Tester comments
    * Program output
    * Prerequisites
    * Environment and other context

------------------------------
TESTER COMMENTS
------------------------------

Additional comments from tester:

none provided

------------------------------
PROGRAM OUTPUT
------------------------------

Output from '/usr/bin/make test':

PERL_DL_NONLAZY=1 "/bbbike/perl-5.25.4/bin/perl5.25.4" "-MExtUtils::Command::MM" "-MTest::Harness" "-e" "undef *Test::Harness::Switches; test_harness(0, 'blib/lib', 'blib/arch')" t/*.t
t/00-load.t ............... ok
# Testing WebService::NotifyMyAndroid 0.0.6
t/00.load.t ............... ok
t/01.verify.t ............. ok
t/02.notify.t ............. ok

#   Failed test 'Test::Perl::Critic for "blib/lib/WebService/NotifyMyAndroid.pm"'
#   at /opt/perl-5.25.4/lib/site_perl/5.25.4/Test/Perl/Critic.pm line 104.
# 
#   Variable, subroutine, and package names have to be in CamelCase at line 27, column 13.  (no explanation).  (Severity: 5)
#   Variable, subroutine, and package names have to be in CamelCase at line 49, column 24.  (no explanation).  (Severity: 5)
#   Variable, subroutine, and package names have to be in CamelCase at line 55, column 4.  (no explanation).  (Severity: 5)
#   Variable, subroutine, and package names have to be in CamelCase at line 71, column 1.  (no explanation).  (Severity: 5)
#   Variable, subroutine, and package names have to be in CamelCase at line 72, column 9.  (no explanation).  (Severity: 5)
#   Variable, subroutine, and package names have to be in CamelCase at line 72, column 16.  (no explanation).  (Severity: 5)
#   Variable, subroutine, and package names have to be in CamelCase at line 73, column 8.  (no explanation).  (Severity: 5)
#   Variable, subroutine, and package names have to be in CamelCase at line 73, column 28.  (no explanation).  (Severity: 5)
#   Variable, subroutine, and package names have to be in CamelCase at line 73, column 36.  (no explanation).  (Severity: 5)
#   Variable, subroutine, and package names have to be in CamelCase at line 74, column 12.  (no explanation).  (Severity: 5)
#   Variable, subroutine, and package names have to be in CamelCase at line 74, column 35.  (no explanation).  (Severity: 5)
#   Method invocation should use "()" at line 74, column 44.  Use "->MethodName()" instead of "->MethodName".  (Severity: 5)
#   Variable, subroutine, and package names have to be in CamelCase at line 77, column 4.  (no explanation).  (Severity: 5)
#   Use of bitwise operator at line 79, column 24.  Use of bitwise operator "|".  (Severity: 5)
#   Perlsecret risk. Venus  at line 97, column 9.  Perlsecret detected: %s.  (Severity: 5)
#   Variable, subroutine, and package names have to be in CamelCase at line 111, column 1.  (no explanation).  (Severity: 5)
#   Variable, subroutine, and package names have to be in CamelCase at line 112, column 9.  (no explanation).  (Severity: 5)
#   Variable, subroutine, and package names have to be in CamelCase at line 112, column 16.  (no explanation).  (Severity: 5)
#   Variable, subroutine, and package names have to be in CamelCase at line 113, column 8.  (no explanation).  (Severity: 5)
#   Variable, subroutine, and package names have to be in CamelCase at line 113, column 28.  (no explanation).  (Severity: 5)
#   Variable, subroutine, and package names have to be in CamelCase at line 113, column 36.  (no explanation).  (Severity: 5)
#   Variable, subroutine, and package names have to be in CamelCase at line 114, column 12.  (no explanation).  (Severity: 5)
#   Variable, subroutine, and package names have to be in CamelCase at line 114, column 36.  (no explanation).  (Severity: 5)
#   Method invocation should use "()" at line 114, column 45.  Use "->MethodName()" instead of "->MethodName".  (Severity: 5)
#   Variable, subroutine, and package names have to be in CamelCase at line 119, column 1.  (no explanation).  (Severity: 5)
#   Variable, subroutine, and package names have to be in CamelCase at line 120, column 9.  (no explanation).  (Severity: 5)
#   Variable, subroutine, and package names have to be in CamelCase at line 120, column 21.  (no explanation).  (Severity: 5)
#   Variable, subroutine, and package names have to be in CamelCase at line 122, column 15.  (no explanation).  (Severity: 5)
#   Variable, subroutine, and package names have to be in CamelCase at line 123, column 20.  (no explanation).  (Severity: 5)
#   Variable, subroutine, and package names have to be in CamelCase at line 123, column 29.  (no explanation).  (Severity: 5)
#   Variable, subroutine, and package names have to be in CamelCase at line 124, column 29.  (no explanation).  (Severity: 5)
#   Use of low precedence operators is not allowed at line 124, column 36.  Replace low precedence operators with the high precedence substitutes.  (Severity: 5)
#   Variable, subroutine, and package names have to be in CamelCase at line 128, column 9.  (no explanation).  (Severity: 5)
#   Use of low precedence operators is not allowed at line 128, column 41.  Replace low precedence operators with the high precedence substitutes.  (Severity: 5)
#   Variable, subroutine, and package names have to be in CamelCase at line 130, column 13.  (no explanation).  (Severity: 5)
t/perlcritic.t ............ 
Dubious, test returned 1 (wstat 256, 0x100)
Failed 1/1 subtests 
t/pod-coverage.t .......... ok
t/pod.t ................... ok
t/release-no-tabs.t ....... skipped: these tests are for release candidate testing
t/release-pod-coverage.t .. skipped: these tests are for release candidate testing
t/release-pod-syntax.t .... skipped: these tests are for release candidate testing

Test Summary Report
-------------------
t/perlcritic.t          (Wstat: 256 Tests: 1 Failed: 1)
  Failed test:  1
  Non-zero exit status: 1
Files=10, Tests=9,  3 wallclock secs ( 0.03 usr  0.03 sys +  1.40 cusr  0.28 csys =  1.74 CPU)
Result: FAIL
Failed 1/10 test programs. 1/9 subtests failed.
Makefile:870: recipe for target 'test_dynamic' failed
make: *** [test_dynamic] Error 255

------------------------------
PREREQUISITES
------------------------------

Prerequisite modules loaded:

requires:

    Module               Need Have      
    -------------------- ---- ----------
    base                 0    2.23      
    Carp                 0    1.38      
    Data::Printer        0    0.38      
    FindBin::libs        0    2.12      
    LWP::Protocol::https 0    6.06      
    Params::Validate     0    1.24      
    Readonly             0    2.05      
    Regexp::Common       0    2016060801
    strictures           1    2.000003  
    WebService::Simple   0    0.25      

build_requires:

    Module               Need Have      
    -------------------- ---- ----------
    Data::Dumper         0    2.161     
    strict               0    1.11      
    Test::More           0    1.302052  
    Test::UseAllModules  0    0.17      
    warnings             0    1.37      

configure_requires:

    Module               Need Have      
    -------------------- ---- ----------
    ExtUtils::MakeMaker  6.30 7.24      


------------------------------
ENVIRONMENT AND OTHER CONTEXT
------------------------------

Environment variables:

    LANG = C
    LC_ALL = de_DE.UTF-8
    PATH = /usr/local/bin:/usr/bin:/bin:/usr/local/sbin:/usr/sbin:/sbin:/home/cpansand/bin/linux-gnu:/home/cpansand/bin/sh:/home/cpansand/bin:/usr/games:/home/cpansand/devel:/home/eserte/src/srezic-misc/scripts
    PERL5LIB = 
    PERL5OPT = 
    PERL5_CPANPLUS_IS_RUNNING = 14398
    PERL5_CPAN_IS_RUNNING = 14398
    PERL5_CPAN_IS_RUNNING_IN_RECURSION = 11522,14398
    PERLDOC = -MPod::Perldoc::ToTextOverstrike
    PERL_BATCH = yes
    PERL_CANARY_STABILITY_NOPROMPT = 1
    PERL_CPAN_REPORTER_CONFIG = /run/user/1023/cpansmoker/2016082903/cpanreporter_001_config.ini
    PERL_EXTUTILS_AUTOINSTALL = --defaultdeps
    PERL_PARALLEL_SMOKER = yes
    PERL_USE_UNSAFE_INC = 1
    SHELL = /bin/zsh
    TERM = screen
    TMPDIR = /run/user/1023/cpansmoker/2016082903

Perl special variables (and OS-specific diagnostics, for MSWin32):

    $^X = /bbbike/perl-5.25.4/bin/perl5.25.4
    $UID/$EUID = 1023 / 1023
    $GID = 1023 1023
    $EGID = 1023 1023

Perl module toolchain versions installed:

    Module              Have    
    ------------------- --------
    CPAN                2.14    
    CPAN::Meta          2.150010
    Cwd                 3.62    
    ExtUtils::CBuilder  0.280224
    ExtUtils::Command   7.24    
    ExtUtils::Install   2.04    
    ExtUtils::MakeMaker 7.24    
    ExtUtils::Manifest  1.70    
    ExtUtils::ParseXS   3.30    
    File::Spec          3.62    
    JSON                2.90    
    JSON::PP            2.27400 
    Module::Build       0.4220  
    Module::Signature   0.80    
    Parse::CPAN::Meta   2.150010
    Test::Harness       3.36    
    Test::More          1.302052
    YAML                1.18    
    YAML::Syck          1.29    
    version             0.9917  


--

Summary of my perl5 (revision 5 version 25 subversion 4) configuration:
   
  Platform:
    osname=linux
    osvers=3.16.0-4-amd64
    archname=x86_64-linux
    uname='linux eserte 3.16.0-4-amd64 #1 smp debian 3.16.7-ckt25-2+deb8u3 (2016-07-02) x86_64 gnulinux '
    config_args='-ds -e -Dprefix=/opt/perl-5.25.4 -Dusedevel -Dusemallocwrap=no -Dcf_email=srezic@cpan.org'
    hint=recommended
    useposix=true
    d_sigaction=define
    useithreads=undef
    usemultiplicity=undef
    use64bitint=define
    use64bitall=define
    uselongdouble=undef
    usemymalloc=n
    bincompat5005=undef
  Compiler:
    cc='cc'
    ccflags ='-fwrapv -fno-strict-aliasing -pipe -fstack-protector-strong -I/usr/local/include -D_LARGEFILE_SOURCE -D_FILE_OFFSET_BITS=64 -D_FORTIFY_SOURCE=2'
    optimize='-O2'
    cppflags='-fwrapv -fno-strict-aliasing -pipe -fstack-protector-strong -I/usr/local/include'
    ccversion=''
    gccversion='4.9.2'
    gccosandvers=''
    intsize=4
    longsize=8
    ptrsize=8
    doublesize=8
    byteorder=12345678
    doublekind=3
    d_longlong=define
    longlongsize=8
    d_longdbl=define
    longdblsize=16
    longdblkind=3
    ivtype='long'
    ivsize=8
    nvtype='double'
    nvsize=8
    Off_t='off_t'
    lseeksize=8
    alignbytes=8
    prototype=define
  Linker and Libraries:
    ld='cc'
    ldflags =' -fstack-protector-strong -L/usr/local/lib'
    libpth=/usr/local/lib /usr/lib/gcc/x86_64-linux-gnu/4.9/include-fixed /usr/include/x86_64-linux-gnu /usr/lib /lib/x86_64-linux-gnu /lib/../lib /usr/lib/x86_64-linux-gnu /usr/lib/../lib /lib
    libs=-lpthread -lnsl -lgdbm -ldb -ldl -lm -lcrypt -lutil -lc -lgdbm_compat
    perllibs=-lpthread -lnsl -ldl -lm -lcrypt -lutil -lc
    libc=libc-2.19.so
    so=so
    useshrplib=false
    libperl=libperl.a
    gnulibc_version='2.19'
  Dynamic Linking:
    dlsrc=dl_dlopen.xs
    dlext=so
    d_dlsymun=undef
    ccdlflags='-Wl,-E'
    cccdlflags='-fPIC'
    lddlflags='-shared -O2 -L/usr/local/lib -fstack-protector-strong'


Characteristics of this binary (from libperl): 
  Compile-time options:
    HAS_TIMES
    PERLIO_LAYERS
    PERL_COPY_ON_WRITE
    PERL_DONT_CREATE_GVSV
    PERL_HASH_FUNC_ONE_AT_A_TIME_HARD
    PERL_OP_PARENT
    PERL_PRESERVE_IVUV
    PERL_USE_DEVEL
    USE_64_BIT_ALL
    USE_64_BIT_INT
    USE_LARGE_FILES
    USE_LOCALE
    USE_LOCALE_COLLATE
    USE_LOCALE_CTYPE
    USE_LOCALE_NUMERIC
    USE_LOCALE_TIME
    USE_PERLIO
    USE_PERL_ATOF
  Built under linux
  Compiled at Aug 20 2016 21:18:40
  %ENV:
    PERL5LIB=""
    PERL5OPT=""
    PERL5_CPANPLUS_IS_RUNNING="14398"
    PERL5_CPAN_IS_RUNNING="14398"
    PERL5_CPAN_IS_RUNNING_IN_RECURSION="11522,14398"
    PERLDOC="-MPod::Perldoc::ToTextOverstrike"
    PERL_BATCH="yes"
    PERL_CANARY_STABILITY_NOPROMPT="1"
    PERL_CPAN_REPORTER_CONFIG="/run/user/1023/cpansmoker/2016082903/cpanreporter_001_config.ini"
    PERL_EXTUTILS_AUTOINSTALL="--defaultdeps"
    PERL_PARALLEL_SMOKER="yes"
    PERL_USE_UNSAFE_INC="1"
  @INC:
    /opt/perl-5.25.4/lib/site_perl/5.25.4/x86_64-linux
    /opt/perl-5.25.4/lib/site_perl/5.25.4
    /opt/perl-5.25.4/lib/5.25.4/x86_64-linux
    /opt/perl-5.25.4/lib/5.25.4
    .