ack vv3.7.0 Perl 5 v5.22.3 amd64-freebsd-thread-multi

Status
Fail
From
Chris Williams (BINGOS)
Dist
ack vv3.7.0
Platform
Perl 5 v5.22.3 amd64-freebsd-thread-multi
Date
2023-03-04 13:34:23
ID
466cc830-ba91-11ed-aba6-9a79f339625c
This distribution has been tested as part of the CPAN Testers
project, supporting the Perl programming language.  See
http://wiki.cpantesters.org/ for more information or email
questions to cpan-testers-discuss@perl.org


--

Dear PETDANCE,

This is a computer-generated error report created automatically by
CPANPLUS, version 0.9914. Testers personal comments may appear
at the end of this report.


Thank you for uploading your work to CPAN.  However, it appears that
there were some problems testing your distribution.

TEST RESULTS:

Below is the error stack from stage 'make test':

Manifying 1 pod document
"/usr/home/cpan/pit/thr/perl-5.22.3/bin/perl" t/runtests.pl 0 0 "blib/lib" "blib/arch" t/*.t
Running tests on blib/script/ack, ACK_TEST_STANDALONE=0
# Testing ack v3.7.0 under Perl v5.22.3, /usr/home/cpan/pit/thr/perl-5.22.3/bin/perl
t/00-load.t .................. ok
# Using File::Next 1.18
# Using File::Spec 3.75
# Using Getopt::Long 2.45
# Using Pod::Perldoc 3.25_01
# Using Pod::Text 3.18
# Using Pod::Usage 1.64
# Using Term::ANSIColor 4.03
# Using Test::Harness 3.44
# Using Test::More 1.302191
# PATH=/usr/home/cpan/pit/thr/conf/perl-5.22.3/.cpanplus/5.22.3/build/DUHBTD_dsy/ack-v3.7.0/blib/script:/sbin:/bin:/usr/sbin:/usr/bin:/usr/local/sbin:/usr/local/bin:/home/cpan/bin
t/ack-1.t .................... ok
t/ack-c.t .................... ok
t/ack-color.t ................ ok
t/ack-column.t ............... ok
t/ack-create-ackrc.t ......... ok
t/ack-dump.t ................. ok
t/ack-f.t .................... ok
t/ack-files-from.t ........... ok
t/ack-g.t .................... ok
t/ack-group.t ................ skipped: You need to install IO::Pty to run this test
t/ack-h.t .................... ok
t/ack-help-types.t ........... ok
t/ack-help.t ................. ok
t/ack-i.t .................... ok
t/ack-ignore-dir.t ........... ok
t/ack-ignore-file.t .......... ok
t/ack-k.t .................... ok
t/ack-l.t .................... ok
t/ack-m.t .................... ok
# 794

#   Failed test 'Manual should be between 900-2000 lines long but is actually 794 long'
#   at t/ack-man.t line 23.
# --man start=[
#   'NAME',
#   '    ack - grep-like text finder',
#   '',
#   'SYNOPSIS',
#   '        ack [options] PATTERN [FILE...]',
#   '        ack -f [options] [DIRECTORY...]',
#   '',
#   'DESCRIPTION',
#   '    ack is designed as an alternative to grep for programmers.',
#   '',
#   '    ack searches the named input FILEs or DIRECTORYs for lines containing a match to the given PATTERN. By default, ack prints the matching lines. If no FILE or DIRECTORY is given, the current directory will be searched.',
#   '',
#   '    PATTERN is a Perl regular expression. Perl regular expressions are commonly found in other programming languages, but for the particulars of their behavior, please consult perlreref <https://perldoc.perl.org/perlreref.html>. If you don\'t know how to use regular',
#   '    expression but are interested in learning, you may consult perlretut <https://perldoc.perl.org/perlretut.html>. If you do not need or want ack to use regular expressions, please see the "-Q"/"--literal" option.',
#   '',
#   '    Ack can also list files that would be searched, without actually searching them, to let you take advantage of ack\'s file-type filtering capabilities.',
#   '',
#   'FILE SELECTION',
#   '    If files are not specified for searching, either on the command line or piped in with the "-x" option, ack delves into subdirectories selecting files for searching.',
#   ''
# ]
# --man end=[
#   '',
#   '    Thanks to everyone who has contributed to ack in any way, including Thomas Gossler, Kieran Mace, Volker Glave, Axel Beckert, Eric Pement, Gabor Szabo, Frieder Bluemle, Grzegorz Kaczmarczyk, Dan Book, Tomasz Konojacki, Salomon Smeke, M. Scott Ford, Anders Eriksson,',
#   '    H.Merijn Brand, Duke Leto, Gerhard Poul, Ethan Mallove, Marek Kubica, Ray Donnelly, Nikolaj Schumacher, Ed Avis, Nick Morrott, Austin Chamberlin, Varadinsky, Sébastien Feugère, Jakub Wilk, Pete Houston, Stephen Thirlwall, Jonah Bishop, Chris Rebert, Denis Howe,',
#   '    Raúl Gundín, James McCoy, Daniel Perrett, Steven Lee, Jonathan Perret, Fraser Tweedale, Raál Gundán, Steffen Jaeckel, Stephan Hohe, Michael Beijen, Alexandr Ciornii, Christian Walde, Charles Lee, Joe McMahon, John Warwick, David Steinbrunner, Kara Martens,',
#   '    Volodymyr Medvid, Ron Savage, Konrad Borowski, Dale Sedivic, Michael McClimon, Andrew Black, Ralph Bodenner, Shaun Patterson, Ryan Olson, Shlomi Fish, Karen Etheridge, Olivier Mengue, Matthew Wild, Scott Kyle, Nick Hooey, Bo Borgerson, Mark Szymanski, Marq',
#   '    Schneider, Packy Anderson, JR Boyens, Dan Sully, Ryan Niebur, Kent Fredric, Mike Morearty, Ingmar Vanhassel, Eric Van Dewoestine, Sitaram Chamarty, Adam James, Richard Carlsson, Pedro Melo, AJ Schuster, Phil Jackson, Michael Schwern, Jan Dubois, Christopher J.',
#   '    Madsen, Matthew Wickline, David Dyck, Jason Porritt, Jjgod Jiang, Thomas Klausner, Uri Guttman, Peter Lewis, Kevin Riggle, Ori Avtalion, Torsten Blix, Nigel Metheringham, Gábor Szabó, Tod Hagan, Michael Hendricks, Ævar Arnfjörð Bjarmason, Piers Cawley, Stephen',
#   '    Steneker, Elias Lutfallah, Mark Leighton Fisher, Matt Diephouse, Christian Jaeger, Bill Sully, Bill Ricker, David Golden, Nilson Santos F. Jr, Elliot Shank, Merijn Broeren, Uwe Voelker, Rick Scott, Ask Bjørn Hansen, Jerry Gay, Will Coleda, Mike O\'Regan, Slaven',
#   '    Rezić, Mark Stosberg, David Alan Pisoni, Adriano Ferreira, James Keenan, Leland Johnson, Ricardo Signes, Pete Krawczyk and Rob Hoelz.',
#   '',
#   'AUTHOR',
#   '    Andy Lester, "<andy at petdance.com>"',
#   '',
#   'COPYRIGHT & LICENSE',
#   '    Copyright 2005-2023 Andy Lester.',
#   '',
#   '    This program is free software; you can redistribute it and/or modify it under the terms of the Artistic License v2.0.',
#   '',
#   '    See https://www.perlfoundation.org/artistic-license-20.html or the LICENSE.md file that comes with the ack distribution.',
#   ''
# ]
# Looks like you failed 1 test of 2.
t/ack-man.t .................. 
Dubious, test returned 1 (wstat 256, 0x100)
Failed 1/2 subtests 
t/ack-match.t ................ ok
t/ack-n.t .................... ok
t/ack-o.t .................... ok
t/ack-output.t ............... ok
t/ack-pager.t ................ skipped: You need to install IO::Pty to run this test
t/ack-passthru.t ............. ok
t/ack-print0.t ............... ok
t/ack-proximate.t ............ ok
t/ack-Q.t .................... ok
cannot chdir to child for /tmp/7ZGDOv9XM3/foo: Permission denied at /usr/home/cpan/pit/thr/perl-5.22.3/lib/site_perl/5.22.3/File/Temp.pm line 2643.
cannot remove directory for /tmp/7ZGDOv9XM3: Directory not empty at /usr/home/cpan/pit/thr/perl-5.22.3/lib/site_perl/5.22.3/File/Temp.pm line 2643.
t/ack-s.t .................... ok
t/ack-show-types.t ........... ok
t/ack-type-del.t ............. ok
t/ack-type.t ................. ok
t/ack-underline.t ............ ok
t/ack-v.t .................... ok
t/ack-version.t .............. ok
t/ack-w.t .................... ok
t/ack-x.t .................... ok
t/anchored.t ................. ok
t/bad-ackrc-opt.t ............ ok
t/basic.t .................... ok
t/command-line-files.t ....... ok
t/config-backwards-compat.t .. ok
t/config-finder.t ............ ok
t/config-loader.t ............ ok
t/context-with-newlines.t .... ok
t/context.t .................. ok
t/default-filter.t ........... ok
t/double-hyphen.t ............ ok
t/empty-lines.t .............. ok
t/exit-code.t ................ ok
t/ext-filter.t ............... ok
t/file-iterator.t ............ ok
t/file-permission.t .......... ok
t/filetype-detection.t ....... ok
t/filetypes.t ................ ok
t/filter.t ................... ok
t/firstlinematch-filter.t .... ok
t/forbidden-options.t ........ ok
t/from-stdin.t ............... ok
t/highlighting.t ............. ok
t/illegal-regex.t ............ ok
t/incomplete-last-line.t ..... ok
t/interactive.t .............. skipped: You need to install IO::Pty to run this test
t/invalid-ackrc.t ............ ok
t/invalid-options.t .......... ok
t/inverted-file-filter.t ..... ok
t/is-filter.t ................ ok
t/line-endings.t ............. ok
t/longopts.t ................. ok
t/lowercase.t ................ ok
t/match-filter.t ............. ok
t/multiple-captures.t ........ ok
t/mutex-options.t ............ ok
t/named-pipes.t .............. ok
t/needs-line-scan.t .......... ok
t/noackrc.t .................. ok
t/noenv.t .................... ok
t/prescan-line-boundaries.t .. ok
t/process-substitution.t ..... ok
t/trailing-whitespace.t ...... ok
t/zero.t ..................... ok

Test Summary Report
-------------------
t/ack-man.t                (Wstat: 256 (exited 1) Tests: 2 Failed: 1)
  Failed test:  1
  Non-zero exit status: 1
Files=83, Tests=921, 66 wallclock secs ( 0.53 usr  0.24 sys + 49.91 cusr 14.91 csys = 65.59 CPU)
Result: FAIL
Failed 1/83 test programs. 1/921 subtests failed.
*** Error code 255

Stop.
make: stopped in /usr/home/cpan/pit/thr/conf/perl-5.22.3/.cpanplus/5.22.3/build/DUHBTD_dsy/ack-v3.7.0


PREREQUISITES:

Here is a list of prerequisites you specified and versions we
managed to load:

	  Module Name                        Have     Want
	  Cwd                                3.75     3.00
	  ExtUtils::MakeMaker                7.64        0
	  File::Basename                     2.85  1.00015
	  File::Next                         1.18     1.18
	  File::Spec                         3.75     3.00
	  File::Temp                       0.2311     0.19
	  Getopt::Long                       2.45     2.38
	  List::Util                         1.41        0
	  Pod::Perldoc                    3.25_01     3.20
	  Pod::Text                          3.18        0
	  Pod::Usage                         1.64     1.26
	  Scalar::Util                       1.41        0
	  Term::ANSIColor                    4.03     1.10
	  Test::Harness                      3.44     2.50
	  Test::More                     1.302191     0.98
	  Text::ParseWords                   3.30      3.1
	  filetest                           1.03        0
	  if                               0.0604        0
	  parent                            0.232        0
	  version                          0.9929        0

Perl module toolchain versions installed:
	Module Name                        Have
	CPANPLUS                         0.9914
	CPANPLUS::Dist::Build              0.90
	Cwd                                3.75
	ExtUtils::CBuilder             0.280236
	ExtUtils::Command                  7.64
	ExtUtils::Install                  2.20
	ExtUtils::MakeMaker                7.64
	ExtUtils::Manifest                 1.73
	ExtUtils::ParseXS                  3.44
	File::Spec                         3.75
	Module::Build                    0.4231
	Pod::Parser                        1.63
	Pod::Simple                        3.29
	Test2                          1.302191
	Test::Harness                      3.44
	Test::More                     1.302191
	version                          0.9929

******************************** NOTE ********************************
The comments above are created mechanically, possibly without manual
checking by the sender.  As there are many people performing automatic
tests on each upload to CPAN, it is likely that you will receive
identical messages about the same problem.

If you believe that the message is mistaken, please reply to the first
one with correction and/or additional informations, and do not take
it personally.  We appreciate your patience. :)
**********************************************************************

Additional comments:


This report was machine-generated by CPANPLUS::Dist::YACSmoke 1.08.
Powered by minismokebox version 0.68

CPANPLUS is prefering Build.PL

------------------------------
ENVIRONMENT AND OTHER CONTEXT
------------------------------

Environment variables:

    AUTOMATED_TESTING = 1
    LANG = C.UTF-8
    NONINTERACTIVE_TESTING = 1
    PATH = /usr/home/cpan/pit/thr/conf/perl-5.22.3/.cpanplus/5.22.3/build/DUHBTD_dsy/ack-v3.7.0/blib/script:/sbin:/bin:/usr/sbin:/usr/bin:/usr/local/sbin:/usr/local/bin:/home/cpan/bin
    PERL5LIB = /usr/home/cpan/pit/jail/fKpE_vBXdV/lib/perl5:/usr/home/cpan/pit/thr/conf/perl-5.22.3/.cpanplus/5.22.3/build/DUHBTD_dsy/ack-v3.7.0/blib/lib:/usr/home/cpan/pit/thr/conf/perl-5.22.3/.cpanplus/5.22.3/build/DUHBTD_dsy/ack-v3.7.0/blib/arch
    PERL5_CPANPLUS_IS_RUNNING = 86046
    PERL5_CPANPLUS_IS_VERSION = 0.9914
    PERL5_MINISMOKEBOX = 0.68
    PERL5_YACSMOKE_BASE = /usr/home/cpan/pit/thr/conf/perl-5.22.3
    PERL_EXTUTILS_AUTOINSTALL = --defaultdeps
    PERL_LOCAL_LIB_ROOT = /usr/home/cpan/pit/jail/fKpE_vBXdV
    PERL_MB_OPT = --install_base "/usr/home/cpan/pit/jail/fKpE_vBXdV"
    PERL_MM_OPT = INSTALL_BASE=/usr/home/cpan/pit/jail/fKpE_vBXdV
    PERL_MM_USE_DEFAULT = 1
    SHELL = /usr/local/bin/bash
    TERM = screen

Perl special variables (and OS-specific diagnostics, for MSWin32):

    Perl: $^X = /usr/home/cpan/pit/thr/perl-5.22.3/bin/perl
    UID:  $<  = 1002
    EUID: $>  = 1002
    GID:  $(  = 1002 1002
    EGID: $)  = 1002 1002


-------------------------------


--

Summary of my perl5 (revision 5 version 22 subversion 3) configuration:
   
  Platform:
    osname=freebsd, osvers=13.1-release, archname=amd64-freebsd-thread-multi
    uname='freebsd frantic 13.1-release freebsd 13.1-release releng13.1-n250148-fc952ac2212 generic amd64 '
    config_args='-des -Dprefix=/usr/home/cpan/pit/thr/perl-5.22.3 -Dusethreads'
    hint=recommended, useposix=true, d_sigaction=define
    useithreads=define, usemultiplicity=define
    use64bitint=define, use64bitall=define, uselongdouble=undef
    usemymalloc=n, bincompat5005=undef
  Compiler:
    cc='cc', ccflags ='-DHAS_FPSETMASK -DHAS_FLOATINGPOINT_H -fno-strict-aliasing -pipe -fstack-protector-strong -I/usr/local/include',
    optimize='-O2',
    cppflags='-DHAS_FPSETMASK -DHAS_FLOATINGPOINT_H -fno-strict-aliasing -pipe -fstack-protector-strong -I/usr/local/include'
    ccversion='', gccversion='FreeBSD Clang 13.0.0 (git@github.com:llvm/llvm-project.git llvmorg-13.0.0-0-gd7b669b3a303)', gccosandvers=''
    intsize=4, longsize=8, ptrsize=8, doublesize=8, byteorder=12345678, doublekind=3
    d_longlong=define, longlongsize=8, d_longdbl=define, longdblsize=16, longdblkind=3
    ivtype='long', ivsize=8, nvtype='double', nvsize=8, Off_t='off_t', lseeksize=8
    alignbytes=8, prototype=define
  Linker and Libraries:
    ld='cc', ldflags ='-pthread -Wl,-E  -fstack-protector-strong -L/usr/local/lib'
    libpth=/usr/lib /usr/local/lib /usr/lib/clang/13.0.0/lib /usr/lib
    libs=-lpthread -lgdbm -ldl -lm -lcrypt -lutil
    perllibs=-lpthread -ldl -lm -lcrypt -lutil
    libc=, so=so, useshrplib=false, libperl=libperl.a
    gnulibc_version=''
  Dynamic Linking:
    dlsrc=dl_dlopen.xs, dlext=so, d_dlsymun=undef, ccdlflags=' '
    cccdlflags='-DPIC -fPIC', lddlflags='-shared  -L/usr/local/lib -fstack-protector-strong'


Characteristics of this binary (from libperl): 
  Compile-time options: HAS_TIMES MULTIPLICITY PERLIO_LAYERS
                        PERL_DONT_CREATE_GVSV
                        PERL_HASH_FUNC_ONE_AT_A_TIME_HARD
                        PERL_IMPLICIT_CONTEXT PERL_MALLOC_WRAP
                        PERL_NEW_COPY_ON_WRITE PERL_PRESERVE_IVUV
                        USE_64_BIT_ALL USE_64_BIT_INT USE_ITHREADS
                        USE_LARGE_FILES USE_LOCALE USE_LOCALE_COLLATE
                        USE_LOCALE_CTYPE USE_LOCALE_NUMERIC USE_LOCALE_TIME
                        USE_PERLIO USE_PERL_ATOF USE_REENTRANT_API
  Locally applied patches:
	Devel::PatchPerl 2.08
  Built under freebsd
  Compiled at Jul 25 2022 08:53:36
  %ENV:
    PERL5LIB="/usr/home/cpan/pit/jail/fKpE_vBXdV/lib/perl5:/usr/home/cpan/pit/thr/conf/perl-5.22.3/.cpanplus/5.22.3/build/DUHBTD_dsy/ack-v3.7.0/blib/lib:/usr/home/cpan/pit/thr/conf/perl-5.22.3/.cpanplus/5.22.3/build/DUHBTD_dsy/ack-v3.7.0/blib/arch"
    PERL5_CPANPLUS_IS_RUNNING="86046"
    PERL5_CPANPLUS_IS_VERSION="0.9914"
    PERL5_MINISMOKEBOX="0.68"
    PERL5_YACSMOKE_BASE="/usr/home/cpan/pit/thr/conf/perl-5.22.3"
    PERL_EXTUTILS_AUTOINSTALL="--defaultdeps"
    PERL_LOCAL_LIB_ROOT="/usr/home/cpan/pit/jail/fKpE_vBXdV"
    PERL_MB_OPT="--install_base "/usr/home/cpan/pit/jail/fKpE_vBXdV""
    PERL_MM_OPT="INSTALL_BASE=/usr/home/cpan/pit/jail/fKpE_vBXdV"
    PERL_MM_USE_DEFAULT="1"
  @INC:
    /usr/home/cpan/pit/jail/fKpE_vBXdV/lib/perl5/5.22.3/amd64-freebsd-thread-multi
    /usr/home/cpan/pit/jail/fKpE_vBXdV/lib/perl5/5.22.3
    /usr/home/cpan/pit/jail/fKpE_vBXdV/lib/perl5/amd64-freebsd-thread-multi
    /usr/home/cpan/pit/jail/fKpE_vBXdV/lib/perl5
    /usr/home/cpan/pit/thr/conf/perl-5.22.3/.cpanplus/5.22.3/build/DUHBTD_dsy/ack-v3.7.0/blib/lib
    /usr/home/cpan/pit/thr/conf/perl-5.22.3/.cpanplus/5.22.3/build/DUHBTD_dsy/ack-v3.7.0/blib/arch
    /usr/home/cpan/pit/thr/perl-5.22.3/lib/site_perl/5.22.3/amd64-freebsd-thread-multi
    /usr/home/cpan/pit/thr/perl-5.22.3/lib/site_perl/5.22.3
    /usr/home/cpan/pit/thr/perl-5.22.3/lib/5.22.3/amd64-freebsd-thread-multi
    /usr/home/cpan/pit/thr/perl-5.22.3/lib/5.22.3
    .