Back
From: metabase:user:31dd1d2e-2aae-11df-837a-5e0a49663a4f
Subject: FAIL Win32API-MIDI-0.05 v5.16.3
Date: 2013-11-09T07:38:15Z
This distribution has been tested as part of the CPAN Testers
project, supporting the Perl programming language. See
http://wiki.cpantesters.org/ for more information or email
questions to cpan-testers-discuss@perl.org
--
Dear Hiroo HAYASHI,
This is a computer-generated report for Win32API-MIDI-0.05
on perl 5.16.3, created by CPAN-Reporter-1.2010.
Thank you for uploading your work to CPAN. However, there was a problem
testing your distribution.
If you think this report is invalid, please consult the CPAN Testers Wiki
for suggestions on how to avoid getting FAIL reports for missing library
or binary dependencies, unsupported operating systems, and so on:
http://wiki.cpantesters.org/wiki/CPANAuthorNotes
Sections of this report:
* Tester comments
* Program output
* Prerequisites
* Environment and other context
------------------------------
TESTER COMMENTS
------------------------------
Additional comments from tester:
this report is from an automated smoke testing program
and was not reviewed by a human for accuracy
------------------------------
PROGRAM OUTPUT
------------------------------
Output from 'c:\Perl1664\site\bin\dmake.exe test':
C:\Perl1664\bin\perl.exe "-MExtUtils::Command::MM" "-e" "test_harness(0, 'blib\lib', 'blib\arch')" t/*.t
(in cleanup) Goto undefined subroutine &AutoLoader::AUTOLOAD at C:\perl1664\cpan\build\Win32API-MIDI-0.05-YhZaFR\blib\lib/Win32API/MIDI.pm line 117.
t/midi.t ........ ok
midiin.t: Try `C:\Perl1664\bin\perl.exe -Mblib t/midiin.t -i', if you have MIDI input device.
(in cleanup) Goto undefined subroutine &AutoLoader::AUTOLOAD at C:\perl1664\cpan\build\Win32API-MIDI-0.05-YhZaFR\blib\lib/Win32API/MIDI.pm line 117 during global destruction.
t/midiin.t ...... ok
There is no driver installed on your system. at t/midiout.t line 41.
(in cleanup) Goto undefined subroutine &AutoLoader::AUTOLOAD at C:\perl1664\cpan\build\Win32API-MIDI-0.05-YhZaFR\blib\lib/Win32API/MIDI.pm line 117.
t/midiout.t .....
Dubious, test returned 255 (wstat 65280, 0xff00)
Failed 9/13 subtests
There is no driver installed on your system. at t/midistream.t line 29.
(in cleanup) Goto undefined subroutine &AutoLoader::AUTOLOAD at C:\perl1664\cpan\build\Win32API-MIDI-0.05-YhZaFR\blib\lib/Win32API/MIDI.pm line 117.
t/midistream.t ..
Dubious, test returned 255 (wstat 65280, 0xff00)
Failed 6/9 subtests
new: inconsistent paramter `mID' (0x44) and `mName' (Akai)
at t/sysex.t line 87.
new: illegal manufacturer's ID: 0x80
at t/sysex.t line 90.
new: illegal manufacturer's ID: 0x8000
at t/sysex.t line 92.
new: illegal manufacturer's ID: 0x800000
at t/sysex.t line 94.
new: illegal manufacturer's ID: 0x1000000
at t/sysex.t line 96.
new : illegal device ID : -1
at t/sysex.t line 99.
new : illegal device ID : 0
at t/sysex.t line 101.
new : illegal device ID : 257
at t/sysex.t line 103.
t/sysex.t ....... ok
Test Summary Report
-------------------
t/midiout.t (Wstat: 65280 Tests: 4 Failed: 0)
Non-zero exit status: 255
Parse errors: Bad plan. You planned 13 tests but ran 4.
t/midistream.t (Wstat: 65280 Tests: 3 Failed: 0)
Non-zero exit status: 255
Parse errors: Bad plan. You planned 9 tests but ran 3.
Files=5, Tests=117, 1 wallclock secs ( 0.05 usr + 0.00 sys = 0.05 CPU)
Result: FAIL
Failed 2/5 test programs. 0/117 subtests failed.
dmake.exe: Error code 255, while making 'test_dynamic'
------------------------------
PREREQUISITES
------------------------------
Prerequisite modules loaded:
build_requires:
Module Need Have
------------------- ---- -------
ExtUtils::MakeMaker 0 6.63_02
------------------------------
ENVIRONMENT AND OTHER CONTEXT
------------------------------
Environment variables:
ACTIVEPERL_CONFIG_SILENT = 1
AUTOMATED_TESTING = 1
COMSPEC = C:\Windows\system32\cmd.exe
NUMBER_OF_PROCESSORS = 2
PATH = c:\Perl1664\site\bin;c:\Perl1664\bin;C:\Program Files (x86)\NVIDIA Corporation\PhysX\Common;%CommonProgramFiles%\Microsoft Shared\Windows Live;C:\Program Files (x86)\ActiveState Komodo IDE 6\;C:\Program Files (x86)\PC Connectivity Solution\;C:\Windows\system32;C:\Windows;C:\Windows\System32\Wbem;C:\Windows\System32\WindowsPowerShell\v1.0\;C:\Program Files\TortoiseSVN\bin;C:\Program Files (x86)\Git\cmd;C:\Program Files\TortoiseGit\bin;C:\Program Files (x86)\OpenVPN\bin
PERL5LIB =
PERL5OPT =
PERL5_CPANPLUS_IS_RUNNING = 18292
PERL5_CPAN_IS_RUNNING = 18292
PERL5_CPAN_IS_RUNNING_IN_RECURSION = 72720,18292
PERL_CR_SMOKER_CURRENT = Win32API-MIDI-0.05
PERL_EXTUTILS_AUTOINSTALL = --defaultdeps
PERL_JSON_BACKEND = JSON::XS
PERL_MM_USE_DEFAULT = 1
PERL_YAML_BACKEND = YAML::XS
PROCESSOR_IDENTIFIER = AMD64 Family 16 Model 4 Stepping 2, AuthenticAMD
TEMP = C:\Users\Mithaldu\AppData\Local\Temp
TERM = dumb
Perl special variables (and OS-specific diagnostics, for MSWin32):
$^X = c:\Perl1664\bin\perl.exe
$UID/$EUID = 0 / 0
$GID = 0
$EGID = 0
Win32::GetOSName = Win7
Win32::GetOSVersion = Service Pack 1, 6, 1, 7601, 2, 1, 0, 256, 1
Win32::FsType = NTFS
Win32::IsAdminUser = 0
Perl module toolchain versions installed:
Module Have
------------------- --------
CPAN 1.9800
CPAN::Meta 2.132830
Cwd 3.40
ExtUtils::CBuilder 0.280206
ExtUtils::Command 1.17
ExtUtils::Install 1.54
ExtUtils::MakeMaker 6.63_02
ExtUtils::Manifest 1.61
ExtUtils::ParseXS 3.18
File::Spec 3.40
JSON 2.53
JSON::PP 2.27200
Module::Build 0.4003
Module::Signature n/a
Parse::CPAN::Meta 1.4405
Test::Harness 3.29
Test::More 0.98
YAML 0.84
YAML::Syck n/a
version 0.9902
--
Summary of my perl5 (revision 5 version 16 subversion 3) configuration:
Platform:
osname=MSWin32, osvers=5.2, archname=MSWin32-x64-multi-thread
uname=''
config_args='undef'
hint=recommended, useposix=true, d_sigaction=undef
useithreads=define, usemultiplicity=define
useperlio=define, d_sfio=undef, uselargefiles=define, usesocks=undef
use64bitint=define, use64bitall=undef, uselongdouble=undef
usemymalloc=n, bincompat5005=undef
Compiler:
cc='c:\Perl1664\site\bin\gcc.exe', ccflags ='-DNDEBUG -DWIN32 -D_CONSOLE -DNO_STRICT -DWIN64 -DCONSERVATIVE -DPERL_TEXTMODE_SCRIPTS -DUSE_SITECUSTOMIZE -DPERL_IMPLICIT_CONTEXT -DPERL_IMPLICIT_SYS -DUSE_PERLIO -DHASATTRIBUTE -fno-strict-aliasing -mms-bitfields',
optimize='-O2',
cppflags='-DWIN32'
ccversion='', gccversion='gcc.exe (rubenvb-4.5.4) 4.5.4', gccosandvers=''
intsize=4, longsize=4, ptrsize=8, doublesize=8, byteorder=12345678
d_longlong=undef, longlongsize=8, d_longdbl=define, longdblsize=8
ivtype='__int64', ivsize=8, nvtype='double', nvsize=8, Off_t='__int64', lseeksize=8
alignbytes=8, prototype=define
Linker and Libraries:
ld='c:\Perl1664\site\bin\g++.exe', ldflags ='-L"c:\perl1664\lib\CORE"'
libpth=\lib
libs=-lkernel32 -luser32 -lgdi32 -lwinspool -lcomdlg32 -ladvapi32 -lshell32 -lole32 -loleaut32 -lnetapi32 -luuid -lws2_32 -lmpr -lwinmm -lversion -lodbc32 -lodbccp32 -lcomctl32 -lmsvcrt
perllibs=-lkernel32 -luser32 -lgdi32 -lwinspool -lcomdlg32 -ladvapi32 -lshell32 -lole32 -loleaut32 -lnetapi32 -luuid -lws2_32 -lmpr -lwinmm -lversion -lodbc32 -lodbccp32 -lcomctl32 -lmsvcrt
libc=msvcrt.lib, so=dll, useshrplib=true, libperl=perl516.lib
gnulibc_version=''
Dynamic Linking:
dlsrc=dl_win32.xs, dlext=dll, d_dlsymun=undef, ccdlflags=' '
cccdlflags=' ', lddlflags='-mdll -L"c:\perl1664\lib\CORE"'
Characteristics of this binary (from libperl):
Compile-time options: HAS_TIMES HAVE_INTERP_INTERN MULTIPLICITY
PERLIO_LAYERS PERL_DONT_CREATE_GVSV
PERL_IMPLICIT_CONTEXT PERL_IMPLICIT_SYS
PERL_MALLOC_WRAP PERL_PRESERVE_IVUV PL_OP_SLAB_ALLOC
USE_64_BIT_INT USE_ITHREADS USE_LARGE_FILES
USE_LOCALE USE_LOCALE_COLLATE USE_LOCALE_CTYPE
USE_LOCALE_NUMERIC USE_PERLIO USE_PERL_ATOF
USE_SITECUSTOMIZE
Locally applied patches:
ActivePerl Build 1603 [296746]
Built under MSWin32
Compiled at Mar 13 2013 13:31:10
%ENV:
PERL5_CPANPLUS_IS_RUNNING="18292"
PERL5_CPAN_IS_RUNNING="18292"
PERL5_CPAN_IS_RUNNING_IN_RECURSION="72720,18292"
PERL_CR_SMOKER_CURRENT="Win32API-MIDI-0.05"
PERL_EXTUTILS_AUTOINSTALL="--defaultdeps"
PERL_JSON_BACKEND="JSON::XS"
PERL_MM_USE_DEFAULT="1"
PERL_YAML_BACKEND="YAML::XS"
@INC:
c:/Perl1664/site/lib
c:/Perl1664/lib
.