Report for Algorithm-Huffman-0.09

Back
From: metabase:user:30f0bd62-2aae-11df-837a-5e0a49663a4f
Subject: FAIL Algorithm-Huffman-0.09 v5.14.0 OpenBSD
Date: 2011-06-08T21:28:40Z

This distribution has been tested as part of the CPAN Testers
project, supporting the Perl programming language.  See
http://wiki.cpantesters.org/ for more information or email
questions to cpan-testers-discuss@perl.org


--
Dear Janek Schleicher,

This is a computer-generated report for Algorithm-Huffman-0.09
on perl 5.14.0, created by CPAN-Reporter-1.1902.

Thank you for uploading your work to CPAN.  However, there was a problem
testing your distribution.

If you think this report is invalid, please consult the CPAN Testers Wiki
for suggestions on how to avoid getting FAIL reports for missing library
or binary dependencies, unsupported operating systems, and so on:

http://wiki.cpantesters.org/wiki/CPANAuthorNotes

Sections of this report:

    * Tester comments
    * Program output
    * Prerequisites
    * Environment and other context

------------------------------
TESTER COMMENTS
------------------------------

Additional comments from tester:

this report is from an automated smoke testing program
and was not reviewed by a human for accuracy

------------------------------
PROGRAM OUTPUT
------------------------------

Output from '/usr/bin/make test':

PERL_DL_NONLAZY=1 /home/sts/cpansmoke/perl-5.14.0/bin/perl "-MExtUtils::Command::MM" "-e" "test_harness(0, 'blib/lib', 'blib/arch')" t/*.t
t/1.t .................... ok
Not a HASH reference at /home/sts/cpansmoke/perl-5.14.0/cpan/build/Algorithm-Huffman-0.09-1cXv7m/blib/lib/Algorithm/Huffman.pm line 198.
# Looks like your test exited with 255 before it could output anything.
t/create_huffman_tree.t .. 
Dubious, test returned 255 (wstat 65280, 0xff00)
Failed 13/13 subtests 
Not a HASH reference at /home/sts/cpansmoke/perl-5.14.0/cpan/build/Algorithm-Huffman-0.09-1cXv7m/blib/lib/Algorithm/Huffman.pm line 198.
# Looks like your test exited with 255 before it could output anything.
t/encode_bitstring.t ..... 
Dubious, test returned 255 (wstat 65280, 0xff00)
Failed 102/102 subtests 

#   Failed test '->new({a => 1, b => 1})'
#   at t/wrong_parameter.t line 42.
# died: Not a HASH reference at /home/sts/cpansmoke/perl-5.14.0/cpan/build/Algorithm-Huffman-0.09-1cXv7m/blib/lib/Algorithm/Huffman.pm line 198.

#   Failed test '->new({a => 1, b => 1, c => 0})'
#   at t/wrong_parameter.t line 51.
# died: Not a HASH reference at /home/sts/cpansmoke/perl-5.14.0/cpan/build/Algorithm-Huffman-0.09-1cXv7m/blib/lib/Algorithm/Huffman.pm line 198.
# Looks like you failed 2 tests of 10.
t/wrong_parameter.t ...... 
Dubious, test returned 2 (wstat 512, 0x200)
Failed 2/10 subtests 

Test Summary Report
-------------------
t/create_huffman_tree.t (Wstat: 65280 Tests: 0 Failed: 0)
  Non-zero exit status: 255
  Parse errors: Bad plan.  You planned 13 tests but ran 0.
t/encode_bitstring.t   (Wstat: 65280 Tests: 0 Failed: 0)
  Non-zero exit status: 255
  Parse errors: Bad plan.  You planned 102 tests but ran 0.
t/wrong_parameter.t    (Wstat: 512 Tests: 10 Failed: 2)
  Failed tests:  7, 9
  Non-zero exit status: 2
Files=4, Tests=11,  1 wallclock secs ( 0.04 usr  0.00 sys +  0.27 cusr  0.04 csys =  0.35 CPU)
Result: FAIL
Failed 3/4 test programs. 2/11 subtests failed.
*** Error code 2

Stop in /home/sts/cpansmoke/perl-5.14.0/cpan/build/Algorithm-Huffman-0.09-1cXv7m (line 782 of Makefile).

------------------------------
PREREQUISITES
------------------------------

Prerequisite modules loaded:

requires:

    Module              Need Have   
    ------------------- ---- -------
    Carp                0    1.20   
    Data::Dumper        0    2.131  
    Heap                0    0.80   
    Heap::Elem          0    0.80   
    Heap::Fibonacci     0    0.80   
    List::Util          0    1.23   
    String::Random      0    0.22   
    Test::Exception     0    0.31   
    Test::ManyParams    0.04 0.10   
    Test::More          0    0.98   
    Tree::DAG_Node      0    1.06   

build_requires:

    Module              Need Have   
    ------------------- ---- -------
    ExtUtils::MakeMaker 0    6.57_05


------------------------------
ENVIRONMENT AND OTHER CONTEXT
------------------------------

Environment variables:

    AUTOMATED_TESTING = 1
    PATH = /home/sts/bin:/bin:/sbin:/usr/bin:/usr/sbin:/usr/X11R6/bin:/usr/local/bin:/usr/local/sbin:/usr/games:.
    PERL5LIB = /home/sts/cpansmoke/perl-5.14.0/cpan/build/String-Random-0.22-akhBzt/blib/arch:/home/sts/cpansmoke/perl-5.14.0/cpan/build/String-Random-0.22-akhBzt/blib/lib:/home/sts/cpansmoke/perl-5.14.0/cpan/build/Test-ManyParams-0.10-mZCKGU/blib/arch:/home/sts/cpansmoke/perl-5.14.0/cpan/build/Test-ManyParams-0.10-mZCKGU/blib/lib:/home/sts/cpansmoke/perl-5.14.0/cpan/build/Set-CrossProduct-1.94-z1IlTD/blib/arch:/home/sts/cpansmoke/perl-5.14.0/cpan/build/Set-CrossProduct-1.94-z1IlTD/blib/lib:/home/sts/cpansmoke/perl-5.14.0/cpan/build/Test-Differences-0.61-u2k63f/blib/arch:/home/sts/cpansmoke/perl-5.14.0/cpan/build/Test-Differences-0.61-u2k63f/blib/lib:/home/sts/cpansmoke/perl-5.14.0/cpan/build/Text-Diff-1.41-RgalXa/blib/arch:/home/sts/cpansmoke/perl-5.14.0/cpan/build/Text-Diff-1.41-RgalXa/blib/lib:/home/sts/cpansmoke/perl-5.14.0/cpan/build/Algorithm-Diff-1.1902-SyGkX0/blib/arch:/home/sts/cpansmoke/perl-5.14.0/cpan/build/Algorithm-Diff-1.1902-SyGkX0/blib/lib:/home/sts/cpansmoke/perl-5.14.0/cpan/build/Heap-0.80-N69N4X/blib/arch:/home/sts/cpansmoke/perl-5.14.0/cpan/build/Heap-0.80-N69N4X/blib/lib
    PERL5OPT = 
    PERL5_CPANPLUS_IS_RUNNING = 12921
    PERL5_CPAN_IS_RUNNING = 12921
    PERL5_CPAN_IS_RUNNING_IN_RECURSION = 23183,12921
    PERL_CR_SMOKER_CURRENT = Algorithm-Huffman-0.09
    PERL_EXTUTILS_AUTOINSTALL = --defaultdeps
    PERL_MM_USE_DEFAULT = 1
    SHELL = /usr/local/bin/bash
    TERM = screen
    TMPDIR = /home/sts/cpansmoke/tmp

Perl special variables (and OS-specific diagnostics, for MSWin32):

    $^X = /home/sts/cpansmoke/perl-5.14.0/bin/perl
    $UID/$EUID = 1000 / 1000
    $GID = 10 10 0
    $EGID = 10 10 0

Perl module toolchain versions installed:

    Module              Have    
    ------------------- --------
    CPAN                1.9600  
    Cwd                 3.36    
    ExtUtils::CBuilder  0.280203
    ExtUtils::Command   1.17    
    ExtUtils::Install   1.56    
    ExtUtils::MakeMaker 6.57_05 
    ExtUtils::Manifest  1.58    
    ExtUtils::ParseXS   2.2210  
    File::Spec          3.33    
    Module::Build       0.3800  
    Module::Signature   n/a     
    Test::Harness       3.23    
    Test::More          0.98    
    YAML                0.73    
    YAML::Syck          n/a     
    version             0.88    


--

Summary of my perl5 (revision 5 version 14 subversion 0) configuration:
   
  Platform:
    osname=openbsd, osvers=4.9, archname=OpenBSD.i386-openbsd-thread-multi
    uname='openbsd cpansmoke3 4.9 generic.mp#794 i386 '
    config_args='-des -Dusethreads -Dprefix=/home/sts/cpansmoke/perl-5.14.0'
    hint=recommended, useposix=true, d_sigaction=define
    useithreads=define, usemultiplicity=define
    useperlio=define, d_sfio=undef, uselargefiles=define, usesocks=undef
    use64bitint=undef, use64bitall=undef, uselongdouble=undef
    usemymalloc=y, bincompat5005=undef
  Compiler:
    cc='cc', ccflags ='-pthread -fno-strict-aliasing -pipe -fstack-protector -I/usr/local/include',
    optimize='-O2',
    cppflags='-pthread -fno-strict-aliasing -pipe -fstack-protector -I/usr/local/include'
    ccversion='', gccversion='4.2.1 20070719 ', gccosandvers='openbsd4.9'
    intsize=4, longsize=4, ptrsize=4, doublesize=8, byteorder=1234
    d_longlong=define, longlongsize=8, d_longdbl=define, longdblsize=12
    ivtype='long', ivsize=4, nvtype='double', nvsize=8, Off_t='off_t', lseeksize=8
    alignbytes=4, prototype=define
  Linker and Libraries:
    ld='cc', ldflags ='-pthread -Wl,-E  -fstack-protector -L/usr/local/lib'
    libpth=/usr/local/lib /usr/lib
    libs=-lgdbm -lm -lutil -lc
    perllibs=-lm -lutil -lc
    libc=/usr/lib/libc.so.58.0, so=so, useshrplib=false, libperl=libperl.a
    gnulibc_version=''
  Dynamic Linking:
    dlsrc=dl_dlopen.xs, dlext=so, d_dlsymun=undef, ccdlflags=' '
    cccdlflags='-DPIC -fPIC ', lddlflags='-shared -fPIC  -L/usr/local/lib -fstack-protector'


Characteristics of this binary (from libperl): 
  Compile-time options: MULTIPLICITY MYMALLOC PERL_DONT_CREATE_GVSV
                        PERL_IMPLICIT_CONTEXT PERL_MALLOC_WRAP
                        PERL_PRESERVE_IVUV USE_ITHREADS USE_LARGE_FILES
                        USE_PERLIO USE_PERL_ATOF USE_REENTRANT_API
  Built under openbsd
  Compiled at May 30 2011 23:24:05
  %ENV:
    PERL5LIB="/home/sts/cpansmoke/perl-5.14.0/cpan/build/String-Random-0.22-akhBzt/blib/arch:/home/sts/cpansmoke/perl-5.14.0/cpan/build/String-Random-0.22-akhBzt/blib/lib:/home/sts/cpansmoke/perl-5.14.0/cpan/build/Test-ManyParams-0.10-mZCKGU/blib/arch:/home/sts/cpansmoke/perl-5.14.0/cpan/build/Test-ManyParams-0.10-mZCKGU/blib/lib:/home/sts/cpansmoke/perl-5.14.0/cpan/build/Set-CrossProduct-1.94-z1IlTD/blib/arch:/home/sts/cpansmoke/perl-5.14.0/cpan/build/Set-CrossProduct-1.94-z1IlTD/blib/lib:/home/sts/cpansmoke/perl-5.14.0/cpan/build/Test-Differences-0.61-u2k63f/blib/arch:/home/sts/cpansmoke/perl-5.14.0/cpan/build/Test-Differences-0.61-u2k63f/blib/lib:/home/sts/cpansmoke/perl-5.14.0/cpan/build/Text-Diff-1.41-RgalXa/blib/arch:/home/sts/cpansmoke/perl-5.14.0/cpan/build/Text-Diff-1.41-RgalXa/blib/lib:/home/sts/cpansmoke/perl-5.14.0/cpan/build/Algorithm-Diff-1.1902-SyGkX0/blib/arch:/home/sts/cpansmoke/perl-5.14.0/cpan/build/Algorithm-Diff-1.1902-SyGkX0/blib/lib:/home/sts/cpansmoke/perl-5.14.0/cpan/build/Heap-0.80-N69N4X/blib/arch:/home/sts/cpansmoke/perl-5.14.0/cpan/build/Heap-0.80-N69N4X/blib/lib"
    PERL5OPT=""
    PERL5_CPANPLUS_IS_RUNNING="12921"
    PERL5_CPAN_IS_RUNNING="12921"
    PERL5_CPAN_IS_RUNNING_IN_RECURSION="23183,12921"
    PERL_CR_SMOKER_CURRENT="Algorithm-Huffman-0.09"
    PERL_EXTUTILS_AUTOINSTALL="--defaultdeps"
    PERL_MM_USE_DEFAULT="1"
  @INC:
    /home/sts/cpansmoke/perl-5.14.0/cpan/build/String-Random-0.22-akhBzt/blib/arch
    /home/sts/cpansmoke/perl-5.14.0/cpan/build/String-Random-0.22-akhBzt/blib/lib
    /home/sts/cpansmoke/perl-5.14.0/cpan/build/Test-ManyParams-0.10-mZCKGU/blib/arch
    /home/sts/cpansmoke/perl-5.14.0/cpan/build/Test-ManyParams-0.10-mZCKGU/blib/lib
    /home/sts/cpansmoke/perl-5.14.0/cpan/build/Set-CrossProduct-1.94-z1IlTD/blib/arch
    /home/sts/cpansmoke/perl-5.14.0/cpan/build/Set-CrossProduct-1.94-z1IlTD/blib/lib
    /home/sts/cpansmoke/perl-5.14.0/cpan/build/Test-Differences-0.61-u2k63f/blib/arch
    /home/sts/cpansmoke/perl-5.14.0/cpan/build/Test-Differences-0.61-u2k63f/blib/lib
    /home/sts/cpansmoke/perl-5.14.0/cpan/build/Text-Diff-1.41-RgalXa/blib/arch
    /home/sts/cpansmoke/perl-5.14.0/cpan/build/Text-Diff-1.41-RgalXa/blib/lib
    /home/sts/cpansmoke/perl-5.14.0/cpan/build/Algorithm-Diff-1.1902-SyGkX0/blib/arch
    /home/sts/cpansmoke/perl-5.14.0/cpan/build/Algorithm-Diff-1.1902-SyGkX0/blib/lib
    /home/sts/cpansmoke/perl-5.14.0/cpan/build/Heap-0.80-N69N4X/blib/arch
    /home/sts/cpansmoke/perl-5.14.0/cpan/build/Heap-0.80-N69N4X/blib/lib
    /home/sts/cpansmoke/perl-5.14.0/lib/site_perl/5.14.0/OpenBSD.i386-openbsd-thread-multi
    /home/sts/cpansmoke/perl-5.14.0/lib/site_perl/5.14.0
    /home/sts/cpansmoke/perl-5.14.0/lib/5.14.0/OpenBSD.i386-openbsd-thread-multi
    /home/sts/cpansmoke/perl-5.14.0/lib/5.14.0
    .