Text-Xslate vv3.5.6 Perl 5 v5.28.0 RC1 x86_64-linux-thread-multi-ld
- Status
- Fail
- From
- Andreas J. König (ANDK)
- Dist
-
Text-Xslate vv3.5.6
- Platform
- Perl 5 v5.28.0 RC1 x86_64-linux-thread-multi-ld
- Date
- 2018-05-30 07:30:07
- ID
- 47183a1a-63db-11e8-99a8-bbae4564fd0c
This distribution has been tested as part of the CPAN Testers
project, supporting the Perl programming language. See
http://wiki.cpantesters.org/ for more information or email
questions to cpan-testers-discuss@perl.org
--
Dear Shoichi Kaji,
This is a computer-generated report for Text-Xslate-v3.5.6
on perl 5.28.0, created by CPAN-Reporter-1.2018.
Thank you for uploading your work to CPAN. However, there was a problem
testing your distribution.
If you think this report is invalid, please consult the CPAN Testers Wiki
for suggestions on how to avoid getting FAIL reports for missing library
or binary dependencies, unsupported operating systems, and so on:
http://wiki.cpantesters.org/wiki/CPANAuthorNotes
Sections of this report:
* Tester comments
* Program output
* Prerequisites
* Environment and other context
------------------------------
TESTER COMMENTS
------------------------------
Additional comments from tester:
this report is from an automated smoke testing program
and was not reviewed by a human for accuracy
------------------------------
PROGRAM OUTPUT
------------------------------
Output from './Build test':
xs tests
# Failed test 'use Text::Xslate;'
# at t/000_load.t line 6.
# Tried to use 'Text::Xslate'.
# Error: Can't locate Data/MessagePack.pm in @INC (you may need to install the Data::MessagePack module) (@INC contains: /tmp/loop_over_bdir-31814-3lRQ42/Text-Xslate-v3.5.6-0/blib/lib /tmp/loop_over_bdir-31814-3lRQ42/Text-Xslate-v3.5.6-0/blib/arch /tmp/loop_over_bdir-31814-3lRQ42/Text-Xslate-v3.5.6-0/_build/lib /home/sand/src/perl/repoperls/installed-perls/host/k93msid/v5.28.0-RC1/ac75/lib/site_perl/5.28.0/x86_64-linux-thread-multi-ld /home/sand/src/perl/repoperls/installed-perls/host/k93msid/v5.28.0-RC1/ac75/lib/site_perl/5.28.0 /home/sand/src/perl/repoperls/installed-perls/host/k93msid/v5.28.0-RC1/ac75/lib/5.28.0/x86_64-linux-thread-multi-ld /home/sand/src/perl/repoperls/installed-perls/host/k93msid/v5.28.0-RC1/ac75/lib/5.28.0 .) at /tmp/loop_over_bdir-31814-3lRQ42/Text-Xslate-v3.5.6-0/blib/lib/Text/Xslate.pm line 12.
# BEGIN failed--compilation aborted at /tmp/loop_over_bdir-31814-3lRQ42/Text-Xslate-v3.5.6-0/blib/lib/Text/Xslate.pm line 12.
# Compilation failed in require at t/000_load.t line 6.
# BEGIN failed--compilation aborted at t/000_load.t line 6.
# Failed test 'use Text::Xslate::Compiler;'
# at t/000_load.t line 7.
# Tried to use 'Text::Xslate::Compiler'.
# Error: Attempt to reload Text/Xslate.pm aborted.
# Compilation failed in require at /tmp/loop_over_bdir-31814-3lRQ42/Text-Xslate-v3.5.6-0/blib/lib/Text/Xslate/Util.pm line 51.
# Compilation failed in require at /tmp/loop_over_bdir-31814-3lRQ42/Text-Xslate-v3.5.6-0/blib/lib/Text/Xslate/Symbol.pm line 4.
# BEGIN failed--compilation aborted at /tmp/loop_over_bdir-31814-3lRQ42/Text-Xslate-v3.5.6-0/blib/lib/Text/Xslate/Symbol.pm line 4.
# Compilation failed in require at /tmp/loop_over_bdir-31814-3lRQ42/Text-Xslate-v3.5.6-0/blib/lib/Text/Xslate/Parser.pm line 6.
# BEGIN failed--compilation aborted at /tmp/loop_over_bdir-31814-3lRQ42/Text-Xslate-v3.5.6-0/blib/lib/Text/Xslate/Parser.pm line 6.
# Compilation failed in require at /tmp/loop_over_bdir-31814-3lRQ42/Text-Xslate-v3.5.6-0/blib/lib/Text/Xslate/Compiler.pm line 8.
# BEGIN failed--compilation aborted at /tmp/loop_over_bdir-31814-3lRQ42/Text-Xslate-v3.5.6-0/blib/lib/Text/Xslate/Compiler.pm line 8.
# Compilation failed in require at t/000_load.t line 7.
# BEGIN failed--compilation aborted at t/000_load.t line 7.
# Failed test 'use Text::Xslate::Parser;'
# at t/000_load.t line 8.
# Tried to use 'Text::Xslate::Parser'.
# Error: Attempt to reload Text/Xslate/Parser.pm aborted.
# Compilation failed in require at t/000_load.t line 8.
# BEGIN failed--compilation aborted at t/000_load.t line 8.
# Failed test 'use Text::Xslate::Syntax::TTerse;'
# at t/000_load.t line 11.
# Tried to use 'Text::Xslate::Syntax::TTerse'.
# Error: Attempt to reload Text/Xslate/Util.pm aborted.
# Compilation failed in require at /tmp/loop_over_bdir-31814-3lRQ42/Text-Xslate-v3.5.6-0/blib/lib/Text/Xslate/Syntax/TTerse.pm line 3.
# BEGIN failed--compilation aborted at /tmp/loop_over_bdir-31814-3lRQ42/Text-Xslate-v3.5.6-0/blib/lib/Text/Xslate/Syntax/TTerse.pm line 3.
# Compilation failed in require at t/000_load.t line 11.
# BEGIN failed--compilation aborted at t/000_load.t line 11.
# Failed test 'use Text::Xslate::Type::Raw;'
# at t/000_load.t line 12.
# Tried to use 'Text::Xslate::Type::Raw'.
# Error: Attempt to reload Text/Xslate.pm aborted.
# Compilation failed in require at /tmp/loop_over_bdir-31814-3lRQ42/Text-Xslate-v3.5.6-0/blib/lib/Text/Xslate/Type/Raw.pm line 3.
# Compilation failed in require at t/000_load.t line 12.
# BEGIN failed--compilation aborted at t/000_load.t line 12.
Use of uninitialized value $Text::Xslate::VERSION in concatenation (.) or string at t/000_load.t line 14.
# Testing Text::Xslate/
# Backend: XS
# $ENV{XSLATE}=xs
# Looks like you failed 5 tests of 7.
t/000_load.t ....................................
Dubious, test returned 5 (wstat 1280, 0x500)
Failed 5/7 subtests
Can't locate Data/MessagePack.pm in @INC (you may need to install the Data::MessagePack module) (@INC contains: /tmp/loop_over_bdir-31814-3lRQ42/Text-Xslate-v3.5.6-0/blib/lib /tmp/loop_over_bdir-31814-3lRQ42/Text-Xslate-v3.5.6-0/blib/arch /tmp/loop_over_bdir-31814-3lRQ42/Text-Xslate-v3.5.6-0/_build/lib /home/sand/src/perl/repoperls/installed-perls/host/k93msid/v5.28.0-RC1/ac75/lib/site_perl/5.28.0/x86_64-linux-thread-multi-ld /home/sand/src/perl/repoperls/installed-perls/host/k93msid/v5.28.0-RC1/ac75/lib/site_perl/5.28.0 /home/sand/src/perl/repoperls/installed-perls/host/k93msid/v5.28.0-RC1/ac75/lib/5.28.0/x86_64-linux-thread-multi-ld /home/sand/src/perl/repoperls/installed-perls/host/k93msid/v5.28.0-RC1/ac75/lib/5.28.0 .) at /tmp/loop_over_bdir-31814-3lRQ42/Text-Xslate-v3.5.6-0/blib/lib/Text/Xslate.pm line 12.
BEGIN failed--compilation aborted at /tmp/loop_over_bdir-31814-3lRQ42/Text-Xslate-v3.5.6-0/blib/lib/Text/Xslate.pm line 12.
Compilation failed in require at /tmp/loop_over_bdir-31814-3lRQ42/Text-Xslate-v3.5.6-0/blib/lib/Text/Xslate/Util.pm line 51.
Compilation failed in require at /tmp/loop_over_bdir-31814-3lRQ42/Text-Xslate-v3.5.6-0/blib/lib/Text/Xslate/Symbol.pm line 4.
BEGIN failed--compilation aborted at /tmp/loop_over_bdir-31814-3lRQ42/Text-Xslate-v3.5.6-0/blib/lib/Text/Xslate/Symbol.pm line 4.
Compilation failed in require at /tmp/loop_over_bdir-31814-3lRQ42/Text-Xslate-v3.5.6-0/blib/lib/Text/Xslate/Parser.pm line 6.
BEGIN failed--compilation aborted at /tmp/loop_over_bdir-31814-3lRQ42/Text-Xslate-v3.5.6-0/blib/lib/Text/Xslate/Parser.pm line 6.
Compilation failed in require at t/010_internals/001_parse.t line 6.
BEGIN failed--compilation aborted at t/010_internals/001_parse.t line 6.
t/010_internals/001_parse.t .....................
Dubious, test returned 2 (wstat 512, 0x200)
No subtests run
Can't locate Data/MessagePack.pm in @INC (you may need to install the Data::MessagePack module) (@INC contains: /tmp/loop_over_bdir-31814-3lRQ42/Text-Xslate-v3.5.6-0/blib/lib /tmp/loop_over_bdir-31814-3lRQ42/Text-Xslate-v3.5.6-0/blib/arch /tmp/loop_over_bdir-31814-3lRQ42/Text-Xslate-v3.5.6-0/_build/lib /home/sand/src/perl/repoperls/installed-perls/host/k93msid/v5.28.0-RC1/ac75/lib/site_perl/5.28.0/x86_64-linux-thread-multi-ld /home/sand/src/perl/repoperls/installed-perls/host/k93msid/v5.28.0-RC1/ac75/lib/site_perl/5.28.0 /home/sand/src/perl/repoperls/installed-perls/host/k93msid/v5.28.0-RC1/ac75/lib/5.28.0/x86_64-linux-thread-multi-ld /home/sand/src/perl/repoperls/installed-perls/host/k93msid/v5.28.0-RC1/ac75/lib/5.28.0 .) at /tmp/loop_over_bdir-31814-3lRQ42/Text-Xslate-v3.5.6-0/blib/lib/Text/Xslate.pm line 12.
BEGIN failed--compilation aborted at /tmp/loop_over_bdir-31814-3lRQ42/Text-Xslate-v3.5.6-0/blib/lib/Text/Xslate.pm line 12.
Compilation failed in require at /tmp/loop_over_bdir-31814-3lRQ42/Text-Xslate-v3.5.6-0/blib/lib/Text/Xslate/Util.pm line 51.
Compilation failed in require at /tmp/loop_over_bdir-31814-3lRQ42/Text-Xslate-v3.5.6-0/blib/lib/Text/Xslate/Symbol.pm line 4.
BEGIN failed--compilation aborted at /tmp/loop_over_bdir-31814-3lRQ42/Text-Xslate-v3.5.6-0/blib/lib/Text/Xslate/Symbol.pm line 4.
Compilation failed in require at /tmp/loop_over_bdir-31814-3lRQ42/Text-Xslate-v3.5.6-0/blib/lib/Text/Xslate/Parser.pm line 6.
BEGIN failed--compilation aborted at /tmp/loop_over_bdir-31814-3lRQ42/Text-Xslate-v3.5.6-0/blib/lib/Text/Xslate/Parser.pm line 6.
Compilation failed in require at /tmp/loop_over_bdir-31814-3lRQ42/Text-Xslate-v3.5.6-0/blib/lib/Text/Xslate/Compiler.pm line 8.
BEGIN failed--compilation aborted at /tmp/loop_over_bdir-31814-3lRQ42/Text-Xslate-v3.5.6-0/blib/lib/Text/Xslate/Compiler.pm line 8.
Compilation failed in require at t/010_internals/002_compile.t line 6.
BEGIN failed--compilation aborted at t/010_internals/002_compile.t line 6.
t/010_internals/002_compile.t ...................
Dubious, test returned 2 (wstat 512, 0x200)
No subtests run
Can't locate Data/MessagePack.pm in @INC (you may need to install the Data::MessagePack module) (@INC contains: /tmp/loop_over_bdir-31814-3lRQ42/Text-Xslate-v3.5.6-0/blib/lib /tmp/loop_over_bdir-31814-3lRQ42/Text-Xslate-v3.5.6-0/blib/arch /tmp/loop_over_bdir-31814-3lRQ42/Text-Xslate-v3.5.6-0/_build/lib /home/sand/src/perl/repoperls/installed-perls/host/k93msid/v5.28.0-RC1/ac75/lib/site_perl/5.28.0/x86_64-linux-thread-multi-ld /home/sand/src/perl/repoperls/installed-perls/host/k93msid/v5.28.0-RC1/ac75/lib/site_perl/5.28.0 /home/sand/src/perl/repoperls/installed-perls/host/k93msid/v5.28.0-RC1/ac75/lib/5.28.0/x86_64-linux-thread-multi-ld /home/sand/src/perl/repoperls/installed-perls/host/k93msid/v5.28.0-RC1/ac75/lib/5.28.0 .) at /tmp/loop_over_bdir-31814-3lRQ42/Text-Xslate-v3.5.6-0/blib/lib/Text/Xslate.pm line 12.
BEGIN failed--compilation aborted at /tmp/loop_over_bdir-31814-3lRQ42/Text-Xslate-v3.5.6-0/blib/lib/Text/Xslate.pm line 12.
Compilation failed in require at t/010_internals/003_assemble.t line 7.
BEGIN failed--compilation aborted at t/010_internals/003_assemble.t line 7.
# Looks like your test exited with 2 before it could output anything.
t/010_internals/003_assemble.t ..................
Dubious, test returned 2 (wstat 512, 0x200)
Failed 4/4 subtests
Can't locate Data/MessagePack.pm in @INC (you may need to install the Data::MessagePack module) (@INC contains: /tmp/loop_over_bdir-31814-3lRQ42/Text-Xslate-v3.5.6-0/blib/lib /tmp/loop_over_bdir-31814-3lRQ42/Text-Xslate-v3.5.6-0/blib/arch /tmp/loop_over_bdir-31814-3lRQ42/Text-Xslate-v3.5.6-0/_build/lib /home/sand/src/perl/repoperls/installed-perls/host/k93msid/v5.28.0-RC1/ac75/lib/site_perl/5.28.0/x86_64-linux-thread-multi-ld /home/sand/src/perl/repoperls/installed-perls/host/k93msid/v5.28.0-RC1/ac75/lib/site_perl/5.28.0 /home/sand/src/perl/repoperls/installed-perls/host/k93msid/v5.28.0-RC1/ac75/lib/5.28.0/x86_64-linux-thread-multi-ld /home/sand/src/perl/repoperls/installed-perls/host/k93msid/v5.28.0-RC1/ac75/lib/5.28.0 .) at /tmp/loop_over_bdir-31814-3lRQ42/Text-Xslate-v3.5.6-0/blib/lib/Text/Xslate.pm line 12.
BEGIN failed--compilation aborted at /tmp/loop_over_bdir-31814-3lRQ42/Text-Xslate-v3.5.6-0/blib/lib/Text/Xslate.pm line 12.
Compilation failed in require at t/010_internals/004_magic.t line 6.
BEGIN failed--compilation aborted at t/010_internals/004_magic.t line 6.
t/010_internals/004_magic.t .....................
Dubious, test returned 2 (wstat 512, 0x200)
No subtests run
Can't locate Data/MessagePack.pm in @INC (you may need to install the Data::MessagePack module) (@INC contains: /tmp/loop_over_bdir-31814-3lRQ42/Text-Xslate-v3.5.6-0/blib/lib /tmp/loop_over_bdir-31814-3lRQ42/Text-Xslate-v3.5.6-0/blib/arch /tmp/loop_over_bdir-31814-3lRQ42/Text-Xslate-v3.5.6-0/_build/lib /home/sand/src/perl/repoperls/installed-perls/host/k93msid/v5.28.0-RC1/ac75/lib/site_perl/5.28.0/x86_64-linux-thread-multi-ld /home/sand/src/perl/repoperls/installed-perls/host/k93msid/v5.28.0-RC1/ac75/lib/site_perl/5.28.0 /home/sand/src/perl/repoperls/installed-perls/host/k93msid/v5.28.0-RC1/ac75/lib/5.28.0/x86_64-linux-thread-multi-ld /home/sand/src/perl/repoperls/installed-perls/host/k93msid/v5.28.0-RC1/ac75/lib/5.28.0 .) at /tmp/loop_over_bdir-31814-3lRQ42/Text-Xslate-v3.5.6-0/blib/lib/Text/Xslate.pm line 12.
BEGIN failed--compilation aborted at /tmp/loop_over_bdir-31814-3lRQ42/Text-Xslate-v3.5.6-0/blib/lib/Text/Xslate.pm line 12.
Compilation failed in require at t/010_internals/005_load_file.t line 6.
BEGIN failed--compilation aborted at t/010_internals/005_load_file.t line 6.
t/010_internals/005_load_file.t .................
Dubious, test returned 2 (wstat 512, 0x200)
No subtests run
Can't locate Data/MessagePack.pm in @INC (you may need to install the Data::MessagePack module) (@INC contains: /tmp/loop_over_bdir-31814-3lRQ42/Text-Xslate-v3.5.6-0/blib/lib /tmp/loop_over_bdir-31814-3lRQ42/Text-Xslate-v3.5.6-0/blib/arch /tmp/loop_over_bdir-31814-3lRQ42/Text-Xslate-v3.5.6-0/_build/lib /home/sand/src/perl/repoperls/installed-perls/host/k93msid/v5.28.0-RC1/ac75/lib/site_perl/5.28.0/x86_64-linux-thread-multi-ld /home/sand/src/perl/repoperls/installed-perls/host/k93msid/v5.28.0-RC1/ac75/lib/site_perl/5.28.0 /home/sand/src/perl/repoperls/installed-perls/host/k93msid/v5.28.0-RC1/ac75/lib/5.28.0/x86_64-linux-thread-multi-ld /home/sand/src/perl/repoperls/installed-perls/host/k93msid/v5.28.0-RC1/ac75/lib/5.28.0 .) at /tmp/loop_over_bdir-31814-3lRQ42/Text-Xslate-v3.5.6-0/blib/lib/Text/Xslate.pm line 12.
BEGIN failed--compilation aborted at /tmp/loop_over_bdir-31814-3lRQ42/Text-Xslate-v3.5.6-0/blib/lib/Text/Xslate.pm line 12.
Compilation failed in require at t/010_internals/006_errhandler.t line 6.
BEGIN failed--compilation aborted at t/010_internals/006_errhandler.t line 6.
t/010_internals/006_errhandler.t ................
Dubious, test returned 2 (wstat 512, 0x200)
No subtests run
Can't locate Data/MessagePack.pm in @INC (you may need to install the Data::MessagePack module) (@INC contains: /tmp/loop_over_bdir-31814-3lRQ42/Text-Xslate-v3.5.6-0/blib/lib /tmp/loop_over_bdir-31814-3lRQ42/Text-Xslate-v3.5.6-0/blib/arch /tmp/loop_over_bdir-31814-3lRQ42/Text-Xslate-v3.5.6-0/_build/lib /home/sand/src/perl/repoperls/installed-perls/host/k93msid/v5.28.0-RC1/ac75/lib/site_perl/5.28.0/x86_64-linux-thread-multi-ld /home/sand/src/perl/repoperls/installed-perls/host/k93msid/v5.28.0-RC1/ac75/lib/site_perl/5.28.0 /home/sand/src/perl/repoperls/installed-perls/host/k93msid/v5.28.0-RC1/ac75/lib/5.28.0/x86_64-linux-thread-multi-ld /home/sand/src/perl/repoperls/installed-perls/host/k93msid/v5.28.0-RC1/ac75/lib/5.28.0 .) at /tmp/loop_over_bdir-31814-3lRQ42/Text-Xslate-v3.5.6-0/blib/lib/Text/Xslate.pm line 12.
BEGIN failed--compilation aborted at /tmp/loop_over_bdir-31814-3lRQ42/Text-Xslate-v3.5.6-0/blib/lib/Text/Xslate.pm line 12.
Compilation failed in require at t/010_internals/007_compile_errs.t line 6.
BEGIN failed--compilation aborted at t/010_internals/007_compile_errs.t line 6.
t/010_internals/007_compile_errs.t ..............
Dubious, test returned 2 (wstat 512, 0x200)
No subtests run
Can't locate Data/MessagePack.pm in @INC (you may need to install the Data::MessagePack module) (@INC contains: /tmp/loop_over_bdir-31814-3lRQ42/Text-Xslate-v3.5.6-0/blib/lib /tmp/loop_over_bdir-31814-3lRQ42/Text-Xslate-v3.5.6-0/blib/arch /tmp/loop_over_bdir-31814-3lRQ42/Text-Xslate-v3.5.6-0/_build/lib /home/sand/src/perl/repoperls/installed-perls/host/k93msid/v5.28.0-RC1/ac75/lib/site_perl/5.28.0/x86_64-linux-thread-multi-ld /home/sand/src/perl/repoperls/installed-perls/host/k93msid/v5.28.0-RC1/ac75/lib/site_perl/5.28.0 /home/sand/src/perl/repoperls/installed-perls/host/k93msid/v5.28.0-RC1/ac75/lib/5.28.0/x86_64-linux-thread-multi-ld /home/sand/src/perl/repoperls/installed-perls/host/k93msid/v5.28.0-RC1/ac75/lib/5.28.0 .) at /tmp/loop_over_bdir-31814-3lRQ42/Text-Xslate-v3.5.6-0/blib/lib/Text/Xslate.pm line 12.
BEGIN failed--compilation aborted at /tmp/loop_over_bdir-31814-3lRQ42/Text-Xslate-v3.5.6-0/blib/lib/Text/Xslate.pm line 12.
Compilation failed in require at t/010_internals/008_files.t line 5.
BEGIN failed--compilation aborted at t/010_internals/008_files.t line 5.
t/010_internals/008_files.t .....................
Dubious, test returned 2 (wstat 512, 0x200)
No subtests run
Can't locate Data/MessagePack.pm in @INC (you may need to install the Data::MessagePack module) (@INC contains: /tmp/loop_over_bdir-31814-3lRQ42/Text-Xslate-v3.5.6-0/blib/lib /tmp/loop_over_bdir-31814-3lRQ42/Text-Xslate-v3.5.6-0/blib/arch /tmp/loop_over_bdir-31814-3lRQ42/Text-Xslate-v3.5.6-0/_build/lib /home/sand/src/perl/repoperls/installed-perls/host/k93msid/v5.28.0-RC1/ac75/lib/site_perl/5.28.0/x86_64-linux-thread-multi-ld /home/sand/src/perl/repoperls/installed-perls/host/k93msid/v5.28.0-RC1/ac75/lib/site_perl/5.28.0 /home/sand/src/perl/repoperls/installed-perls/host/k93msid/v5.28.0-RC1/ac75/lib/5.28.0/x86_64-linux-thread-multi-ld /home/sand/src/perl/repoperls/installed-perls/host/k93msid/v5.28.0-RC1/ac75/lib/5.28.0 .) at /tmp/loop_over_bdir-31814-3lRQ42/Text-Xslate-v3.5.6-0/blib/lib/Text/Xslate.pm line 12.
BEGIN failed--compilation aborted at /tmp/loop_over_bdir-31814-3lRQ42/Text-Xslate-v3.5.6-0/blib/lib/Text/Xslate.pm line 12.
Compilation failed in require at t/010_internals/009_goto_address.t line 7.
BEGIN failed--compilation aborted at t/010_internals/009_goto_address.t line 7.
t/010_internals/009_goto_address.t ..............
Dubious, test returned 2 (wstat 512, 0x200)
No subtests run
Can't locate Data/MessagePack.pm in @INC (you may need to install the Data::MessagePack module) (@INC contains: /tmp/loop_over_bdir-31814-3lRQ42/Text-Xslate-v3.5.6-0/blib/lib /tmp/loop_over_bdir-31814-3lRQ42/Text-Xslate-v3.5.6-0/blib/arch /tmp/loop_over_bdir-31814-3lRQ42/Text-Xslate-v3.5.6-0/_build/lib /home/sand/src/perl/repoperls/installed-perls/host/k93msid/v5.28.0-RC1/ac75/lib/site_perl/5.28.0/x86_64-linux-thread-multi-ld /home/sand/src/perl/repoperls/installed-perls/host/k93msid/v5.28.0-RC1/ac75/lib/site_perl/5.28.0 /home/sand/src/perl/repoperls/installed-perls/host/k93msid/v5.28.0-RC1/ac75/lib/5.28.0/x86_64-linux-thread-multi-ld /home/sand/src/perl/repoperls/installed-perls/host/k93msid/v5.28.0-RC1/ac75/lib/5.28.0 .) at /tmp/loop_over_bdir-31814-3lRQ42/Text-Xslate-v3.5.6-0/blib/lib/Text/Xslate.pm line 12.
BEGIN failed--compilation aborted at /tmp/loop_over_bdir-31814-3lRQ42/Text-Xslate-v3.5.6-0/blib/lib/Text/Xslate.pm line 12.
Compilation failed in require at t/010_internals/010_line_number.t line 5.
BEGIN failed--compilation aborted at t/010_internals/010_line_number.t line 5.
t/010_internals/010_line_number.t ...............
Dubious, test returned 2 (wstat 512, 0x200)
No subtests run
t/010_internals/011_missuse.t ................... ok
t/010_internals/012_multilines.t ................ ok
t/010_internals/013_deps_str.t .................. ok
t/010_internals/014_deps_file.t ................. ok
t/010_internals/015_deps_file2.t ................ ok
t/010_internals/016_cached.t .................... ok
t/010_internals/017_render.t .................... ok
t/010_internals/018_opinfo.t .................... ok
t/010_internals/019_runtime_error.t ............. ok
t/010_internals/020_optimize.t .................. ok
t/010_internals/021_edge_cases.t ................ ok
t/010_internals/022_signal.t .................... ok
t/010_internals/023_cachepath.t ................. ok
t/010_internals/024_die_in_macros.t ............. ok
t/010_internals/025_reset_hooks.t ............... ok
t/010_internals/026_issue16_deep_recursion.t .... ok
t/010_internals/027_infinite_warn.t ............. ok
t/010_internals/028_taint.t ..................... ok
t/010_internals/029_large_file.t ................ ok
t/010_internals/030_die_in_funcs.t .............. ok
t/010_internals/031_save_src.t .................. ok
t/010_internals/032_encoding_error.t ............ skipped: TODO: the behaviours of PP and XS does not match
t/010_internals/033_vpath_cache.t ............... ok
t/010_internals/034_is_code_ref.t ............... ok
t/010_internals/036_merge_hash.t ................ ok
t/010_internals/037_find_file.t ................. ok
t/010_internals/038_suffix.t .................... ok
t/010_internals/039_taint_issue84.t ............. ok
t/010_internals/100_threads.t ................... ok
t/010_internals/200_leaktrace.t ................. ok
t/010_internals/300_explicit_pp.t ............... ok
t/020_interface/001_parser_option.t ............. ok
t/020_interface/002_myparser.t .................. ok
t/020_interface/003_encoding.t .................. ok
t/020_interface/004_no_vars.t ................... ok
t/020_interface/005_util.t ...................... ok
t/020_interface/006_psgi.t ...................... ok
t/020_interface/007_data_section.t .............. ok
t/020_interface/008_type.t ...................... ok
t/020_interface/009_hash_with_default.t ......... ok
t/020_interface/010_err_encoding.t .............. ok
t/020_interface/011_hwd_w_include_vars.t ........ ok
t/020_interface/012_default_functions.t ......... ok
t/020_interface/013_slurp_template.t ............ ok
t/020_interface/014_customize_option.t .......... ok
t/020_interface/015_render_recursion.t .......... ok
t/020_interface/016_pre_process_handler.t ....... ok
t/020_interface/017_validate.t .................. ok
t/030_kolon/001_interpolate.t ................... ok
t/030_kolon/002_field.t ......................... ok
t/030_kolon/003_for.t ........................... ok
t/030_kolon/004_if.t ............................ ok
t/030_kolon/005_rel_ops.t ....................... ok
t/030_kolon/006_arith_ops.t ..................... ok
t/030_kolon/007_log_ops.t ....................... ok
t/030_kolon/008_literal.t ....................... ok
t/030_kolon/009_include.t ....................... ok
t/030_kolon/010_escaped_str.t ................... ok
t/030_kolon/011_macro.t ......................... ok
t/030_kolon/012_cascade.t ....................... ok
t/030_kolon/013_more_field.t .................... ok
t/030_kolon/014_while.t ......................... ok
t/030_kolon/015_methods.t ....................... ok
t/030_kolon/016_funcs.t ......................... ok
t/030_kolon/017_more_macro.t .................... ok
t/030_kolon/018_dynamic_filters.t ............... ok
t/030_kolon/019_explicit_interpolate.t .......... ok
t/030_kolon/020_chomp.t ......................... ok
t/030_kolon/021_overlay.t ....................... ok
t/030_kolon/022_given.t ......................... ok
t/030_kolon/023_bitwise.t ....................... ok
t/030_kolon/024_localize_vars.t ................. ok
t/030_kolon/025_objectliteral.t ................. ok
t/030_kolon/026_constant.t ...................... ok
t/030_kolon/027_lambda.t ........................ ok
t/030_kolon/028_smartmatch.t .................... ok
t/030_kolon/029_blockfilter.t ................... ok
t/030_kolon/030_xfuncs.t ........................ ok
t/030_kolon/031_post_if.t ....................... ok
t/030_kolon/032_include_bareword.t .............. ok
t/030_kolon/033_ov_forloop.t .................... ok
t/030_kolon/034_print.t ......................... ok
t/030_kolon/035_include_w_vars.t ................ ok
t/030_kolon/036_foreach_else.t .................. ok
t/030_kolon/037_loop_ctl.t ...................... ok
t/030_kolon/038_custom_esc.t .................... ok
t/030_kolon/039_root_vars.t ..................... ok
t/030_kolon/040_external_macro.t ................ skipped: external macros are not yet implemented
t/040_tterse/001_parse.t ........................ ok
t/040_tterse/002_interpolate.t .................. ok
t/040_tterse/003_field.t ........................ ok
t/040_tterse/004_for.t .......................... ok
t/040_tterse/005_if.t ........................... ok
t/040_tterse/006_include.t ...................... ok
t/040_tterse/007_funcs.t ........................ ok
t/040_tterse/008_methods.t ...................... ok
t/040_tterse/009_comments.t ..................... ok
t/040_tterse/010_expr.t ......................... ok
t/040_tterse/011_objectliterals.t ............... ok
t/040_tterse/012_macro.t ........................ ok
t/040_tterse/013_wrapper.t ...................... ok
t/040_tterse/014_set.t .......................... ok
t/040_tterse/015_while.t ........................ ok
t/040_tterse/016_call.t ......................... ok
t/040_tterse/017_filter.t ....................... ok
t/040_tterse/018_process.t ...................... ok
t/040_tterse/019_switch.t ....................... ok
t/040_tterse/020_chomp.t ........................ ok
t/040_tterse/021_fake_use.t ..................... ok
t/040_tterse/022_post_if.t ...................... ok
t/040_tterse/023_loop_ctl.t ..................... ok
t/040_tterse/024_for_else.t ..................... ok
t/040_tterse/025_macro.t ........................ ok
t/040_tterse/100_not_supported.t ................ ok
t/050_builtins/001_builtin_funcs.t .............. ok
t/050_builtins/002_autobox.t .................... ok
t/050_builtins/003_autobox_w_cb.t ............... ok
t/050_builtins/004_copied.t ..................... ok
t/100_plugin/001_import_from.t .................. ok
t/100_plugin/002_import.t ....................... ok
t/100_plugin/003_bridge.t ....................... ok
t/100_plugin/004_star.t ......................... ok
t/100_plugin/005_html_builder_module.t .......... ok
t/100_plugin/100_error.t ........................ ok
t/200_app/001_hello.t ........................... ok
t/200_app/002_tree.t ............................ ok
t/200_app/003_runner.t .......................... ok
t/200_app/004_encoding.t ........................ ok
t/300_examples/001_basic.t ...................... ok
t/300_examples/002_cascade.t .................... ok
t/300_examples/003_metakolon.t .................. ok
t/300_examples/004_tterse.t ..................... ok
t/900_bugs/001_super.t .......................... ok
t/900_bugs/002_addfunc.t ........................ ok
t/900_bugs/003_frame_access.t ................... ok
t/900_bugs/004_errorhandling.t .................. ok
t/900_bugs/005_rec_include.t .................... ok
t/900_bugs/006_complex_lex.t .................... ok
t/900_bugs/007_uuv.t ............................ ok
t/900_bugs/008_include_var.t .................... ok
t/900_bugs/009_quote_in_comments.t .............. ok
t/900_bugs/010_widechar_for_md5.t ............... ok
t/900_bugs/011_reserved_words.t ................. ok
t/900_bugs/012_ltgt_in_comments.t ............... ok
t/900_bugs/013_comments_lineno.t ................ ok
t/900_bugs/014_too_large_int.t .................. ok
t/900_bugs/015_my_scope.t ....................... ok
t/900_bugs/016_x_in_tterse.t .................... ok
t/900_bugs/017_unallocated.t .................... skipped: not yet
t/900_bugs/019_nested_mm.t ...................... ok
t/900_bugs/020_switch_foo.t ..................... ok
t/900_bugs/021_cached_enc.t ..................... ok
t/900_bugs/022_empty_if_block.t ................. ok
t/900_bugs/023_deploy_problem.t ................. ok
t/900_bugs/024_use_cache.t ...................... ok
t/900_bugs/025_clobber-macro-args.t ............. ok
t/900_bugs/026_issue61.t ........................ ok
t/900_bugs/027_issue65.t ........................ ok
t/900_bugs/028_issue68.t ........................ ok
t/900_bugs/029_fork_and_cache.t ................. skipped: deal with memorycache-filecache-original model more effectively
t/900_bugs/030_issue71.t ........................ ok
t/900_bugs/031_yappo.t .......................... ok
t/900_bugs/032_issue79.t ........................ ok
t/900_bugs/033_ex_safe_render.t ................. ok
t/900_bugs/034_hash_key_utf8.t .................. ok
t/900_bugs/035_issue81_tiedhash.t ............... ok
t/900_bugs/036_vpath_utf8.t ..................... ok
t/900_bugs/037_text_str_key.t ................... ok
t/900_bugs/038_conbine_flaged_utf8_and_other.t .. ok
t/900_bugs/039_issue96.t ........................ ok
t/900_bugs/040_issue95.t ........................ ok
t/900_bugs/041_cachedir_other_process.t ......... ok
t/900_bugs/042_perl59_issue.t ................... ok
t/900_bugs/043_issue107.t ....................... ok
t/900_bugs/044_empty_result.t ................... ok
t/900_bugs/045_issue130.t ....................... ok
t/900_bugs/046_issue156.t ....................... ok
t/900_bugs/046_issue88.t ........................ ok
t/900_bugs/047_undef_concat.t ................... ok
t/900_bugs/048_issue172.t ....................... skipped: Test requires module 'Data::Section::Simple' but it's not found
Test Summary Report
-------------------
t/000_load.t (Wstat: 1280 Tests: 7 Failed: 5)
Failed tests: 1-3, 6-7
Non-zero exit status: 5
t/010_internals/001_parse.t (Wstat: 512 Tests: 0 Failed: 0)
Non-zero exit status: 2
Parse errors: No plan found in TAP output
t/010_internals/002_compile.t (Wstat: 512 Tests: 0 Failed: 0)
Non-zero exit status: 2
Parse errors: No plan found in TAP output
t/010_internals/003_assemble.t (Wstat: 512 Tests: 0 Failed: 0)
Non-zero exit status: 2
Parse errors: Bad plan. You planned 4 tests but ran 0.
t/010_internals/004_magic.t (Wstat: 512 Tests: 0 Failed: 0)
Non-zero exit status: 2
Parse errors: No plan found in TAP output
t/010_internals/005_load_file.t (Wstat: 512 Tests: 0 Failed: 0)
Non-zero exit status: 2
Parse errors: No plan found in TAP output
t/010_internals/006_errhandler.t (Wstat: 512 Tests: 0 Failed: 0)
Non-zero exit status: 2
Parse errors: No plan found in TAP output
t/010_internals/007_compile_errs.t (Wstat: 512 Tests: 0 Failed: 0)
Non-zero exit status: 2
Parse errors: No plan found in TAP output
t/010_internals/008_files.t (Wstat: 512 Tests: 0 Failed: 0)
Non-zero exit status: 2
Parse errors: No plan found in TAP output
t/010_internals/009_goto_address.t (Wstat: 512 Tests: 0 Failed: 0)
Non-zero exit status: 2
Parse errors: No plan found in TAP output
t/010_internals/010_line_number.t (Wstat: 512 Tests: 0 Failed: 0)
Non-zero exit status: 2
Parse errors: No plan found in TAP output
Files=191, Tests=2502, 85 wallclock secs ( 0.74 usr 2.43 sys + 36.67 cusr 6.59 csys = 46.43 CPU)
Result: FAIL
Failed 11/191 test programs. 5/2502 subtests failed.
------------------------------
PREREQUISITES
------------------------------
Prerequisite modules loaded:
requires:
Module Need Have
--------------------- -------- --------
Data::MessagePack 0.38 1.00
Encode 2.26 2.97
Mouse v2.5.0 v2.5.4
parent 0.221 0.236
perl 5.008001 5.028000
Scalar::Util 1.14 1.50
Storable 2.15 3.08
build_requires:
Module Need Have
--------------------- -------- --------
ExtUtils::CBuilder 0 0.280230
File::Copy::Recursive 0 0.44
File::Path 2.07 2.15
Test::More 0.98 1.302136
Test::Requires 0 0.10
configure_requires:
Module Need Have
--------------------- -------- --------
Devel::PPPort 3.33 3.42
Module::Build 0.4005 0.4224
Module::Build::XSUtil 0 0.19
version 0.9913 0.9923
------------------------------
ENVIRONMENT AND OTHER CONTEXT
------------------------------
Environment variables:
AUTOMATED_TESTING = 1
LANG = en_US.UTF-8
PATH = /home/sand/bin:/usr/local/bin:/usr/bin:/bin:/usr/games:/usr/local/perl/bin:/usr/X11/bin:/sbin:/usr/sbin
PERL5LIB =
PERL5OPT =
PERL5_CPANPLUS_IS_RUNNING = 31815
PERL5_CPAN_IS_RUNNING = 31815
PERL_CANARY_STABILITY_NOPROMPT = 1
PERL_MM_USE_DEFAULT = 1
PERL_USE_UNSAFE_INC = 1
SHELL = /usr/bin/zsh
TERM = screen
Perl special variables (and OS-specific diagnostics, for MSWin32):
$^X = /home/sand/src/perl/repoperls/installed-perls/host/k93msid/v5.28.0-RC1/ac75/bin/perl
$UID/$EUID = 1005 / 1005
$GID = 1005 1005
$EGID = 1005 1005
Perl module toolchain versions installed:
Module Have
------------------- --------
CPAN 2.20
CPAN::Meta 2.150010
Cwd 3.74
ExtUtils::CBuilder 0.280230
ExtUtils::Command 7.34
ExtUtils::Install 2.14
ExtUtils::MakeMaker 7.34
ExtUtils::Manifest 1.70
ExtUtils::ParseXS 3.39
File::Spec 3.74
JSON 2.97001
JSON::PP 2.97001
Module::Build 0.4224
Module::Signature 0.81
Parse::CPAN::Meta 2.150010
Test::Harness 3.42
Test::More 1.302136
YAML 1.26
YAML::Syck 1.30
version 0.9923
--
Summary of my perl5 (revision 5 version 28 subversion 0) configuration:
Commit id: 8b33574f6086a534f6a407edfb6828afa9ef8859
Platform:
osname=linux
osvers=4.14.0-3-amd64
archname=x86_64-linux-thread-multi-ld
uname='linux k93msid 4.14.0-3-amd64 #1 smp debian 4.14.12-2 (2018-01-06) x86_64 gnulinux '
config_args='-Dprefix=/home/sand/src/perl/repoperls/installed-perls/host/k93msid/v5.28.0-RC1/ac75 -Dmyhostname=k93msid -Dinstallusrbinperl=n -Uversiononly -Dusedevel -des -Ui_db -Dlibswanted=cl pthread socket inet nsl gdbm dbm malloc dl ld sun m crypt sec util c cposix posix ucb BSD gdbm_compat -Duseithreads -Duselongdouble -DEBUGGING=both'
hint=recommended
useposix=true
d_sigaction=define
useithreads=define
usemultiplicity=define
use64bitint=define
use64bitall=define
uselongdouble=define
usemymalloc=n
default_inc_excludes_dot=define
bincompat5005=undef
Compiler:
cc='cc'
ccflags ='-D_REENTRANT -D_GNU_SOURCE -fwrapv -DDEBUGGING -fno-strict-aliasing -pipe -fstack-protector-strong -I/usr/local/include -D_LARGEFILE_SOURCE -D_FILE_OFFSET_BITS=64 -D_FORTIFY_SOURCE=2'
optimize='-O2 -g'
cppflags='-D_REENTRANT -D_GNU_SOURCE -fwrapv -DDEBUGGING -fno-strict-aliasing -pipe -fstack-protector-strong -I/usr/local/include'
ccversion=''
gccversion='7.2.0'
gccosandvers=''
intsize=4
longsize=8
ptrsize=8
doublesize=8
byteorder=12345678
doublekind=3
d_longlong=define
longlongsize=8
d_longdbl=define
longdblsize=16
longdblkind=3
ivtype='long'
ivsize=8
nvtype='long double'
nvsize=16
Off_t='off_t'
lseeksize=8
alignbytes=16
prototype=define
Linker and Libraries:
ld='cc'
ldflags =' -fstack-protector-strong -L/usr/local/lib'
libpth=/usr/local/lib /usr/lib/gcc/x86_64-linux-gnu/7/include-fixed /usr/include/x86_64-linux-gnu /usr/lib /lib/x86_64-linux-gnu /lib/../lib /usr/lib/x86_64-linux-gnu /usr/lib/../lib /lib
libs=-lpthread -lnsl -ldl -lm -lcrypt -lutil -lc
perllibs=-lpthread -lnsl -ldl -lm -lcrypt -lutil -lc
libc=libc-2.26.so
so=so
useshrplib=false
libperl=libperl.a
gnulibc_version='2.26'
Dynamic Linking:
dlsrc=dl_dlopen.xs
dlext=so
d_dlsymun=undef
ccdlflags='-Wl,-E'
cccdlflags='-fPIC'
lddlflags='-shared -O2 -g -L/usr/local/lib -fstack-protector-strong'
Characteristics of this binary (from libperl):
Compile-time options:
DEBUGGING
HAS_TIMES
MULTIPLICITY
PERLIO_LAYERS
PERL_COPY_ON_WRITE
PERL_DONT_CREATE_GVSV
PERL_IMPLICIT_CONTEXT
PERL_MALLOC_WRAP
PERL_OP_PARENT
PERL_PRESERVE_IVUV
PERL_TRACK_MEMPOOL
PERL_USE_DEVEL
USE_64_BIT_ALL
USE_64_BIT_INT
USE_ITHREADS
USE_LARGE_FILES
USE_LOCALE
USE_LOCALE_COLLATE
USE_LOCALE_CTYPE
USE_LOCALE_NUMERIC
USE_LOCALE_TIME
USE_LONG_DOUBLE
USE_PERLIO
USE_PERL_ATOF
USE_REENTRANT_API
Locally applied patches:
RC1
Built under linux
Compiled at May 21 2018 17:50:22
%ENV:
PERL5LIB=""
PERL5OPT=""
PERL5_CPANPLUS_IS_RUNNING="31815"
PERL5_CPAN_IS_RUNNING="31815"
PERL_CANARY_STABILITY_NOPROMPT="1"
PERL_MM_USE_DEFAULT="1"
PERL_USE_UNSAFE_INC="1"
@INC:
/home/sand/src/perl/repoperls/installed-perls/host/k93msid/v5.28.0-RC1/ac75/lib/site_perl/5.28.0/x86_64-linux-thread-multi-ld
/home/sand/src/perl/repoperls/installed-perls/host/k93msid/v5.28.0-RC1/ac75/lib/site_perl/5.28.0
/home/sand/src/perl/repoperls/installed-perls/host/k93msid/v5.28.0-RC1/ac75/lib/5.28.0/x86_64-linux-thread-multi-ld
/home/sand/src/perl/repoperls/installed-perls/host/k93msid/v5.28.0-RC1/ac75/lib/5.28.0
.