Filter-Crypto v2.08 Perl 5 v5.22.3 x86_64-linux-thread-multi

Status
Fail
From
Nigel Horne
Dist
Filter-Crypto v2.08
Platform
Perl 5 v5.22.3 x86_64-linux-thread-multi
Date
2018-07-31 21:18:34
ID
4861c42e-9507-11e8-8fb1-ef5133556b3f
This distribution has been tested as part of the CPAN Testers
project, supporting the Perl programming language.  See
http://wiki.cpantesters.org/ for more information or email
questions to cpan-testers-discuss@perl.org


--
Dear Steve Hay,

This is a computer-generated report for Filter-Crypto-2.08
on perl 5.22.3, created by CPAN-Reporter-1.2018.

Thank you for uploading your work to CPAN.  However, there was a problem
testing your distribution.

If you think this report is invalid, please consult the CPAN Testers Wiki
for suggestions on how to avoid getting FAIL reports for missing library
or binary dependencies, unsupported operating systems, and so on:

http://wiki.cpantesters.org/wiki/CPANAuthorNotes

Sections of this report:

    * Tester comments
    * Program output
    * Prerequisites
    * Environment and other context

------------------------------
TESTER COMMENTS
------------------------------

Additional comments from tester:

this report is from an automated smoke testing program
and was not reviewed by a human for accuracy

------------------------------
PROGRAM OUTPUT
------------------------------

Output from '/usr/bin/make test':

make[1]: Entering directory '/home/njh/.cpan/build/Filter-Crypto-2.08-8/CryptFile'
"/home/njh/perl5/perlbrew/perls/perl-5.22.3/bin/perl5.22.3" -MExtUtils::Command::MM -e 'cp_nonempty' -- CryptFile.bs ../blib/arch/auto/Filter/Crypto/CryptFile/CryptFile.bs 644
Manifying 1 pod document
make[1]: Leaving directory '/home/njh/.cpan/build/Filter-Crypto-2.08-8/CryptFile'
make[1]: Entering directory '/home/njh/.cpan/build/Filter-Crypto-2.08-8/Decrypt'
"/home/njh/perl5/perlbrew/perls/perl-5.22.3/bin/perl5.22.3" -MExtUtils::Command::MM -e 'cp_nonempty' -- Decrypt.bs ../blib/arch/auto/Filter/Crypto/Decrypt/Decrypt.bs 644
Manifying 1 pod document
make[1]: Leaving directory '/home/njh/.cpan/build/Filter-Crypto-2.08-8/Decrypt'
PERL_DL_NONLAZY=1 "/home/njh/perl5/perlbrew/perls/perl-5.22.3/bin/perl5.22.3" "-MExtUtils::Command::MM" "-MTest::Harness" "-e" "undef *Test::Harness::Switches; test_harness(0, 'blib/lib', 'blib/arch')" t/*.t
t/01_imports_01.t .... ok
t/01_imports_02.t .... ok
t/01_imports_03.t .... ok
t/01_imports_04.t .... ok
Can't read file 'test1.enc.pl': No such file or directory
# Looks like your test exited with 2 just after 29.
t/02_function.t ...... 
Dubious, test returned 2 (wstat 512, 0x200)
Failed 266/295 subtests 
t/04_par.t ........... skipped: PAR::Filter required to test PAR::Filter::Crypto
t/05_errstr.t ........ ok
t/06_changes.t ....... skipped: Author testing only
t/07_critic.t ........ skipped: Author testing only
Can't read file 'test.pl': No such file or directory
# Looks like your test exited with 2 just after 9.
t/03_script.t ........ 
Dubious, test returned 2 (wstat 512, 0x200)
Failed 96/105 subtests 
t/08_pod.t ........... skipped: Author testing only
t/09_pod_coverage.t .. skipped: Author testing only

Test Summary Report
-------------------
t/02_function.t    (Wstat: 512 Tests: 29 Failed: 0)
  Non-zero exit status: 2
  Parse errors: Bad plan.  You planned 295 tests but ran 29.
t/03_script.t      (Wstat: 512 Tests: 9 Failed: 0)
  Non-zero exit status: 2
  Parse errors: Bad plan.  You planned 105 tests but ran 9.
Files=12, Tests=70,  1 wallclock secs ( 0.08 usr  0.01 sys +  1.89 cusr  0.35 csys =  2.33 CPU)
Result: FAIL
Failed 2/12 test programs. 0/70 subtests failed.
make: *** [Makefile:1096: test_dynamic] Error 255

------------------------------
PREREQUISITES
------------------------------

Prerequisite modules loaded:

requires:

    Module                Need     Have     
    --------------------- -------- ---------
    Carp                  0        1.36     
    Config                0        5.022003 
    constant              0        1.33     
    Cwd                   0        3.56_02  
    Exporter              0        5.72     
    ExtUtils::MakeMaker   6.66     7.30     
    Fcntl                 0        1.13     
    File::Basename        0        2.85     
    File::Copy            0        2.30     
    File::Find            0        1.29     
    File::Spec::Functions 0        3.56_02  
    File::Temp            0        0.2304   
    Getopt::Long          0        2.45     
    perl                  5.008001 5.022003 
    Pod::Usage            1.15     1.64     
    Scalar::Util          0        1.48     
    strict                0        1.09     
    Text::ParseWords      0        3.30     
    Text::Wrap            0        2013.0523
    warnings              0        1.34     
    XSLoader              0        0.20_01  

build_requires:

    Module                Need     Have     
    --------------------- -------- ---------
    blib                  0        1.06     
    ExtUtils::MakeMaker   0        7.30     
    FindBin               0        1.51     
    Test::More            0        1.302136 

configure_requires:

    Module                Need     Have     
    --------------------- -------- ---------
    Carp                  0        1.36     
    Config                0        5.022003 
    constant              0        1.33     
    Cwd                   0        3.56_02  
    ExtUtils::MakeMaker   6.66     7.30     
    Fcntl                 0        1.13     
    File::Basename        0        2.85     
    File::Copy            0        2.30     
    File::Spec::Functions 0        3.56_02  
    Getopt::Long          0        2.45     
    perl                  5.008001 5.022003 
    Pod::Usage            1.15     1.64     
    strict                0        1.09     
    Text::Wrap            0        2013.0523
    warnings              0        1.34     


------------------------------
ENVIRONMENT AND OTHER CONTEXT
------------------------------

Environment variables:

    AUTOMATED_TESTING = 1
    HARNESS_OPTIONS = j2
    LANG = en_US.UTF-8
    PATH = /home/njh/perl5/perlbrew/bin:/home/njh/perl5/perlbrew/perls/perl-5.22.3/bin:/usr/bin:/bin:/home/njh/src/njh/smoker/bin
    PERL5LIB = /home/njh/.cpan/build/Email-Extractor-0.01-12/blib/arch:/home/njh/.cpan/build/Email-Extractor-0.01-12/blib/lib:/home/njh/.cpan/build/Regexp-Common-2017060201-8/blib/arch:/home/njh/.cpan/build/Regexp-Common-2017060201-8/blib/lib:/home/njh/.cpan/build/Mojolicious-7.88-10/blib/arch:/home/njh/.cpan/build/Mojolicious-7.88-10/blib/lib:/home/njh/.cpan/build/List-Compare-0.53-6/blib/arch:/home/njh/.cpan/build/List-Compare-0.53-6/blib/lib:/home/njh/.cpan/build/HTML-Encoding-0.61-10/blib/arch:/home/njh/.cpan/build/HTML-Encoding-0.61-10/blib/lib
    PERL5OPT = 
    PERL5_CPANPLUS_IS_RUNNING = 25202
    PERL5_CPAN_IS_RUNNING = 25202
    PERLBREW_HOME = /home/njh/.perlbrew
    PERLBREW_MANPATH = /home/njh/perl5/perlbrew/perls/perl-5.22.3/man
    PERLBREW_PATH = /home/njh/perl5/perlbrew/bin:/home/njh/perl5/perlbrew/perls/perl-5.22.3/bin
    PERLBREW_PERL = perl-5.22.3
    PERLBREW_ROOT = /home/njh/perl5/perlbrew
    PERLBREW_SHELLRC_VERSION = 0.83
    PERLBREW_VERSION = 0.83
    SHELL = /bin/sh
    TEMP = /tmp/user/1000
    TMPDIR = /tmp/user/1000/testwrapper.25189

Perl special variables (and OS-specific diagnostics, for MSWin32):

    $^X = /home/njh/perl5/perlbrew/perls/perl-5.22.3/bin/perl5.22.3
    $UID/$EUID = 1000 / 1000
    $GID = 1000 4 24 25 29 30 44 46 103 108 115 123 1000
    $EGID = 1000 4 24 25 29 30 44 46 103 108 115 123 1000

Perl module toolchain versions installed:

    Module              Have      
    ------------------- ----------
    CPAN                2.16      
    CPAN::Meta          2.150001  
    Cwd                 3.56_02   
    ExtUtils::CBuilder  0.280221  
    ExtUtils::Command   7.30      
    ExtUtils::Install   2.06      
    ExtUtils::MakeMaker 7.30      
    ExtUtils::Manifest  1.70      
    ExtUtils::ParseXS   3.28      
    File::Spec          3.56_02   
    JSON                2.97001   
    JSON::PP            2.27300_01
    Module::Build       0.4224    
    Module::Signature   n/a       
    Parse::CPAN::Meta   1.4414_001
    Test::Harness       3.35_01   
    Test::More          1.302136  
    YAML                1.26      
    YAML::Syck          1.30      
    version             0.9909    


--

Summary of my perl5 (revision 5 version 22 subversion 3) configuration:
   
  Platform:
    osname=linux, osvers=4.9.0-3-amd64, archname=x86_64-linux-thread-multi
    uname='linux amelia 4.9.0-3-amd64 #1 smp debian 4.9.25-1 (2017-05-02) x86_64 gnulinux '
    config_args='-de -Dprefix=/home/njh/perl5/perlbrew/perls/perl-5.22.3 -Duseithreads -Dusemultiplicity -Dusedevel -Accflags= -Aeval:scriptdir=/home/njh/perl5/perlbrew/perls/perl-5.22.3/bin'
    hint=recommended, useposix=true, d_sigaction=define
    useithreads=define, usemultiplicity=define
    use64bitint=define, use64bitall=define, uselongdouble=undef
    usemymalloc=n, bincompat5005=undef
  Compiler:
    cc='cc', ccflags ='-D_REENTRANT -D_GNU_SOURCE -fwrapv -fno-strict-aliasing -pipe -fstack-protector-strong -I/usr/local/include -D_LARGEFILE_SOURCE -D_FILE_OFFSET_BITS=64',
    optimize='-O2',
    cppflags='-D_REENTRANT -D_GNU_SOURCE -fwrapv -fno-strict-aliasing -pipe -fstack-protector-strong -I/usr/local/include'
    ccversion='', gccversion='6.3.0 20170618', gccosandvers=''
    intsize=4, longsize=8, ptrsize=8, doublesize=8, byteorder=12345678, doublekind=3
    d_longlong=define, longlongsize=8, d_longdbl=define, longdblsize=16, longdblkind=3
    ivtype='long', ivsize=8, nvtype='double', nvsize=8, Off_t='off_t', lseeksize=8
    alignbytes=8, prototype=define
  Linker and Libraries:
    ld='cc', ldflags =' -fstack-protector-strong -L/usr/local/lib'
    libpth=/usr/local/lib /usr/lib/gcc/x86_64-linux-gnu/6/include-fixed /usr/include/x86_64-linux-gnu /usr/lib /lib/x86_64-linux-gnu /lib/../lib /usr/lib/x86_64-linux-gnu /usr/lib/../lib /lib /lib64 /usr/lib64
    libs=-lpthread -lnsl -lgdbm -ldb -ldl -lm -lcrypt -lutil -lc -lgdbm_compat
    perllibs=-lpthread -lnsl -ldl -lm -lcrypt -lutil -lc
    libc=libc-2.24.so, so=so, useshrplib=false, libperl=libperl.a
    gnulibc_version='2.24'
  Dynamic Linking:
    dlsrc=dl_dlopen.xs, dlext=so, d_dlsymun=undef, ccdlflags='-Wl,-E'
    cccdlflags='-fPIC', lddlflags='-shared -O2 -L/usr/local/lib -fstack-protector-strong'


Characteristics of this binary (from libperl): 
  Compile-time options: HAS_TIMES MULTIPLICITY PERLIO_LAYERS
                        PERL_DONT_CREATE_GVSV
                        PERL_HASH_FUNC_ONE_AT_A_TIME_HARD
                        PERL_IMPLICIT_CONTEXT PERL_MALLOC_WRAP
                        PERL_NEW_COPY_ON_WRITE PERL_PRESERVE_IVUV
                        PERL_USE_DEVEL USE_64_BIT_ALL USE_64_BIT_INT
                        USE_ITHREADS USE_LARGE_FILES USE_LOCALE
                        USE_LOCALE_COLLATE USE_LOCALE_CTYPE
                        USE_LOCALE_NUMERIC USE_LOCALE_TIME USE_PERLIO
                        USE_PERL_ATOF USE_REENTRANT_API
  Built under linux
  Compiled at Jun 28 2017 00:33:30
  %ENV:
    PERL5LIB="/home/njh/.cpan/build/Email-Extractor-0.01-12/blib/arch:/home/njh/.cpan/build/Email-Extractor-0.01-12/blib/lib:/home/njh/.cpan/build/Regexp-Common-2017060201-8/blib/arch:/home/njh/.cpan/build/Regexp-Common-2017060201-8/blib/lib:/home/njh/.cpan/build/Mojolicious-7.88-10/blib/arch:/home/njh/.cpan/build/Mojolicious-7.88-10/blib/lib:/home/njh/.cpan/build/List-Compare-0.53-6/blib/arch:/home/njh/.cpan/build/List-Compare-0.53-6/blib/lib:/home/njh/.cpan/build/HTML-Encoding-0.61-10/blib/arch:/home/njh/.cpan/build/HTML-Encoding-0.61-10/blib/lib"
    PERL5OPT=""
    PERL5_CPANPLUS_IS_RUNNING="25202"
    PERL5_CPAN_IS_RUNNING="25202"
    PERLBREW_HOME="/home/njh/.perlbrew"
    PERLBREW_MANPATH="/home/njh/perl5/perlbrew/perls/perl-5.22.3/man"
    PERLBREW_PATH="/home/njh/perl5/perlbrew/bin:/home/njh/perl5/perlbrew/perls/perl-5.22.3/bin"
    PERLBREW_PERL="perl-5.22.3"
    PERLBREW_ROOT="/home/njh/perl5/perlbrew"
    PERLBREW_SHELLRC_VERSION="0.83"
    PERLBREW_VERSION="0.83"
  @INC:
    /home/njh/.cpan/build/Email-Extractor-0.01-12/blib/arch
    /home/njh/.cpan/build/Email-Extractor-0.01-12/blib/lib
    /home/njh/.cpan/build/Regexp-Common-2017060201-8/blib/arch
    /home/njh/.cpan/build/Regexp-Common-2017060201-8/blib/lib
    /home/njh/.cpan/build/Mojolicious-7.88-10/blib/arch
    /home/njh/.cpan/build/Mojolicious-7.88-10/blib/lib
    /home/njh/.cpan/build/List-Compare-0.53-6/blib/arch
    /home/njh/.cpan/build/List-Compare-0.53-6/blib/lib
    /home/njh/.cpan/build/HTML-Encoding-0.61-10/blib/arch
    /home/njh/.cpan/build/HTML-Encoding-0.61-10/blib/lib
    /home/njh/perl5/perlbrew/perls/perl-5.22.3/lib/site_perl/5.22.3/x86_64-linux-thread-multi
    /home/njh/perl5/perlbrew/perls/perl-5.22.3/lib/site_perl/5.22.3
    /home/njh/perl5/perlbrew/perls/perl-5.22.3/lib/5.22.3/x86_64-linux-thread-multi
    /home/njh/perl5/perlbrew/perls/perl-5.22.3/lib/5.22.3
    .