Report for Log-Dispatch-Scribe-0.06

Back
From: metabase:user:cd035d39-6d5b-1014-ab3a-39c0c09612a1
Subject: FAIL Log-Dispatch-Scribe-0.06 v5.24.0 GNU/Linux
Date: 2016-09-09T18:14:43Z

This distribution has been tested as part of the CPAN Testers
project, supporting the Perl programming language.  See
http://wiki.cpantesters.org/ for more information or email
questions to cpan-testers-discuss@perl.org


--
Dear Jon Schutz,

This is a computer-generated report for Log-Dispatch-Scribe-0.06
on perl 5.24.0, created by CPAN-Reporter-1.2017.

Thank you for uploading your work to CPAN.  However, there was a problem
testing your distribution.

If you think this report is invalid, please consult the CPAN Testers Wiki
for suggestions on how to avoid getting FAIL reports for missing library
or binary dependencies, unsupported operating systems, and so on:

http://wiki.cpantesters.org/wiki/CPANAuthorNotes

Sections of this report:

    * Tester comments
    * Program output
    * Prerequisites
    * Environment and other context

------------------------------
TESTER COMMENTS
------------------------------

Additional comments from tester:

this report is from an automated smoke testing program
and was not reviewed by a human for accuracy

------------------------------
PROGRAM OUTPUT
------------------------------

Output from '/usr/bin/make test':

PERL_DL_NONLAZY=1 "/srv/smoker/perl5/perlbrew/perls/perl-5.24.0/bin/perl" "-MExtUtils::Command::MM" "-MTest::Harness" "-e" "undef *Test::Harness::Switches; test_harness(0, 'blib/lib', 'blib/arch')" t/*.t
t/boilerplate.t ... ok

#   Failed test 'Pod coverage on Log::Dispatch::Scribe'
#   at /srv/smoker/perl5/perlbrew/perls/perl-5.24.0/lib/site_perl/5.24.0/Test/Pod/Coverage.pm line 133.
# Log::Dispatch::Scribe: requiring 'Log::Dispatch::Scribe' failed
# Looks like you failed 1 test of 1.
t/pod-coverage.t .. 
Dubious, test returned 1 (wstat 256, 0x100)
Failed 1/1 subtests 
t/pod.t ........... ok
t/scribe.t ........ ok

Test Summary Report
-------------------
t/pod-coverage.t (Wstat: 256 Tests: 1 Failed: 1)
  Failed test:  1
  Non-zero exit status: 1
Files=4, Tests=23, 16 wallclock secs ( 0.60 usr  0.06 sys +  7.81 cusr  0.48 csys =  8.95 CPU)
Result: FAIL
Failed 1/4 test programs. 1/23 subtests failed.
Makefile:875: recipe for target 'test_dynamic' failed
make: *** [test_dynamic] Error 255

------------------------------
PREREQUISITES
------------------------------

Prerequisite modules loaded:

requires:

    Module              Need Have      
    ------------------- ---- ----------
    Getopt::Long        0    2.49      
    Log::Dispatch       2    2.57      
    Pod::Usage          0    1.69      
    Test::MockObject    0    1.20150527
    Test::More          0    1.302052  
    Test::Timer         0    0.13      

build_requires:

    Module              Need Have      
    ------------------- ---- ----------
    ExtUtils::MakeMaker 0    7.22      

configure_requires:

    Module              Need Have      
    ------------------- ---- ----------
    ExtUtils::MakeMaker 0    7.22      


------------------------------
ENVIRONMENT AND OTHER CONTEXT
------------------------------

Environment variables:

    AUTOMATED_TESTING = 1
    LC_CTYPE = de_AT.utf8
    LD_LIBRARY_PATH = /usr/lib/libeatmydata
    NONINTERACTIVE_TESTING = 1
    PATH = /srv/smoker/bin:/usr/lib/ccache:/srv/smoker/perl5/perlbrew/bin:/srv/smoker/perl5/perlbrew/perls/perl-5.24.0/bin:/usr/local/bin:/usr/bin:/bin:/usr/local/games:/usr/games
    PERL5LIB = /srv/smoker/cpan/build/Test-Timer-0.13-0/blib/arch:/srv/smoker/cpan/build/Test-Timer-0.13-0/blib/lib:/srv/smoker/cpan/build/Error-0.17024-0/blib/arch:/srv/smoker/cpan/build/Error-0.17024-0/blib/lib:/srv/smoker/cpan/build/Test-MockObject-1.20150527-0/blib/arch:/srv/smoker/cpan/build/Test-MockObject-1.20150527-0/blib/lib:/srv/smoker/cpan/build/UNIVERSAL-isa-1.20150614-0/blib/arch:/srv/smoker/cpan/build/UNIVERSAL-isa-1.20150614-0/blib/lib:/srv/smoker/cpan/build/UNIVERSAL-can-1.20140328-0/blib/arch:/srv/smoker/cpan/build/UNIVERSAL-can-1.20140328-0/blib/lib:/srv/smoker/cpan/build/Log-Dispatch-2.57-0/blib/arch:/srv/smoker/cpan/build/Log-Dispatch-2.57-0/blib/lib:/srv/smoker/cpan/build/Test-Needs-0.002004-4/blib/arch:/srv/smoker/cpan/build/Test-Needs-0.002004-4/blib/lib:/srv/smoker/cpan/build/Devel-GlobalDestruction-0.13-13/blib/arch:/srv/smoker/cpan/build/Devel-GlobalDestruction-0.13-13/blib/lib
    PERL5OPT = 
    PERL5_CPANPLUS_IS_RUNNING = 8136
    PERL5_CPAN_IS_RUNNING = 8136
    PERL5_CPAN_IS_RUNNING_IN_RECURSION = 28411,8136
    PERLBREW_BASHRC_VERSION = 0.76
    PERLBREW_HOME = /srv/smoker/.perlbrew
    PERLBREW_MANPATH = /srv/smoker/perl5/perlbrew/perls/perl-5.24.0/man
    PERLBREW_PATH = /srv/smoker/perl5/perlbrew/bin:/srv/smoker/perl5/perlbrew/perls/perl-5.24.0/bin
    PERLBREW_PERL = perl-5.24.0
    PERLBREW_ROOT = /srv/smoker/perl5/perlbrew
    PERLBREW_VERSION = 0.76
    PERL_CR_SMOKER_CURRENT = Log-Dispatch-Scribe-0.06
    PERL_EXTUTILS_AUTOINSTALL = --defaultdeps
    PERL_MM_USE_DEFAULT = 1
    SHELL = /bin/bash
    TERM = screen-256color

Perl special variables (and OS-specific diagnostics, for MSWin32):

    $^X = /srv/smoker/perl5/perlbrew/perls/perl-5.24.0/bin/perl
    $UID/$EUID = 1111 / 1111
    $GID = 65534 65534
    $EGID = 65534 65534

Perl module toolchain versions installed:

    Module              Have    
    ------------------- --------
    CPAN                2.14    
    CPAN::Meta          2.150005
    Cwd                 3.63    
    ExtUtils::CBuilder  0.280225
    ExtUtils::Command   7.22    
    ExtUtils::Install   2.04    
    ExtUtils::MakeMaker 7.22    
    ExtUtils::Manifest  1.70    
    ExtUtils::ParseXS   3.31    
    File::Spec          3.63    
    JSON                2.90    
    JSON::PP            2.27400 
    Module::Build       0.4218  
    Module::Signature   n/a     
    Parse::CPAN::Meta   1.4422  
    Test::Harness       3.36    
    Test::More          1.302052
    YAML                1.18    
    YAML::Syck          n/a     
    version             0.9917  


--

Summary of my perl5 (revision 5 version 24 subversion 0) configuration:
   
  Platform:
    osname=linux, osvers=3.18.0-trunk-rpi, archname=armv6l-linux
    uname='linux smoker 3.18.0-trunk-rpi #1 preempt raspbian 3.18.5-1~exp1+rpi19+stretch (2015-10-14) armv6l gnulinux '
    config_args='-de -Dprefix=/srv/smoker/perl5/perlbrew/perls/perl-5.24.0 -Aeval:scriptdir=/srv/smoker/perl5/perlbrew/perls/perl-5.24.0/bin'
    hint=recommended, useposix=true, d_sigaction=define
    useithreads=undef, usemultiplicity=undef
    use64bitint=undef, use64bitall=undef, uselongdouble=undef
    usemymalloc=n, bincompat5005=undef
  Compiler:
    cc='cc', ccflags ='-fwrapv -fno-strict-aliasing -pipe -fstack-protector-strong -I/usr/local/include -D_LARGEFILE_SOURCE -D_FILE_OFFSET_BITS=64 -D_FORTIFY_SOURCE=2',
    optimize='-O2',
    cppflags='-fwrapv -fno-strict-aliasing -pipe -fstack-protector-strong -I/usr/local/include'
    ccversion='', gccversion='5.3.1 20160409', gccosandvers=''
    intsize=4, longsize=4, ptrsize=4, doublesize=8, byteorder=1234, doublekind=3
    d_longlong=define, longlongsize=8, d_longdbl=define, longdblsize=8, longdblkind=0
    ivtype='long', ivsize=4, nvtype='double', nvsize=8, Off_t='off_t', lseeksize=8
    alignbytes=8, prototype=define
  Linker and Libraries:
    ld='cc', ldflags =' -fstack-protector-strong -L/usr/local/lib'
    libpth=/usr/local/lib /usr/lib/gcc/arm-linux-gnueabihf/5/include-fixed /usr/include/arm-linux-gnueabihf /usr/lib /lib/arm-linux-gnueabihf /lib /usr/lib/arm-linux-gnueabihf
    libs=-lpthread -lnsl -ldl -lm -lcrypt -lutil -lc
    perllibs=-lpthread -lnsl -ldl -lm -lcrypt -lutil -lc
    libc=libc-2.22.so, so=so, useshrplib=false, libperl=libperl.a
    gnulibc_version='2.22'
  Dynamic Linking:
    dlsrc=dl_dlopen.xs, dlext=so, d_dlsymun=undef, ccdlflags='-Wl,-E'
    cccdlflags='-fPIC', lddlflags='-shared -O2 -L/usr/local/lib -fstack-protector-strong'


Characteristics of this binary (from libperl): 
  Compile-time options: HAS_TIMES PERLIO_LAYERS PERL_COPY_ON_WRITE
                        PERL_DONT_CREATE_GVSV
                        PERL_HASH_FUNC_ONE_AT_A_TIME_HARD PERL_MALLOC_WRAP
                        PERL_PRESERVE_IVUV USE_LARGE_FILES USE_LOCALE
                        USE_LOCALE_COLLATE USE_LOCALE_CTYPE
                        USE_LOCALE_NUMERIC USE_LOCALE_TIME USE_PERLIO
                        USE_PERL_ATOF
  Locally applied patches:
	Devel::PatchPerl 1.38
  Built under linux
  Compiled at May  9 2016 18:32:20
  %ENV:
    PERL5LIB="/srv/smoker/cpan/build/Test-Timer-0.13-0/blib/arch:/srv/smoker/cpan/build/Test-Timer-0.13-0/blib/lib:/srv/smoker/cpan/build/Error-0.17024-0/blib/arch:/srv/smoker/cpan/build/Error-0.17024-0/blib/lib:/srv/smoker/cpan/build/Test-MockObject-1.20150527-0/blib/arch:/srv/smoker/cpan/build/Test-MockObject-1.20150527-0/blib/lib:/srv/smoker/cpan/build/UNIVERSAL-isa-1.20150614-0/blib/arch:/srv/smoker/cpan/build/UNIVERSAL-isa-1.20150614-0/blib/lib:/srv/smoker/cpan/build/UNIVERSAL-can-1.20140328-0/blib/arch:/srv/smoker/cpan/build/UNIVERSAL-can-1.20140328-0/blib/lib:/srv/smoker/cpan/build/Log-Dispatch-2.57-0/blib/arch:/srv/smoker/cpan/build/Log-Dispatch-2.57-0/blib/lib:/srv/smoker/cpan/build/Test-Needs-0.002004-4/blib/arch:/srv/smoker/cpan/build/Test-Needs-0.002004-4/blib/lib:/srv/smoker/cpan/build/Devel-GlobalDestruction-0.13-13/blib/arch:/srv/smoker/cpan/build/Devel-GlobalDestruction-0.13-13/blib/lib"
    PERL5OPT=""
    PERL5_CPANPLUS_IS_RUNNING="8136"
    PERL5_CPAN_IS_RUNNING="8136"
    PERL5_CPAN_IS_RUNNING_IN_RECURSION="28411,8136"
    PERLBREW_BASHRC_VERSION="0.76"
    PERLBREW_HOME="/srv/smoker/.perlbrew"
    PERLBREW_MANPATH="/srv/smoker/perl5/perlbrew/perls/perl-5.24.0/man"
    PERLBREW_PATH="/srv/smoker/perl5/perlbrew/bin:/srv/smoker/perl5/perlbrew/perls/perl-5.24.0/bin"
    PERLBREW_PERL="perl-5.24.0"
    PERLBREW_ROOT="/srv/smoker/perl5/perlbrew"
    PERLBREW_VERSION="0.76"
    PERL_CR_SMOKER_CURRENT="Log-Dispatch-Scribe-0.06"
    PERL_EXTUTILS_AUTOINSTALL="--defaultdeps"
    PERL_MM_USE_DEFAULT="1"
  @INC:
    /srv/smoker/cpan/build/Test-Timer-0.13-0/blib/arch
    /srv/smoker/cpan/build/Test-Timer-0.13-0/blib/lib
    /srv/smoker/cpan/build/Error-0.17024-0/blib/arch
    /srv/smoker/cpan/build/Error-0.17024-0/blib/lib
    /srv/smoker/cpan/build/Test-MockObject-1.20150527-0/blib/arch
    /srv/smoker/cpan/build/Test-MockObject-1.20150527-0/blib/lib
    /srv/smoker/cpan/build/UNIVERSAL-isa-1.20150614-0/blib/arch
    /srv/smoker/cpan/build/UNIVERSAL-isa-1.20150614-0/blib/lib
    /srv/smoker/cpan/build/UNIVERSAL-can-1.20140328-0/blib/arch
    /srv/smoker/cpan/build/UNIVERSAL-can-1.20140328-0/blib/lib
    /srv/smoker/cpan/build/Log-Dispatch-2.57-0/blib/arch
    /srv/smoker/cpan/build/Log-Dispatch-2.57-0/blib/lib
    /srv/smoker/cpan/build/Test-Needs-0.002004-4/blib/arch
    /srv/smoker/cpan/build/Test-Needs-0.002004-4/blib/lib
    /srv/smoker/cpan/build/Devel-GlobalDestruction-0.13-13/blib/arch
    /srv/smoker/cpan/build/Devel-GlobalDestruction-0.13-13/blib/lib
    /srv/smoker/perl5/perlbrew/perls/perl-5.24.0/lib/site_perl/5.24.0/armv6l-linux
    /srv/smoker/perl5/perlbrew/perls/perl-5.24.0/lib/site_perl/5.24.0
    /srv/smoker/perl5/perlbrew/perls/perl-5.24.0/lib/5.24.0/armv6l-linux
    /srv/smoker/perl5/perlbrew/perls/perl-5.24.0/lib/5.24.0
    .