Git-Hooks v4.0.0 Perl 5 v5.16.3 darwin-thread-multi-2level

Status
Na
From
David Cantrell (DCANTRELL)
Dist
Git-Hooks v4.0.0
Platform
Perl 5 v5.16.3 darwin-thread-multi-2level
Date
2024-06-17 23:35:30
ID
48b28866-2d02-11ef-8f9d-26b50b0c431d
This distribution has been tested as part of the CPAN Testers
project, supporting the Perl programming language.  See
http://wiki.cpantesters.org/ for more information or email
questions to cpan-testers-discuss@perl.org


--
Dear Gustavo Leite de Mendonca Chaves,

This is a computer-generated report for Git-Hooks-4.0.0
on perl 5.16.3, created by CPAN-Reporter-1.2019.

Thank you for uploading your work to CPAN.  While attempting to build or test
this distribution, the distribution signaled that support is not available
either for this operating system or this version of Perl.  Nevertheless, any
diagnostic output produced is provided below for reference.  If this is not
what you expect, you may wish to consult the CPAN Testers Wiki:

http://wiki.cpantesters.org/wiki/CPANAuthorNotes

Sections of this report:

    * Tester comments
    * Program output
    * Prerequisites
    * Environment and other context

------------------------------
TESTER COMMENTS
------------------------------

Additional comments from tester:

this report is from an automated smoke testing program
and was not reviewed by a human for accuracy

------------------------------
PROGRAM OUTPUT
------------------------------

Output from '/usr/bin/make test':

PERL_DL_NONLAZY=1 "/Users/cpantesting/cpantesting/perl-5.16.3/bin/perl" "-MExtUtils::Command::MM" "-MTest::Harness" "-e" "undef *Test::Harness::Switches; test_harness(0, 'blib/lib', 'blib/arch')" t/*.t
Perl v5.30.0 required--this is only v5.16.3, stopped at t/00-load.t line 3.
BEGIN failed--compilation aborted at t/00-load.t line 3.
t/00-load.t ................. 
Dubious, test returned 255 (wstat 65280, 0xff00)
No subtests run 
# 
# Versions for all modules listed in MYMETA.json (including optional ones):
# 
# === Configure Requires ===
# 
#     Module              Want Have
#     ------------------- ---- ----
#     ExtUtils::MakeMaker  any 7.58
# 
# === Build Requires ===
# 
#     Module              Want Have
#     ------------------- ---- ----
#     ExtUtils::MakeMaker  any 7.58
# 
# === Test Requires ===
# 
#     Module                          Want     Have
#     ------------------------------ ----- --------
#     Config                           any    undef
#     Email::Sender::Transport::Mbox   any    2.601
#     ExtUtils::MakeMaker              any     7.58
#     File::Spec                       any     3.75
#     Path::Tiny                     0.060    0.114
#     Test::More                       any 1.302183
#     Test::Requires::Git              any    1.008
#     lib                              any     0.63
# 
# === Test Recommends ===
# 
#     Module         Want     Have
#     ---------- -------- --------
#     CPAN::Meta 2.120900 2.143240
# 
# === Runtime Requires ===
# 
#     Module                     Want     Have
#     ----------------------- ------- --------
#     Carp                        any     1.26
#     Email::Sender::Simple       any    2.601
#     Email::Simple               any    2.218
#     Encode                      any     3.21
#     Exporter                    any     5.66
#     Git::Repository             any  missing
#     Git::Repository::Log        any  missing
#     Git::Repository::Plugin     any  missing
#     IO::Interactive             any    1.025
#     List::MoreUtils             any    0.430
#     Log::Any                    any  missing
#     Path::Tiny                0.060    0.114
#     Test::More                  any 1.302183
#     Text::Glob                  any     0.11
#     URI::Escape                 any     5.05
#     parent                      any    0.225
#     perl                    v5.30.0 5.016003
#     strict                      any     1.07
#     utf8                        any     1.09
#     warnings                    any     1.13
# 
# === Runtime Recommends ===
# 
#     Module             Want    Have
#     ------------------ ---- -------
#     Email::Valid        any missing
#     Gerrit::REST        any missing
#     HTML::Entities      any    3.82
#     JIRA::REST          any missing
#     Text::SpellChecker  any missing
# 
# 
# *** WARNING WARNING WARNING WARNING WARNING WARNING WARNING WARNING ***
# 
# The following REQUIRED prerequisites were not satisfied:
# 
# Git::Repository is not installed (any version required)
# Git::Repository::Log is not installed (any version required)
# Git::Repository::Plugin is not installed (any version required)
# Log::Any is not installed (any version required)
# 
t/00-report-prereqs.t ....... ok
Perl v5.30.0 required--this is only v5.16.3, stopped at t/01-setup.t line 3.
BEGIN failed--compilation aborted at t/01-setup.t line 3.
t/01-setup.t ................ 
Dubious, test returned 255 (wstat 65280, 0xff00)
No subtests run 
Perl v5.30.0 required--this is only v5.16.3, stopped at t/02-check-commit.t line 3.
BEGIN failed--compilation aborted at t/02-check-commit.t line 3.
t/02-check-commit.t ......... 
Dubious, test returned 255 (wstat 65280, 0xff00)
No subtests run 
Perl v5.30.0 required--this is only v5.16.3, stopped at t/02-check-diff.t line 3.
BEGIN failed--compilation aborted at t/02-check-diff.t line 3.
t/02-check-diff.t ........... 
Dubious, test returned 255 (wstat 65280, 0xff00)
No subtests run 
Perl v5.30.0 required--this is only v5.16.3, stopped at t/02-check-file.t line 3.
BEGIN failed--compilation aborted at t/02-check-file.t line 3.
t/02-check-file.t ........... 
Dubious, test returned 255 (wstat 65280, 0xff00)
No subtests run 
Perl v5.30.0 required--this is only v5.16.3, stopped at t/02-check-jira.t line 3.
BEGIN failed--compilation aborted at t/02-check-jira.t line 3.
t/02-check-jira.t ........... 
Dubious, test returned 255 (wstat 65280, 0xff00)
No subtests run 
Perl v5.30.0 required--this is only v5.16.3, stopped at t/02-check-log.t line 3.
BEGIN failed--compilation aborted at t/02-check-log.t line 3.
t/02-check-log.t ............ 
Dubious, test returned 255 (wstat 65280, 0xff00)
No subtests run 
Perl v5.30.0 required--this is only v5.16.3, stopped at t/02-check-reference.t line 3.
BEGIN failed--compilation aborted at t/02-check-reference.t line 3.
t/02-check-reference.t ...... 
Dubious, test returned 255 (wstat 65280, 0xff00)
No subtests run 
Perl v5.30.0 required--this is only v5.16.3, stopped at t/02-check-rewrite.t line 3.
BEGIN failed--compilation aborted at t/02-check-rewrite.t line 3.
t/02-check-rewrite.t ........ 
Dubious, test returned 255 (wstat 65280, 0xff00)
No subtests run 
Perl v5.30.0 required--this is only v5.16.3, stopped at t/02-check-whitespace.t line 3.
BEGIN failed--compilation aborted at t/02-check-whitespace.t line 3.
t/02-check-whitespace.t ..... 
Dubious, test returned 255 (wstat 65280, 0xff00)
No subtests run 
Perl v5.30.0 required--this is only v5.16.3, stopped at t/02-externals.t line 3.
BEGIN failed--compilation aborted at t/02-externals.t line 3.
t/02-externals.t ............ 
Dubious, test returned 255 (wstat 65280, 0xff00)
No subtests run 
Perl v5.30.0 required--this is only v5.16.3, stopped at t/02-gerrit-change-id.t line 3.
BEGIN failed--compilation aborted at t/02-gerrit-change-id.t line 3.
t/02-gerrit-change-id.t ..... 
Dubious, test returned 255 (wstat 65280, 0xff00)
No subtests run 
Perl v5.30.0 required--this is only v5.16.3, stopped at t/02-noplugin.t line 3.
BEGIN failed--compilation aborted at t/02-noplugin.t line 3.
t/02-noplugin.t ............. 
Dubious, test returned 255 (wstat 65280, 0xff00)
No subtests run 
Perl v5.30.0 required--this is only v5.16.3, stopped at t/02-notify.t line 3.
BEGIN failed--compilation aborted at t/02-notify.t line 3.
t/02-notify.t ............... 
Dubious, test returned 255 (wstat 65280, 0xff00)
No subtests run 
Perl v5.30.0 required--this is only v5.16.3, stopped at t/02-prepare-log.t line 3.
BEGIN failed--compilation aborted at t/02-prepare-log.t line 3.
t/02-prepare-log.t .......... 
Dubious, test returned 255 (wstat 65280, 0xff00)
No subtests run 
t/author-critic.t ........... skipped: these tests are for testing by the author
t/author-minimum-version.t .. skipped: these tests are for testing by the author
t/author-no-tabs.t .......... skipped: these tests are for testing by the author
t/author-pod-coverage.t ..... skipped: these tests are for testing by the author
t/author-pod-spell.t ........ skipped: these tests are for testing by the author
t/author-pod-syntax.t ....... skipped: these tests are for testing by the author
t/author-portability.t ...... skipped: these tests are for testing by the author
t/release-kwalitee.t ........ skipped: these tests are for release candidate testing
t/release-unused-vars.t ..... skipped: these tests are for release candidate testing

Test Summary Report
-------------------
t/00-load.t               (Wstat: 65280 (exited 255) Tests: 0 Failed: 0)
  Non-zero exit status: 255
  Parse errors: No plan found in TAP output
t/01-setup.t              (Wstat: 65280 (exited 255) Tests: 0 Failed: 0)
  Non-zero exit status: 255
  Parse errors: No plan found in TAP output
t/02-check-commit.t       (Wstat: 65280 (exited 255) Tests: 0 Failed: 0)
  Non-zero exit status: 255
  Parse errors: No plan found in TAP output
t/02-check-diff.t         (Wstat: 65280 (exited 255) Tests: 0 Failed: 0)
  Non-zero exit status: 255
  Parse errors: No plan found in TAP output
t/02-check-file.t         (Wstat: 65280 (exited 255) Tests: 0 Failed: 0)
  Non-zero exit status: 255
  Parse errors: No plan found in TAP output
t/02-check-jira.t         (Wstat: 65280 (exited 255) Tests: 0 Failed: 0)
  Non-zero exit status: 255
  Parse errors: No plan found in TAP output
t/02-check-log.t          (Wstat: 65280 (exited 255) Tests: 0 Failed: 0)
  Non-zero exit status: 255
  Parse errors: No plan found in TAP output
t/02-check-reference.t    (Wstat: 65280 (exited 255) Tests: 0 Failed: 0)
  Non-zero exit status: 255
  Parse errors: No plan found in TAP output
t/02-check-rewrite.t      (Wstat: 65280 (exited 255) Tests: 0 Failed: 0)
  Non-zero exit status: 255
  Parse errors: No plan found in TAP output
t/02-check-whitespace.t   (Wstat: 65280 (exited 255) Tests: 0 Failed: 0)
  Non-zero exit status: 255
  Parse errors: No plan found in TAP output
t/02-externals.t          (Wstat: 65280 (exited 255) Tests: 0 Failed: 0)
  Non-zero exit status: 255
  Parse errors: No plan found in TAP output
t/02-gerrit-change-id.t   (Wstat: 65280 (exited 255) Tests: 0 Failed: 0)
  Non-zero exit status: 255
  Parse errors: No plan found in TAP output
t/02-noplugin.t           (Wstat: 65280 (exited 255) Tests: 0 Failed: 0)
  Non-zero exit status: 255
  Parse errors: No plan found in TAP output
t/02-notify.t             (Wstat: 65280 (exited 255) Tests: 0 Failed: 0)
  Non-zero exit status: 255
  Parse errors: No plan found in TAP output
t/02-prepare-log.t        (Wstat: 65280 (exited 255) Tests: 0 Failed: 0)
  Non-zero exit status: 255
  Parse errors: No plan found in TAP output
Files=25, Tests=1,  1 wallclock secs ( 0.09 usr  0.08 sys +  0.41 cusr  0.16 csys =  0.74 CPU)
Result: FAIL
Failed 15/25 test programs. 0/1 subtests failed.
make: *** [test_dynamic] Error 255

------------------------------
PREREQUISITES
------------------------------

Prerequisite modules loaded:

requires:

    Module                         Need  Have    
    ------------------------------ ----- --------
    Carp                           0     1.26    
    Email::Sender::Simple          0     2.601   
    Email::Simple                  0     2.218   
    Encode                         0     3.21    
    Exporter                       0     5.66    
  ! Git::Repository                0     n/a     
  ! Git::Repository::Log           0     n/a     
  ! Git::Repository::Plugin        0     n/a     
    IO::Interactive                0     1.025   
    List::MoreUtils                0     0.430   
  ! Log::Any                       0     n/a     
    parent                         0     0.225   
    Path::Tiny                     0.060 0.114   
    strict                         0     1.07    
    Test::More                     0     1.302183
    Text::Glob                     0     0.11    
    URI::Escape                    0     5.05    
    utf8                           0     1.09    
    warnings                       0     1.13    

build_requires:

    Module                         Need  Have    
    ------------------------------ ----- --------
    Config                         0     0       
    Email::Sender::Transport::Mbox 0     2.601   
    ExtUtils::MakeMaker            0     7.58    
    File::Spec                     0     3.75    
    lib                            0     0.63    
    Path::Tiny                     0.060 0.114   
    Test::More                     0     1.302183
    Test::Requires::Git            0     1.008   

configure_requires:

    Module                         Need  Have    
    ------------------------------ ----- --------
    ExtUtils::MakeMaker            0     7.58    


------------------------------
ENVIRONMENT AND OTHER CONTEXT
------------------------------

Environment variables:

    AUTOMATED_TESTING = 1
    NONINTERACTIVE_TESTING = 1
    PATH = /Users/cpantesting/perl5/perlbrew/bin:/Users/cpantesting/perl5/perlbrew/perls/perl-5.32.0/bin:/usr/local/bin:/System/Cryptexes/App/usr/bin:/usr/bin:/bin:/usr/sbin:/sbin:/var/run/com.apple.security.cryptexd/codex.system/bootstrap/usr/local/bin:/var/run/com.apple.security.cryptexd/codex.system/bootstrap/usr/bin:/var/run/com.apple.security.cryptexd/codex.system/bootstrap/usr/appleinternal/bin:/Library/Apple/usr/bin:/Users/cpantesting/.cargo/bin
    PERL = 5.16.3
    PERL5LIB = 
    PERL5OPT = 
    PERL5_CPANPLUS_IS_RUNNING = 65391
    PERL5_CPAN_IS_RUNNING = 65391
    PERLBREW_HOME = /Users/cpantesting/.perlbrew
    PERLBREW_MANPATH = /Users/cpantesting/perl5/perlbrew/perls/perl-5.32.0/man
    PERLBREW_PATH = /Users/cpantesting/perl5/perlbrew/bin:/Users/cpantesting/perl5/perlbrew/perls/perl-5.32.0/bin
    PERLBREW_PERL = perl-5.32.0
    PERLBREW_ROOT = /Users/cpantesting/perl5/perlbrew
    PERLBREW_SHELLRC_VERSION = 0.94
    PERLBREW_VERSION = 0.94
    PERLVER = 5.16.3
    PERL_INLINE_DIRECTORY = /Users/cpantesting/.Inline-5.16.3
    PERL_MM_USE_DEFAULT = 1
    PERL_USE_UNSAFE_INC = 0
    SHELL = /bin/bash
    TERM = screen

Perl special variables (and OS-specific diagnostics, for MSWin32):

    $^X = /Users/cpantesting/cpantesting/perl-5.16.3/bin/perl
    $UID/$EUID = 503 / 503
    $GID = 20 20 12 61 703 702 701 100
    $EGID = 20 20 12 61 703 702 701 100

Perl module toolchain versions installed:

    Module              Have    
    ------------------- --------
    CPAN                1.9800  
    CPAN::Meta          2.143240
    Cwd                 3.75    
    ExtUtils::CBuilder  0.280235
    ExtUtils::Command   7.58    
    ExtUtils::Install   2.06    
    ExtUtils::MakeMaker 7.58    
    ExtUtils::Manifest  1.70    
    ExtUtils::ParseXS   3.51    
    File::Spec          3.75    
    JSON                4.10    
    JSON::PP            4.05    
    Module::Build       0.4234  
    Module::Signature   n/a     
    Parse::CPAN::Meta   1.4414  
    Test2               1.302183
    Test::Harness       3.48    
    Test::More          1.302183
    YAML                n/a     
    YAML::Syck          n/a     
    version             0.99    


--

Summary of my perl5 (revision 5 version 16 subversion 3) configuration:
   
  Platform:
    osname=darwin, osvers=19.6.0, archname=darwin-thread-multi-2level
    uname='darwin harrow.local 19.6.0 darwin kernel version 19.6.0: thu oct 29 22:56:45 pdt 2020; root:xnu-6153.141.2.2~1release_x86_64 x86_64 '
    config_args='-de -Dusethreads -Dprefix=/Users/cpantesting/cpantesting/perl-5.16.3'
    hint=recommended, useposix=true, d_sigaction=define
    useithreads=define, usemultiplicity=define
    useperlio=define, d_sfio=undef, uselargefiles=define, usesocks=undef
    use64bitint=define, use64bitall=define, uselongdouble=undef
    usemymalloc=n, bincompat5005=undef
  Compiler:
    cc='cc', ccflags ='-fno-common -DPERL_DARWIN -fno-strict-aliasing -pipe -fstack-protector -I/usr/local/include',
    optimize='-O3',
    cppflags='-fno-common -DPERL_DARWIN -fno-strict-aliasing -pipe -fstack-protector -I/usr/local/include'
    ccversion='', gccversion='Apple LLVM 12.0.0 (clang-1200.0.32.27)', gccosandvers=''
    intsize=4, longsize=8, ptrsize=8, doublesize=8, byteorder=12345678
    d_longlong=define, longlongsize=8, d_longdbl=define, longdblsize=16
    ivtype='long', ivsize=8, nvtype='double', nvsize=8, Off_t='off_t', lseeksize=8
    alignbytes=8, prototype=define
  Linker and Libraries:
    ld='env MACOSX_DEPLOYMENT_TARGET=10.3 cc', ldflags =' -fstack-protector -L/usr/local/lib'
    libpth=/usr/local/lib /usr/lib
    libs=-lgdbm -ldbm -ldl -lm -lutil -lc
    perllibs=-ldl -lm -lutil -lc
    libc=, so=dylib, useshrplib=false, libperl=libperl.a
    gnulibc_version=''
  Dynamic Linking:
    dlsrc=dl_dlopen.xs, dlext=bundle, d_dlsymun=undef, ccdlflags=' '
    cccdlflags=' ', lddlflags=' -bundle -undefined dynamic_lookup -L/usr/local/lib -fstack-protector'


Characteristics of this binary (from libperl): 
  Compile-time options: HAS_TIMES MULTIPLICITY PERLIO_LAYERS
                        PERL_DONT_CREATE_GVSV PERL_IMPLICIT_CONTEXT
                        PERL_MALLOC_WRAP PERL_PRESERVE_IVUV USE_64_BIT_ALL
                        USE_64_BIT_INT USE_ITHREADS USE_LARGE_FILES
                        USE_LOCALE USE_LOCALE_COLLATE USE_LOCALE_CTYPE
                        USE_LOCALE_NUMERIC USE_PERLIO USE_PERL_ATOF
                        USE_REENTRANT_API
  Built under darwin
  Compiled at Dec 29 2020 22:52:51
  %ENV:
    PERL="5.16.3"
    PERL5LIB=""
    PERL5OPT=""
    PERL5_CPANPLUS_IS_RUNNING="65391"
    PERL5_CPAN_IS_RUNNING="65391"
    PERLBREW_HOME="/Users/cpantesting/.perlbrew"
    PERLBREW_MANPATH="/Users/cpantesting/perl5/perlbrew/perls/perl-5.32.0/man"
    PERLBREW_PATH="/Users/cpantesting/perl5/perlbrew/bin:/Users/cpantesting/perl5/perlbrew/perls/perl-5.32.0/bin"
    PERLBREW_PERL="perl-5.32.0"
    PERLBREW_ROOT="/Users/cpantesting/perl5/perlbrew"
    PERLBREW_SHELLRC_VERSION="0.94"
    PERLBREW_VERSION="0.94"
    PERLVER="5.16.3"
    PERL_INLINE_DIRECTORY="/Users/cpantesting/.Inline-5.16.3"
    PERL_MM_USE_DEFAULT="1"
    PERL_USE_UNSAFE_INC="0"
  @INC:
    /Users/cpantesting/cpantesting/perl-5.16.3/lib/site_perl/5.16.3/darwin-thread-multi-2level
    /Users/cpantesting/cpantesting/perl-5.16.3/lib/site_perl/5.16.3
    /Users/cpantesting/cpantesting/perl-5.16.3/lib/5.16.3/darwin-thread-multi-2level
    /Users/cpantesting/cpantesting/perl-5.16.3/lib/5.16.3
    .