DBD-Phoenix v0.01.0 Perl 5 v5.18.1 amd64-freebsd

Status
Fail
From
Chris Williams (BINGOS)
Dist
DBD-Phoenix v0.01.0
Platform
Perl 5 v5.18.1 amd64-freebsd
Date
2021-12-15 21:52:23
ID
48d742b0-5df1-11ec-bc66-57723b537541
This distribution has been tested as part of the CPAN Testers
project, supporting the Perl programming language.  See
http://wiki.cpantesters.org/ for more information or email
questions to cpan-testers-discuss@perl.org


--

Dear LOGIONIZ,

This is a computer-generated error report created automatically by
CPANPLUS, version 0.9914. Testers personal comments may appear
at the end of this report.


Thank you for uploading your work to CPAN.  However, it appears that
there were some problems testing your distribution.

TEST RESULTS:

Below is the error stack from stage 'make test':

PERL_DL_NONLAZY=1 "/usr/home/cpan/pit/bare/perl-5.18.1/bin/perl" "-MExtUtils::Command::MM" "-MTest::Harness" "-e" "undef *Test::Harness::Switches; test_harness(0, 'blib/lib', 'blib/arch')" t/*.t

#   Failed test 'DBD/Avatica.pm loaded ok'
#   at t/00-compile.t line 45.
#          got: '65280'
#     expected: '0'
Warning: Use of "defined" without parentheses is ambiguous at /usr/home/cpan/pit/bare/conf/perl-5.18.1/.cpanplus/5.18.1/build/iumruAHrQB/DBD-Phoenix-0.01.0/blib/lib/DBD/Avatica.pm line 43.
Use of ?PATTERN? without explicit operator is deprecated at /usr/home/cpan/pit/bare/conf/perl-5.18.1/.cpanplus/5.18.1/build/iumruAHrQB/DBD-Phoenix-0.01.0/blib/lib/DBD/Avatica.pm line 43.
Global symbol "$ret" requires explicit package name at /usr/home/cpan/pit/bare/conf/perl-5.18.1/.cpanplus/5.18.1/build/iumruAHrQB/DBD-Phoenix-0.01.0/blib/lib/DBD/Avatica.pm line 43.
Global symbol "$response" requires explicit package name at /usr/home/cpan/pit/bare/conf/perl-5.18.1/.cpanplus/5.18.1/build/iumruAHrQB/DBD-Phoenix-0.01.0/blib/lib/DBD/Avatica.pm line 43.
Global symbol "$ret" requires explicit package name at /usr/home/cpan/pit/bare/conf/perl-5.18.1/.cpanplus/5.18.1/build/iumruAHrQB/DBD-Phoenix-0.01.0/blib/lib/DBD/Avatica.pm line 43.
syntax error at /usr/home/cpan/pit/bare/conf/perl-5.18.1/.cpanplus/5.18.1/build/iumruAHrQB/DBD-Phoenix-0.01.0/blib/lib/DBD/Avatica.pm line 47, near "$h->trace_msg(join('; ', '<-- ', $method, $ret ? ref"
  (Might be a runaway multi-line ?? string starting on line 43)
Global symbol "$response" requires explicit package name at /usr/home/cpan/pit/bare/conf/perl-5.18.1/.cpanplus/5.18.1/build/iumruAHrQB/DBD-Phoenix-0.01.0/blib/lib/DBD/Avatica.pm line 47.
Global symbol "$response" requires explicit package name at /usr/home/cpan/pit/bare/conf/perl-5.18.1/.cpanplus/5.18.1/build/iumruAHrQB/DBD-Phoenix-0.01.0/blib/lib/DBD/Avatica.pm line 47.
Global symbol "$response" requires explicit package name at /usr/home/cpan/pit/bare/conf/perl-5.18.1/.cpanplus/5.18.1/build/iumruAHrQB/DBD-Phoenix-0.01.0/blib/lib/DBD/Avatica.pm line 47.
Global symbol "$ret" requires explicit package name at /usr/home/cpan/pit/bare/conf/perl-5.18.1/.cpanplus/5.18.1/build/iumruAHrQB/DBD-Phoenix-0.01.0/blib/lib/DBD/Avatica.pm line 49.
Global symbol "$response" requires explicit package name at /usr/home/cpan/pit/bare/conf/perl-5.18.1/.cpanplus/5.18.1/build/iumruAHrQB/DBD-Phoenix-0.01.0/blib/lib/DBD/Avatica.pm line 50.
Global symbol "$response" requires explicit package name at /usr/home/cpan/pit/bare/conf/perl-5.18.1/.cpanplus/5.18.1/build/iumruAHrQB/DBD-Phoenix-0.01.0/blib/lib/DBD/Avatica.pm line 51.
Global symbol "$response" requires explicit package name at /usr/home/cpan/pit/bare/conf/perl-5.18.1/.cpanplus/5.18.1/build/iumruAHrQB/DBD-Phoenix-0.01.0/blib/lib/DBD/Avatica.pm line 52.
Global symbol "$response" requires explicit package name at /usr/home/cpan/pit/bare/conf/perl-5.18.1/.cpanplus/5.18.1/build/iumruAHrQB/DBD-Phoenix-0.01.0/blib/lib/DBD/Avatica.pm line 56.
Global symbol "$ret" requires explicit package name at /usr/home/cpan/pit/bare/conf/perl-5.18.1/.cpanplus/5.18.1/build/iumruAHrQB/DBD-Phoenix-0.01.0/blib/lib/DBD/Avatica.pm line 60.
Global symbol "$response" requires explicit package name at /usr/home/cpan/pit/bare/conf/perl-5.18.1/.cpanplus/5.18.1/build/iumruAHrQB/DBD-Phoenix-0.01.0/blib/lib/DBD/Avatica.pm line 60.
syntax error at /usr/home/cpan/pit/bare/conf/perl-5.18.1/.cpanplus/5.18.1/build/iumruAHrQB/DBD-Phoenix-0.01.0/blib/lib/DBD/Avatica.pm line 63, near "package DBD::Avatica::dr"
/usr/home/cpan/pit/bare/conf/perl-5.18.1/.cpanplus/5.18.1/build/iumruAHrQB/DBD-Phoenix-0.01.0/blib/lib/DBD/Avatica.pm has too many errors.
Compilation failed in require at -e line 1.
# Looks like you failed 1 test of 3.
t/00-compile.t ............ 
Dubious, test returned 1 (wstat 256, 0x100)
Failed 1/3 subtests 
t/author-critic.t ......... skipped: these tests are for testing by the author
t/author-pod-spell.t ...... skipped: these tests are for testing by the author
Warning: Use of "defined" without parentheses is ambiguous at /usr/home/cpan/pit/bare/conf/perl-5.18.1/.cpanplus/5.18.1/build/iumruAHrQB/DBD-Phoenix-0.01.0/blib/lib/DBD/Avatica.pm line 43.
Use of ?PATTERN? without explicit operator is deprecated at /usr/home/cpan/pit/bare/conf/perl-5.18.1/.cpanplus/5.18.1/build/iumruAHrQB/DBD-Phoenix-0.01.0/blib/lib/DBD/Avatica.pm line 43.
Global symbol "$ret" requires explicit package name at /usr/home/cpan/pit/bare/conf/perl-5.18.1/.cpanplus/5.18.1/build/iumruAHrQB/DBD-Phoenix-0.01.0/blib/lib/DBD/Avatica.pm line 43.
Global symbol "$response" requires explicit package name at /usr/home/cpan/pit/bare/conf/perl-5.18.1/.cpanplus/5.18.1/build/iumruAHrQB/DBD-Phoenix-0.01.0/blib/lib/DBD/Avatica.pm line 43.
Global symbol "$ret" requires explicit package name at /usr/home/cpan/pit/bare/conf/perl-5.18.1/.cpanplus/5.18.1/build/iumruAHrQB/DBD-Phoenix-0.01.0/blib/lib/DBD/Avatica.pm line 43.
syntax error at /usr/home/cpan/pit/bare/conf/perl-5.18.1/.cpanplus/5.18.1/build/iumruAHrQB/DBD-Phoenix-0.01.0/blib/lib/DBD/Avatica.pm line 47, near "$h->trace_msg(join('; ', '<-- ', $method, $ret ? ref"
  (Might be a runaway multi-line ?? string starting on line 43)
Global symbol "$response" requires explicit package name at /usr/home/cpan/pit/bare/conf/perl-5.18.1/.cpanplus/5.18.1/build/iumruAHrQB/DBD-Phoenix-0.01.0/blib/lib/DBD/Avatica.pm line 47.
Global symbol "$response" requires explicit package name at /usr/home/cpan/pit/bare/conf/perl-5.18.1/.cpanplus/5.18.1/build/iumruAHrQB/DBD-Phoenix-0.01.0/blib/lib/DBD/Avatica.pm line 47.
Global symbol "$response" requires explicit package name at /usr/home/cpan/pit/bare/conf/perl-5.18.1/.cpanplus/5.18.1/build/iumruAHrQB/DBD-Phoenix-0.01.0/blib/lib/DBD/Avatica.pm line 47.
Global symbol "$ret" requires explicit package name at /usr/home/cpan/pit/bare/conf/perl-5.18.1/.cpanplus/5.18.1/build/iumruAHrQB/DBD-Phoenix-0.01.0/blib/lib/DBD/Avatica.pm line 49.
Global symbol "$response" requires explicit package name at /usr/home/cpan/pit/bare/conf/perl-5.18.1/.cpanplus/5.18.1/build/iumruAHrQB/DBD-Phoenix-0.01.0/blib/lib/DBD/Avatica.pm line 50.
Global symbol "$response" requires explicit package name at /usr/home/cpan/pit/bare/conf/perl-5.18.1/.cpanplus/5.18.1/build/iumruAHrQB/DBD-Phoenix-0.01.0/blib/lib/DBD/Avatica.pm line 51.
Global symbol "$response" requires explicit package name at /usr/home/cpan/pit/bare/conf/perl-5.18.1/.cpanplus/5.18.1/build/iumruAHrQB/DBD-Phoenix-0.01.0/blib/lib/DBD/Avatica.pm line 52.
Global symbol "$response" requires explicit package name at /usr/home/cpan/pit/bare/conf/perl-5.18.1/.cpanplus/5.18.1/build/iumruAHrQB/DBD-Phoenix-0.01.0/blib/lib/DBD/Avatica.pm line 56.
Global symbol "$ret" requires explicit package name at /usr/home/cpan/pit/bare/conf/perl-5.18.1/.cpanplus/5.18.1/build/iumruAHrQB/DBD-Phoenix-0.01.0/blib/lib/DBD/Avatica.pm line 60.
Global symbol "$response" requires explicit package name at /usr/home/cpan/pit/bare/conf/perl-5.18.1/.cpanplus/5.18.1/build/iumruAHrQB/DBD-Phoenix-0.01.0/blib/lib/DBD/Avatica.pm line 60.
syntax error at /usr/home/cpan/pit/bare/conf/perl-5.18.1/.cpanplus/5.18.1/build/iumruAHrQB/DBD-Phoenix-0.01.0/blib/lib/DBD/Avatica.pm line 63, near "package DBD::Avatica::dr"
/usr/home/cpan/pit/bare/conf/perl-5.18.1/.cpanplus/5.18.1/build/iumruAHrQB/DBD-Phoenix-0.01.0/blib/lib/DBD/Avatica.pm has too many errors.
Compilation failed in require at t/basic.t line 9.
BEGIN failed--compilation aborted at t/basic.t line 9.
t/basic.t ................. 
Dubious, test returned 255 (wstat 65280, 0xff00)
No subtests run 
t/release-cpan-changes.t .. skipped: these tests are for release candidate testing

Test Summary Report
-------------------
t/00-compile.t          (Wstat: 256 Tests: 3 Failed: 1)
  Failed test:  1
  Non-zero exit status: 1
t/basic.t               (Wstat: 65280 Tests: 0 Failed: 0)
  Non-zero exit status: 255
  Parse errors: No plan found in TAP output
Files=5, Tests=3,  1 wallclock secs ( 0.06 usr  0.06 sys +  0.88 cusr  0.32 csys =  1.32 CPU)
Result: FAIL
Failed 2/5 test programs. 1/3 subtests failed.
*** Error code 255

Stop.
make: stopped in /usr/home/cpan/pit/bare/conf/perl-5.18.1/.cpanplus/5.18.1/build/iumruAHrQB/DBD-Phoenix-0.01.0


PREREQUISITES:

Here is a list of prerequisites you specified and versions we
managed to load:

	  Module Name                        Have     Want
	  Avatica::Client                   0.002        0
	  Carp                               1.29        0
	  DBI                               1.643        0
	  Exporter                           5.68        0
	  ExtUtils::MakeMaker                7.62        0
	  File::Spec                         3.75        0
	  IO::Handle                         1.34        0
	  IPC::Open3                         1.13        0
	  Scalar::Util                       1.60        0
	  Test::More                     1.302188        0
	  Time::Piece                     1.20_01        0
	  constant                           1.27        0
	  lib                                0.63        0
	  parent                            0.225        0
	  strict                             1.07        0
	  vars                               1.03        0
	  warnings                           1.18        0

Perl module toolchain versions installed:
	Module Name                        Have
	CPANPLUS                         0.9914
	CPANPLUS::Dist::Build              0.90
	Cwd                                3.75
	ExtUtils::CBuilder             0.280236
	ExtUtils::Command                  7.62
	ExtUtils::Install                  2.20
	ExtUtils::MakeMaker                7.62
	ExtUtils::Manifest                 1.73
	ExtUtils::ParseXS                  3.35
	File::Spec                         3.75
	Module::Build                    0.4231
	Pod::Parser                        1.60
	Pod::Simple                        3.28
	Test2                          1.302188
	Test::Harness                      3.42
	Test::More                     1.302188
	version                          0.9929

******************************** NOTE ********************************
The comments above are created mechanically, possibly without manual
checking by the sender.  As there are many people performing automatic
tests on each upload to CPAN, it is likely that you will receive
identical messages about the same problem.

If you believe that the message is mistaken, please reply to the first
one with correction and/or additional informations, and do not take
it personally.  We appreciate your patience. :)
**********************************************************************

Additional comments:


This report was machine-generated by CPANPLUS::Dist::YACSmoke 1.08.
Powered by minismokebox version 0.68

CPANPLUS is prefering Build.PL

------------------------------
ENVIRONMENT AND OTHER CONTEXT
------------------------------

Environment variables:

    AUTOMATED_TESTING = 1
    LANG = C.UTF-8
    NONINTERACTIVE_TESTING = 1
    PATH = /sbin:/bin:/usr/sbin:/usr/bin:/usr/local/sbin:/usr/local/bin:/home/cpan/bin
    PERL5LIB = /usr/home/cpan/pit/jail/PiiVBStiNK/lib/perl5:/usr/home/cpan/pit/bare/conf/perl-5.18.1/.cpanplus/5.18.1/build/iumruAHrQB/DBD-Phoenix-0.01.0/blib/lib:/usr/home/cpan/pit/bare/conf/perl-5.18.1/.cpanplus/5.18.1/build/iumruAHrQB/DBD-Phoenix-0.01.0/blib/arch
    PERL5_CPANPLUS_IS_RUNNING = 63016
    PERL5_CPANPLUS_IS_VERSION = 0.9914
    PERL5_MINISMOKEBOX = 0.68
    PERL5_YACSMOKE_BASE = /usr/home/cpan/pit/bare/conf/perl-5.18.1
    PERL_EXTUTILS_AUTOINSTALL = --defaultdeps
    PERL_LOCAL_LIB_ROOT = /usr/home/cpan/pit/jail/PiiVBStiNK
    PERL_MB_OPT = --install_base "/usr/home/cpan/pit/jail/PiiVBStiNK"
    PERL_MM_OPT = INSTALL_BASE=/usr/home/cpan/pit/jail/PiiVBStiNK
    PERL_MM_USE_DEFAULT = 1
    SHELL = /usr/local/bin/bash
    TERM = screen

Perl special variables (and OS-specific diagnostics, for MSWin32):

    Perl: $^X = /usr/home/cpan/pit/bare/perl-5.18.1/bin/perl
    UID:  $<  = 1002
    EUID: $>  = 1002
    GID:  $(  = 1002 1002
    EGID: $)  = 1002 1002


-------------------------------


--

Summary of my perl5 (revision 5 version 18 subversion 1) configuration:
   
  Platform:
    osname=freebsd, osvers=13.0-release, archname=amd64-freebsd
    uname='freebsd fever 13.0-release freebsd 13.0-release #0 releng13.0-n244733-ea31abc261f: fri apr 9 04:24:09 utc 2021 root@releng1.nyi.freebsd.org:usrobjusrsrcamd64.amd64sysgeneric amd64 '
    config_args='-des -Dprefix=/usr/home/cpan/pit/bare/perl-5.18.1'
    hint=recommended, useposix=true, d_sigaction=define
    useithreads=undef, usemultiplicity=undef
    useperlio=define, d_sfio=undef, uselargefiles=define, usesocks=undef
    use64bitint=define, use64bitall=define, uselongdouble=undef
    usemymalloc=n, bincompat5005=undef
  Compiler:
    cc='cc', ccflags ='-DHAS_FPSETMASK -DHAS_FLOATINGPOINT_H -fno-strict-aliasing -pipe -fstack-protector -I/usr/local/include',
    optimize='-O2',
    cppflags='-DHAS_FPSETMASK -DHAS_FLOATINGPOINT_H -fno-strict-aliasing -pipe -fstack-protector -I/usr/local/include'
    ccversion='', gccversion='FreeBSD Clang 11.0.1 (git@github.com:llvm/llvm-project.git llvmorg-11.0.1-0-g43ff75f2c3fe)', gccosandvers=''
    intsize=4, longsize=8, ptrsize=8, doublesize=8, byteorder=12345678
    d_longlong=define, longlongsize=8, d_longdbl=define, longdblsize=16
    ivtype='long', ivsize=8, nvtype='double', nvsize=8, Off_t='off_t', lseeksize=8
    alignbytes=8, prototype=define
  Linker and Libraries:
    ld='cc', ldflags ='-Wl,-E  -fstack-protector -L/usr/local/lib'
    libpth=/usr/lib /usr/local/lib
    libs=-lgdbm -ldl -lm -lcrypt -lutil -lc
    perllibs=-ldl -lm -lcrypt -lutil -lc
    libc=, so=so, useshrplib=false, libperl=libperl.a
    gnulibc_version=''
  Dynamic Linking:
    dlsrc=dl_dlopen.xs, dlext=so, d_dlsymun=undef, ccdlflags=' '
    cccdlflags='-DPIC -fPIC', lddlflags='-shared  -L/usr/local/lib -fstack-protector'


Characteristics of this binary (from libperl): 
  Compile-time options: HAS_TIMES PERLIO_LAYERS PERL_DONT_CREATE_GVSV
                        PERL_HASH_FUNC_ONE_AT_A_TIME_HARD PERL_MALLOC_WRAP
                        PERL_PRESERVE_IVUV PERL_SAWAMPERSAND USE_64_BIT_ALL
                        USE_64_BIT_INT USE_LARGE_FILES USE_LOCALE
                        USE_LOCALE_COLLATE USE_LOCALE_CTYPE
                        USE_LOCALE_NUMERIC USE_PERLIO USE_PERL_ATOF
  Locally applied patches:
	Devel::PatchPerl 2.08
  Built under freebsd
  Compiled at Apr 14 2021 19:57:17
  %ENV:
    PERL5LIB="/usr/home/cpan/pit/jail/PiiVBStiNK/lib/perl5:/usr/home/cpan/pit/bare/conf/perl-5.18.1/.cpanplus/5.18.1/build/iumruAHrQB/DBD-Phoenix-0.01.0/blib/lib:/usr/home/cpan/pit/bare/conf/perl-5.18.1/.cpanplus/5.18.1/build/iumruAHrQB/DBD-Phoenix-0.01.0/blib/arch"
    PERL5_CPANPLUS_IS_RUNNING="63016"
    PERL5_CPANPLUS_IS_VERSION="0.9914"
    PERL5_MINISMOKEBOX="0.68"
    PERL5_YACSMOKE_BASE="/usr/home/cpan/pit/bare/conf/perl-5.18.1"
    PERL_EXTUTILS_AUTOINSTALL="--defaultdeps"
    PERL_LOCAL_LIB_ROOT="/usr/home/cpan/pit/jail/PiiVBStiNK"
    PERL_MB_OPT="--install_base "/usr/home/cpan/pit/jail/PiiVBStiNK""
    PERL_MM_OPT="INSTALL_BASE=/usr/home/cpan/pit/jail/PiiVBStiNK"
    PERL_MM_USE_DEFAULT="1"
  @INC:
    /usr/home/cpan/pit/jail/PiiVBStiNK/lib/perl5/5.18.1/amd64-freebsd
    /usr/home/cpan/pit/jail/PiiVBStiNK/lib/perl5/5.18.1
    /usr/home/cpan/pit/jail/PiiVBStiNK/lib/perl5/amd64-freebsd
    /usr/home/cpan/pit/jail/PiiVBStiNK/lib/perl5
    /usr/home/cpan/pit/bare/conf/perl-5.18.1/.cpanplus/5.18.1/build/iumruAHrQB/DBD-Phoenix-0.01.0/blib/lib
    /usr/home/cpan/pit/bare/conf/perl-5.18.1/.cpanplus/5.18.1/build/iumruAHrQB/DBD-Phoenix-0.01.0/blib/arch
    /usr/home/cpan/pit/bare/perl-5.18.1/lib/site_perl/5.18.1/amd64-freebsd
    /usr/home/cpan/pit/bare/perl-5.18.1/lib/site_perl/5.18.1
    /usr/home/cpan/pit/bare/perl-5.18.1/lib/5.18.1/amd64-freebsd
    /usr/home/cpan/pit/bare/perl-5.18.1/lib/5.18.1
    .