Report for Catalyst-Plugin-SubRequest-0.21

Back
From: metabase:user:15c6debe-b638-11e6-8ec8-f42bcddd27ba
Subject: FAIL Catalyst-Plugin-SubRequest-0.21 v5.25.7 GNU/Linux
Date: 2017-01-17T22:50:03Z

This distribution has been tested as part of the CPAN Testers
project, supporting the Perl programming language.  See
http://wiki.cpantesters.org/ for more information or email
questions to cpan-testers-discuss@perl.org


--
Dear John Napiorkowski,

This is a computer-generated report for Catalyst-Plugin-SubRequest-0.21
on perl 5.25.7, created by CPAN-Reporter-1.2018.

Thank you for uploading your work to CPAN.  However, there was a problem
testing your distribution.

If you think this report is invalid, please consult the CPAN Testers Wiki
for suggestions on how to avoid getting FAIL reports for missing library
or binary dependencies, unsupported operating systems, and so on:

http://wiki.cpantesters.org/wiki/CPANAuthorNotes

Sections of this report:

    * Tester comments
    * Program output
    * Prerequisites
    * Environment and other context

------------------------------
TESTER COMMENTS
------------------------------

Additional comments from tester:

this report is from an automated smoke testing program
and was not reviewed by a human for accuracy

------------------------------
PROGRAM OUTPUT
------------------------------

Output from '/usr/bin/make test':

PERL_DL_NONLAZY=1 "/home/mb-5025007/perl5/perlbrew/perls/perl-5.25.7/bin/perl5.25.7" "-MExtUtils::Command::MM" "-MTest::Harness" "-e" "undef *Test::Harness::Switches; test_harness(0, 'inc', 'blib/lib', 'blib/arch')" t/*.t

#   Failed test 'use Catalyst::Plugin::SubRequest;'
#   at t/01use.t line 4.
#     Tried to use 'Catalyst::Plugin::SubRequest'.
#     Error:  Can't locate Plack/Request.pm in @INC (you may need to install the Plack::Request module) (@INC contains: /home/mb-5025007/.cpan/build/Catalyst-Plugin-SubRequest-0.21-0/inc /home/mb-5025007/.cpan/build/Catalyst-Plugin-SubRequest-0.21-0/blib/lib /home/mb-5025007/.cpan/build/Catalyst-Plugin-SubRequest-0.21-0/blib/arch /home/mb-5025007/.cpan/build/Catalyst-Runtime-5.90112-0/blib/arch /home/mb-5025007/.cpan/build/Catalyst-Runtime-5.90112-0/blib/lib /home/mb-5025007/.cpan/build/Catalyst-Runtime-5.90112-0/blib/arch /home/mb-5025007/.cpan/build/Catalyst-Runtime-5.90112-0/blib/lib /home/mb-5025007/perl5/perlbrew/perls/perl-5.25.7/lib/site_perl/5.25.7/x86_64-linux /home/mb-5025007/perl5/perlbrew/perls/perl-5.25.7/lib/site_perl/5.25.7 /home/mb-5025007/perl5/perlbrew/perls/perl-5.25.7/lib/5.25.7/x86_64-linux /home/mb-5025007/perl5/perlbrew/perls/perl-5.25.7/lib/5.25.7 .) at /home/mb-5025007/.cpan/build/Catalyst-Plugin-SubRequest-0.21-0/blib/lib/Catalyst/Plugin/SubRequest.pm line 5.
# BEGIN failed--compilation aborted at /home/mb-5025007/.cpan/build/Catalyst-Plugin-SubRequest-0.21-0/blib/lib/Catalyst/Plugin/SubRequest.pm line 5.
# Compilation failed in require at t/01use.t line 4.
# BEGIN failed--compilation aborted at t/01use.t line 4.
# Looks like you failed 1 test of 1.
t/01use.t .......... 
Dubious, test returned 1 (wstat 256, 0x100)
Failed 1/1 subtests 
Can't locate Plack/Test.pm in @INC (you may need to install the Plack::Test module) (@INC contains: t/lib /home/mb-5025007/.cpan/build/Catalyst-Plugin-SubRequest-0.21-0/inc /home/mb-5025007/.cpan/build/Catalyst-Plugin-SubRequest-0.21-0/blib/lib /home/mb-5025007/.cpan/build/Catalyst-Plugin-SubRequest-0.21-0/blib/arch /home/mb-5025007/.cpan/build/Catalyst-Runtime-5.90112-0/blib/arch /home/mb-5025007/.cpan/build/Catalyst-Runtime-5.90112-0/blib/lib /home/mb-5025007/perl5/perlbrew/perls/perl-5.25.7/lib/site_perl/5.25.7/x86_64-linux /home/mb-5025007/perl5/perlbrew/perls/perl-5.25.7/lib/site_perl/5.25.7 /home/mb-5025007/perl5/perlbrew/perls/perl-5.25.7/lib/5.25.7/x86_64-linux /home/mb-5025007/perl5/perlbrew/perls/perl-5.25.7/lib/5.25.7 .) at /home/mb-5025007/.cpan/build/Catalyst-Runtime-5.90112-0/blib/lib/Catalyst/Test.pm line 7.
BEGIN failed--compilation aborted at /home/mb-5025007/.cpan/build/Catalyst-Runtime-5.90112-0/blib/lib/Catalyst/Test.pm line 7.
Compilation failed in require at t/02subreq.t line 5.
BEGIN failed--compilation aborted at t/02subreq.t line 5.
# Looks like your test exited with 2 before it could output anything.
t/02subreq.t ....... 
Dubious, test returned 2 (wstat 512, 0x200)
Failed 21/21 subtests 
t/03pod.t .......... skipped: Test::Pod 1.14 required
t/04podcoverage.t .. skipped: Test::Pod::Coverage 1.04 required

Test Summary Report
-------------------
t/01use.t        (Wstat: 256 Tests: 1 Failed: 1)
  Failed test:  1
  Non-zero exit status: 1
t/02subreq.t     (Wstat: 512 Tests: 0 Failed: 0)
  Non-zero exit status: 2
  Parse errors: Bad plan.  You planned 21 tests but ran 0.
Files=4, Tests=1,  0 wallclock secs ( 0.02 usr  0.00 sys +  0.11 cusr  0.00 csys =  0.13 CPU)
Result: FAIL
Failed 2/4 test programs. 1/1 subtests failed.
Makefile:778: recipe for target 'test_dynamic' failed
make: *** [test_dynamic] Error 255

------------------------------
PREREQUISITES
------------------------------

Prerequisite modules loaded:

requires:

    Module              Need Have    
    ------------------- ---- --------
    Catalyst::Runtime   5.9  5.90112 
    Test::More          0    1.302067

build_requires:

    Module              Need Have    
    ------------------- ---- --------
    ExtUtils::MakeMaker 6.36 7.24    

configure_requires:

    Module              Need Have    
    ------------------- ---- --------
    ExtUtils::MakeMaker 6.36 7.24    


------------------------------
ENVIRONMENT AND OTHER CONTEXT
------------------------------

Environment variables:

    AUTOMATED_TESTING = 1
    LANG = en_US.UTF-8
    LANGUAGE = en_US:en
    PATH = /home/mb-5025007/perl5/perlbrew/bin:/home/mb-5025007/perl5/perlbrew/perls/perl-5.25.7/bin:/usr/local/bin:/usr/bin:/bin:/usr/local/games:/usr/games:/opt/puppetlabs/bin
    PERL5LIB = /home/mb-5025007/.cpan/build/Catalyst-Runtime-5.90112-0/blib/arch:/home/mb-5025007/.cpan/build/Catalyst-Runtime-5.90112-0/blib/lib
    PERL5OPT = 
    PERL5_CPANPLUS_IS_RUNNING = 12555
    PERL5_CPAN_IS_RUNNING = 12555
    PERL5_CPAN_IS_RUNNING_IN_RECURSION = 3016,12555
    PERLBREW_BASHRC_VERSION = 0.71
    PERLBREW_HOME = /home/mb-5025007/.perlbrew
    PERLBREW_MANPATH = /home/mb-5025007/perl5/perlbrew/perls/perl-5.25.7/man
    PERLBREW_PATH = /home/mb-5025007/perl5/perlbrew/bin:/home/mb-5025007/perl5/perlbrew/perls/perl-5.25.7/bin
    PERLBREW_PERL = perl-5.25.7
    PERLBREW_ROOT = /home/mb-5025007/perl5/perlbrew
    PERLBREW_VERSION = 0.71
    PERL_CR_SMOKER_CURRENT = Catalyst-Plugin-SubRequest-0.21
    PERL_EXTUTILS_AUTOINSTALL = --defaultdeps
    PERL_MM_USE_DEFAULT = 1
    SHELL = /bin/bash
    TERM = screen

Perl special variables (and OS-specific diagnostics, for MSWin32):

    $^X = /home/mb-5025007/perl5/perlbrew/perls/perl-5.25.7/bin/perl5.25.7
    $UID/$EUID = 1002 / 1002
    $GID = 1002 1002
    $EGID = 1002 1002

Perl module toolchain versions installed:

    Module              Have    
    ------------------- --------
    CPAN                2.14_01 
    CPAN::Meta          2.150010
    Cwd                 3.66    
    ExtUtils::CBuilder  0.280225
    ExtUtils::Command   7.24    
    ExtUtils::Install   2.04    
    ExtUtils::MakeMaker 7.24    
    ExtUtils::Manifest  1.70    
    ExtUtils::ParseXS   3.33    
    File::Spec          3.66    
    JSON                n/a     
    JSON::PP            2.27400 
    Module::Build       0.4220  
    Module::Signature   n/a     
    Parse::CPAN::Meta   2.150010
    Test::Harness       3.36_01 
    Test::More          1.302067
    YAML                n/a     
    YAML::Syck          n/a     
    version             0.9917  


--

Summary of my perl5 (revision 5 version 25 subversion 7) configuration:
   
  Platform:
    osname=linux
    osvers=3.16.0-4-amd64
    archname=x86_64-linux
    uname='linux smoker-linux 3.16.0-4-amd64 #1 smp debian 3.16.36-1+deb8u2 (2016-10-19) x86_64 gnulinux '
    config_args='-de -Dprefix=/home/mb-5025007/perl5/perlbrew/perls/perl-5.25.7 -Dusedevel -Aeval:scriptdir=/home/mb-5025007/perl5/perlbrew/perls/perl-5.25.7/bin'
    hint=recommended
    useposix=true
    d_sigaction=define
    useithreads=undef
    usemultiplicity=undef
    use64bitint=define
    use64bitall=define
    uselongdouble=undef
    usemymalloc=n
    bincompat5005=undef
  Compiler:
    cc='cc'
    ccflags ='-fwrapv -fno-strict-aliasing -pipe -fstack-protector-strong -I/usr/local/include -D_LARGEFILE_SOURCE -D_FILE_OFFSET_BITS=64 -D_FORTIFY_SOURCE=2'
    optimize='-O2'
    cppflags='-fwrapv -fno-strict-aliasing -pipe -fstack-protector-strong -I/usr/local/include'
    ccversion=''
    gccversion='4.9.2'
    gccosandvers=''
    intsize=4
    longsize=8
    ptrsize=8
    doublesize=8
    byteorder=12345678
    doublekind=3
    d_longlong=define
    longlongsize=8
    d_longdbl=define
    longdblsize=16
    longdblkind=3
    ivtype='long'
    ivsize=8
    nvtype='double'
    nvsize=8
    Off_t='off_t'
    lseeksize=8
    alignbytes=8
    prototype=define
  Linker and Libraries:
    ld='cc'
    ldflags =' -fstack-protector-strong -L/usr/local/lib'
    libpth=/usr/local/lib /usr/lib/gcc/x86_64-linux-gnu/4.9/include-fixed /usr/include/x86_64-linux-gnu /usr/lib /lib/x86_64-linux-gnu /lib/../lib /usr/lib/x86_64-linux-gnu /usr/lib/../lib /lib
    libs=-lpthread -lnsl -ldl -lm -lcrypt -lutil -lc
    perllibs=-lpthread -lnsl -ldl -lm -lcrypt -lutil -lc
    libc=libc-2.19.so
    so=so
    useshrplib=false
    libperl=libperl.a
    gnulibc_version='2.19'
  Dynamic Linking:
    dlsrc=dl_dlopen.xs
    dlext=so
    d_dlsymun=undef
    ccdlflags='-Wl,-E'
    cccdlflags='-fPIC'
    lddlflags='-shared -O2 -L/usr/local/lib -fstack-protector-strong'


Characteristics of this binary (from libperl): 
  Compile-time options:
    HAS_TIMES
    PERLIO_LAYERS
    PERL_COPY_ON_WRITE
    PERL_DONT_CREATE_GVSV
    PERL_HASH_FUNC_ONE_AT_A_TIME_HARD
    PERL_MALLOC_WRAP
    PERL_OP_PARENT
    PERL_PRESERVE_IVUV
    PERL_USE_DEVEL
    USE_64_BIT_ALL
    USE_64_BIT_INT
    USE_LARGE_FILES
    USE_LOCALE
    USE_LOCALE_COLLATE
    USE_LOCALE_CTYPE
    USE_LOCALE_NUMERIC
    USE_LOCALE_TIME
    USE_PERLIO
    USE_PERL_ATOF
  Built under linux
  Compiled at Nov 29 2016 17:42:58
  %ENV:
    PERL5LIB="/home/mb-5025007/.cpan/build/Catalyst-Runtime-5.90112-0/blib/arch:/home/mb-5025007/.cpan/build/Catalyst-Runtime-5.90112-0/blib/lib"
    PERL5OPT=""
    PERL5_CPANPLUS_IS_RUNNING="12555"
    PERL5_CPAN_IS_RUNNING="12555"
    PERL5_CPAN_IS_RUNNING_IN_RECURSION="3016,12555"
    PERLBREW_BASHRC_VERSION="0.71"
    PERLBREW_HOME="/home/mb-5025007/.perlbrew"
    PERLBREW_MANPATH="/home/mb-5025007/perl5/perlbrew/perls/perl-5.25.7/man"
    PERLBREW_PATH="/home/mb-5025007/perl5/perlbrew/bin:/home/mb-5025007/perl5/perlbrew/perls/perl-5.25.7/bin"
    PERLBREW_PERL="perl-5.25.7"
    PERLBREW_ROOT="/home/mb-5025007/perl5/perlbrew"
    PERLBREW_VERSION="0.71"
    PERL_CR_SMOKER_CURRENT="Catalyst-Plugin-SubRequest-0.21"
    PERL_EXTUTILS_AUTOINSTALL="--defaultdeps"
    PERL_MM_USE_DEFAULT="1"
  @INC:
    /home/mb-5025007/.cpan/build/Catalyst-Runtime-5.90112-0/blib/arch
    /home/mb-5025007/.cpan/build/Catalyst-Runtime-5.90112-0/blib/lib
    /home/mb-5025007/perl5/perlbrew/perls/perl-5.25.7/lib/site_perl/5.25.7/x86_64-linux
    /home/mb-5025007/perl5/perlbrew/perls/perl-5.25.7/lib/site_perl/5.25.7
    /home/mb-5025007/perl5/perlbrew/perls/perl-5.25.7/lib/5.25.7/x86_64-linux
    /home/mb-5025007/perl5/perlbrew/perls/perl-5.25.7/lib/5.25.7
    .