Pinto v0.14 Perl 5 v5.36.0 darwin-2level

Status
Fail
From
Amory Meltzer
Dist
Pinto v0.14
Platform
Perl 5 v5.36.0 darwin-2level
Date
2022-09-20 01:19:34
ID
4970d3b4-3882-11ed-b041-4d34d9da4b4e
This distribution has been tested as part of the CPAN Testers
project, supporting the Perl programming language.  See
http://wiki.cpantesters.org/ for more information or email
questions to cpan-testers-discuss@perl.org


--
Dear THALJEF,

This is a computer-generated report for Pinto-0.14
on perl 5.36.0, created by App::cpanminus::reporter 0.17 (1.7046).

Thank you for uploading your work to CPAN.  However, there was a problem
testing your distribution.

If you think this report is invalid, please consult the CPAN Testers Wiki
for suggestions on how to avoid getting FAIL reports for missing library
or binary dependencies, unsupported operating systems, and so on:

http://wiki.cpantesters.org/wiki/CPANAuthorNotes

Sections of this report:

    * Tester comments
    * Program output
    * Prerequisites
    * Environment and other context

------------------------------
TESTER COMMENTS
------------------------------

Additional comments from tester:

none provided

------------------------------
PROGRAM OUTPUT
------------------------------

Output from '':

Building and testing Pinto-0.14
cp lib/App/Pinto/Command/kill.pm blib/lib/App/Pinto/Command/kill.pm
cp lib/App/Pinto/Command/unpin.pm blib/lib/App/Pinto/Command/unpin.pm
cp lib/Pinto/Action/Verify.pm blib/lib/Pinto/Action/Verify.pm
cp lib/App/Pinto/Command/migrate.pm blib/lib/App/Pinto/Command/migrate.pm
cp lib/Pinto/Remote/Action.pm blib/lib/Pinto/Remote/Action.pm
cp lib/Pinto/Target.pm blib/lib/Pinto/Target.pm
cp lib/Pinto/Action/Update.pm blib/lib/Pinto/Action/Update.pm
cp lib/App/Pinto/Command/thanks.pm blib/lib/App/Pinto/Command/thanks.pm
cp lib/Pinto/Role/Plated.pm blib/lib/Pinto/Role/Plated.pm
cp lib/Pinto/Schema/Result/Distribution.pm blib/lib/Pinto/Schema/Result/Distribution.pm
cp lib/Pinto/Initializer.pm blib/lib/Pinto/Initializer.pm
cp lib/Pinto/Action/Unlock.pm blib/lib/Pinto/Action/Unlock.pm
cp lib/Pinto/Role/Committable.pm blib/lib/Pinto/Role/Committable.pm
cp lib/Pinto/IndexWriter.pm blib/lib/Pinto/IndexWriter.pm
cp lib/Pinto/Action/Unregister.pm blib/lib/Pinto/Action/Unregister.pm
cp lib/App/Pinto/Command/default.pm blib/lib/App/Pinto/Command/default.pm
cp lib/Pinto/Chrome.pm blib/lib/Pinto/Chrome.pm
cp lib/Pinto/Manual.pod blib/lib/Pinto/Manual.pod
cp lib/Pinto/Server/Responder.pm blib/lib/Pinto/Server/Responder.pm
cp lib/Pinto/RevisionWalker.pm blib/lib/Pinto/RevisionWalker.pm
cp lib/Pinto/Chrome/Term.pm blib/lib/Pinto/Chrome/Term.pm
cp lib/Pinto/Manual/Introduction.pod blib/lib/Pinto/Manual/Introduction.pod
cp lib/App/Pinto/Command/props.pm blib/lib/App/Pinto/Command/props.pm
cp lib/Pinto/Action/Reset.pm blib/lib/Pinto/Action/Reset.pm
cp lib/Pinto/Role/Puller.pm blib/lib/Pinto/Role/Puller.pm
cp lib/Pinto/Role/Installer.pm blib/lib/Pinto/Role/Installer.pm
cp lib/App/Pinto/Command/manual.pm blib/lib/App/Pinto/Command/manual.pm
cp lib/Pinto/Locker.pm blib/lib/Pinto/Locker.pm
cp lib/Pinto/Repository.pm blib/lib/Pinto/Repository.pm
cp lib/Pinto/ModlistWriter.pm blib/lib/Pinto/ModlistWriter.pm
cp lib/App/Pinto/Command/merge.pm blib/lib/App/Pinto/Command/merge.pm
cp lib/Pinto/Action/Unpin.pm blib/lib/Pinto/Action/Unpin.pm
cp lib/App/Pinto/Command/update.pm blib/lib/App/Pinto/Command/update.pm
cp lib/App/Pinto/Command/verify.pm blib/lib/App/Pinto/Command/verify.pm
cp lib/Pinto/Locator/Multiplex.pm blib/lib/Pinto/Locator/Multiplex.pm
cp lib/Pinto/Action/Revert.pm blib/lib/Pinto/Action/Revert.pm
cp lib/App/Pinto/Command/unlock.pm blib/lib/App/Pinto/Command/unlock.pm
cp lib/Pinto/Target/Distribution.pm blib/lib/Pinto/Target/Distribution.pm
cp lib/Pinto/Util.pm blib/lib/Pinto/Util.pm
cp lib/Pinto/Schema/Result/Stack.pm blib/lib/Pinto/Schema/Result/Stack.pm
cp lib/App/Pinto/Command/pull.pm blib/lib/App/Pinto/Command/pull.pm
cp lib/App/Pinto/Command/reset.pm blib/lib/App/Pinto/Command/reset.pm
cp lib/Pinto/Action/Default.pm blib/lib/Pinto/Action/Default.pm
cp lib/App/Pinto/Command/revert.pm blib/lib/App/Pinto/Command/revert.pm
cp lib/Pinto/Constants.pm blib/lib/Pinto/Constants.pm
cp lib/App/Pinto/Command/add.pm blib/lib/App/Pinto/Command/add.pm
cp lib/Pinto/Database.pm blib/lib/Pinto/Database.pm
cp lib/Pinto/Action/Pull.pm blib/lib/Pinto/Action/Pull.pm
cp lib/Pinto/Schema/ResultSet/Distribution.pm blib/lib/Pinto/Schema/ResultSet/Distribution.pm
cp lib/Pinto/Migrator.pm blib/lib/Pinto/Migrator.pm
cp lib/Pinto/Schema/Result/Revision.pm blib/lib/Pinto/Schema/Result/Revision.pm
cp lib/Pinto/Server/Responder/File.pm blib/lib/Pinto/Server/Responder/File.pm
cp lib/App/Pinto/Command/init.pm blib/lib/App/Pinto/Command/init.pm
cp lib/Pinto/Locator/Mirror.pm blib/lib/Pinto/Locator/Mirror.pm
cp lib/Pinto/Manual/Tutorial.pod blib/lib/Pinto/Manual/Tutorial.pod
cp lib/Pinto/Action/Rename.pm blib/lib/Pinto/Action/Rename.pm
cp lib/Pinto/Action/Clean.pm blib/lib/Pinto/Action/Clean.pm
cp lib/Pinto/Editor/Edit.pm blib/lib/Pinto/Editor/Edit.pm
cp lib/Pinto/Action/List.pm blib/lib/Pinto/Action/List.pm
cp lib/Pinto/Action/Look.pm blib/lib/Pinto/Action/Look.pm
cp lib/Pinto/Types.pm blib/lib/Pinto/Types.pm
cp lib/Pinto/Action/Log.pm blib/lib/Pinto/Action/Log.pm
cp lib/Pinto/Difference.pm blib/lib/Pinto/Difference.pm
cp lib/Pinto/Role/Schema/Result.pm blib/lib/Pinto/Role/Schema/Result.pm
cp lib/Pinto/Manual/Installing.pod blib/lib/Pinto/Manual/Installing.pod
cp lib/Pinto/Manual/QuickStart.pod blib/lib/Pinto/Manual/QuickStart.pod
cp lib/App/Pinto/Command/copy.pm blib/lib/App/Pinto/Command/copy.pm
cp lib/App/Pinto/Command.pm blib/lib/App/Pinto/Command.pm
cp lib/App/Pinto/Command/clean.pm blib/lib/App/Pinto/Command/clean.pm
cp lib/App/Pinto/Command/new.pm blib/lib/App/Pinto/Command/new.pm
cp lib/Pinto/Schema/Result/Prerequisite.pm blib/lib/Pinto/Schema/Result/Prerequisite.pm
cp lib/Pinto/Remote/Action/Install.pm blib/lib/Pinto/Remote/Action/Install.pm
cp lib/Pinto/Role/PauseConfig.pm blib/lib/Pinto/Role/PauseConfig.pm
cp lib/App/Pinto/Command/stacks.pm blib/lib/App/Pinto/Command/stacks.pm
cp lib/Pinto/Action/Stacks.pm blib/lib/Pinto/Action/Stacks.pm
cp lib/Pinto/Editor.pm blib/lib/Pinto/Editor.pm
cp lib/Pinto/Server.pm blib/lib/Pinto/Server.pm
cp lib/Pinto/Schema/Result/Ancestry.pm blib/lib/Pinto/Schema/Result/Ancestry.pm
cp lib/Pinto/Action/Lock.pm blib/lib/Pinto/Action/Lock.pm
cp lib/Pinto/Schema/Result/Registration.pm blib/lib/Pinto/Schema/Result/Registration.pm
cp lib/Pinto/Action/Nop.pm blib/lib/Pinto/Action/Nop.pm
cp lib/App/Pinto/Command/help.pm blib/lib/App/Pinto/Command/help.pm
cp lib/App/Pinto/Command/lock.pm blib/lib/App/Pinto/Command/lock.pm
cp lib/App/Pinto/Command/unregister.pm blib/lib/App/Pinto/Command/unregister.pm
cp lib/App/Pinto/Command/log.pm blib/lib/App/Pinto/Command/log.pm
cp lib/Pinto/Action/Statistics.pm blib/lib/Pinto/Action/Statistics.pm
cp lib/Pinto/Result.pm blib/lib/Pinto/Result.pm
cp lib/Pinto/Editor/Clip.pm blib/lib/Pinto/Editor/Clip.pm
cp lib/Pinto/Action/Kill.pm blib/lib/Pinto/Action/Kill.pm
cp lib/Pinto/Action/Props.pm blib/lib/Pinto/Action/Props.pm
cp lib/Pinto/Schema.pm blib/lib/Pinto/Schema.pm
cp lib/Pinto/DifferenceEntry.pm blib/lib/Pinto/DifferenceEntry.pm
cp lib/Pinto/Role/Transactional.pm blib/lib/Pinto/Role/Transactional.pm
cp lib/App/Pinto/Command/install.pm blib/lib/App/Pinto/Command/install.pm
cp lib/App/Pinto/Command/statistics.pm blib/lib/App/Pinto/Command/statistics.pm
cp lib/Pinto/Statistics.pm blib/lib/Pinto/Statistics.pm
cp lib/Pinto/Remote/Result.pm blib/lib/Pinto/Remote/Result.pm
cp lib/Pinto/Globals.pm blib/lib/Pinto/Globals.pm
cp lib/Pinto/IndexReader.pm blib/lib/Pinto/IndexReader.pm
cp lib/Pinto/Store.pm blib/lib/Pinto/Store.pm
cp lib/Pinto/Chrome/Net.pm blib/lib/Pinto/Chrome/Net.pm
cp lib/Pinto/Manual/Thanks.pod blib/lib/Pinto/Manual/Thanks.pod
cp lib/Pinto.pm blib/lib/Pinto.pm
cp lib/Pinto/ArchiveUnpacker.pm blib/lib/Pinto/ArchiveUnpacker.pm
cp lib/Pinto/Action/Pin.pm blib/lib/Pinto/Action/Pin.pm
cp lib/Pinto/Action/Copy.pm blib/lib/Pinto/Action/Copy.pm
cp lib/Pinto/Action/Delete.pm blib/lib/Pinto/Action/Delete.pm
cp lib/Pinto/Action/Install.pm blib/lib/Pinto/Action/Install.pm
cp lib/Pinto/Locator/Stratopan.pm blib/lib/Pinto/Locator/Stratopan.pm
cp lib/App/Pinto/Command/delete.pm blib/lib/App/Pinto/Command/delete.pm
cp lib/Pinto/Remote.pm blib/lib/Pinto/Remote.pm
cp lib/Pinto/Shell.pm blib/lib/Pinto/Shell.pm
cp lib/Pinto/Config.pm blib/lib/Pinto/Config.pm
cp lib/Pinto/Role/UserAgent.pm blib/lib/Pinto/Role/UserAgent.pm
cp lib/Pinto/Action/Diff.pm blib/lib/Pinto/Action/Diff.pm
cp lib/App/Pinto/Command/roots.pm blib/lib/App/Pinto/Command/roots.pm
cp lib/Pinto/Schema/Result/Package.pm blib/lib/Pinto/Schema/Result/Package.pm
cp lib/App/Pinto/Command/register.pm blib/lib/App/Pinto/Command/register.pm
cp lib/Pinto/Exception.pm blib/lib/Pinto/Exception.pm
cp lib/App/Pinto/Command/list.pm blib/lib/App/Pinto/Command/list.pm
cp lib/Pinto/Server/Router.pm blib/lib/Pinto/Server/Router.pm
cp lib/Pinto/Schema/ResultSet/Registration.pm blib/lib/Pinto/Schema/ResultSet/Registration.pm
cp lib/Pinto/Server/Responder/Action.pm blib/lib/Pinto/Server/Responder/Action.pm
cp lib/Pinto/Action/Add.pm blib/lib/Pinto/Action/Add.pm
cp lib/Pinto/Target/Package.pm blib/lib/Pinto/Target/Package.pm
cp lib/Pinto/PackageExtractor.pm blib/lib/Pinto/PackageExtractor.pm
cp lib/Pinto/Schema/ResultSet/Package.pm blib/lib/Pinto/Schema/ResultSet/Package.pm
cp lib/Pinto/Action/New.pm blib/lib/Pinto/Action/New.pm
cp lib/Pinto/Locator.pm blib/lib/Pinto/Locator.pm
cp lib/Pinto/Action/Roots.pm blib/lib/Pinto/Action/Roots.pm
cp lib/App/Pinto/Command/pin.pm blib/lib/App/Pinto/Command/pin.pm
cp lib/App/Pinto/Command/look.pm blib/lib/App/Pinto/Command/look.pm
cp lib/Pinto/Remote/Action/Add.pm blib/lib/Pinto/Remote/Action/Add.pm
cp lib/Pinto/Action/Merge.pm blib/lib/Pinto/Action/Merge.pm
cp lib/Pinto/Action/Register.pm blib/lib/Pinto/Action/Register.pm
cp lib/Pinto/PrerequisiteWalker.pm blib/lib/Pinto/PrerequisiteWalker.pm
cp lib/App/Pinto/Command/nop.pm blib/lib/App/Pinto/Command/nop.pm
cp lib/Pinto/Action.pm blib/lib/Pinto/Action.pm
cp lib/App/Pinto.pm blib/lib/App/Pinto.pm
cp lib/App/Pinto/Command/rename.pm blib/lib/App/Pinto/Command/rename.pm
cp lib/App/Pinto/Command/diff.pm blib/lib/App/Pinto/Command/diff.pm
cp bin/pinto blib/script/pinto
"/Users/Amory/perl5/perlbrew/perls/perl-5.36.0/bin/perl" -MExtUtils::MY -e 'MY->fixin(shift)' -- blib/script/pinto
cp bin/pintod blib/script/pintod
"/Users/Amory/perl5/perlbrew/perls/perl-5.36.0/bin/perl" -MExtUtils::MY -e 'MY->fixin(shift)' -- blib/script/pintod
Manifying 2 pod documents
Manifying 141 pod documents
PERL_DL_NONLAZY=1 "/Users/Amory/perl5/perlbrew/perls/perl-5.36.0/bin/perl" "-MExtUtils::Command::MM" "-MTest::Harness" "-e" "undef *Test::Harness::Switches; test_harness(0, 'blib/lib', 'blib/arch')" t/*.t t/01-common/*.t t/02-bowels/*.t t/03-remote/*.t t/04-server/*.t
t/00-compile.t ........................ ok
# 
# Versions for all modules listed in MYMETA.json (including optional ones):
# 
# === Configure Requires ===
# 
#     Module              Want Have
#     ------------------- ---- ----
#     ExtUtils::MakeMaker 6.64 7.64
# 
# === Configure Suggests ===
# 
#     Module      Want Have
#     -------- ------- ----
#     JSON::PP 2.27300 4.07
# 
# === Build Requires ===
# 
#     Module              Want Have
#     ------------------- ---- ----
#     ExtUtils::MakeMaker  any 7.64
# 
# === Test Requires ===
# 
#     Module                 Want     Have
#     --------------------- ----- --------
#     Apache::Htpasswd        any      1.9
#     Capture::Tiny           any     0.48
#     ExtUtils::MakeMaker     any     7.64
#     File::Spec              any     3.84
#     File::Temp              any   0.2311
#     FindBin                 any     1.53
#     HTTP::Body              any     1.22
#     HTTP::Response          any     6.37
#     HTTP::Server::PSGI      any    undef
#     IO::Handle              any     1.48
#     IPC::Open3              any     1.22
#     Module::Faker::Dist   0.014    0.022
#     Plack::Test             any    undef
#     Test::Builder::Module   any 1.302190
#     Test::Exception         any     0.43
#     Test::File              any    1.992
#     Test::LWP::UserAgent  0.018    0.036
#     Test::More             0.96 1.302190
#     Test::TCP               any     2.22
#     blib                   1.01     1.07
#     lib                     any     0.65
# 
# === Test Recommends ===
# 
#     Module         Want     Have
#     ---------- -------- --------
#     CPAN::Meta 2.120900 2.150010
# 
# === Runtime Requires ===
# 
#     Module                                Want       Have
#     ------------------------------- ---------- ----------
#     App::Cmd                             0.323      0.334
#     App::Cmd::Command::help                any      0.334
#     App::Cmd::Setup                        any      0.334
#     Archive::Extract                      0.68       0.88
#     Archive::Tar                           any       2.40
#     Authen::Simple::Passwd                 any        0.6
#     CPAN::Checksums                        any       2.14
#     CPAN::DistnameInfo                     any       0.12
#     CPAN::Meta                             any   2.150010
#     CPAN::Meta::Requirements               any      2.140
#     Carp                                   any       1.52
#     Class::Load                            any       0.25
#     Cwd                                    any       3.84
#     Cwd::Guard                             any       0.05
#     DBD::SQLite                           1.33       1.70
#     DBIx::Class                        0.08200   0.082843
#     DBIx::Class::Core                      any      undef
#     DBIx::Class::ResultSet                 any      undef
#     DBIx::Class::Schema                    any      undef
#     DateTime                               any       1.58
#     DateTime::TimeZone                     any       2.53
#     DateTime::TimeZone::Local::Unix        any       2.53
#     DateTime::TimeZone::OffsetOnly         any       2.53
#     Devel::StackTrace                      any       2.04
#     Digest::MD5                            any       2.58
#     Digest::SHA                            any       6.02
#     Dist::Metadata                       0.926      0.927
#     Encode                                 any       3.17
#     Exporter                               any       5.77
#     File::Copy                             any       2.39
#     File::Find                             any       1.40
#     File::HomeDir                          any      1.006
#     File::NFSLock                          any       1.29
#     File::Spec                             any       3.84
#     File::Temp                             any     0.2311
#     File::Which                            any       1.27
#     Getopt::Long                           any       2.52
#     HTTP::Date                             any       6.05
#     HTTP::Request::Common                  any       6.37
#     HTTP::Status                           any       6.37
#     IO::File                               any       1.48
#     IO::Handle                             any       1.48
#     IO::Interactive                        any      1.023
#     IO::Pipe                               any       1.49
#     IO::Prompt                             any   0.997004
#     IO::Select                             any       1.49
#     IO::String                             any       1.08
#     IO::Zlib                               any       1.11
#     JSON                                   any       4.09
#     JSON::PP                           2.27103       4.07
#     LWP::UserAgent                         any       6.67
#     List::MoreUtils                        any      0.430
#     List::Util                             any       1.62
#     Module::CoreList                5.20170720 5.20220520
#     Module::Metadata                  1.000031   1.000037
#     Moose                                  any     2.2201
#     Moose::Role                            any     2.2201
#     MooseX::Aliases                        any       0.11
#     MooseX::ClassAttribute                0.27       0.29
#     MooseX::Configuration                  any       0.02
#     MooseX::MarkAsMethods                  any       0.15
#     MooseX::NonMoose                       any       0.26
#     MooseX::SetOnce                        any      0.201
#     MooseX::StrictConstructor              any       0.21
#     MooseX::Types                          any       0.50
#     MooseX::Types::Moose                   any       0.50
#     Path::Class                            any       0.37
#     Path::Class::Dir                       any       0.37
#     Path::Class::File                      any       0.37
#     Plack                               1.0028     1.0050
#     Plack::MIME                            any      undef
#     Plack::Middleware::Auth::Basic         any      undef
#     Plack::Request                         any     1.0050
#     Plack::Response                        any     1.0050
#     Plack::Runner                          any      undef
#     Pod::Usage                             any       2.01
#     Proc::Fork                             any      0.808
#     Proc::Terminator                       any       0.05
#     Readonly                               any       2.05
#     Router::Simple                         any       0.17
#     Scalar::Util                           any       1.62
#     Starman                             0.3014     0.4016
#     String::Format                         any       1.18
#     Term::ANSIColor                       2.02       5.01
#     Throwable::Error                  0.200005      1.000
#     Try::Tiny                              any       0.31
#     URI                                    any       5.12
#     URI::Escape                           3.31       5.12
#     URI::file                              any       5.12
#     UUID::Tiny                             any       1.04
#     Variable::Magic                       0.57       0.62
#     base                                   any       2.27
#     overload                               any       1.35
#     strict                                 any       1.12
#     utf8                                   any       1.24
#     version                                any     0.9929
#     warnings                               any       1.58
# 
# === Other Modules ===
# 
#     Module          Have
#     ----------- --------
#     DBD::SQLite     1.70
#     DBIx::Class 0.082843
# 
t/00-report-prereqs.t ................. ok
t/01-common/01-types.t ................ ok
t/01-common/02-target-package.t ....... ok
t/01-common/03-target-distribution.t .. ok
t/01-common/04-util.t ................. ok
t/01-common/05-pauseconfig.t .......... ok
t/02-bowels/01-config.t ............... ok
t/02-bowels/02-chrome.t ............... ok
t/02-bowels/03-package.t .............. ok
t/02-bowels/04-distribution.t ......... ok
t/02-bowels/05-compare.t .............. ok
t/02-bowels/10-init.t ................. ok
t/02-bowels/11-tester.t ............... ok
t/02-bowels/12-locator.t .............. ok
t/02-bowels/19-basic.t ................ ok
t/02-bowels/20-add.t .................. ok
t/02-bowels/21-add-no-index.t ......... ok
t/02-bowels/21-pull-vreq.t ............ ok
t/02-bowels/21-pull.t ................. ok
t/02-bowels/22-add-deep.t ............. ok
t/02-bowels/23-pull-multi.t ........... ok
t/02-bowels/24-skip-prereqs.t ......... ok
t/02-bowels/31-pin.t .................. ok
t/02-bowels/32-pin-rjbs.t ............. ok
t/02-bowels/35-delete.t ............... ok
t/02-bowels/40-list.t ................. ok
t/02-bowels/41-log.t .................. ok
WARNING: Module::Signature and Digest::SHA is required for distribution verifications.

    #   Failed test 'Result indicates action was succesful'
    #   at t/lib/Pinto/Tester.pm line 171.
    # Log messages are...
    # No changes were made
    # Running: /Users/amory/perl5/perlbrew/bin/cpanm --mirror-only -q --mirror file:///var/folders/3s/yzp_k_q54799t3cx5vg512040000gn/T/dnpx0B2S7k/stacks/master -L /var/folders/3s/yzp_k_q54799t3cx5vg512040000gn/T/tTPudgwODD
    # Installation failed.  See the cpanm build log for details
    # file [/var/folders/3s/yzp_k_q54799t3cx5vg512040000gn/T/tTPudgwODD/lib/perl5/PkgA.pm] does not exist

    #   Failed test '/var/folders/3s/yzp_k_q54799t3cx5vg512040000gn/T/tTPudgwODD/lib/perl5/PkgA.pm exists'
    #   at t/02-bowels/42-install.t line 47.
    # file [/var/folders/3s/yzp_k_q54799t3cx5vg512040000gn/T/tTPudgwODD/lib/perl5/PkgB.pm] does not exist

    #   Failed test '/var/folders/3s/yzp_k_q54799t3cx5vg512040000gn/T/tTPudgwODD/lib/perl5/PkgB.pm exists'
    #   at t/02-bowels/42-install.t line 48.
    # file [/var/folders/3s/yzp_k_q54799t3cx5vg512040000gn/T/tTPudgwODD/lib/perl5/PkgC.pm] does not exist

    #   Failed test '/var/folders/3s/yzp_k_q54799t3cx5vg512040000gn/T/tTPudgwODD/lib/perl5/PkgC.pm exists'
    #   at t/02-bowels/42-install.t line 49.
    # file [/var/folders/3s/yzp_k_q54799t3cx5vg512040000gn/T/tTPudgwODD/lib/perl5/PkgD.pm] does not exist

    #   Failed test '/var/folders/3s/yzp_k_q54799t3cx5vg512040000gn/T/tTPudgwODD/lib/perl5/PkgD.pm exists'
    #   at t/02-bowels/42-install.t line 50.
    # Looks like you failed 5 tests of 5.

#   Failed test 'Install from default stack'
#   at t/02-bowels/42-install.t line 51.

    #   Failed test 'Result indicates action was succesful'
    #   at t/lib/Pinto/Tester.pm line 171.
    # Log messages are...
    # No changes were made
    # Running: /Users/amory/perl5/perlbrew/bin/cpanm -q --mirror-only --mirror file:///var/folders/3s/yzp_k_q54799t3cx5vg512040000gn/T/dnpx0B2S7k/stacks/dev -L /var/folders/3s/yzp_k_q54799t3cx5vg512040000gn/T/htc7f4KLiG
    # Installation failed.  See the cpanm build log for details
    # file [/var/folders/3s/yzp_k_q54799t3cx5vg512040000gn/T/htc7f4KLiG/lib/perl5/PkgA.pm] does not exist

    #   Failed test '/var/folders/3s/yzp_k_q54799t3cx5vg512040000gn/T/htc7f4KLiG/lib/perl5/PkgA.pm exists'
    #   at t/02-bowels/42-install.t line 68.
    # file [/var/folders/3s/yzp_k_q54799t3cx5vg512040000gn/T/htc7f4KLiG/lib/perl5/PkgB.pm] does not exist

    #   Failed test '/var/folders/3s/yzp_k_q54799t3cx5vg512040000gn/T/htc7f4KLiG/lib/perl5/PkgB.pm exists'
    #   at t/02-bowels/42-install.t line 69.
    # file [/var/folders/3s/yzp_k_q54799t3cx5vg512040000gn/T/htc7f4KLiG/lib/perl5/PkgC.pm] does not exist

    #   Failed test '/var/folders/3s/yzp_k_q54799t3cx5vg512040000gn/T/htc7f4KLiG/lib/perl5/PkgC.pm exists'
    #   at t/02-bowels/42-install.t line 70.
    # file [/var/folders/3s/yzp_k_q54799t3cx5vg512040000gn/T/htc7f4KLiG/lib/perl5/PkgD.pm] does not exist

    #   Failed test '/var/folders/3s/yzp_k_q54799t3cx5vg512040000gn/T/htc7f4KLiG/lib/perl5/PkgD.pm exists'
    #   at t/02-bowels/42-install.t line 71.
    # Looks like you failed 5 tests of 7.

#   Failed test 'Install from named stack'
#   at t/02-bowels/42-install.t line 72.

    #   Failed test 'Result indicates action was succesful'
    #   at t/02-bowels/42-install.t line 107.
    # Log messages are...
    # No changes were made
    # Running: /Users/amory/perl5/perlbrew/bin/cpanm --mirror file:///var/folders/3s/yzp_k_q54799t3cx5vg512040000gn/T/1peIW4rvwq/stacks/master -L /var/folders/3s/yzp_k_q54799t3cx5vg512040000gn/T/CEZ08EcZha -q --mirror-only
    # Installation failed.  See the cpanm build log for details

    #   Failed test 'Result indicates action was succesful'
    #   at t/02-bowels/42-install.t line 108.
    # Log messages are...
    # No changes were made
    # Running: /Users/amory/perl5/perlbrew/bin/cpanm --mirror file:///var/folders/3s/yzp_k_q54799t3cx5vg512040000gn/T/1peIW4rvwq/stacks/master -L /var/folders/3s/yzp_k_q54799t3cx5vg512040000gn/T/CEZ08EcZha -q --mirror-only
    # Installation failed.  See the cpanm build log for details
    # file [/var/folders/3s/yzp_k_q54799t3cx5vg512040000gn/T/CEZ08EcZha/lib/perl5/PkgA.pm] does not exist

    #   Failed test '/var/folders/3s/yzp_k_q54799t3cx5vg512040000gn/T/CEZ08EcZha/lib/perl5/PkgA.pm exists'
    #   at /Users/amory/perl5/perlbrew/perls/perl-5.36.0/lib/5.36.0/Test/Builder.pm line 374.
    # file [/var/folders/3s/yzp_k_q54799t3cx5vg512040000gn/T/CEZ08EcZha/lib/perl5/PkgB.pm] does not exist

    #   Failed test '/var/folders/3s/yzp_k_q54799t3cx5vg512040000gn/T/CEZ08EcZha/lib/perl5/PkgB.pm exists'
    #   at /Users/amory/perl5/perlbrew/perls/perl-5.36.0/lib/5.36.0/Test/Builder.pm line 374.
    # Looks like you failed 4 tests of 6.

#   Failed test 'Install target with unusual author ID'
#   at t/02-bowels/42-install.t line 113.
# Looks like you failed 3 tests of 9.
t/02-bowels/42-install.t .............. 
Dubious, test returned 3 (wstat 768, 0x300)
Failed 3/9 subtests 
WARNING: Module::Signature and Digest::SHA is required for distribution verifications.

    #   Failed test 'Result indicates action was succesful'
    #   at t/lib/Pinto/Tester.pm line 171.
    # Log messages are...
    # Found PkgB~0 on stack master in MARK/DistB-1.tar.gz
    # Descending into prerequisites for MARK/DistB-1.tar.gz
    # Found PkgA~1 in file:///private/var/folders/3s/yzp_k_q54799t3cx5vg512040000gn/T/j_Vq0WsEcQ/stacks/master/authors/id/J/JO/JOHN/DistA-1.tar.gz
    # Running: /Users/amory/perl5/perlbrew/bin/cpanm --mirror-only --mirror file:///var/folders/3s/yzp_k_q54799t3cx5vg512040000gn/T/NinS8tUhqy/stacks/master -L /var/folders/3s/yzp_k_q54799t3cx5vg512040000gn/T/C_jB4pt9IQ -q
    # Installation failed.  See the cpanm build log for details
    # file [/var/folders/3s/yzp_k_q54799t3cx5vg512040000gn/T/C_jB4pt9IQ/lib/perl5/PkgA.pm] does not exist

    #   Failed test '/var/folders/3s/yzp_k_q54799t3cx5vg512040000gn/T/C_jB4pt9IQ/lib/perl5/PkgA.pm exists'
    #   at t/02-bowels/43-install-and-pull.t line 47.
    # file [/var/folders/3s/yzp_k_q54799t3cx5vg512040000gn/T/C_jB4pt9IQ/lib/perl5/PkgB.pm] does not exist

    #   Failed test '/var/folders/3s/yzp_k_q54799t3cx5vg512040000gn/T/C_jB4pt9IQ/lib/perl5/PkgB.pm exists'
    #   at t/02-bowels/43-install-and-pull.t line 48.
    # Looks like you failed 3 tests of 3.

#   Failed test 'Install while pulling upstream prereqs'
#   at t/02-bowels/43-install-and-pull.t line 49.
# Looks like you failed 1 test of 3.
t/02-bowels/43-install-and-pull.t ..... 
Dubious, test returned 1 (wstat 256, 0x100)
Failed 1/3 subtests 
t/02-bowels/50-diff.t ................. ok
t/02-bowels/51-diff-more.t ............ ok
t/02-bowels/52-intermingle.t .......... ok
t/02-bowels/53-roots.t ................ ok
t/02-bowels/54-revert.t ............... ok
t/02-bowels/60-dryrun.t ............... ok
t/02-bowels/61-nofail.t ............... ok
t/02-bowels/62-commit.t ............... ok
t/02-bowels/63-prereq-circular.t ...... ok
t/02-bowels/63-prereq-core.t .......... ok
t/02-bowels/64-metadata.t ............. ok
t/02-bowels/70-stack-copy.t ........... ok
t/02-bowels/71-stack-kill.t ........... ok
t/02-bowels/72-stack-rename.t ......... ok
t/02-bowels/73-stack-lock.t ........... ok
t/02-bowels/74-stack-default.t ........ ok
t/02-bowels/75-stack-props.t .......... ok
PINTO_STALE_LOCKFILE_TIMEOUT > 0, may steal lock !!
t/02-bowels/80-repo-lock.t ............ ok
t/03-remote/01-requests.t ............. ok
t/03-remote/02-responses.t ............ ok
WARNING: Module::Signature and Digest::SHA is required for distribution verifications.

    #   Failed test at t/03-remote/03-install.t line 54.
    #          got: '0'
    #     expected: '1'
    # file [/var/folders/3s/yzp_k_q54799t3cx5vg512040000gn/T/WZGIh_YQit/lib/perl5/PkgA.pm] does not exist

    #   Failed test '/var/folders/3s/yzp_k_q54799t3cx5vg512040000gn/T/WZGIh_YQit/lib/perl5/PkgA.pm exists'
    #   at t/03-remote/03-install.t line 55.
    # file [/var/folders/3s/yzp_k_q54799t3cx5vg512040000gn/T/WZGIh_YQit/lib/perl5/PkgB.pm] does not exist

    #   Failed test '/var/folders/3s/yzp_k_q54799t3cx5vg512040000gn/T/WZGIh_YQit/lib/perl5/PkgB.pm exists'
    #   at t/03-remote/03-install.t line 56.
    # file [/var/folders/3s/yzp_k_q54799t3cx5vg512040000gn/T/WZGIh_YQit/lib/perl5/PkgC.pm] does not exist

    #   Failed test '/var/folders/3s/yzp_k_q54799t3cx5vg512040000gn/T/WZGIh_YQit/lib/perl5/PkgC.pm exists'
    #   at t/03-remote/03-install.t line 57.
Installation failed.  See the cpanm build log for details
    # Looks like you failed 4 tests of 4.

#   Failed test 'Install from default stack'
#   at t/03-remote/03-install.t line 58.

    #   Failed test at t/03-remote/03-install.t line 77.
    #          got: '0'
    #     expected: '1'
    # file [/var/folders/3s/yzp_k_q54799t3cx5vg512040000gn/T/vVa2q5g94v/lib/perl5/PkgA.pm] does not exist

    #   Failed test '/var/folders/3s/yzp_k_q54799t3cx5vg512040000gn/T/vVa2q5g94v/lib/perl5/PkgA.pm exists'
    #   at t/03-remote/03-install.t line 78.
    # file [/var/folders/3s/yzp_k_q54799t3cx5vg512040000gn/T/vVa2q5g94v/lib/perl5/PkgB.pm] does not exist

    #   Failed test '/var/folders/3s/yzp_k_q54799t3cx5vg512040000gn/T/vVa2q5g94v/lib/perl5/PkgB.pm exists'
    #   at t/03-remote/03-install.t line 79.
    # file [/var/folders/3s/yzp_k_q54799t3cx5vg512040000gn/T/vVa2q5g94v/lib/perl5/PkgC.pm] does not exist

    #   Failed test '/var/folders/3s/yzp_k_q54799t3cx5vg512040000gn/T/vVa2q5g94v/lib/perl5/PkgC.pm exists'
    #   at t/03-remote/03-install.t line 80.
Installation failed.  See the cpanm build log for details
    # Looks like you failed 4 tests of 6.

#   Failed test 'Install from named stack'
#   at t/03-remote/03-install.t line 81.
    # You will see an error message here. Do not be alarmed.
Installation failed.  See the cpanm build log for details
    # file [/var/folders/3s/yzp_k_q54799t3cx5vg512040000gn/T/FYNsoyWZ7Y/lib/perl5/PkgA.pm] does not exist

    #   Failed test '/var/folders/3s/yzp_k_q54799t3cx5vg512040000gn/T/FYNsoyWZ7Y/lib/perl5/PkgA.pm exists'
    #   at /Users/amory/perl5/perlbrew/perls/perl-5.36.0/lib/5.36.0/Test/Builder.pm line 374.
    # file [/var/folders/3s/yzp_k_q54799t3cx5vg512040000gn/T/FYNsoyWZ7Y/lib/perl5/PkgB.pm] does not exist

    #   Failed test '/var/folders/3s/yzp_k_q54799t3cx5vg512040000gn/T/FYNsoyWZ7Y/lib/perl5/PkgB.pm exists'
    #   at /Users/amory/perl5/perlbrew/perls/perl-5.36.0/lib/5.36.0/Test/Builder.pm line 374.
Installation failed.  See the cpanm build log for details
    # Looks like you failed 2 tests of 4.

#   Failed test 'Install a dist with an unusual author id'
#   at t/03-remote/03-install.t line 127.
# Looks like you failed 3 tests of 7.
t/03-remote/03-install.t .............. 
Dubious, test returned 3 (wstat 768, 0x300)
Failed 3/7 subtests 
WARNING: Module::Signature and Digest::SHA is required for distribution verifications.

    #   Failed test at t/03-remote/04-install-with-auth.t line 63.
    #          got: '0'
    #     expected: '1'
    # file [/var/folders/3s/yzp_k_q54799t3cx5vg512040000gn/T/3K7_UUpogO/lib/perl5/PkgA.pm] does not exist

    #   Failed test '/var/folders/3s/yzp_k_q54799t3cx5vg512040000gn/T/3K7_UUpogO/lib/perl5/PkgA.pm exists'
    #   at t/03-remote/04-install-with-auth.t line 64.
    # file [/var/folders/3s/yzp_k_q54799t3cx5vg512040000gn/T/3K7_UUpogO/lib/perl5/PkgB.pm] does not exist

    #   Failed test '/var/folders/3s/yzp_k_q54799t3cx5vg512040000gn/T/3K7_UUpogO/lib/perl5/PkgB.pm exists'
    #   at t/03-remote/04-install-with-auth.t line 65.
    # file [/var/folders/3s/yzp_k_q54799t3cx5vg512040000gn/T/3K7_UUpogO/lib/perl5/PkgC.pm] does not exist

    #   Failed test '/var/folders/3s/yzp_k_q54799t3cx5vg512040000gn/T/3K7_UUpogO/lib/perl5/PkgC.pm exists'
    #   at t/03-remote/04-install-with-auth.t line 66.
    # file [/var/folders/3s/yzp_k_q54799t3cx5vg512040000gn/T/3K7_UUpogO/lib/perl5/PkgD.pm] does not exist

    #   Failed test '/var/folders/3s/yzp_k_q54799t3cx5vg512040000gn/T/3K7_UUpogO/lib/perl5/PkgD.pm exists'
    #   at t/03-remote/04-install-with-auth.t line 67.
Installation failed.  See the cpanm build log for details
    # Looks like you failed 5 tests of 5.

#   Failed test 'Remote install succeeds with valid credentials'
#   at t/03-remote/04-install-with-auth.t line 68.
Installation failed.  See the cpanm build log for details
    # You will see an error message here. Do not be alarmed.
Installation failed.  See the cpanm build log for details
# Looks like you failed 1 test of 7.
t/03-remote/04-install-with-auth.t .... 
Dubious, test returned 1 (wstat 256, 0x100)
Failed 1/7 subtests 
t/03-remote/05-timezone.t ............. ok
t/04-server/01-functional.t ........... ok
t/04-server/02-authentication.t ....... ok
t/04-server/03-security.t ............. ok

Test Summary Report
-------------------
t/02-bowels/42-install.t            (Wstat: 768 (exited 3) Tests: 9 Failed: 3)
  Failed tests:  5-6, 8
  Non-zero exit status: 3
t/02-bowels/43-install-and-pull.t   (Wstat: 256 (exited 1) Tests: 3 Failed: 1)
  Failed test:  3
  Non-zero exit status: 1
t/03-remote/03-install.t            (Wstat: 768 (exited 3) Tests: 7 Failed: 3)
  Failed tests:  4-5, 7
  Non-zero exit status: 3
t/03-remote/04-install-with-auth.t  (Wstat: 256 (exited 1) Tests: 7 Failed: 1)
  Failed test:  5
  Non-zero exit status: 1
Files=56, Tests=671, 182 wallclock secs ( 0.09 usr  0.05 sys + 54.25 cusr  8.09 csys = 62.48 CPU)
Result: FAIL

------------------------------
PREREQUISITES
------------------------------

Prerequisite modules loaded:

    No requirements found

------------------------------
ENVIRONMENT AND OTHER CONTEXT
------------------------------

Environment variables:

    LANG = en_US.UTF-8
    LC_ALL = C
    PATH = /Users/Amory/bin:/Users/amory/perl5/perlbrew/bin:/Users/amory/perl5/perlbrew/perls/perl-5.36.0/bin:/opt/homebrew/bin:/opt/homebrew/sbin:/bin::/usr/local/bin:/usr/bin:/usr/sbin:/sbin:/usr/local/MacGPG2/bin:/Library/Frameworks/Mono.framework/Versions/Current/Commands:/Users/Amory/Documents/git/external/git-extra-commands@unixorn/bin:/Users/Amory/Documents/git/external/tiny-scripts@vitorgalvao:/Users/Amory/Documents/git/personal/lockquote
    PERL5DB = use Devel::NYTProf
    PERL5_DIR = /Users/Amory/perl5
    PERL5_V = 5.36
    PERLBREW = command perlbrew
    PERLBREW_HOME = /Users/Amory/.perlbrew
    PERLBREW_MANPATH = /Users/amory/perl5/perlbrew/perls/perl-5.36.0/man
    PERLBREW_PATH = /Users/amory/perl5/perlbrew/bin:/Users/amory/perl5/perlbrew/perls/perl-5.36.0/bin
    PERLBREW_PERL = perl-5.36.0
    PERLBREW_ROOT = /Users/amory/perl5/perlbrew
    PERLBREW_SHELLRC_VERSION = 0.96
    PERLBREW_VERSION = 0.96
    PERLDOC_PAGER = sh -c 'col -bx | bat -l man -p'
    PERL_CPANM_OPT = --verify --from https://www.cpan.org
    PERL_MM_USE_DEFAULT = 1
    SHELL = /opt/homebrew/bin/bash
    TERM = xterm-256color
    TMPDIR = /var/folders/3s/yzp_k_q54799t3cx5vg512040000gn/T/

Perl special variables (and OS-specific diagnostics, for MSWin32):

    EGID = 20 20 12 61 79 80 81 98 702 701 33 100 204 250 395 398 399
    EUID = 501
    EXECUTABLE_NAME = /Users/Amory/perl5/perlbrew/perls/perl-5.36.0/bin/perl
    GID = 20 20 12 61 79 80 81 98 702 701 33 100 204 250 395 398 399
    UID = 501

Perl module toolchain versions installed:

    Module              Have    
    ------------------- --------
    CPAN                2.33    
    CPAN::Meta          2.150010
    Cwd                 3.84    
    ExtUtils::CBuilder  0.280236
    ExtUtils::Command   7.64    
    ExtUtils::Install   2.20    
    ExtUtils::MakeMaker 7.64    
    ExtUtils::Manifest  1.73    
    ExtUtils::ParseXS   3.45    
    File::Spec          3.84    
    JSON                4.09    
    JSON::PP            4.07    
    Module::Build       0.4231  
    Module::Signature   n/a     
    Parse::CPAN::Meta   2.150010
    Test::Harness       3.44    
    Test::More          1.302190
    YAML                1.30    
    YAML::Syck          n/a     
    version             0.9929  


--

Summary of my perl5 (revision 5 version 36 subversion 0) configuration:
   
  Platform:
    osname=darwin
    osvers=21.6.0
    archname=darwin-2level
    uname='darwin nayru.fios-router.home 21.6.0 darwin kernel version 21.6.0: wed aug 10 14:28:25 pdt 2022; root:xnu-8020.141.5~2release_arm64_t8110 arm64 '
    config_args='-de -Dprefix=/Users/amory/perl5/perlbrew/perls/perl-5.36.0 -Aeval:scriptdir=/Users/amory/perl5/perlbrew/perls/perl-5.36.0/bin'
    hint=recommended
    useposix=true
    d_sigaction=define
    useithreads=undef
    usemultiplicity=undef
    use64bitint=define
    use64bitall=define
    uselongdouble=undef
    usemymalloc=n
    default_inc_excludes_dot=define
  Compiler:
    cc='cc'
    ccflags ='-fno-common -DPERL_DARWIN -mmacosx-version-min=12.5 -fno-strict-aliasing -pipe -fstack-protector-strong -DPERL_USE_SAFE_PUTENV'
    optimize='-O3'
    cppflags='-fno-common -DPERL_DARWIN -mmacosx-version-min=12.5 -fno-strict-aliasing -pipe -fstack-protector-strong'
    ccversion=''
    gccversion='Apple LLVM 13.1.6 (clang-1316.0.21.2.5)'
    gccosandvers=''
    intsize=4
    longsize=8
    ptrsize=8
    doublesize=8
    byteorder=12345678
    doublekind=3
    d_longlong=define
    longlongsize=8
    d_longdbl=define
    longdblsize=8
    longdblkind=0
    ivtype='long'
    ivsize=8
    nvtype='double'
    nvsize=8
    Off_t='off_t'
    lseeksize=8
    alignbytes=8
    prototype=define
  Linker and Libraries:
    ld='cc'
    ldflags =' -mmacosx-version-min=12.5 -fstack-protector-strong'
    libpth=/Library/Developer/CommandLineTools/usr/lib/clang/13.1.6/lib /Library/Developer/CommandLineTools/SDKs/MacOSX.sdk/usr/lib /Library/Developer/CommandLineTools/usr/lib /usr/lib
    libs= 
    perllibs=
    libc=
    so=dylib
    useshrplib=false
    libperl=libperl.a
    gnulibc_version=''
  Dynamic Linking:
    dlsrc=dl_dlopen.xs
    dlext=bundle
    d_dlsymun=undef
    ccdlflags=' '
    cccdlflags=' '
    lddlflags=' -mmacosx-version-min=12.5 -bundle -undefined dynamic_lookup -fstack-protector-strong'


Characteristics of this binary (from libperl): 
  Compile-time options:
    HAS_TIMES
    PERLIO_LAYERS
    PERL_COPY_ON_WRITE
    PERL_DONT_CREATE_GVSV
    PERL_MALLOC_WRAP
    PERL_OP_PARENT
    PERL_PRESERVE_IVUV
    PERL_USE_SAFE_PUTENV
    USE_64_BIT_ALL
    USE_64_BIT_INT
    USE_LARGE_FILES
    USE_LOCALE
    USE_LOCALE_COLLATE
    USE_LOCALE_CTYPE
    USE_LOCALE_NUMERIC
    USE_LOCALE_TIME
    USE_PERLIO
    USE_PERL_ATOF
  Built under darwin
  Compiled at Sep  6 2022 11:44:09
  %ENV:
    PERL5DB="use Devel::NYTProf"
    PERL5_DIR="/Users/Amory/perl5"
    PERL5_V="5.36"
    PERLBREW="command perlbrew"
    PERLBREW_HOME="/Users/Amory/.perlbrew"
    PERLBREW_MANPATH="/Users/amory/perl5/perlbrew/perls/perl-5.36.0/man"
    PERLBREW_PATH="/Users/amory/perl5/perlbrew/bin:/Users/amory/perl5/perlbrew/perls/perl-5.36.0/bin"
    PERLBREW_PERL="perl-5.36.0"
    PERLBREW_ROOT="/Users/amory/perl5/perlbrew"
    PERLBREW_SHELLRC_VERSION="0.96"
    PERLBREW_VERSION="0.96"
    PERLDOC_PAGER="sh -c 'col -bx | bat -l man -p'"
    PERL_CPANM_OPT="--verify --from https://www.cpan.org"
    PERL_MM_USE_DEFAULT="1"
  @INC:
    /Users/amory/perl5/perlbrew/perls/perl-5.36.0/lib/site_perl/5.36.0/darwin-2level
    /Users/amory/perl5/perlbrew/perls/perl-5.36.0/lib/site_perl/5.36.0
    /Users/amory/perl5/perlbrew/perls/perl-5.36.0/lib/5.36.0/darwin-2level
    /Users/amory/perl5/perlbrew/perls/perl-5.36.0/lib/5.36.0