Back
From: metabase:user:322078bc-2aae-11df-837a-5e0a49663a4f
Subject: FAIL Sort-HashKeys-0.005 v5.18.3 NetBSD
Date: 2017-03-22T14:17:31Z
This distribution has been tested as part of the CPAN Testers
project, supporting the Perl programming language. See
http://wiki.cpantesters.org/ for more information or email
questions to cpan-testers-discuss@perl.org
--
Dear ATHREEF,
This is a computer-generated error report created automatically by
CPANPLUS, version 0.9162. Testers personal comments may appear
at the end of this report.
Thank you for uploading your work to CPAN. However, it appears that
there were some problems testing your distribution.
TEST RESULTS:
Below is the error stack from stage 'make test':
"/home/cpan/pit/thr/perl-5.18.3/bin/perl" -MExtUtils::Command::MM -e 'cp_nonempty' -- HashKeys.bs blib/arch/auto/Sort/HashKeys/HashKeys.bs 644
PERL_DL_NONLAZY=1 "/home/cpan/pit/thr/perl-5.18.3/bin/perl" "-MExtUtils::Command::MM" "-MTest::Harness" "-e" "undef *Test::Harness::Switches; test_harness(0, 'blib/lib', 'blib/arch')" t/*.t
#
# Versions for all modules listed in MYMETA.json (including optional ones):
#
# === Configure Requires ===
#
# Module Want Have
# ------------------- ---- ----
# ExtUtils::MakeMaker any 7.24
#
# === Build Requires ===
#
# Module Want Have
# ------------------- ---- ----
# ExtUtils::MakeMaker any 7.24
#
# === Test Requires ===
#
# Module Want Have
# ------------------- ---- --------
# ExtUtils::MakeMaker any 7.24
# File::Spec any 3.62
# Test::More any 1.302075
#
# === Test Recommends ===
#
# Module Want Have
# ---------- -------- --------
# CPAN::Meta 2.120900 2.150010
#
# === Runtime Requires ===
#
# Module Want Have
# -------- ---- ----
# XSLoader any 0.16
# strict any 1.07
# warnings any 1.18
#
t/00-report-prereqs.t .. ok
t/init.t ...............
Dubious, test returned 255 (wstat 65280, 0xff00)
Failed 1/1 subtests
# Failed test 'use Sort::HashKeys;'
# at t/init.t line 4.
# Tried to use 'Sort::HashKeys'.
# Error: Can't load '/home/cpan/pit/thr/conf/perl-5.18.3/.cpanplus/5.18.3/build/WaxhYtS_4T/Sort-HashKeys-0.005/blib/arch/auto/Sort/HashKeys/HashKeys.so' for module Sort::HashKeys: /home/cpan/pit/thr/conf/perl-5.18.3/.cpanplus/5.18.3/build/WaxhYtS_4T/Sort-HashKeys-0.005/blib/arch/auto/Sort/HashKeys/HashKeys.so: Undefined PLT symbol "qsort_r" (symnum = 15) at /home/cpan/pit/thr/perl-5.18.3/lib/5.18.3/amd64-netbsd-thread-multi/DynaLoader.pm line 190.
# at t/init.t line 4.
# Compilation failed in require at t/init.t line 4.
# BEGIN failed--compilation aborted at t/init.t line 4.
Undefined subroutine &Sort::HashKeys::sort called at t/init.t line 16.
# Tests were run but no plan was declared and done_testing() was not seen.
# Looks like your test exited with 255 just after 1.
# Failed test 'use Sort::HashKeys;'
# at t/reverse.t line 4.
# Tried to use 'Sort::HashKeys'.
# Error: Can't load '/home/cpan/pit/thr/conf/perl-5.18.3/.cpanplus/5.18.3/build/WaxhYtS_4T/Sort-HashKeys-0.005/blib/arch/auto/Sort/HashKeys/HashKeys.so' for module Sort::HashKeys: /home/cpan/pit/thr/conf/perl-5.18.3/.cpanplus/5.18.3/build/WaxhYtS_4T/Sort-HashKeys-0.005/blib/arch/auto/Sort/HashKeys/HashKeys.so: Undefined PLT symbol "qsort_r" (symnum = 15) at /home/cpan/pit/thr/perl-5.18.3/lib/5.18.3/amd64-netbsd-thread-multi/DynaLoader.pm line 190.
# at t/reverse.t line 4.
# Compilation failed in require at t/reverse.t line 4.
# BEGIN failed--compilation aborted at t/reverse.t line 4.
Undefined subroutine &Sort::HashKeys::reverse_sort called at t/reverse.t line 17.
# Tests were run but no plan was declared and done_testing() was not seen.
# Looks like your test exited with 255 just after 1.
t/reverse.t ............
Dubious, test returned 255 (wstat 65280, 0xff00)
Failed 1/1 subtests
# Failed test 'use Sort::HashKeys;'
# at t/undef-pad.t line 4.
# Tried to use 'Sort::HashKeys'.
# Error: Can't load '/home/cpan/pit/thr/conf/perl-5.18.3/.cpanplus/5.18.3/build/WaxhYtS_4T/Sort-HashKeys-0.005/blib/arch/auto/Sort/HashKeys/HashKeys.so' for module Sort::HashKeys: /home/cpan/pit/thr/conf/perl-5.18.3/.cpanplus/5.18.3/build/WaxhYtS_4T/Sort-HashKeys-0.005/blib/arch/auto/Sort/HashKeys/HashKeys.so: Undefined PLT symbol "qsort_r" (symnum = 15) at /home/cpan/pit/thr/perl-5.18.3/lib/5.18.3/amd64-netbsd-thread-multi/DynaLoader.pm line 190.
# at t/undef-pad.t line 4.
# Compilation failed in require at t/undef-pad.t line 4.
# BEGIN failed--compilation aborted at t/undef-pad.t line 4.
Undefined subroutine &Sort::HashKeys::sort called at t/undef-pad.t line 20.
# Tests were run but no plan was declared and done_testing() was not seen.
# Looks like your test exited with 255 just after 2.
t/undef-pad.t ..........
Dubious, test returned 255 (wstat 65280, 0xff00)
Failed 1/2 subtests
Test Summary Report
-------------------
t/init.t (Wstat: 65280 Tests: 1 Failed: 1)
Failed test: 1
Non-zero exit status: 255
Parse errors: No plan found in TAP output
t/reverse.t (Wstat: 65280 Tests: 1 Failed: 1)
Failed test: 1
Non-zero exit status: 255
Parse errors: No plan found in TAP output
t/undef-pad.t (Wstat: 65280 Tests: 2 Failed: 1)
Failed test: 1
Non-zero exit status: 255
Parse errors: No plan found in TAP output
Files=4, Tests=5, 0 wallclock secs ( 0.01 usr 0.03 sys + 0.33 cusr 0.09 csys = 0.46 CPU)
Result: FAIL
*** Error code 255
Stop.
make: stopped in /home/cpan/pit/thr/conf/perl-5.18.3/.cpanplus/5.18.3/build/WaxhYtS_4T/Sort-HashKeys-0.005
Failed 3/4 test programs. 3/5 subtests failed.
PREREQUISITES:
Here is a list of prerequisites you specified and versions we
managed to load:
Module Name Have Want
ExtUtils::MakeMaker 7.24 0
File::Spec 3.62 0
Test::More 1.302075 0
XSLoader 0.16 0
strict 1.07 0
warnings 1.18 0
Perl module toolchain versions installed:
Module Name Have
CPANPLUS 0.9162
CPANPLUS::Dist::Build 0.80
Cwd 3.62
ExtUtils::CBuilder 0.280224
ExtUtils::Command 7.24
ExtUtils::Install 2.04
ExtUtils::MakeMaker 7.24
ExtUtils::Manifest 1.70
ExtUtils::ParseXS 3.30
File::Spec 3.62
Module::Build 0.4220
Pod::Parser 1.60
Pod::Simple 3.28
Test2 1.302075
Test::Harness 3.36
Test::More 1.302075
version 0.9917
******************************** NOTE ********************************
The comments above are created mechanically, possibly without manual
checking by the sender. As there are many people performing automatic
tests on each upload to CPAN, it is likely that you will receive
identical messages about the same problem.
If you believe that the message is mistaken, please reply to the first
one with correction and/or additional informations, and do not take
it personally. We appreciate your patience. :)
**********************************************************************
Additional comments:
This report was machine-generated by CPANPLUS::Dist::YACSmoke 0.98.
Powered by minismokebox version 0.58
------------------------------
ENVIRONMENT AND OTHER CONTEXT
------------------------------
Environment variables:
AUTOMATED_TESTING = 1
NONINTERACTIVE_TESTING = 1
PATH = /home/cpan/bin:/bin:/sbin:/usr/bin:/usr/sbin:/usr/X11R7/bin:/usr/X11R6/bin:/usr/pkg/bin:/usr/pkg/sbin:/usr/games:/usr/local/bin:/usr/local/sbin
PERL5LIB = :/home/cpan/pit/thr/conf/perl-5.18.3/.cpanplus/5.18.3/build/WaxhYtS_4T/Sort-HashKeys-0.005/blib/lib:/home/cpan/pit/thr/conf/perl-5.18.3/.cpanplus/5.18.3/build/WaxhYtS_4T/Sort-HashKeys-0.005/blib/arch
PERL5_CPANPLUS_IS_RUNNING = 6311
PERL5_CPANPLUS_IS_VERSION = 0.9162
PERL5_MINISMOKEBOX = 0.58
PERL5_YACSMOKE_BASE = /home/cpan/pit/thr/conf/perl-5.18.3
PERL_EXTUTILS_AUTOINSTALL = --defaultdeps
PERL_MM_USE_DEFAULT = 1
SHELL = /usr/pkg/bin/bash
TERM = screen
Perl special variables (and OS-specific diagnostics, for MSWin32):
Perl: $^X = /home/cpan/pit/thr/perl-5.18.3/bin/perl
UID: $< = 1002
EUID: $> = 1002
GID: $( = 100 100
EGID: $) = 100 100
-------------------------------
--
Summary of my perl5 (revision 5 version 18 subversion 3) configuration:
Platform:
osname=netbsd, osvers=7.0.1, archname=amd64-netbsd-thread-multi
uname='netbsd niwed.bingosnet.co.uk 7.0.1 netbsd 7.0.1 (generic.201605221355z) amd64 '
config_args='-des -Dprefix=/home/cpan/pit/thr/perl-5.18.3 -Dusethreads'
hint=recommended, useposix=true, d_sigaction=define
useithreads=define, usemultiplicity=define
useperlio=define, d_sfio=undef, uselargefiles=define, usesocks=undef
use64bitint=define, use64bitall=define, uselongdouble=undef
usemymalloc=n, bincompat5005=undef
Compiler:
cc='cc', ccflags ='-fno-strict-aliasing -pipe -fstack-protector -I/usr/pkg/include',
optimize='-O',
cppflags='-fno-strict-aliasing -pipe -fstack-protector -I/usr/pkg/include'
ccversion='', gccversion='4.8.4', gccosandvers=''
intsize=4, longsize=8, ptrsize=8, doublesize=8, byteorder=12345678
d_longlong=define, longlongsize=8, d_longdbl=define, longdblsize=16
ivtype='long', ivsize=8, nvtype='double', nvsize=8, Off_t='off_t', lseeksize=8
alignbytes=8, prototype=define
Linker and Libraries:
ld='cc', ldflags =' -Wl,-rpath,/usr/pkg/lib -Wl,-rpath,/usr/local/lib -fstack-protector -L/usr/pkg/lib'
libpth=/usr/pkg/lib /lib /usr/lib
libs=-lgdbm -lm -lcrypt -lutil -lc -lposix -lpthread
perllibs=-lm -lcrypt -lutil -lc -lposix -lpthread
libc=/lib/libc.so, so=so, useshrplib=false, libperl=libperl.a
gnulibc_version=''
Dynamic Linking:
dlsrc=dl_dlopen.xs, dlext=so, d_dlsymun=undef, ccdlflags='-Wl,-E '
cccdlflags='-DPIC -fPIC ', lddlflags='-shared -L/usr/pkg/lib -fstack-protector'
Characteristics of this binary (from libperl):
Compile-time options: HAS_TIMES MULTIPLICITY PERLIO_LAYERS
PERL_DONT_CREATE_GVSV
PERL_HASH_FUNC_ONE_AT_A_TIME_HARD
PERL_IMPLICIT_CONTEXT PERL_MALLOC_WRAP
PERL_PRESERVE_IVUV PERL_SAWAMPERSAND USE_64_BIT_ALL
USE_64_BIT_INT USE_ITHREADS USE_LARGE_FILES
USE_LOCALE USE_LOCALE_COLLATE USE_LOCALE_CTYPE
USE_LOCALE_NUMERIC USE_PERLIO USE_PERL_ATOF
USE_REENTRANT_API
Locally applied patches:
Devel::PatchPerl 1.42
Built under netbsd
Compiled at Jun 2 2016 06:46:58
%ENV:
PERL5LIB=":/home/cpan/pit/thr/conf/perl-5.18.3/.cpanplus/5.18.3/build/WaxhYtS_4T/Sort-HashKeys-0.005/blib/lib:/home/cpan/pit/thr/conf/perl-5.18.3/.cpanplus/5.18.3/build/WaxhYtS_4T/Sort-HashKeys-0.005/blib/arch"
PERL5_CPANPLUS_IS_RUNNING="6311"
PERL5_CPANPLUS_IS_VERSION="0.9162"
PERL5_MINISMOKEBOX="0.58"
PERL5_YACSMOKE_BASE="/home/cpan/pit/thr/conf/perl-5.18.3"
PERL_EXTUTILS_AUTOINSTALL="--defaultdeps"
PERL_MM_USE_DEFAULT="1"
@INC:
/home/cpan/pit/thr/conf/perl-5.18.3/.cpanplus/5.18.3/build/WaxhYtS_4T/Sort-HashKeys-0.005/blib/lib
/home/cpan/pit/thr/conf/perl-5.18.3/.cpanplus/5.18.3/build/WaxhYtS_4T/Sort-HashKeys-0.005/blib/arch
/home/cpan/pit/thr/perl-5.18.3/lib/site_perl/5.18.3/amd64-netbsd-thread-multi
/home/cpan/pit/thr/perl-5.18.3/lib/site_perl/5.18.3
/home/cpan/pit/thr/perl-5.18.3/lib/5.18.3/amd64-netbsd-thread-multi
/home/cpan/pit/thr/perl-5.18.3/lib/5.18.3
.