Net-HTTP v6.22 Perl 5 v5.8.9 amd64-freebsd-thread-multi

Status
Fail
From
Chris Williams (BINGOS)
Dist
Net-HTTP v6.22
Platform
Perl 5 v5.8.9 amd64-freebsd-thread-multi
Date
2022-11-29 17:35:59
ID
49d67bc6-700c-11ed-aba6-9a79f339625c
This distribution has been tested as part of the CPAN Testers
project, supporting the Perl programming language.  See
http://wiki.cpantesters.org/ for more information or email
questions to cpan-testers-discuss@perl.org


--

Dear Olaf Alders,

This is a computer-generated error report created automatically by
CPANPLUS, version 0.9914. Testers personal comments may appear
at the end of this report.


Thank you for uploading your work to CPAN.  However, it appears that
there were some problems testing your distribution.

TEST RESULTS:

Below is the error stack from stage 'make test':

PERL_DL_NONLAZY=1 "/usr/home/cpan/pit/thr/perl-5.8.9/bin/perl" "-MExtUtils::Command::MM" "-MTest::Harness" "-e" "undef *Test::Harness::Switches; test_harness(0, 'blib/lib', 'blib/arch')" t/*.t
# 
# Versions for all modules listed in MYMETA.json (including optional ones):
# 
# === Configure Requires ===
# 
#     Module              Want Have
#     ------------------- ---- ----
#     ExtUtils::MakeMaker  any 7.64
# 
# === Configure Suggests ===
# 
#     Module      Want Have
#     -------- ------- ----
#     JSON::PP 2.27300 4.11
# 
# === Build Requires ===
# 
#     Module              Want Have
#     ------------------- ---- ----
#     ExtUtils::MakeMaker  any 7.64
# 
# === Test Requires ===
# 
#     Module              Want     Have
#     ------------------- ---- --------
#     Data::Dumper         any 2.121_17
#     ExtUtils::MakeMaker  any     7.64
#     File::Spec           any     3.75
#     IO::Select           any     1.17
#     Socket               any    2.036
#     Test::More           any 1.302191
# 
# === Test Recommends ===
# 
#     Module         Want     Have
#     ---------- -------- --------
#     CPAN::Meta 2.120900 2.150010
# 
# === Runtime Requires ===
# 
#     Module                 Want    Have
#     ---------------------- ---- -------
#     Carp                    any    1.10
#     Compress::Raw::Zlib     any   2.202
#     IO::Socket::INET        any    1.31
#     IO::Uncompress::Gunzip  any   2.201
#     URI                     any    5.17
#     base                    any    2.13
#     strict                  any    1.03
#     warnings                any 1.05_01
# 
# === Runtime Suggests ===
# 
#     Module             Want    Have
#     ----------------- ----- -------
#     IO::Socket          any    1.30
#     IO::Socket::INET6   any missing
#     IO::Socket::IP      any    0.41
#     IO::Socket::SSL   2.012 missing
#     Symbol              any    1.06
# 
t/00-report-prereqs.t .. ok
t/http-nb.t ............ ok
t/http.t ............... ok
t/live-https.t ......... skipped: IO::Socket::SSL or Net::SSL not available
read timeout at /usr/home/cpan/pit/thr/conf/perl-5.8.9/.cpanplus/5.8.9/build/Tq93nORQoI/Net-HTTP-6.22/blib/lib/Net/HTTP/Methods.pm line 272.
t/live.t ............... 
Dubious, test returned 255 (wstat 65280, 0xff00)
Failed 6/6 subtests 
# Looks like your test exited with 255 before it could output anything.
t/socket-class.t ....... ok

Test Summary Report
-------------------
t/live.t             (Wstat: 65280 (exited 255) Tests: 0 Failed: 0)
  Non-zero exit status: 255
  Parse errors: Bad plan.  You planned 6 tests but ran 0.
Files=6, Tests=57, 18 wallclock secs ( 0.14 usr  0.09 sys +  1.98 cusr  0.45 csys =  2.65 CPU)
Result: FAIL
Failed 1/6 test programs. 0/57 subtests failed.
*** Error code 255

Stop.
make: stopped in /usr/home/cpan/pit/thr/conf/perl-5.8.9/.cpanplus/5.8.9/build/Tq93nORQoI/Net-HTTP-6.22


PREREQUISITES:

Here is a list of prerequisites you specified and versions we
managed to load:

	  Module Name                        Have     Want
	  Carp                               1.10        0
	  Compress::Raw::Zlib               2.202        0
	  Data::Dumper                   2.121_17        0
	  ExtUtils::MakeMaker                7.64        0
	  File::Spec                         3.75        0
	  IO::Select                         1.17        0
	  IO::Socket::INET                   1.31        0
	  IO::Uncompress::Gunzip            2.201        0
	  Socket                            2.036        0
	  Test::More                     1.302191        0
	  URI                                5.17        0
	  base                               2.13        0
	  strict                             1.03        0
	  warnings                        1.05_01        0

Perl module toolchain versions installed:
	Module Name                        Have
	CPANPLUS                         0.9914
	CPANPLUS::Dist::Build              0.90
	Cwd                                3.75
	ExtUtils::CBuilder             0.280236
	ExtUtils::Command                  7.64
	ExtUtils::Install                  2.20
	ExtUtils::MakeMaker                7.64
	ExtUtils::Manifest                 1.73
	ExtUtils::ParseXS                  3.44
	File::Spec                         3.75
	Module::Build                    0.4231
	Pod::Parser                        1.35
	Pod::Simple                        3.43
	Test2                          1.302191
	Test::Harness                      3.44
	Test::More                     1.302191
	version                          0.9929

******************************** NOTE ********************************
The comments above are created mechanically, possibly without manual
checking by the sender.  As there are many people performing automatic
tests on each upload to CPAN, it is likely that you will receive
identical messages about the same problem.

If you believe that the message is mistaken, please reply to the first
one with correction and/or additional informations, and do not take
it personally.  We appreciate your patience. :)
**********************************************************************

Additional comments:


This report was machine-generated by CPANPLUS::Dist::YACSmoke 1.08.
Powered by minismokebox version 0.68

CPANPLUS is prefering Build.PL

------------------------------
ENVIRONMENT AND OTHER CONTEXT
------------------------------

Environment variables:

    AUTOMATED_TESTING = 1
    LANG = C.UTF-8
    NONINTERACTIVE_TESTING = 1
    PATH = /sbin:/bin:/usr/sbin:/usr/bin:/usr/local/sbin:/usr/local/bin:/home/cpan/bin
    PERL5LIB = /usr/home/cpan/pit/jail/9hUbUfXvQY/lib/perl5:/usr/home/cpan/pit/thr/conf/perl-5.8.9/.cpanplus/5.8.9/build/Tq93nORQoI/Net-HTTP-6.22/blib/lib:/usr/home/cpan/pit/thr/conf/perl-5.8.9/.cpanplus/5.8.9/build/Tq93nORQoI/Net-HTTP-6.22/blib/arch
    PERL5_CPANPLUS_IS_RUNNING = 3444
    PERL5_CPANPLUS_IS_VERSION = 0.9914
    PERL5_MINISMOKEBOX = 0.68
    PERL5_YACSMOKE_BASE = /usr/home/cpan/pit/thr/conf/perl-5.8.9
    PERL_EXTUTILS_AUTOINSTALL = --defaultdeps
    PERL_LOCAL_LIB_ROOT = /usr/home/cpan/pit/jail/9hUbUfXvQY
    PERL_MB_OPT = --install_base "/usr/home/cpan/pit/jail/9hUbUfXvQY"
    PERL_MM_OPT = INSTALL_BASE=/usr/home/cpan/pit/jail/9hUbUfXvQY
    PERL_MM_USE_DEFAULT = 1
    PERL_USE_UNSAFE_INC = 1
    SHELL = /usr/local/bin/bash
    TERM = screen

Perl special variables (and OS-specific diagnostics, for MSWin32):

    Perl: $^X = /usr/home/cpan/pit/thr/perl-5.8.9/bin/perl
    UID:  $<  = 1002
    EUID: $>  = 1002
    GID:  $(  = 1002 1002
    EGID: $)  = 1002 1002


-------------------------------


--

Summary of my perl5 (revision 5 version 8 subversion 9) configuration:
  Platform:
    osname=freebsd, osvers=13.1-release-p2, archname=amd64-freebsd-thread-multi
    uname='freebsd fever 13.1-release-p2 freebsd 13.1-release-p2 generic amd64 '
    config_args='-des -Dprefix=/usr/home/cpan/pit/thr/perl-5.8.9 -Dusethreads'
    hint=recommended, useposix=true, d_sigaction=define
    usethreads=define use5005threads=undef useithreads=define usemultiplicity=define
    useperlio=define d_sfio=undef uselargefiles=define usesocks=undef
    use64bitint=define use64bitall=define uselongdouble=undef
    usemymalloc=n, bincompat5005=undef
  Compiler:
    cc='cc', ccflags ='-DHAS_FPSETMASK -DHAS_FLOATINGPOINT_H -fno-strict-aliasing -pipe -I/usr/local/include',
    optimize='-O2',
    cppflags='-DHAS_FPSETMASK -DHAS_FLOATINGPOINT_H -fno-strict-aliasing -pipe -I/usr/local/include'
    ccversion='', gccversion='FreeBSD Clang 13.0.0 (git@github.com:llvm/llvm-project.git llvmorg-13.0.0-0-gd7b669b3a303)', gccosandvers=''
    intsize=4, longsize=8, ptrsize=8, doublesize=8, byteorder=12345678
    d_longlong=define, longlongsize=8, d_longdbl=define, longdblsize=16
    ivtype='long', ivsize=8, nvtype='double', nvsize=8, Off_t='off_t', lseeksize=8
    alignbytes=8, prototype=define
  Linker and Libraries:
    ld='cc', ldflags ='-pthread -Wl,-E  -L/usr/local/lib'
    libpth=/usr/lib /usr/local/lib
    libs=-lgdbm -ldl -lm -lcrypt -lutil
    perllibs=-ldl -lm -lcrypt -lutil
    libc=, so=so, useshrplib=false, libperl=libperl.a
    gnulibc_version=''
  Dynamic Linking:
    dlsrc=dl_dlopen.xs, dlext=so, d_dlsymun=undef, ccdlflags=' '
    cccdlflags='-DPIC -fPIC', lddlflags='-shared  -L/usr/local/lib'


Characteristics of this binary (from libperl): 
  Compile-time options: MULTIPLICITY PERL_IMPLICIT_CONTEXT PERL_MALLOC_WRAP
                        USE_64_BIT_ALL USE_64_BIT_INT USE_FAST_STDIO
                        USE_ITHREADS USE_LARGE_FILES USE_PERLIO
                        USE_REENTRANT_API
  Locally applied patches:
	Devel::PatchPerl 2.08
  Built under freebsd
  Compiled at Oct  8 2022 13:30:13
  %ENV:
    PERL5LIB="/usr/home/cpan/pit/jail/9hUbUfXvQY/lib/perl5:/usr/home/cpan/pit/thr/conf/perl-5.8.9/.cpanplus/5.8.9/build/Tq93nORQoI/Net-HTTP-6.22/blib/lib:/usr/home/cpan/pit/thr/conf/perl-5.8.9/.cpanplus/5.8.9/build/Tq93nORQoI/Net-HTTP-6.22/blib/arch"
    PERL5_CPANPLUS_IS_RUNNING="3444"
    PERL5_CPANPLUS_IS_VERSION="0.9914"
    PERL5_MINISMOKEBOX="0.68"
    PERL5_YACSMOKE_BASE="/usr/home/cpan/pit/thr/conf/perl-5.8.9"
    PERL_EXTUTILS_AUTOINSTALL="--defaultdeps"
    PERL_LOCAL_LIB_ROOT="/usr/home/cpan/pit/jail/9hUbUfXvQY"
    PERL_MB_OPT="--install_base "/usr/home/cpan/pit/jail/9hUbUfXvQY""
    PERL_MM_OPT="INSTALL_BASE=/usr/home/cpan/pit/jail/9hUbUfXvQY"
    PERL_MM_USE_DEFAULT="1"
    PERL_USE_UNSAFE_INC="1"
  @INC:
    /usr/home/cpan/pit/jail/9hUbUfXvQY/lib/perl5/5.8.9/amd64-freebsd-thread-multi
    /usr/home/cpan/pit/jail/9hUbUfXvQY/lib/perl5/5.8.9
    /usr/home/cpan/pit/jail/9hUbUfXvQY/lib/perl5/amd64-freebsd-thread-multi
    /usr/home/cpan/pit/jail/9hUbUfXvQY/lib/perl5
    /usr/home/cpan/pit/thr/conf/perl-5.8.9/.cpanplus/5.8.9/build/Tq93nORQoI/Net-HTTP-6.22/blib/lib
    /usr/home/cpan/pit/thr/conf/perl-5.8.9/.cpanplus/5.8.9/build/Tq93nORQoI/Net-HTTP-6.22/blib/arch
    /usr/home/cpan/pit/thr/perl-5.8.9/lib/5.8.9/amd64-freebsd-thread-multi
    /usr/home/cpan/pit/thr/perl-5.8.9/lib/5.8.9
    /usr/home/cpan/pit/thr/perl-5.8.9/lib/site_perl/5.8.9/amd64-freebsd-thread-multi
    /usr/home/cpan/pit/thr/perl-5.8.9/lib/site_perl/5.8.9
    .