Report for Catalyst-Plugin-RequireSSL-0.06

Back
From: metabase:user:9820532a-708b-1014-9a05-b18a96298da1
Subject: FAIL Catalyst-Plugin-RequireSSL-0.06 v5.8.9 FreeBSD
Date: 2011-12-21T21:39:41Z

This distribution has been tested as part of the CPAN Testers
project, supporting the Perl programming language.  See
http://wiki.cpantesters.org/ for more information or email
questions to cpan-testers-discuss@perl.org


--
Dear Andy Grundman,

This is a computer-generated report for Catalyst-Plugin-RequireSSL-0.06
on perl 5.8.9, created by CPAN-Reporter-1.2003.

Thank you for uploading your work to CPAN.  However, there was a problem
testing your distribution.

If you think this report is invalid, please consult the CPAN Testers Wiki
for suggestions on how to avoid getting FAIL reports for missing library
or binary dependencies, unsupported operating systems, and so on:

http://wiki.cpantesters.org/wiki/CPANAuthorNotes

Sections of this report:

    * Tester comments
    * Program output
    * Prerequisites
    * Environment and other context

------------------------------
TESTER COMMENTS
------------------------------

Additional comments from tester:

this report is from an automated smoke testing program
and was not reviewed by a human for accuracy

------------------------------
PROGRAM OUTPUT
------------------------------

Output from './Build test':

Argument "3.39_01" isn't numeric in subroutine entry at /home/test/perl5/perlbrew/perls/perl-5.8.9-th/lib/site_perl/5.8.9/Module/Build/Base.pm line 17.
t/01use..............ok
t/02pod..............skipped: set TEST_POD to enable this test
t/03podcoverage......skipped: set TEST_POD to enable this test
t/04ssl..............Argument "3.39_01" isn't numeric in subroutine entry at /home/test/perl5/perlbrew/perls/perl-5.8.9-th/lib/site_perl/5.8.9/Path/Class/Entity.pm line 8.
Argument "3.39_01" isn't numeric in subroutine entry at /home/test/perl5/perlbrew/perls/perl-5.8.9-th/lib/5.8.9/File/Temp.pm line 144.
Catalyst::Plugin::RequireSSL uses NEXT, which is deprecated. Please see the Class::C3::Adopt::NEXT documentation for details. NEXT used  at /usr/home/test/.cpan/build/Catalyst-Plugin-RequireSSL-0.06-cXqFpf/blib/lib/Catalyst/Plugin/RequireSSL.pm line 63
TestApp::C::SSL is using the deprecated Catalyst::Base, update your application as this will be removed in the next major release at /home/test/perl5/perlbrew/perls/perl-5.8.9-th/lib/site_perl/5.8.9/Catalyst/Base.pm line 7.
[warn] Your application is using the deprecated ::[MVC]:: type naming scheme.
Please switch your class names to ::Model::, ::View:: and ::Controller: as appropriate.
[warn] Action methods (default) found defined in your application class, TestApp. This is deprecated, please move them into a Root controller.
Not an ARRAY reference at /home/test/perl5/perlbrew/perls/perl-5.8.9-th/lib/site_perl/5.8.9/HTTP/Message/PSGI.pm line 73.
# Looks like your test exited with 255 before it could output anything.
 Dubious, test returned 255 (wstat 65280, 0xff00)
 Failed 15/15 subtests 
t/05ssl_host.........Argument "3.39_01" isn't numeric in subroutine entry at /home/test/perl5/perlbrew/perls/perl-5.8.9-th/lib/site_perl/5.8.9/Path/Class/Entity.pm line 8.
Argument "3.39_01" isn't numeric in subroutine entry at /home/test/perl5/perlbrew/perls/perl-5.8.9-th/lib/5.8.9/File/Temp.pm line 144.
Catalyst::Plugin::RequireSSL uses NEXT, which is deprecated. Please see the Class::C3::Adopt::NEXT documentation for details. NEXT used  at /usr/home/test/.cpan/build/Catalyst-Plugin-RequireSSL-0.06-cXqFpf/blib/lib/Catalyst/Plugin/RequireSSL.pm line 63
TestApp::C::SSL is using the deprecated Catalyst::Base, update your application as this will be removed in the next major release at /home/test/perl5/perlbrew/perls/perl-5.8.9-th/lib/site_perl/5.8.9/Catalyst/Base.pm line 7.
[warn] Your application is using the deprecated ::[MVC]:: type naming scheme.
Please switch your class names to ::Model::, ::View:: and ::Controller: as appropriate.
[warn] Action methods (default) found defined in your application class, TestApp. This is deprecated, please move them into a Root controller.
Not an ARRAY reference at /home/test/perl5/perlbrew/perls/perl-5.8.9-th/lib/site_perl/5.8.9/HTTP/Message/PSGI.pm line 73.
# Looks like your test exited with 255 before it could output anything.
 Dubious, test returned 255 (wstat 65280, 0xff00)
 Failed 6/6 subtests 
t/06remain_in_ssl....Argument "3.39_01" isn't numeric in subroutine entry at /home/test/perl5/perlbrew/perls/perl-5.8.9-th/lib/site_perl/5.8.9/Path/Class/Entity.pm line 8.
Argument "3.39_01" isn't numeric in subroutine entry at /home/test/perl5/perlbrew/perls/perl-5.8.9-th/lib/5.8.9/File/Temp.pm line 144.
Catalyst::Plugin::RequireSSL uses NEXT, which is deprecated. Please see the Class::C3::Adopt::NEXT documentation for details. NEXT used  at /usr/home/test/.cpan/build/Catalyst-Plugin-RequireSSL-0.06-cXqFpf/blib/lib/Catalyst/Plugin/RequireSSL.pm line 63
TestApp::C::SSL is using the deprecated Catalyst::Base, update your application as this will be removed in the next major release at /home/test/perl5/perlbrew/perls/perl-5.8.9-th/lib/site_perl/5.8.9/Catalyst/Base.pm line 7.
[warn] Your application is using the deprecated ::[MVC]:: type naming scheme.
Please switch your class names to ::Model::, ::View:: and ::Controller: as appropriate.
[warn] Action methods (default) found defined in your application class, TestApp. This is deprecated, please move them into a Root controller.
Not an ARRAY reference at /home/test/perl5/perlbrew/perls/perl-5.8.9-th/lib/site_perl/5.8.9/HTTP/Message/PSGI.pm line 73.
# Looks like your test exited with 255 before it could output anything.
 Dubious, test returned 255 (wstat 65280, 0xff00)
 Failed 6/6 subtests 

Test Summary Report
-------------------
t/04ssl          (Wstat: 65280 Tests: 0 Failed: 0)
  Non-zero exit status: 255
  Parse errors: Bad plan.  You planned 15 tests but ran 0.
t/05ssl_host     (Wstat: 65280 Tests: 0 Failed: 0)
  Non-zero exit status: 255
  Parse errors: Bad plan.  You planned 6 tests but ran 0.
t/06remain_in_ssl (Wstat: 65280 Tests: 0 Failed: 0)
  Non-zero exit status: 255
  Parse errors: Bad plan.  You planned 6 tests but ran 0.
Files=6, Tests=1,  5 wallclock secs ( 0.09 usr  0.19 sys +  3.46 cusr  0.55 csys =  4.30 CPU)
Result: FAIL
Failed 3/6 test programs. 0/1 subtests failed.

------------------------------
PREREQUISITES
------------------------------

Prerequisite modules loaded:

requires:

    Module   Need Have   
    -------- ---- -------
    Catalyst 5.23 5.90007


------------------------------
ENVIRONMENT AND OTHER CONTEXT
------------------------------

Environment variables:

    AUTOMATED_TESTING = 1
    LANG = C
    LC_ALL = C
    PATH = /home/test/perl5/perlbrew/bin:/home/test/perl5/perlbrew/perls/perl-5.8.9-th/bin:~/bin:/sbin:/bin:/usr/sbin:/usr/bin:/usr/games:/usr/local/sbin:/usr/local/bin:/home/test/bin
    PATH_WITHOUT_PERLBREW = ~/bin:/sbin:/bin:/usr/sbin:/usr/bin:/usr/games:/usr/local/sbin:/usr/local/bin:/home/test/bin
    PERL5LIB = 
    PERL5OPT = 
    PERL5_CPANPLUS_IS_RUNNING = 36917
    PERL5_CPAN_IS_RUNNING = 36917
    PERL5_CPAN_IS_RUNNING_IN_RECURSION = 1017,36917
    PERLBREW_BASHRC_VERSION = 0.33
    PERLBREW_HOME = /home/test/.perlbrew
    PERLBREW_PATH = /home/test/perl5/perlbrew/bin:/home/test/perl5/perlbrew/perls/perl-5.8.9-th/bin
    PERLBREW_PERL = perl-5.8.9-th
    PERLBREW_ROOT = /home/test/perl5/perlbrew
    PERLBREW_VERSION = 0.33
    PERL_CPANM_OPT = --prompt --mirror http://172.16.1.3/cpan/
    PERL_CR_SMOKER_CURRENT = Catalyst-Plugin-RequireSSL-0.06
    PERL_EXTUTILS_AUTOINSTALL = --defaultdeps
    PERL_MM_USE_DEFAULT = 1
    SHELL = /usr/local/bin/bash
    TERM = linux

Perl special variables (and OS-specific diagnostics, for MSWin32):

    $^X = /home/test/perl5/perlbrew/perls/perl-5.8.9-th/bin/perl
    $UID/$EUID = 1002 / 1002
    $GID = 1002 1002
    $EGID = 1002 1002

Perl module toolchain versions installed:

    Module              Have    
    ------------------- --------
    CPAN                1.9800  
    CPAN::Meta          2.112621
    Cwd                 3.39_01 
    ExtUtils::CBuilder  0.280202
    ExtUtils::Command   1.16    
    ExtUtils::Install   1.52    
    ExtUtils::MakeMaker 6.62    
    ExtUtils::Manifest  1.58    
    ExtUtils::ParseXS   3.08    
    File::Spec          3.39_01 
    JSON                2.27    
    JSON::PP            2.27008 
    Module::Build       0.3800  
    Module::Signature   n/a     
    Parse::CPAN::Meta   1.4401  
    Test::Harness       3.14    
    Test::More          0.98    
    YAML                0.73    
    YAML::Syck          1.19    
    version             0.95    


--

Summary of my perl5 (revision 5 version 8 subversion 9) configuration:
  Platform:
    osname=freebsd, osvers=8.1-release, archname=amd64-freebsd-thread-multi
    uname='freebsd fbsd.local 8.1-release freebsd 8.1-release #0: mon jul 19 02:36:49 utc 2010 root@mason.cse.buffalo.edu:usrobjusrsrcsysgeneric amd64 '
    config_args='-de -Dprefix=/home/test/perl5/perlbrew/perls/perl-5.8.9-th -Dusethreads'
    hint=recommended, useposix=true, d_sigaction=define
    usethreads=define use5005threads=undef useithreads=define usemultiplicity=define
    useperlio=define d_sfio=undef uselargefiles=define usesocks=undef
    use64bitint=define use64bitall=define uselongdouble=undef
    usemymalloc=n, bincompat5005=undef
  Compiler:
    cc='cc', ccflags ='-DHAS_FPSETMASK -DHAS_FLOATINGPOINT_H -fno-strict-aliasing -pipe -I/usr/local/include',
    optimize='-O',
    cppflags='-DHAS_FPSETMASK -DHAS_FLOATINGPOINT_H -fno-strict-aliasing -pipe -I/usr/local/include'
    ccversion='', gccversion='4.2.1 20070719  [FreeBSD]', gccosandvers=''
    intsize=4, longsize=8, ptrsize=8, doublesize=8, byteorder=12345678
    d_longlong=define, longlongsize=8, d_longdbl=define, longdblsize=16
    ivtype='long', ivsize=8, nvtype='double', nvsize=8, Off_t='off_t', lseeksize=8
    alignbytes=8, prototype=define
  Linker and Libraries:
    ld='cc', ldflags ='-pthread -Wl,-E  -L/usr/local/lib'
    libpth=/usr/lib /usr/local/lib
    libs=-lm -lcrypt
    perllibs=-lm -lcrypt
    libc=, so=so, useshrplib=false, libperl=libperl.a
    gnulibc_version=''
  Dynamic Linking:
    dlsrc=dl_dlopen.xs, dlext=so, d_dlsymun=undef, ccdlflags=' '
    cccdlflags='-DPIC -fPIC', lddlflags='-shared  -L/usr/local/lib'


Characteristics of this binary (from libperl): 
  Compile-time options: MULTIPLICITY PERL_IMPLICIT_CONTEXT PERL_MALLOC_WRAP
                        USE_64_BIT_ALL USE_64_BIT_INT USE_FAST_STDIO
                        USE_ITHREADS USE_LARGE_FILES USE_PERLIO
                        USE_REENTRANT_API
  Built under freebsd
  Compiled at Dec 14 2011 20:34:24
  %ENV:
    PERL5LIB=""
    PERL5OPT=""
    PERL5_CPANPLUS_IS_RUNNING="36917"
    PERL5_CPAN_IS_RUNNING="36917"
    PERL5_CPAN_IS_RUNNING_IN_RECURSION="1017,36917"
    PERLBREW_BASHRC_VERSION="0.33"
    PERLBREW_HOME="/home/test/.perlbrew"
    PERLBREW_PATH="/home/test/perl5/perlbrew/bin:/home/test/perl5/perlbrew/perls/perl-5.8.9-th/bin"
    PERLBREW_PERL="perl-5.8.9-th"
    PERLBREW_ROOT="/home/test/perl5/perlbrew"
    PERLBREW_VERSION="0.33"
    PERL_CPANM_OPT="--prompt --mirror http://172.16.1.3/cpan/"
    PERL_CR_SMOKER_CURRENT="Catalyst-Plugin-RequireSSL-0.06"
    PERL_EXTUTILS_AUTOINSTALL="--defaultdeps"
    PERL_MM_USE_DEFAULT="1"
  @INC:
    /home/test/perl5/perlbrew/perls/perl-5.8.9-th/lib/5.8.9/amd64-freebsd-thread-multi
    /home/test/perl5/perlbrew/perls/perl-5.8.9-th/lib/5.8.9
    /home/test/perl5/perlbrew/perls/perl-5.8.9-th/lib/site_perl/5.8.9/amd64-freebsd-thread-multi
    /home/test/perl5/perlbrew/perls/perl-5.8.9-th/lib/site_perl/5.8.9
    .