Report for Mail-SPF-v2.9.0

Back
From: metabase:user:9820532a-708b-1014-9a05-b18a96298da1
Subject: FAIL Mail-SPF-v2.9.0 v5.23.8 GNU/Linux
Date: 2016-03-04T10:17:25Z

This distribution has been tested as part of the CPAN Testers
project, supporting the Perl programming language.  See
http://wiki.cpantesters.org/ for more information or email
questions to cpan-testers-discuss@perl.org


--
Dear Julian Mehnle,

This is a computer-generated report for Mail-SPF-v2.9.0
on perl 5.23.8, created by CPAN-Reporter-1.2016.

Thank you for uploading your work to CPAN.  However, there was a problem
testing your distribution.

If you think this report is invalid, please consult the CPAN Testers Wiki
for suggestions on how to avoid getting FAIL reports for missing library
or binary dependencies, unsupported operating systems, and so on:

http://wiki.cpantesters.org/wiki/CPANAuthorNotes

Sections of this report:

    * Tester comments
    * Program output
    * Prerequisites
    * Environment and other context

------------------------------
TESTER COMMENTS
------------------------------

Additional comments from tester:

this report is from an automated smoke testing program
and was not reviewed by a human for accuracy

------------------------------
PROGRAM OUTPUT
------------------------------

Output from './Build test':

t/00.00-class-misc.t .......... ok
t/00.01-class-util.t .......... ok
t/00.02-class-request.t ....... ok
t/00.03-class-result.t ........ ok
deprecated method; see RT#37104 at /home/perlbrew/.cpan/build/Mail-SPF-v2.9.0-pHmWJ3/blib/lib/Mail/SPF/Server.pm line 566.
Unknown error on DNS 'A' lookup of 'example.com' (EDNSError) at /home/perlbrew/.cpan/build/Mail-SPF-v2.9.0-pHmWJ3/blib/lib/Mail/SPF/Server.pm line 573.
# Looks like you planned 23 tests but ran 19.
# Looks like your test exited with 255 just after 19.
t/00.04-class-server.t ........ 
Dubious, test returned 255 (wstat 65280, 0xff00)
Failed 4/23 subtests 
t/00.05-class-macrostring.t ... ok
t/00.99-class-misc.t .......... ok
t/10.00-rfc4408.t ............. skipped: Mail::SPF::Test required for testing Mail::SPF's RFC compliance
t/10.01-rfc4406.t ............. skipped: Mail::SPF::Test required for testing Mail::SPF's RFC compliance

#   Failed test 'POD test for blib/lib/Mail/SPF/Util.pm'
#   at /opt/perlbrew/perls/perl-5.23.8-thread-multi-ld/lib/site_perl/5.23.8/Test/Pod.pm line 187.
# blib/lib/Mail/SPF/Util.pm (157): L<> starts or ends with whitespace
# blib/lib/Mail/SPF/Util.pm (157): L<> starts or ends with whitespace
# Looks like you failed 1 test of 27.
t/90-author-pod-validation.t .. 
Dubious, test returned 1 (wstat 256, 0x100)
Failed 1/27 subtests 

Test Summary Report
-------------------
t/00.04-class-server.t      (Wstat: 65280 Tests: 19 Failed: 0)
  Non-zero exit status: 255
  Parse errors: Bad plan.  You planned 23 tests but ran 19.
t/90-author-pod-validation.t (Wstat: 256 Tests: 27 Failed: 1)
  Failed test:  12
  Non-zero exit status: 1
Files=10, Tests=155,  2 wallclock secs ( 0.04 usr  0.02 sys +  0.90 cusr  0.08 csys =  1.04 CPU)
Result: FAIL
Failed 2/10 test programs. 1/155 subtests failed.

------------------------------
PREREQUISITES
------------------------------

Prerequisite modules loaded:

requires:

    Module                           Need   Have    
    -------------------------------- ------ --------
    Error                            0      0.17024 
    Net::DNS                         0.62   1.04    
    NetAddr::IP                      4      4.078   
    perl                             5.006  5.023008
    URI                              1.13   1.71    
    version                          0      0.9914  

build_requires:

    Module                           Need   Have    
    -------------------------------- ------ --------
    Module::Build                    0.2805 0.4216  
    Net::DNS::Resolver::Programmable 0.003  v0.003  
    Test::More                       0      1.001014

configure_requires:

    Module                           Need   Have    
    -------------------------------- ------ --------
    Module::Build                    0.2805 0.4216  


------------------------------
ENVIRONMENT AND OTHER CONTEXT
------------------------------

Environment variables:

    AUTOMATED_TESTING = 1
    LANG = en_GB.UTF-8
    LANGUAGE = en_GB:en
    PATH = /opt/perlbrew/bin:/opt/perlbrew/perls/perl-5.23.8-thread-multi-ld/bin:~/bin:/usr/local/sbin:/usr/local/bin:/usr/sbin:/usr/bin:/sbin:/bin:/usr/games:/usr/local/games:/home/perlbrew/.rvm/bin
    PERL5LIB = /home/perlbrew/.cpan/build/Net-DNS-Resolver-Programmable-v0.003-5jCgHY/blib/arch:/home/perlbrew/.cpan/build/Net-DNS-Resolver-Programmable-v0.003-5jCgHY/blib/lib:/home/perlbrew/.cpan/build/Test-File-Contents-0.22-vaef0x/blib/arch:/home/perlbrew/.cpan/build/Test-File-Contents-0.22-vaef0x/blib/lib
    PERL5OPT = 
    PERL5_CPANPLUS_IS_RUNNING = 3365
    PERL5_CPAN_IS_RUNNING = 3365
    PERL5_CPAN_IS_RUNNING_IN_RECURSION = 18278,3365
    PERLBREW_BASHRC_VERSION = 0.74
    PERLBREW_HOME = /home/perlbrew/.perlbrew
    PERLBREW_MANPATH = /opt/perlbrew/perls/perl-5.23.8-thread-multi-ld/man
    PERLBREW_PATH = /opt/perlbrew/bin:/opt/perlbrew/perls/perl-5.23.8-thread-multi-ld/bin
    PERLBREW_PERL = perl-5.23.8-thread-multi-ld
    PERLBREW_ROOT = /opt/perlbrew
    PERLBREW_VERSION = 0.74
    PERL_CPANM_OPT = --mirror http://cpan.cpantesters.org
    PERL_CR_SMOKER_CURRENT = Mail-Milter-Authentication-Extra-v1.0.1
    PERL_EXTUTILS_AUTOINSTALL = --defaultdeps
    PERL_MM_USE_DEFAULT = 1
    SHELL = /bin/bash
    TERM = xterm

Perl special variables (and OS-specific diagnostics, for MSWin32):

    $^X = /opt/perlbrew/perls/perl-5.23.8-thread-multi-ld/bin/perl5.23.8
    $UID/$EUID = 1001 / 1001
    $GID = 1001 27 1001
    $EGID = 1001 27 1001

Perl module toolchain versions installed:

    Module              Have    
    ------------------- --------
    CPAN                2.11    
    CPAN::Meta          2.150005
    Cwd                 3.63    
    ExtUtils::CBuilder  0.280225
    ExtUtils::Command   7.10    
    ExtUtils::Install   2.04    
    ExtUtils::MakeMaker 7.10_01 
    ExtUtils::Manifest  1.70    
    ExtUtils::ParseXS   3.31    
    File::Spec          3.63    
    JSON                2.90    
    JSON::PP            2.27300 
    Module::Build       0.4216  
    Module::Signature   0.79    
    Parse::CPAN::Meta   1.4417  
    Test::Harness       3.36    
    Test::More          1.001014
    YAML                1.15    
    YAML::Syck          1.29    
    version             0.9914  


--

Summary of my perl5 (revision 5 version 23 subversion 8) configuration:
   
  Platform:
    osname=linux, osvers=4.2.0-30-generic, archname=x86_64-linux-thread-multi-ld
    uname='linux ubuntu 4.2.0-30-generic #36~14.04.1-ubuntu smp fri feb 26 18:49:23 utc 2016 x86_64 x86_64 x86_64 gnulinux '
    config_args='-de -Dprefix=/opt/perlbrew/perls/perl-5.23.8-thread-multi-ld -Duselongdouble -Dusemultiplicity -Dusethreads -Dusedevel -Aeval:scriptdir=/opt/perlbrew/perls/perl-5.23.8-thread-multi-ld/bin'
    hint=recommended, useposix=true, d_sigaction=define
    useithreads=define, usemultiplicity=define
    use64bitint=define, use64bitall=define, uselongdouble=define
    usemymalloc=n, bincompat5005=undef
  Compiler:
    cc='cc', ccflags ='-D_REENTRANT -D_GNU_SOURCE -fwrapv -fno-strict-aliasing -pipe -fstack-protector -I/usr/local/include -D_LARGEFILE_SOURCE -D_FILE_OFFSET_BITS=64',
    optimize='-O2',
    cppflags='-D_REENTRANT -D_GNU_SOURCE -fwrapv -fno-strict-aliasing -pipe -fstack-protector -I/usr/local/include'
    ccversion='', gccversion='4.8.4', gccosandvers=''
    intsize=4, longsize=8, ptrsize=8, doublesize=8, byteorder=12345678, doublekind=3
    d_longlong=define, longlongsize=8, d_longdbl=define, longdblsize=16, longdblkind=3
    ivtype='long', ivsize=8, nvtype='long double', nvsize=16, Off_t='off_t', lseeksize=8
    alignbytes=16, prototype=define
  Linker and Libraries:
    ld='cc', ldflags =' -fstack-protector -L/usr/local/lib'
    libpth=/usr/local/lib /usr/lib/gcc/x86_64-linux-gnu/4.8/include-fixed /usr/include/x86_64-linux-gnu /usr/lib /lib/x86_64-linux-gnu /lib/../lib /usr/lib/x86_64-linux-gnu /usr/lib/../lib /lib
    libs=-lpthread -lnsl -lgdbm -ldl -lm -lcrypt -lutil -lc -lgdbm_compat
    perllibs=-lpthread -lnsl -ldl -lm -lcrypt -lutil -lc
    libc=libc-2.19.so, so=so, useshrplib=false, libperl=libperl.a
    gnulibc_version='2.19'
  Dynamic Linking:
    dlsrc=dl_dlopen.xs, dlext=so, d_dlsymun=undef, ccdlflags='-Wl,-E'
    cccdlflags='-fPIC', lddlflags='-shared -O2 -L/usr/local/lib -fstack-protector'


Characteristics of this binary (from libperl): 
  Compile-time options: HAS_TIMES MULTIPLICITY PERLIO_LAYERS
                        PERL_COPY_ON_WRITE PERL_DONT_CREATE_GVSV
                        PERL_HASH_FUNC_ONE_AT_A_TIME_HARD
                        PERL_IMPLICIT_CONTEXT PERL_MALLOC_WRAP
                        PERL_PRESERVE_IVUV PERL_USE_DEVEL USE_64_BIT_ALL
                        USE_64_BIT_INT USE_ITHREADS USE_LARGE_FILES
                        USE_LOCALE USE_LOCALE_COLLATE USE_LOCALE_CTYPE
                        USE_LOCALE_NUMERIC USE_LOCALE_TIME USE_LONG_DOUBLE
                        USE_PERLIO USE_PERL_ATOF USE_REENTRANT_API
  Locally applied patches:
	Devel::PatchPerl 1.38
  Built under linux
  Compiled at Feb 29 2016 11:35:07
  %ENV:
    PERL5LIB="/home/perlbrew/.cpan/build/Net-DNS-Resolver-Programmable-v0.003-5jCgHY/blib/arch:/home/perlbrew/.cpan/build/Net-DNS-Resolver-Programmable-v0.003-5jCgHY/blib/lib:/home/perlbrew/.cpan/build/Test-File-Contents-0.22-vaef0x/blib/arch:/home/perlbrew/.cpan/build/Test-File-Contents-0.22-vaef0x/blib/lib"
    PERL5OPT=""
    PERL5_CPANPLUS_IS_RUNNING="3365"
    PERL5_CPAN_IS_RUNNING="3365"
    PERL5_CPAN_IS_RUNNING_IN_RECURSION="18278,3365"
    PERLBREW_BASHRC_VERSION="0.74"
    PERLBREW_HOME="/home/perlbrew/.perlbrew"
    PERLBREW_MANPATH="/opt/perlbrew/perls/perl-5.23.8-thread-multi-ld/man"
    PERLBREW_PATH="/opt/perlbrew/bin:/opt/perlbrew/perls/perl-5.23.8-thread-multi-ld/bin"
    PERLBREW_PERL="perl-5.23.8-thread-multi-ld"
    PERLBREW_ROOT="/opt/perlbrew"
    PERLBREW_VERSION="0.74"
    PERL_CPANM_OPT="--mirror http://cpan.cpantesters.org"
    PERL_CR_SMOKER_CURRENT="Mail-Milter-Authentication-Extra-v1.0.1"
    PERL_EXTUTILS_AUTOINSTALL="--defaultdeps"
    PERL_MM_USE_DEFAULT="1"
  @INC:
    /home/perlbrew/.cpan/build/Net-DNS-Resolver-Programmable-v0.003-5jCgHY/blib/arch
    /home/perlbrew/.cpan/build/Net-DNS-Resolver-Programmable-v0.003-5jCgHY/blib/lib
    /home/perlbrew/.cpan/build/Test-File-Contents-0.22-vaef0x/blib/arch
    /home/perlbrew/.cpan/build/Test-File-Contents-0.22-vaef0x/blib/lib
    /opt/perlbrew/perls/perl-5.23.8-thread-multi-ld/lib/site_perl/5.23.8/x86_64-linux-thread-multi-ld
    /opt/perlbrew/perls/perl-5.23.8-thread-multi-ld/lib/site_perl/5.23.8
    /opt/perlbrew/perls/perl-5.23.8-thread-multi-ld/lib/5.23.8/x86_64-linux-thread-multi-ld
    /opt/perlbrew/perls/perl-5.23.8-thread-multi-ld/lib/5.23.8
    .