Back
From: metabase:user:320bfe00-2aae-11df-837a-5e0a49663a4f
Subject: FAIL Data-Localize-Storage-MongoDB-0.001 v5.19.4 GNU/Linux
Date: 2013-08-21T14:16:37Z
This distribution has been tested as part of the CPAN Testers
project, supporting the Perl programming language. See
http://wiki.cpantesters.org/ for more information or email
questions to cpan-testers-discuss@perl.org
--
Dear Stevan Little,
This is a computer-generated report for Data-Localize-Storage-MongoDB-0.001
on perl 5.19.4, created by CPAN-Reporter-1.2010.
Thank you for uploading your work to CPAN. However, there was a problem
testing your distribution.
If you think this report is invalid, please consult the CPAN Testers Wiki
for suggestions on how to avoid getting FAIL reports for missing library
or binary dependencies, unsupported operating systems, and so on:
http://wiki.cpantesters.org/wiki/CPANAuthorNotes
Sections of this report:
* Tester comments
* Program output
* Prerequisites
* Environment and other context
------------------------------
TESTER COMMENTS
------------------------------
Additional comments from tester:
this report is from an automated smoke testing program
and was not reviewed by a human for accuracy
------------------------------
PROGRAM OUTPUT
------------------------------
Output from '/usr/bin/make test':
PERL_DL_NONLAZY=1 /tmp/basesmoker-reloperl-VxW6/bin/perl "-MExtUtils::Command::MM" "-e" "test_harness(0, 'blib/lib', 'blib/arch')" t/*.t
# Failed test 'use Data::Localize::Storage::MongoDB;'
# at t/000-load.t line 10.
# Tried to use 'Data::Localize::Storage::MongoDB'.
# Error: You can only consume roles, Data::Localize::Storage is not a Mouse role at /home/sand/src/perl/repoperls/installed-perls/perl/v5.19.3-8-g1f94b09/9980/lib/site_perl/5.19.4/x86_64-linux-thread-multi/Mouse/Util.pm line 324.
# Mouse::Util::apply_all_roles('Data::Localize::Storage::MongoDB', 'Data::Localize::Storage') called at /home/sand/src/perl/repoperls/installed-perls/perl/v5.19.3-8-g1f94b09/9980/lib/site_perl/5.19.4/x86_64-linux-thread-multi/Mouse.pm line 40
# Mouse::with('Data::Localize::Storage') called at /tmp/loop_over_bdir-24020-dfobI7/Data-Localize-Storage-MongoDB-0.001-VzDBX0/blib/lib/Data/Localize/Storage/MongoDB.pm line 5
# require Data/Localize/Storage/MongoDB.pm called at (eval 17) line 2
# main::BEGIN() called at /tmp/loop_over_bdir-24020-dfobI7/Data-Localize-Storage-MongoDB-0.001-VzDBX0/blib/lib/Data/Localize/Storage/MongoDB.pm line 0
# eval {...} called at /tmp/loop_over_bdir-24020-dfobI7/Data-Localize-Storage-MongoDB-0.001-VzDBX0/blib/lib/Data/Localize/Storage/MongoDB.pm line 0
# eval 'package main;
# use Data::Localize::Storage::MongoDB @{$args[0]};
# 1;
# ' called at /home/sand/src/perl/repoperls/installed-perls/perl/v5.19.3-8-g1f94b09/9980/lib/5.19.4/Test/More.pm line 885
# Test::More::_eval('package main;\x{a}use Data::Localize::Storage::MongoDB @{$args[0]...', 'ARRAY(0x18ecfc0)') called at /home/sand/src/perl/repoperls/installed-perls/perl/v5.19.3-8-g1f94b09/9980/lib/5.19.4/Test/More.pm line 860
# Test::More::use_ok('Data::Localize::Storage::MongoDB') called at t/000-load.t line 10
# Compilation failed in require at (eval 17) line 2.
# BEGIN failed--compilation aborted at (eval 17) line 2.
# Looks like you failed 1 test of 1.
t/000-load.t ...............
Dubious, test returned 1 (wstat 256, 0x100)
Failed 1/1 subtests
t/001-basic.t .............. skipped: couldn't connect to server localhost:27017 at /home/sand/src/perl/repoperls/installed-perls/perl/v5.19.3-8-g1f94b09/9980/lib/site_perl/5.19.4/x86_64-linux-thread-multi/MongoDB/MongoClient.pm line 228.
t/002-multilevel.t ......... skipped: couldn't connect to server localhost:27017 at /home/sand/src/perl/repoperls/installed-perls/perl/v5.19.3-8-g1f94b09/9980/lib/site_perl/5.19.4/x86_64-linux-thread-multi/MongoDB/MongoClient.pm line 228.
t/003-load-from-storage.t .. skipped: couldn't connect to server localhost:27017 at /home/sand/src/perl/repoperls/installed-perls/perl/v5.19.3-8-g1f94b09/9980/lib/site_perl/5.19.4/x86_64-linux-thread-multi/MongoDB/MongoClient.pm line 228.
Test Summary Report
-------------------
t/000-load.t (Wstat: 256 Tests: 1 Failed: 1)
Failed test: 1
Non-zero exit status: 1
Files=4, Tests=1, 2 wallclock secs ( 0.03 usr 0.00 sys + 1.25 cusr 0.08 csys = 1.36 CPU)
Result: FAIL
Failed 1/4 test programs. 1/1 subtests failed.
make: *** [test_dynamic] Error 255
------------------------------
PREREQUISITES
------------------------------
Prerequisite modules loaded:
requires:
Module Need Have
------------------- ------- -------
Data::Localize 0.00019 0.00025
MongoDB 0.40 0.702.1
build_requires:
Module Need Have
------------------- ------- -------
Test::More 0.88 0.98
configure_requires:
Module Need Have
------------------- ------- -------
ExtUtils::MakeMaker 6.31 6.72
------------------------------
ENVIRONMENT AND OTHER CONTEXT
------------------------------
Environment variables:
AUTOMATED_TESTING = 1
LANG = en_US.UTF-8
LANGUAGE = en_US:en
PATH = /usr/lib/ccache:/home/sand/bin:/usr/local/bin:/usr/bin:/bin:/usr/bin/X11:/usr/games:/usr/local/perl/bin:/usr/X11/bin:/sbin:/usr/sbin
PERL5LIB =
PERL5OPT =
PERL5_CPANPLUS_IS_RUNNING = 10227
PERL5_CPAN_IS_RUNNING = 10227
PERL_MM_USE_DEFAULT = 1
SHELL = /usr/bin/zsh
TERM = screen
Perl special variables (and OS-specific diagnostics, for MSWin32):
$^X = /tmp/basesmoker-reloperl-VxW6/bin/perl
$UID/$EUID = 1005 / 1005
$GID = 1005 1005
$EGID = 1005 1005
Perl module toolchain versions installed:
Module Have
------------------- --------
CPAN 2.00
CPAN::Meta 2.132140
Cwd 3.44
ExtUtils::CBuilder 0.280210
ExtUtils::Command 1.17
ExtUtils::Install 1.60
ExtUtils::MakeMaker 6.72
ExtUtils::Manifest 1.63
ExtUtils::ParseXS 3.21
File::Spec 3.44
JSON 2.59
JSON::PP 2.27202
Module::Build 0.4007
Module::Signature 0.73
Parse::CPAN::Meta 1.4405
Test::Harness 3.28
Test::More 0.98
YAML 0.84
YAML::Syck 1.27
version 0.9903
--
Summary of my perl5 (revision 5 version 19 subversion 4) configuration:
Commit id: 1f94b09d082f83faab35a3c2dacc96f90f60a555
Platform:
osname=linux, osvers=3.9-1-amd64, archname=x86_64-linux-thread-multi
uname='linux k83 3.9-1-amd64 #1 smp debian 3.9.8-1 x86_64 gnulinux '
config_args='-Dprefix=/home/sand/src/perl/repoperls/installed-perls/perl/v5.19.3-8-g1f94b09/9980 -Dmyhostname=k83 -Dinstallusrbinperl=n -Uversiononly -Dusedevel -des -Ui_db -Duseithreads -Uuselongdouble -DDEBUGGING=-g'
hint=recommended, useposix=true, d_sigaction=define
useithreads=define, usemultiplicity=define
useperlio=define, d_sfio=undef, uselargefiles=define, usesocks=undef
use64bitint=define, use64bitall=define, uselongdouble=undef
usemymalloc=n, bincompat5005=undef
Compiler:
cc='cc', ccflags ='-D_REENTRANT -D_GNU_SOURCE -fno-strict-aliasing -pipe -fstack-protector -I/usr/local/include -D_LARGEFILE_SOURCE -D_FILE_OFFSET_BITS=64',
optimize='-O2 -g',
cppflags='-D_REENTRANT -D_GNU_SOURCE -fno-strict-aliasing -pipe -fstack-protector -I/usr/local/include'
ccversion='', gccversion='4.8.1', gccosandvers=''
intsize=4, longsize=8, ptrsize=8, doublesize=8, byteorder=12345678
d_longlong=define, longlongsize=8, d_longdbl=define, longdblsize=16
ivtype='long', ivsize=8, nvtype='double', nvsize=8, Off_t='off_t', lseeksize=8
alignbytes=8, prototype=define
Linker and Libraries:
ld='cc', ldflags =' -fstack-protector -L/usr/local/lib'
libpth=/usr/local/lib /lib/x86_64-linux-gnu /lib/../lib /usr/lib/x86_64-linux-gnu /usr/lib/../lib /lib /usr/lib
libs=-lnsl -lgdbm -ldb -ldl -lm -lcrypt -lutil -lpthread -lc -lgdbm_compat
perllibs=-lnsl -ldl -lm -lcrypt -lutil -lpthread -lc
libc=, so=so, useshrplib=false, libperl=libperl.a
gnulibc_version='2.17'
Dynamic Linking:
dlsrc=dl_dlopen.xs, dlext=so, d_dlsymun=undef, ccdlflags='-Wl,-E'
cccdlflags='-fPIC', lddlflags='-shared -O2 -g -L/usr/local/lib -fstack-protector'
Characteristics of this binary (from libperl):
Compile-time options: HAS_TIMES MULTIPLICITY PERLIO_LAYERS
PERL_DONT_CREATE_GVSV
PERL_HASH_FUNC_ONE_AT_A_TIME_HARD
PERL_IMPLICIT_CONTEXT PERL_MALLOC_WRAP
PERL_NEW_COPY_ON_WRITE PERL_PRESERVE_IVUV
PERL_USE_DEVEL USE_64_BIT_ALL USE_64_BIT_INT
USE_ITHREADS USE_LARGE_FILES USE_LOCALE
USE_LOCALE_COLLATE USE_LOCALE_CTYPE
USE_LOCALE_NUMERIC USE_PERLIO USE_PERL_ATOF
USE_REENTRANT_API
Built under linux
Compiled at Aug 20 2013 22:31:55
%ENV:
PERL5LIB=""
PERL5OPT=""
PERL5_CPANPLUS_IS_RUNNING="10227"
PERL5_CPAN_IS_RUNNING="10227"
PERL_MM_USE_DEFAULT="1"
@INC:
/home/sand/src/perl/repoperls/installed-perls/perl/v5.19.3-8-g1f94b09/9980/lib/site_perl/5.19.4/x86_64-linux-thread-multi
/home/sand/src/perl/repoperls/installed-perls/perl/v5.19.3-8-g1f94b09/9980/lib/site_perl/5.19.4
/home/sand/src/perl/repoperls/installed-perls/perl/v5.19.3-8-g1f94b09/9980/lib/5.19.4/x86_64-linux-thread-multi
/home/sand/src/perl/repoperls/installed-perls/perl/v5.19.3-8-g1f94b09/9980/lib/5.19.4
.