Crypt-OpenSSL-PKCS10 v0.28-TRIAL Perl 5 v5.22.2 x86_64-linux

Status
Fail
From
Slaven Rezić
Dist
Crypt-OpenSSL-PKCS10 v0.28-TRIAL
Platform
Perl 5 v5.22.2 x86_64-linux
Date
2025-01-18 21:15:06
ID
4a7b1036-d5e1-11ef-ab7b-16f46d8775ea
This distribution has been tested as part of the CPAN Testers
project, supporting the Perl programming language.  See
http://wiki.cpantesters.org/ for more information or email
questions to cpan-testers-discuss@perl.org


--
Dear Timothy Legge,

This is a computer-generated report for Crypt-OpenSSL-PKCS10-0.28-TRIAL
on perl 5.22.2, created by CPAN-Reporter-1.2018.

Thank you for uploading your work to CPAN.  However, there was a problem
testing your distribution.

If you think this report is invalid, please consult the CPAN Testers Wiki
for suggestions on how to avoid getting FAIL reports for missing library
or binary dependencies, unsupported operating systems, and so on:

http://wiki.cpantesters.org/wiki/CPANAuthorNotes

Sections of this report:

    * Tester comments
    * Program output
    * Prerequisites
    * Environment and other context

------------------------------
TESTER COMMENTS
------------------------------

Additional comments from tester:

none provided

------------------------------
PROGRAM OUTPUT
------------------------------

Output from '/usr/bin/make test':

"/opt/perl-5.22.2/bin/perl" -MExtUtils::Command::MM -e 'cp_nonempty' -- PKCS10.bs blib/arch/auto/Crypt/OpenSSL/PKCS10/PKCS10.bs 644
PERL_DL_NONLAZY=1 "/opt/perl-5.22.2/bin/perl" "-MExtUtils::Command::MM" "-MTest::Harness" "-e" "undef *Test::Harness::Switches; test_harness(0, 'blib/lib', 'blib/arch')" t/*.t
t/10-rsa-keys.t ........ ok
Crypt::OpenSSL::PKCS10: EVP_PKEY_CTX_set_ec_paramgen_curve_nid failed for secp384r1 at /home/cpansand/.cpan/build/2025011819/Crypt-OpenSSL-PKCS10-0.28-1/blib/lib/Crypt/OpenSSL/PKCS10.pm line 77.
# Looks like your test exited with 255 just after 5.
t/20-ec.t .............. 
Dubious, test returned 255 (wstat 65280, 0xff00)
Failed 14/19 subtests 
Crypt::OpenSSL::PKCS10: EVP_PKEY_CTX_set_ec_paramgen_curve_nid failed for secp112r2 at /home/cpansand/.cpan/build/2025011819/Crypt-OpenSSL-PKCS10-0.28-1/blib/lib/Crypt/OpenSSL/PKCS10.pm line 77.
# Looks like your test exited with 255 just after 1.
t/30-ec-keys.t ......... 
Dubious, test returned 255 (wstat 65280, 0xff00)
Failed 627/628 subtests 
t/author-pod-spell.t ... skipped: these tests are for testing by the author
t/author-pod-syntax.t .. skipped: these tests are for testing by the author
-----BEGIN CERTIFICATE REQUEST-----
MIIBPzCBqQIBADAAMIGfMA0GCSqGSIb3DQEBAQUAA4GNADCBiQKBgQDDAZVyuryr
ZcbpcmiVxSoJ2NBq7vQsBpg0wAx3r7TRY5ARL2ZadZ0GM9uTd/QzQIGw/UFZiSZf
+Qik8Zt20MDZTxF6eixx71Hd6ch20EMlZDrRDy1+7tCmgSDvMTQzHoNYO3nAiST4
J0UewhVsMUgHnzZhmns/nV0CZGoGRme8awIDAQABoAAwDQYJKoZIhvcNAQELBQAD
gYEAnhEKiyujFMtMCwjBw3yrdBRGLRlnkoV6Xlb1tn1GMgIgoklds24EiIEKP988
9u69SzkJLXnCDgTzkrk4gubu3HZnv1XQiPMF8u6oNmQl1iO6yvEuGRgjPuCIa1ll
Y/EDGAPlCvL7XuA/1bNjdHAAMC1z5q4ncPNxCntk4b8N+Us=
-----END CERTIFICATE REQUEST-----
-----BEGIN PRIVATE KEY-----
MIICeAIBADANBgkqhkiG9w0BAQEFAASCAmIwggJeAgEAAoGBAMMBlXK6vKtlxuly
aJXFKgnY0Gru9CwGmDTADHevtNFjkBEvZlp1nQYz25N39DNAgbD9QVmJJl/5CKTx
m3bQwNlPEXp6LHHvUd3pyHbQQyVkOtEPLX7u0KaBIO8xNDMeg1g7ecCJJPgnRR7C
FWwxSAefNmGaez+dXQJkagZGZ7xrAgMBAAECgYAmWG5hxBSLg5TsnMGyCbYtf4Pk
Mx6ydY2Cee05r8RXlENlDbQLv6rj6FiaE/FiDqIyAmrSR2TTZG3tuVC/uWbiPB27
xuydxv1mxgf8mkYUgeNcrYhzMUvS6h/P1Wg8atUaNTMk4Zqf5t01Hi3mRrcP6R+n
o4h/0XH/iPmEY/ijKQJBAPZ1poAN70LjZqL1WRpgvMn9kcbpq9sg348TJym4e4om
uj5euIj/bbiiZmnPlvaoXE2hsMW56KFigGl0fsWXd7UCQQDKjgs6dDvXxfnSGlHF
fBaj5W7IEtzgGNGnXe/5LdmRMWPgq/wB0zrnJ397yoCISf+9vAIdZhK1ntTMRn3g
+refAkEAgu7z+rnsb4uh3lcb9ECKa4ET7in8DBlFy5vwRWDl+PokHbhyrw2MO/fD
EtmfKQE+sFuDLzhaF0reT6f9JXoXtQJBAJCXi15j4OAr3CTmUt8VsJe4zTcXeAKk
1OyTux12ZGwoBLM6MkAfSFoAMRnuOYiQwnXvwta3qb1qr19PJsa2UuMCQQDxFygI
xcYONDHxe+jyEYWKkNQiusiGS0hHTWZMJL0NZAyzikJQpC6AoTe5V0k7XSoFduI3
WqtZKbjjRc0nIbQy
-----END PRIVATE KEY-----


Public-Key: (1024 bit)
Modulus:

-----BEGIN CERTIFICATE REQUEST-----
MIIBPzCBqQIBADAAMIGfMA0GCSqGSIb3DQEBAQUAA4GNADCBiQKBgQDB2PvbgfGy
bOy5cN6gOLvtVoWp+KONCwklvDbkptradvf/N2dIVaGk6MUXf8vCoYqjeFqEu8Ao
liqea+SsfkBYC4oQQFf/sWmZrWbxE61toLm/6bMSMcTEfe9d656hDy7BE2itKuqE
wJBlbtuB1mCNaJSTPDBDndwte+alqImj8QIDAQABoAAwDQYJKoZIhvcNAQELBQAD
gYEAAhm0lJC+dhrvlYbbVYi9ZZEhasRg4vPv0FFC7o3oFfxvzb62fDQSTXh1ycYy
L5SJowxixCmkuw8PlwSlzodHWbXtnza7SWDmdkWeil6JFSQSF05KGdT882noOxhS
NQqPX6AlEuedKfLVxagKFvb8+UdB6VXnZJirQzmlh0Mib1I=
-----END CERTIFICATE REQUEST-----

Public-Key: (1024 bit)
Modulus:

rsa
-----BEGIN PUBLIC KEY-----
MIGfMA0GCSqGSIb3DQEBAQUAA4GNADCBiQKBgQDB2PvbgfGybOy5cN6gOLvtVoWp
+KONCwklvDbkptradvf/N2dIVaGk6MUXf8vCoYqjeFqEu8Aoliqea+SsfkBYC4oQ
QFf/sWmZrWbxE61toLm/6bMSMcTEfe9d656hDy7BE2itKuqEwJBlbtuB1mCNaJST
PDBDndwte+alqImj8QIDAQAB
-----END PUBLIC KEY-----

-----BEGIN CERTIFICATE REQUEST-----
MIIBPzCBqQIBADAAMIGfMA0GCSqGSIb3DQEBAQUAA4GNADCBiQKBgQCxLCBsnncB
LGdyNuTzDBXx4D1HVndpUEhiTHQNGzyIoY+VfqVbf3ETCeozfQMZUVwG+io4TSHA
mUx/gvMeKjDvVcq39oy33ugeX7GgfI3v9zcyBdV2qnV6+kIYli2d9UZtqPK3sxU/
DlM5liKqz+Ko/QQwEUYDPecrx38AUE2hsQIDAQABoAAwDQYJKoZIhvcNAQEMBQAD
gYEAFUnEuF0SxIEP58q5Saz9iMePZzR9jIFHFMZ1fb38fs3zUGCWVYgHzNuT5AUO
xJcztgfirjeltf1g1qgCO00O3FRujrykx4GPbP5135X3at/doQFq709eauoOsolc
YYdCbDSvOfu+y5xEqqCARz9FslRkpTVkpujLVwba0qEiCB0=
-----END CERTIFICATE REQUEST-----

Public-Key: (1024 bit)
Modulus:

rsa
-----BEGIN PUBLIC KEY-----
MIGfMA0GCSqGSIb3DQEBAQUAA4GNADCBiQKBgQCxLCBsnncBLGdyNuTzDBXx4D1H
VndpUEhiTHQNGzyIoY+VfqVbf3ETCeozfQMZUVwG+io4TSHAmUx/gvMeKjDvVcq3
9oy33ugeX7GgfI3v9zcyBdV2qnV6+kIYli2d9UZtqPK3sxU/DlM5liKqz+Ko/QQw
EUYDPecrx38AUE2hsQIDAQAB
-----END PUBLIC KEY-----

-----BEGIN CERTIFICATE REQUEST-----
MIICJzCCAZACAQAwKTELMAkGA1UEBhMCUk8xDDAKBgNVBAoMA1VUSTEMMAoGA1UE
CwwDc3NpMIGfMA0GCSqGSIb3DQEBAQUAA4GNADCBiQKBgQDAOrAM5hQHKaGzKO04
b6ENxn5XJdgKKnA2ZYYBmzGyJzlajqqT5s4hu5Qcx5FLmqYv4Z9JMtFv//iHIE22
LpQoTqmcE/jtRpA4bAffgFLhFfYLSrVL1KS6yh3pHqQtDyeNFejy/Aqu8YcQlP0G
1un9/rlky07YzC4JDlWn/uhXMQIDAQABoIG9MIG6BgkqhkiG9w0BCQ4xgawwgakw
DgYDVR0PAQH/BAQDAgWgMC4GA1UdJQQnMCUGCCsGAQUFBwMBBglghkgBhvhCBAEG
CisGAQQBgjcKAwMGAisEMBwGA1UdEQQVMBOBEXN0ZXZlQG9wZW5zc2wub3JnMB0G
A1UdDgQWBBT2+LhB2tQ6fsuzEAjeW8USrTIGfDAZBgMqAwMEEhYQTXkgbmV3IGV4
dGVuc2lvbjAPBgMqAwQECB4GAGEAYgBjMA0GCSqGSIb3DQEBCwUAA4GBAGyDCyFC
fEai6PFroPD7zNr6y+q6c6VAkEvTB2dboWjCyUrFO5XpmKIdCY38OVLvckGjA1ho
xyhPygrelu/pxZNc+MHo2wUbc0z9oe4TN88hKG03LSFuVF09oknOcnR+NzTqzCLQ
vdFqeqFh98nL7yupCFe0PfkdlpaXAj+uo+oF
-----END CERTIFICATE REQUEST-----
Public-Key: (1024 bit)
Modulus:

-----BEGIN PUBLIC KEY-----
MIGfMA0GCSqGSIb3DQEBAQUAA4GNADCBiQKBgQDAOrAM5hQHKaGzKO04b6ENxn5X
JdgKKnA2ZYYBmzGyJzlajqqT5s4hu5Qcx5FLmqYv4Z9JMtFv//iHIE22LpQoTqmc
E/jtRpA4bAffgFLhFfYLSrVL1KS6yh3pHqQtDyeNFejy/Aqu8YcQlP0G1un9/rlk
y07YzC4JDlWn/uhXMQIDAQAB
-----END PUBLIC KEY-----

t/Mytest.t ............. ok
t/release-kwalitee.t ... skipped: these tests are for release candidate testing
t/release-meta-json.t .. skipped: these tests are for release candidate testing

Test Summary Report
-------------------
t/20-ec.t            (Wstat: 65280 Tests: 5 Failed: 0)
  Non-zero exit status: 255
  Parse errors: Bad plan.  You planned 19 tests but ran 5.
t/30-ec-keys.t       (Wstat: 65280 Tests: 1 Failed: 0)
  Non-zero exit status: 255
  Parse errors: Bad plan.  You planned 628 tests but ran 1.
Files=8, Tests=78,  5 wallclock secs ( 0.03 usr  0.00 sys +  4.18 cusr  0.11 csys =  4.32 CPU)
Result: FAIL
Failed 2/8 test programs. 0/78 subtests failed.
make: *** [test_dynamic] Error 255

------------------------------
PREREQUISITES
------------------------------

Prerequisite modules loaded:

requires:

    Module                Need  Have    
    --------------------- ----- --------
    Crypt::OpenSSL::RSA   0     0.28    
    Exporter              0     5.72    
    perl                  5.008 5.022002
    XSLoader              0     0.24    

build_requires:

    Module                Need  Have    
    --------------------- ----- --------
    Crypt::OpenSSL::Guess 0.11  0.15    
    Crypt::OpenSSL::RSA   0     0.28    
    File::Slurper         0     0.009   
    File::Spec::Functions 0     3.62    
    File::Temp            0     0.2304  
    Import::Into          0     1.002005
    Test::Lib             0     0.002   
    Test::More            0     1.302052

configure_requires:

    Module                Need  Have    
    --------------------- ----- --------
    Crypt::OpenSSL::Guess 0.11  0.15    
    ExtUtils::MakeMaker   0     7.24    


------------------------------
ENVIRONMENT AND OTHER CONTEXT
------------------------------

Environment variables:

    LANG = en_US.UTF-8
    LANGUAGE = en_US:en
    LC_ALL = en_US.UTF-8
    PATH = /usr/local/bin:/usr/bin:/bin:/usr/local/sbin:/usr/sbin:/sbin:/home/cpansand/bin/linux-gnu:/home/cpansand/bin/sh:/home/cpansand/bin:/usr/games:/home/cpansand/devel:/home/eserte/src/srezic-misc/scripts
    PERL5LIB = /home/cpansand/.cpan/build/2025011819/Crypt-OpenSSL-Guess-0.15-1/blib/arch:/home/cpansand/.cpan/build/2025011819/Crypt-OpenSSL-Guess-0.15-1/blib/lib
    PERL5OPT = 
    PERL5_CPANPLUS_IS_RUNNING = 24447
    PERL5_CPAN_IS_RUNNING = 24447
    PERL5_CPAN_IS_RUNNING_IN_RECURSION = 30194,24447
    PERLDOC = -MPod::Perldoc::ToTextOverstrike
    PERL_BATCH = yes
    PERL_CANARY_STABILITY_NOPROMPT = 1
    PERL_CPAN_REPORTER_CONFIG = /var/tmp/cpansmoker-1023/2025011819/cpanreporter_000_config.ini
    PERL_EXTUTILS_AUTOINSTALL = --defaultdeps
    PERL_USE_UNSAFE_INC = 1
    SHELL = /bin/zsh
    TERM = screen
    TMPDIR = /var/tmp/cpansmoker-1023/2025011819

Perl special variables (and OS-specific diagnostics, for MSWin32):

    $^X = /opt/perl-5.22.2/bin/perl
    $UID/$EUID = 1023 / 1023
    $GID = 1023 1023
    $EGID = 1023 1023

Perl module toolchain versions installed:

    Module              Have    
    ------------------- --------
    CPAN                2.16    
    CPAN::Meta          2.150010
    Cwd                 3.62    
    ExtUtils::CBuilder  0.280221
    ExtUtils::Command   7.24    
    ExtUtils::Install   2.04    
    ExtUtils::MakeMaker 7.24    
    ExtUtils::Manifest  1.70    
    ExtUtils::ParseXS   3.28    
    File::Spec          3.62    
    JSON                2.90    
    JSON::PP            2.27300 
    Module::Build       0.4220  
    Module::Signature   0.81    
    Parse::CPAN::Meta   2.150010
    Test::Harness       3.35    
    Test::More          1.302052
    YAML                1.17    
    YAML::Syck          1.29    
    version             0.9917  


--

Summary of my perl5 (revision 5 version 22 subversion 2) configuration:
   
  Platform:
    osname=linux, osvers=3.2.0-4-amd64, archname=x86_64-linux
    uname='linux cvrsnica-wheezy 3.2.0-4-amd64 #1 smp debian 3.2.54-2 x86_64 gnulinux '
    config_args='-ds -e -Dprefix=/opt/perl-5.22.2 -Dcf_email=srezic@cpan.org'
    hint=recommended, useposix=true, d_sigaction=define
    useithreads=undef, usemultiplicity=undef
    use64bitint=define, use64bitall=define, uselongdouble=undef
    usemymalloc=n, bincompat5005=undef
  Compiler:
    cc='cc', ccflags ='-fwrapv -fno-strict-aliasing -pipe -fstack-protector -I/usr/local/include -D_LARGEFILE_SOURCE -D_FILE_OFFSET_BITS=64 -D_FORTIFY_SOURCE=2',
    optimize='-O2',
    cppflags='-fwrapv -fno-strict-aliasing -pipe -fstack-protector -I/usr/local/include'
    ccversion='', gccversion='4.7.2', gccosandvers=''
    intsize=4, longsize=8, ptrsize=8, doublesize=8, byteorder=12345678, doublekind=3
    d_longlong=define, longlongsize=8, d_longdbl=define, longdblsize=16, longdblkind=3
    ivtype='long', ivsize=8, nvtype='double', nvsize=8, Off_t='off_t', lseeksize=8
    alignbytes=8, prototype=define
  Linker and Libraries:
    ld='cc', ldflags =' -fstack-protector -L/usr/local/lib'
    libpth=/usr/local/lib /usr/lib/gcc/x86_64-linux-gnu/4.7/include-fixed /usr/include/x86_64-linux-gnu /usr/lib /lib/x86_64-linux-gnu /lib/../lib /usr/lib/x86_64-linux-gnu /usr/lib/../lib /lib
    libs=-lpthread -lnsl -ldb -ldl -lm -lcrypt -lutil -lc
    perllibs=-lpthread -lnsl -ldl -lm -lcrypt -lutil -lc
    libc=libc-2.13.so, so=so, useshrplib=false, libperl=libperl.a
    gnulibc_version='2.13'
  Dynamic Linking:
    dlsrc=dl_dlopen.xs, dlext=so, d_dlsymun=undef, ccdlflags='-Wl,-E'
    cccdlflags='-fPIC', lddlflags='-shared -O2 -L/usr/local/lib -fstack-protector'


Characteristics of this binary (from libperl): 
  Compile-time options: HAS_TIMES PERLIO_LAYERS PERL_DONT_CREATE_GVSV
                        PERL_HASH_FUNC_ONE_AT_A_TIME_HARD PERL_MALLOC_WRAP
                        PERL_NEW_COPY_ON_WRITE PERL_PRESERVE_IVUV
                        USE_64_BIT_ALL USE_64_BIT_INT USE_LARGE_FILES
                        USE_LOCALE USE_LOCALE_COLLATE USE_LOCALE_CTYPE
                        USE_LOCALE_NUMERIC USE_LOCALE_TIME USE_PERLIO
                        USE_PERL_ATOF
  Built under linux
  Compiled at May 29 2016 23:41:57
  %ENV:
    PERL5LIB="/home/cpansand/.cpan/build/2025011819/Crypt-OpenSSL-Guess-0.15-1/blib/arch:/home/cpansand/.cpan/build/2025011819/Crypt-OpenSSL-Guess-0.15-1/blib/lib"
    PERL5OPT=""
    PERL5_CPANPLUS_IS_RUNNING="24447"
    PERL5_CPAN_IS_RUNNING="24447"
    PERL5_CPAN_IS_RUNNING_IN_RECURSION="30194,24447"
    PERLDOC="-MPod::Perldoc::ToTextOverstrike"
    PERL_BATCH="yes"
    PERL_CANARY_STABILITY_NOPROMPT="1"
    PERL_CPAN_REPORTER_CONFIG="/var/tmp/cpansmoker-1023/2025011819/cpanreporter_000_config.ini"
    PERL_EXTUTILS_AUTOINSTALL="--defaultdeps"
    PERL_USE_UNSAFE_INC="1"
  @INC:
    /home/cpansand/.cpan/build/2025011819/Crypt-OpenSSL-Guess-0.15-1/blib/arch
    /home/cpansand/.cpan/build/2025011819/Crypt-OpenSSL-Guess-0.15-1/blib/lib
    /opt/perl-5.22.2/lib/site_perl/5.22.2/x86_64-linux
    /opt/perl-5.22.2/lib/site_perl/5.22.2
    /opt/perl-5.22.2/lib/5.22.2/x86_64-linux
    /opt/perl-5.22.2/lib/5.22.2
    .