Report for Module-Build-IkiWiki-0.0.6

Back
From: metabase:user:314402c4-2aae-11df-837a-5e0a49663a4f
Subject: FAIL Module-Build-IkiWiki-0.0.6 v5.22.3 RC5 GNU/Linux
Date: 2017-01-11T07:19:29Z

This distribution has been tested as part of the CPAN Testers
project, supporting the Perl programming language.  See
http://wiki.cpantesters.org/ for more information or email
questions to cpan-testers-discuss@perl.org


--
Dear Victor Moral,

This is a computer-generated report for Module-Build-IkiWiki-0.0.6
on perl 5.22.3, created by CPAN-Reporter-1.2018.

Thank you for uploading your work to CPAN.  However, there was a problem
testing your distribution.

If you think this report is invalid, please consult the CPAN Testers Wiki
for suggestions on how to avoid getting FAIL reports for missing library
or binary dependencies, unsupported operating systems, and so on:

http://wiki.cpantesters.org/wiki/CPANAuthorNotes

Sections of this report:

    * Tester comments
    * Program output
    * Prerequisites
    * Environment and other context

------------------------------
TESTER COMMENTS
------------------------------

Additional comments from tester:

none provided

------------------------------
PROGRAM OUTPUT
------------------------------

Output from './Build test':

"my" variable $prop masks earlier declaration in same scope at /tmpfs/.cpan-build-cpansand/2017011103/Module-Build-IkiWiki-0.0.6-1/blib/lib/Module/Build/IkiWiki.pm line 50.

#   Failed test 'use Module::Build::IkiWiki;'
#   at t/00.load.t line 4.
#     Tried to use 'Module::Build::IkiWiki'.
#     Error:  syntax error at /tmpfs/.cpan-build-cpansand/2017011103/Module-Build-IkiWiki-0.0.6-1/blib/lib/Module/Build/IkiWiki.pm line 30, near "$other qw(ikiwiki_templates ikiwiki_css)"
# Global symbol "$other" requires explicit package name (did you forget to declare "my $other"?) at /tmpfs/.cpan-build-cpansand/2017011103/Module-Build-IkiWiki-0.0.6-1/blib/lib/Module/Build/IkiWiki.pm line 31.
# Global symbol "$prop" requires explicit package name (did you forget to declare "my $prop"?) at /tmpfs/.cpan-build-cpansand/2017011103/Module-Build-IkiWiki-0.0.6-1/blib/lib/Module/Build/IkiWiki.pm line 32.
# Global symbol "$other" requires explicit package name (did you forget to declare "my $other"?) at /tmpfs/.cpan-build-cpansand/2017011103/Module-Build-IkiWiki-0.0.6-1/blib/lib/Module/Build/IkiWiki.pm line 32.
# Global symbol "$self" requires explicit package name (did you forget to declare "my $self"?) at /tmpfs/.cpan-build-cpansand/2017011103/Module-Build-IkiWiki-0.0.6-1/blib/lib/Module/Build/IkiWiki.pm line 36.
# Can't use global @_ in "my" at /tmpfs/.cpan-build-cpansand/2017011103/Module-Build-IkiWiki-0.0.6-1/blib/lib/Module/Build/IkiWiki.pm line 40, near "=   @_"
# Global symbol "$self" requires explicit package name (did you forget to declare "my $self"?) at /tmpfs/.cpan-build-cpansand/2017011103/Module-Build-IkiWiki-0.0.6-1/blib/lib/Module/Build/IkiWiki.pm line 41.
# syntax error at /tmpfs/.cpan-build-cpansand/2017011103/Module-Build-IkiWiki-0.0.6-1/blib/lib/Module/Build/IkiWiki.pm line 48, near "$category qw(templates css)"
# Global symbol "$category" requires explicit package name (did you forget to declare "my $category"?) at /tmpfs/.cpan-build-cpansand/2017011103/Module-Build-IkiWiki-0.0.6-1/blib/lib/Module/Build/IkiWiki.pm line 57.
# syntax error at /tmpfs/.cpan-build-cpansand/2017011103/Module-Build-IkiWiki-0.0.6-1/blib/lib/Module/Build/IkiWiki.pm line 74, near "}"
# /tmpfs/.cpan-build-cpansand/2017011103/Module-Build-IkiWiki-0.0.6-1/blib/lib/Module/Build/IkiWiki.pm has too many errors.
# Compilation failed in require at t/00.load.t line 4.
# BEGIN failed--compilation aborted at t/00.load.t line 4.
# Testing Module::Build::IkiWiki 
# Looks like you failed 1 test of 1.
t/00.load.t .......... 
Dubious, test returned 1 (wstat 256, 0x100)
Failed 1/1 subtests 
"my" variable $prop masks earlier declaration in same scope at lib/Module/Build/IkiWiki.pm line 50.

#   Failed test 'use Module::Build::IkiWiki;'
#   at t/01.new.t line 12.
#     Tried to use 'Module::Build::IkiWiki'.
#     Error:  syntax error at lib/Module/Build/IkiWiki.pm line 30, near "$other qw(ikiwiki_templates ikiwiki_css)"
# Global symbol "$other" requires explicit package name (did you forget to declare "my $other"?) at lib/Module/Build/IkiWiki.pm line 31.
# Global symbol "$prop" requires explicit package name (did you forget to declare "my $prop"?) at lib/Module/Build/IkiWiki.pm line 32.
# Global symbol "$other" requires explicit package name (did you forget to declare "my $other"?) at lib/Module/Build/IkiWiki.pm line 32.
# Global symbol "$self" requires explicit package name (did you forget to declare "my $self"?) at lib/Module/Build/IkiWiki.pm line 36.
# Can't use global @_ in "my" at lib/Module/Build/IkiWiki.pm line 40, near "=   @_"
# Global symbol "$self" requires explicit package name (did you forget to declare "my $self"?) at lib/Module/Build/IkiWiki.pm line 41.
# syntax error at lib/Module/Build/IkiWiki.pm line 48, near "$category qw(templates css)"
# Global symbol "$category" requires explicit package name (did you forget to declare "my $category"?) at lib/Module/Build/IkiWiki.pm line 57.
# syntax error at lib/Module/Build/IkiWiki.pm line 74, near "}"
# lib/Module/Build/IkiWiki.pm has too many errors.
# Compilation failed in require at t/01.new.t line 12.
# BEGIN failed--compilation aborted at t/01.new.t line 12.
# Looks like you failed 1 test of 2.
t/01.new.t ........... 
Dubious, test returned 1 (wstat 256, 0x100)
Failed 1/2 subtests 
"my" variable $prop masks earlier declaration in same scope at lib/Module/Build/IkiWiki.pm line 50.

#   Failed test 'use Module::Build::IkiWiki;'
#   at /opt/perl-5.22.3-RC5/lib/site_perl/5.22.3/Test/Distribution.pm line 177.
#     Tried to use 'Module::Build::IkiWiki'.
#     Error:  syntax error at lib/Module/Build/IkiWiki.pm line 30, near "$other qw(ikiwiki_templates ikiwiki_css)"
# Global symbol "$other" requires explicit package name (did you forget to declare "my $other"?) at lib/Module/Build/IkiWiki.pm line 31.
# Global symbol "$prop" requires explicit package name (did you forget to declare "my $prop"?) at lib/Module/Build/IkiWiki.pm line 32.
# Global symbol "$other" requires explicit package name (did you forget to declare "my $other"?) at lib/Module/Build/IkiWiki.pm line 32.
# Global symbol "$self" requires explicit package name (did you forget to declare "my $self"?) at lib/Module/Build/IkiWiki.pm line 36.
# Can't use global @_ in "my" at lib/Module/Build/IkiWiki.pm line 40, near "=   @_"
# Global symbol "$self" requires explicit package name (did you forget to declare "my $self"?) at lib/Module/Build/IkiWiki.pm line 41.
# syntax error at lib/Module/Build/IkiWiki.pm line 48, near "$category qw(templates css)"
# Global symbol "$category" requires explicit package name (did you forget to declare "my $category"?) at lib/Module/Build/IkiWiki.pm line 57.
# syntax error at lib/Module/Build/IkiWiki.pm line 74, near "}"
# lib/Module/Build/IkiWiki.pm has too many errors.
# Compilation failed in require at /opt/perl-5.22.3-RC5/lib/site_perl/5.22.3/Test/Distribution.pm line 177.
# BEGIN failed--compilation aborted at /opt/perl-5.22.3-RC5/lib/site_perl/5.22.3/Test/Distribution.pm line 177.

#   Failed test 'Module::Build::IkiWiki defines a version'
#   at /opt/perl-5.22.3-RC5/lib/site_perl/5.22.3/Test/Distribution.pm line 212.

#   Failed test 'POD test for blib/lib/Module/Build/IkiWiki.pm'
#   at /opt/perl-5.22.3-RC5/lib/site_perl/5.22.3/Test/Distribution.pm line 144.
# blib/lib/Module/Build/IkiWiki.pm (213): Non-ASCII character seen before =encoding in 'Víctor'. Assuming CP1252

#   Failed test 'Pod Coverage ok'
#   at /opt/perl-5.22.3-RC5/lib/site_perl/5.22.3/Test/Distribution.pm line 165.
# Module::Build::IkiWiki: requiring 'Module::Build::IkiWiki' failed
# Looks like you failed 4 tests of 10.
t/99.distribution.t .. 
Dubious, test returned 4 (wstat 1024, 0x400)
Failed 4/10 subtests 
	(less 1 skipped subtest: 5 okay)

#   Failed test 'Test::Perl::Critic for "blib/script/pod2mdwn"'
#   at /opt/perl-5.22.3-RC5/lib/site_perl/5.22.3/Test/Perl/Critic.pm line 104.
# 
#   Private Member Data shouldn't be accessed directly at line 62, column 25.  Accessing an objects data directly breaks encapsulation and should be avoided.  Example: $object->{ some_key }.  (Severity: 5)
#   Private Member Data shouldn't be accessed directly at line 73, column 17.  Accessing an objects data directly breaks encapsulation and should be avoided.  Example: $object->{ some_key }.  (Severity: 5)
#   Private Member Data shouldn't be accessed directly at line 74, column 54.  Accessing an objects data directly breaks encapsulation and should be avoided.  Example: $object->{ some_key }.  (Severity: 5)
#   Private Member Data shouldn't be accessed directly at line 77, column 17.  Accessing an objects data directly breaks encapsulation and should be avoided.  Example: $object->{ some_key }.  (Severity: 5)
#   Private Member Data shouldn't be accessed directly at line 78, column 62.  Accessing an objects data directly breaks encapsulation and should be avoided.  Example: $object->{ some_key }.  (Severity: 5)
#   Private Member Data shouldn't be accessed directly at line 90, column 13.  Accessing an objects data directly breaks encapsulation and should be avoided.  Example: $object->{ some_key }.  (Severity: 5)
#   Private Member Data shouldn't be accessed directly at line 98, column 31.  Accessing an objects data directly breaks encapsulation and should be avoided.  Example: $object->{ some_key }.  (Severity: 5)
#   Private Member Data shouldn't be accessed directly at line 135, column 17.  Accessing an objects data directly breaks encapsulation and should be avoided.  Example: $object->{ some_key }.  (Severity: 5)
#   Private Member Data shouldn't be accessed directly at line 138, column 17.  Accessing an objects data directly breaks encapsulation and should be avoided.  Example: $object->{ some_key }.  (Severity: 5)
#   Private Member Data shouldn't be accessed directly at line 141, column 17.  Accessing an objects data directly breaks encapsulation and should be avoided.  Example: $object->{ some_key }.  (Severity: 5)
#   Private Member Data shouldn't be accessed directly at line 148, column 9.  Accessing an objects data directly breaks encapsulation and should be avoided.  Example: $object->{ some_key }.  (Severity: 5)
#   Private Member Data shouldn't be accessed directly at line 153, column 9.  Accessing an objects data directly breaks encapsulation and should be avoided.  Example: $object->{ some_key }.  (Severity: 5)
#   Private Member Data shouldn't be accessed directly at line 157, column 25.  Accessing an objects data directly breaks encapsulation and should be avoided.  Example: $object->{ some_key }.  (Severity: 5)
#   Private Member Data shouldn't be accessed directly at line 183, column 9.  Accessing an objects data directly breaks encapsulation and should be avoided.  Example: $object->{ some_key }.  (Severity: 5)
#   Private Member Data shouldn't be accessed directly at line 184, column 13.  Accessing an objects data directly breaks encapsulation and should be avoided.  Example: $object->{ some_key }.  (Severity: 5)
#   Private Member Data shouldn't be accessed directly at line 185, column 13.  Accessing an objects data directly breaks encapsulation and should be avoided.  Example: $object->{ some_key }.  (Severity: 5)
#   Private Member Data shouldn't be accessed directly at line 185, column 29.  Accessing an objects data directly breaks encapsulation and should be avoided.  Example: $object->{ some_key }.  (Severity: 5)
#   Private Member Data shouldn't be accessed directly at line 186, column 13.  Accessing an objects data directly breaks encapsulation and should be avoided.  Example: $object->{ some_key }.  (Severity: 5)

#   Failed test 'Test::Perl::Critic for "blib/lib/Module/Build/IkiWiki.pm"'
#   at /opt/perl-5.22.3-RC5/lib/site_perl/5.22.3/Test/Perl/Critic.pm line 104.
# 
#   Private Member Data shouldn't be accessed directly at line 27, column 22.  Accessing an objects data directly breaks encapsulation and should be avoided.  Example: $object->{ some_key }.  (Severity: 5)
#   Private Member Data shouldn't be accessed directly at line 28, column 9.  Accessing an objects data directly breaks encapsulation and should be avoided.  Example: $object->{ some_key }.  (Severity: 5)
#   Private Member Data shouldn't be accessed directly at line 31, column 24.  Accessing an objects data directly breaks encapsulation and should be avoided.  Example: $object->{ some_key }.  (Severity: 5)
#   Private Member Data shouldn't be accessed directly at line 32, column 13.  Accessing an objects data directly breaks encapsulation and should be avoided.  Example: $object->{ some_key }.  (Severity: 5)
#   Private Member Data shouldn't be accessed directly at line 50, column 31.  Accessing an objects data directly breaks encapsulation and should be avoided.  Example: $object->{ some_key }.  (Severity: 5)
#   Private Member Data shouldn't be accessed directly at line 57, column 37.  Accessing an objects data directly breaks encapsulation and should be avoided.  Example: $object->{ some_key }.  (Severity: 5)
t/perlcritic.t ....... 
Dubious, test returned 1 (wstat 256, 0x100)
Failed 2/2 subtests 
"my" variable $prop masks earlier declaration in same scope at /tmpfs/.cpan-build-cpansand/2017011103/Module-Build-IkiWiki-0.0.6-1/blib/lib/Module/Build/IkiWiki.pm line 50.

#   Failed test 'Pod coverage on Module::Build::IkiWiki'
#   at /opt/perl-5.22.3-RC5/lib/site_perl/5.22.3/Test/Pod/Coverage.pm line 133.
# Module::Build::IkiWiki: requiring 'Module::Build::IkiWiki' failed
# Looks like you failed 1 test of 1.
t/pod-coverage.t ..... 
Dubious, test returned 1 (wstat 256, 0x100)
Failed 1/1 subtests 

#   Failed test 'POD test for blib/script/pod2mdwn'
#   at /opt/perl-5.22.3-RC5/lib/site_perl/5.22.3/Test/Pod.pm line 187.
# blib/script/pod2mdwn (289): Non-ASCII character seen before =encoding in 'Víctor'. Assuming UTF-8

#   Failed test 'POD test for blib/lib/Module/Build/IkiWiki.pm'
#   at /opt/perl-5.22.3-RC5/lib/site_perl/5.22.3/Test/Pod.pm line 187.
# blib/lib/Module/Build/IkiWiki.pm (213): Non-ASCII character seen before =encoding in 'Víctor'. Assuming CP1252
# Looks like you failed 2 tests of 2.
t/pod.t .............. 
Dubious, test returned 2 (wstat 512, 0x200)
Failed 2/2 subtests 

Test Summary Report
-------------------
t/00.load.t        (Wstat: 256 Tests: 1 Failed: 1)
  Failed test:  1
  Non-zero exit status: 1
t/01.new.t         (Wstat: 256 Tests: 2 Failed: 1)
  Failed test:  1
  Non-zero exit status: 1
t/99.distribution.t (Wstat: 1024 Tests: 10 Failed: 4)
  Failed tests:  2-3, 5, 10
  Non-zero exit status: 4
t/perlcritic.t     (Wstat: 256 Tests: 2 Failed: 2)
  Failed tests:  1-2
  Non-zero exit status: 1
t/pod-coverage.t   (Wstat: 256 Tests: 1 Failed: 1)
  Failed test:  1
  Non-zero exit status: 1
t/pod.t            (Wstat: 512 Tests: 2 Failed: 2)
  Failed tests:  1-2
  Non-zero exit status: 2
Files=6, Tests=18,  3 wallclock secs ( 0.02 usr  0.03 sys +  1.40 cusr  0.25 csys =  1.70 CPU)
Result: FAIL
Failed 6/6 test programs. 11/18 subtests failed.

------------------------------
PREREQUISITES
------------------------------

Prerequisite modules loaded:

requires:

    Module        Need Have    
    ------------- ---- --------
    Module::Build 0.26 0.4220  
    Test::More    0    1.302073


------------------------------
ENVIRONMENT AND OTHER CONTEXT
------------------------------

Environment variables:

    LANG = C
    LC_ALL = de_DE.UTF-8
    PATH = /usr/local/bin:/usr/bin:/bin:/usr/local/sbin:/usr/sbin:/sbin:/home/cpansand/bin/linux-gnu:/home/cpansand/bin/sh:/home/cpansand/bin:/usr/games:/home/cpansand/devel:/home/eserte/src/srezic-misc/scripts
    PERL5LIB = 
    PERL5OPT = 
    PERL5_CPANPLUS_IS_RUNNING = 31154
    PERL5_CPAN_IS_RUNNING = 31154
    PERL5_CPAN_IS_RUNNING_IN_RECURSION = 19340,31154
    PERLDOC = -MPod::Perldoc::ToTextOverstrike
    PERL_BATCH = yes
    PERL_CANARY_STABILITY_NOPROMPT = 1
    PERL_CPAN_REPORTER_CONFIG = /var/tmp/cpansmoker-1023/2017011018/cpanreporter_001_config.ini
    PERL_EXTUTILS_AUTOINSTALL = --defaultdeps
    PERL_PARALLEL_SMOKER = yes
    PERL_USE_UNSAFE_INC = 1
    SHELL = /bin/zsh
    TERM = screen
    TMPDIR = /var/tmp/cpansmoker-1023/2017011018

Perl special variables (and OS-specific diagnostics, for MSWin32):

    $^X = /bbbike/perl-5.22.3-RC5/bin/perl
    $UID/$EUID = 1023 / 1023
    $GID = 1023 1023
    $EGID = 1023 1023

Perl module toolchain versions installed:

    Module              Have    
    ------------------- --------
    CPAN                2.14    
    CPAN::Meta          2.150010
    Cwd                 3.62    
    ExtUtils::CBuilder  0.280224
    ExtUtils::Command   7.24    
    ExtUtils::Install   2.04    
    ExtUtils::MakeMaker 7.24    
    ExtUtils::Manifest  1.70    
    ExtUtils::ParseXS   3.30    
    File::Spec          3.62    
    JSON                2.90    
    JSON::PP            2.27400 
    Module::Build       0.4220  
    Module::Signature   0.81    
    Parse::CPAN::Meta   2.150010
    Test::Harness       3.36    
    Test::More          1.302073
    YAML                1.21    
    YAML::Syck          1.29    
    version             0.9917  


--

Summary of my perl5 (revision 5 version 22 subversion 3) configuration:
   
  Platform:
    osname=linux, osvers=3.16.0-4-amd64, archname=x86_64-linux
    uname='linux eserte 3.16.0-4-amd64 #1 smp debian 3.16.36-1+deb8u2 (2016-10-19) x86_64 gnulinux '
    config_args='-ds -e -Dprefix=/opt/perl-5.22.3-RC5 -Dcf_email=srezic@cpan.org'
    hint=recommended, useposix=true, d_sigaction=define
    useithreads=undef, usemultiplicity=undef
    use64bitint=define, use64bitall=define, uselongdouble=undef
    usemymalloc=n, bincompat5005=undef
  Compiler:
    cc='cc', ccflags ='-fwrapv -fno-strict-aliasing -pipe -fstack-protector-strong -I/usr/local/include -D_LARGEFILE_SOURCE -D_FILE_OFFSET_BITS=64 -D_FORTIFY_SOURCE=2',
    optimize='-O2',
    cppflags='-fwrapv -fno-strict-aliasing -pipe -fstack-protector-strong -I/usr/local/include'
    ccversion='', gccversion='4.9.2', gccosandvers=''
    intsize=4, longsize=8, ptrsize=8, doublesize=8, byteorder=12345678, doublekind=3
    d_longlong=define, longlongsize=8, d_longdbl=define, longdblsize=16, longdblkind=3
    ivtype='long', ivsize=8, nvtype='double', nvsize=8, Off_t='off_t', lseeksize=8
    alignbytes=8, prototype=define
  Linker and Libraries:
    ld='cc', ldflags =' -fstack-protector-strong -L/usr/local/lib'
    libpth=/usr/local/lib /usr/lib/gcc/x86_64-linux-gnu/4.9/include-fixed /usr/include/x86_64-linux-gnu /usr/lib /lib/x86_64-linux-gnu /lib/../lib /usr/lib/x86_64-linux-gnu /usr/lib/../lib /lib
    libs=-lpthread -lnsl -lgdbm -ldb -ldl -lm -lcrypt -lutil -lc -lgdbm_compat
    perllibs=-lpthread -lnsl -ldl -lm -lcrypt -lutil -lc
    libc=libc-2.19.so, so=so, useshrplib=false, libperl=libperl.a
    gnulibc_version='2.19'
  Dynamic Linking:
    dlsrc=dl_dlopen.xs, dlext=so, d_dlsymun=undef, ccdlflags='-Wl,-E'
    cccdlflags='-fPIC', lddlflags='-shared -O2 -L/usr/local/lib -fstack-protector-strong'


Characteristics of this binary (from libperl): 
  Compile-time options: HAS_TIMES PERLIO_LAYERS PERL_DONT_CREATE_GVSV
                        PERL_HASH_FUNC_ONE_AT_A_TIME_HARD PERL_MALLOC_WRAP
                        PERL_NEW_COPY_ON_WRITE PERL_PRESERVE_IVUV
                        USE_64_BIT_ALL USE_64_BIT_INT USE_LARGE_FILES
                        USE_LOCALE USE_LOCALE_COLLATE USE_LOCALE_CTYPE
                        USE_LOCALE_NUMERIC USE_LOCALE_TIME USE_PERLIO
                        USE_PERL_ATOF
  Locally applied patches:
	RC5
  Built under linux
  Compiled at Jan  5 2017 19:28:05
  %ENV:
    PERL5LIB=""
    PERL5OPT=""
    PERL5_CPANPLUS_IS_RUNNING="31154"
    PERL5_CPAN_IS_RUNNING="31154"
    PERL5_CPAN_IS_RUNNING_IN_RECURSION="19340,31154"
    PERLDOC="-MPod::Perldoc::ToTextOverstrike"
    PERL_BATCH="yes"
    PERL_CANARY_STABILITY_NOPROMPT="1"
    PERL_CPAN_REPORTER_CONFIG="/var/tmp/cpansmoker-1023/2017011018/cpanreporter_001_config.ini"
    PERL_EXTUTILS_AUTOINSTALL="--defaultdeps"
    PERL_PARALLEL_SMOKER="yes"
    PERL_USE_UNSAFE_INC="1"
  @INC:
    /opt/perl-5.22.3-RC5/lib/site_perl/5.22.3/x86_64-linux
    /opt/perl-5.22.3-RC5/lib/site_perl/5.22.3
    /opt/perl-5.22.3-RC5/lib/5.22.3/x86_64-linux
    /opt/perl-5.22.3-RC5/lib/5.22.3
    .