Report for Dancer-Plugin-FontSubset-0.1.1

Back
From: metabase:user:314402c4-2aae-11df-837a-5e0a49663a4f
Subject: FAIL Dancer-Plugin-FontSubset-0.1.1 v5.10.1 FreeBSD
Date: 2013-06-23T06:36:53Z

This distribution has been tested as part of the CPAN Testers
project, supporting the Perl programming language.  See
http://wiki.cpantesters.org/ for more information or email
questions to cpan-testers-discuss@perl.org


--
Dear Yanick Champoux,

This is a computer-generated report for Dancer-Plugin-FontSubset-0.1.1
on perl 5.10.1, created by CPAN-Reporter-1.2007.

Thank you for uploading your work to CPAN.  However, there was a problem
testing your distribution.

If you think this report is invalid, please consult the CPAN Testers Wiki
for suggestions on how to avoid getting FAIL reports for missing library
or binary dependencies, unsupported operating systems, and so on:

http://wiki.cpantesters.org/wiki/CPANAuthorNotes

Sections of this report:

    * Tester comments
    * Program output
    * Prerequisites
    * Environment and other context

------------------------------
TESTER COMMENTS
------------------------------

Additional comments from tester:

none provided

------------------------------
PROGRAM OUTPUT
------------------------------

Output from './Build test':

t/00-compile.t ................ ok
# 
# 
# Generated by Dist::Zilla::Plugin::ReportVersions::Tiny v1.08
# perl: 5.010001 (wanted any version) on freebsd from /usr/perl5.10.1/bin/perl5.10.1
# 
# Dancer                                        => 1.311      (want any version)
# Dancer::Plugin                                => <undef>    (want any version)
# Dancer::Plugin::Cache::CHI                    => 1.1.0      (want any version)
# Dancer::Test                                  => <undef>    (want any version)
# File::Find                                    => 1.14       (want any version)
# File::Temp                                    => 0.22       (want any version)
# Font::TTF::Font                               => 0.39       (want any version)
# Font::TTF::Scripts::Name                      => <undef>    (want any version)
# List::AllUtils                                => 0.03       (want any version)
# Module::Build                                 => 0.4005     (want 0.3601) 
# Moo                                           => 1.002      (want any version)
# MooX::Singleton                               => 1.20       (want any version)
# Test::More                                    => 0.98       (want 0.88)   
# strict                                        => 1.04       (want any version)
# version                                       => 0.9901     (want 0.9901) 
# warnings                                      => 1.06       (want any version)
# 
# Thanks for using my code.  I hope it works for you.
# If not, please try and include this output in the bug report.
# That will help me reproduce the issue and solve your problem.
# 
t/000-report-versions-tiny.t .. ok
Use of uninitialized value in array element at /usr/local/src/CPAN/build/Font-TTF-1.02-kOhUfT/blib/lib/Font/TTF/OS_2.pm line 302.
Use of uninitialized value in array element at /usr/local/src/CPAN/build/Font-TTF-1.02-kOhUfT/blib/lib/Font/TTF/OS_2.pm line 302.
Use of uninitialized value in array element at /usr/local/src/CPAN/build/Font-TTF-1.02-kOhUfT/blib/lib/Font/TTF/OS_2.pm line 302.
Use of uninitialized value in array element at /usr/local/src/CPAN/build/Font-TTF-1.02-kOhUfT/blib/lib/Font/TTF/OS_2.pm line 302.
Use of uninitialized value in array element at /usr/local/src/CPAN/build/Font-TTF-1.02-kOhUfT/blib/lib/Font/TTF/OS_2.pm line 302.
Use of uninitialized value in array element at /usr/local/src/CPAN/build/Font-TTF-1.02-kOhUfT/blib/lib/Font/TTF/OS_2.pm line 302.
Use of uninitialized value in array element at /usr/local/src/CPAN/build/Font-TTF-1.02-kOhUfT/blib/lib/Font/TTF/OS_2.pm line 302.
Use of uninitialized value in array element at /usr/local/src/CPAN/build/Font-TTF-1.02-kOhUfT/blib/lib/Font/TTF/OS_2.pm line 302.
Use of uninitialized value in array element at /usr/local/src/CPAN/build/Font-TTF-1.02-kOhUfT/blib/lib/Font/TTF/OS_2.pm line 302.
Use of uninitialized value in array element at /usr/local/src/CPAN/build/Font-TTF-1.02-kOhUfT/blib/lib/Font/TTF/OS_2.pm line 302.
Use of uninitialized value in array element at /usr/local/src/CPAN/build/Font-TTF-1.02-kOhUfT/blib/lib/Font/TTF/OS_2.pm line 302.
Use of uninitialized value in array element at /usr/local/src/CPAN/build/Font-TTF-1.02-kOhUfT/blib/lib/Font/TTF/OS_2.pm line 302.
Use of uninitialized value in array element at /usr/local/src/CPAN/build/Font-TTF-1.02-kOhUfT/blib/lib/Font/TTF/OS_2.pm line 302.
Use of uninitialized value in array element at /usr/local/src/CPAN/build/Font-TTF-1.02-kOhUfT/blib/lib/Font/TTF/OS_2.pm line 302.
Use of uninitialized value in array element at /usr/local/src/CPAN/build/Font-TTF-1.02-kOhUfT/blib/lib/Font/TTF/OS_2.pm line 302.
Use of uninitialized value in array element at /usr/local/src/CPAN/build/Font-TTF-1.02-kOhUfT/blib/lib/Font/TTF/OS_2.pm line 302.
Use of uninitialized value in array element at /usr/local/src/CPAN/build/Font-TTF-1.02-kOhUfT/blib/lib/Font/TTF/OS_2.pm line 302.
Use of uninitialized value in array element at /usr/local/src/CPAN/build/Font-TTF-1.02-kOhUfT/blib/lib/Font/TTF/OS_2.pm line 302.
Use of uninitialized value in array element at /usr/local/src/CPAN/build/Font-TTF-1.02-kOhUfT/blib/lib/Font/TTF/OS_2.pm line 302.
Use of uninitialized value in array element at /usr/local/src/CPAN/build/Font-TTF-1.02-kOhUfT/blib/lib/Font/TTF/OS_2.pm line 302.
Use of uninitialized value in array element at /usr/local/src/CPAN/build/Font-TTF-1.02-kOhUfT/blib/lib/Font/TTF/OS_2.pm line 302.
Use of uninitialized value in array element at /usr/local/src/CPAN/build/Font-TTF-1.02-kOhUfT/blib/lib/Font/TTF/OS_2.pm line 302.
Use of uninitialized value in array element at /usr/local/src/CPAN/build/Font-TTF-1.02-kOhUfT/blib/lib/Font/TTF/OS_2.pm line 302.
Use of uninitialized value in array element at /usr/local/src/CPAN/build/Font-TTF-1.02-kOhUfT/blib/lib/Font/TTF/OS_2.pm line 302.
Use of uninitialized value in array element at /usr/local/src/CPAN/build/Font-TTF-1.02-kOhUfT/blib/lib/Font/TTF/OS_2.pm line 303.
Use of uninitialized value $xMin in numeric lt (<) at /usr/local/src/CPAN/build/Font-TTF-1.02-kOhUfT/blib/lib/Font/TTF/Head.pm line 170.
Use of uninitialized value $yMin in numeric lt (<) at /usr/local/src/CPAN/build/Font-TTF-1.02-kOhUfT/blib/lib/Font/TTF/Head.pm line 171.
Use of uninitialized value $xMax in numeric gt (>) at /usr/local/src/CPAN/build/Font-TTF-1.02-kOhUfT/blib/lib/Font/TTF/Head.pm line 172.
Use of uninitialized value $yMax in numeric gt (>) at /usr/local/src/CPAN/build/Font-TTF-1.02-kOhUfT/blib/lib/Font/TTF/Head.pm line 173.
Use of uninitialized value $maw in numeric gt (>) at /usr/local/src/CPAN/build/Font-TTF-1.02-kOhUfT/blib/lib/Font/TTF/Hhea.pm line 132.
Use of uninitialized value $mlsb in numeric lt (<) at /usr/local/src/CPAN/build/Font-TTF-1.02-kOhUfT/blib/lib/Font/TTF/Hhea.pm line 133.
Use of uninitialized value $mrsb in numeric lt (<) at /usr/local/src/CPAN/build/Font-TTF-1.02-kOhUfT/blib/lib/Font/TTF/Hhea.pm line 134.
Use of uninitialized value $mext in numeric gt (>) at /usr/local/src/CPAN/build/Font-TTF-1.02-kOhUfT/blib/lib/Font/TTF/Hhea.pm line 135.
Use of uninitialized value in numeric gt (>) at /usr/local/src/CPAN/build/Font-TTF-1.02-kOhUfT/blib/lib/Font/TTF/Maxp.pm line 152.
Use of uninitialized value in numeric gt (>) at /usr/local/src/CPAN/build/Font-TTF-1.02-kOhUfT/blib/lib/Font/TTF/Maxp.pm line 152.
Use of uninitialized value in numeric gt (>) at /usr/local/src/CPAN/build/Font-TTF-1.02-kOhUfT/blib/lib/Font/TTF/Maxp.pm line 152.
Use of uninitialized value in numeric gt (>) at /usr/local/src/CPAN/build/Font-TTF-1.02-kOhUfT/blib/lib/Font/TTF/Maxp.pm line 152.
Use of uninitialized value in numeric gt (>) at /usr/local/src/CPAN/build/Font-TTF-1.02-kOhUfT/blib/lib/Font/TTF/Maxp.pm line 152.
Use of uninitialized value in numeric gt (>) at /usr/local/src/CPAN/build/Font-TTF-1.02-kOhUfT/blib/lib/Font/TTF/Maxp.pm line 152.
Use of uninitialized value in numeric gt (>) at /usr/local/src/CPAN/build/Font-TTF-1.02-kOhUfT/blib/lib/Font/TTF/Maxp.pm line 152.
Use of uninitialized value in numeric gt (>) at /usr/local/src/CPAN/build/Font-TTF-1.02-kOhUfT/blib/lib/Font/TTF/Maxp.pm line 152.
Use of uninitialized value in numeric gt (>) at /usr/local/src/CPAN/build/Font-TTF-1.02-kOhUfT/blib/lib/Font/TTF/Maxp.pm line 152.
Use of uninitialized value in numeric gt (>) at /usr/local/src/CPAN/build/Font-TTF-1.02-kOhUfT/blib/lib/Font/TTF/Maxp.pm line 152.
Use of uninitialized value in numeric gt (>) at /usr/local/src/CPAN/build/Font-TTF-1.02-kOhUfT/blib/lib/Font/TTF/Maxp.pm line 152.
Use of uninitialized value in numeric gt (>) at /usr/local/src/CPAN/build/Font-TTF-1.02-kOhUfT/blib/lib/Font/TTF/Maxp.pm line 152.
Use of uninitialized value in numeric gt (>) at /usr/local/src/CPAN/build/Font-TTF-1.02-kOhUfT/blib/lib/Font/TTF/Maxp.pm line 152.
Use of uninitialized value in numeric gt (>) at /usr/local/src/CPAN/build/Font-TTF-1.02-kOhUfT/blib/lib/Font/TTF/Maxp.pm line 152.
Use of uninitialized value in numeric gt (>) at /usr/local/src/CPAN/build/Font-TTF-1.02-kOhUfT/blib/lib/Font/TTF/Maxp.pm line 152.
Use of uninitialized value in numeric gt (>) at /usr/local/src/CPAN/build/Font-TTF-1.02-kOhUfT/blib/lib/Font/TTF/Maxp.pm line 152.
Use of uninitialized value in numeric gt (>) at /usr/local/src/CPAN/build/Font-TTF-1.02-kOhUfT/blib/lib/Font/TTF/Maxp.pm line 152.
Use of uninitialized value in numeric gt (>) at /usr/local/src/CPAN/build/Font-TTF-1.02-kOhUfT/blib/lib/Font/TTF/Maxp.pm line 152.
Use of uninitialized value in numeric gt (>) at /usr/local/src/CPAN/build/Font-TTF-1.02-kOhUfT/blib/lib/Font/TTF/Maxp.pm line 152.
Use of uninitialized value in numeric gt (>) at /usr/local/src/CPAN/build/Font-TTF-1.02-kOhUfT/blib/lib/Font/TTF/Maxp.pm line 152.
Use of uninitialized value in numeric gt (>) at /usr/local/src/CPAN/build/Font-TTF-1.02-kOhUfT/blib/lib/Font/TTF/Maxp.pm line 152.
Use of uninitialized value in numeric gt (>) at /usr/local/src/CPAN/build/Font-TTF-1.02-kOhUfT/blib/lib/Font/TTF/Maxp.pm line 152.

#   Failed test 'response status is 200 for GET /font/Bocklin.ttf?t=fo'
#   at t/basic.t line 19.
#          got: '500'
#     expected: '200'
Use of uninitialized value in array element at /usr/local/src/CPAN/build/Font-TTF-1.02-kOhUfT/blib/lib/Font/TTF/OS_2.pm line 302.
Use of uninitialized value in array element at /usr/local/src/CPAN/build/Font-TTF-1.02-kOhUfT/blib/lib/Font/TTF/OS_2.pm line 302.
Use of uninitialized value in array element at /usr/local/src/CPAN/build/Font-TTF-1.02-kOhUfT/blib/lib/Font/TTF/OS_2.pm line 302.
Use of uninitialized value in array element at /usr/local/src/CPAN/build/Font-TTF-1.02-kOhUfT/blib/lib/Font/TTF/OS_2.pm line 302.
Use of uninitialized value in array element at /usr/local/src/CPAN/build/Font-TTF-1.02-kOhUfT/blib/lib/Font/TTF/OS_2.pm line 302.
Use of uninitialized value in array element at /usr/local/src/CPAN/build/Font-TTF-1.02-kOhUfT/blib/lib/Font/TTF/OS_2.pm line 302.
Use of uninitialized value in array element at /usr/local/src/CPAN/build/Font-TTF-1.02-kOhUfT/blib/lib/Font/TTF/OS_2.pm line 302.
Use of uninitialized value in array element at /usr/local/src/CPAN/build/Font-TTF-1.02-kOhUfT/blib/lib/Font/TTF/OS_2.pm line 302.
Use of uninitialized value in array element at /usr/local/src/CPAN/build/Font-TTF-1.02-kOhUfT/blib/lib/Font/TTF/OS_2.pm line 302.
Use of uninitialized value in array element at /usr/local/src/CPAN/build/Font-TTF-1.02-kOhUfT/blib/lib/Font/TTF/OS_2.pm line 302.
Use of uninitialized value in array element at /usr/local/src/CPAN/build/Font-TTF-1.02-kOhUfT/blib/lib/Font/TTF/OS_2.pm line 302.
Use of uninitialized value in array element at /usr/local/src/CPAN/build/Font-TTF-1.02-kOhUfT/blib/lib/Font/TTF/OS_2.pm line 302.
Use of uninitialized value in array element at /usr/local/src/CPAN/build/Font-TTF-1.02-kOhUfT/blib/lib/Font/TTF/OS_2.pm line 302.
Use of uninitialized value in array element at /usr/local/src/CPAN/build/Font-TTF-1.02-kOhUfT/blib/lib/Font/TTF/OS_2.pm line 302.
Use of uninitialized value in array element at /usr/local/src/CPAN/build/Font-TTF-1.02-kOhUfT/blib/lib/Font/TTF/OS_2.pm line 302.
Use of uninitialized value in array element at /usr/local/src/CPAN/build/Font-TTF-1.02-kOhUfT/blib/lib/Font/TTF/OS_2.pm line 302.
Use of uninitialized value in array element at /usr/local/src/CPAN/build/Font-TTF-1.02-kOhUfT/blib/lib/Font/TTF/OS_2.pm line 302.
Use of uninitialized value in array element at /usr/local/src/CPAN/build/Font-TTF-1.02-kOhUfT/blib/lib/Font/TTF/OS_2.pm line 302.
Use of uninitialized value in array element at /usr/local/src/CPAN/build/Font-TTF-1.02-kOhUfT/blib/lib/Font/TTF/OS_2.pm line 302.
Use of uninitialized value in array element at /usr/local/src/CPAN/build/Font-TTF-1.02-kOhUfT/blib/lib/Font/TTF/OS_2.pm line 302.
Use of uninitialized value in array element at /usr/local/src/CPAN/build/Font-TTF-1.02-kOhUfT/blib/lib/Font/TTF/OS_2.pm line 302.
Use of uninitialized value in array element at /usr/local/src/CPAN/build/Font-TTF-1.02-kOhUfT/blib/lib/Font/TTF/OS_2.pm line 302.
Use of uninitialized value in array element at /usr/local/src/CPAN/build/Font-TTF-1.02-kOhUfT/blib/lib/Font/TTF/OS_2.pm line 302.
Use of uninitialized value in array element at /usr/local/src/CPAN/build/Font-TTF-1.02-kOhUfT/blib/lib/Font/TTF/OS_2.pm line 302.
Use of uninitialized value in array element at /usr/local/src/CPAN/build/Font-TTF-1.02-kOhUfT/blib/lib/Font/TTF/OS_2.pm line 303.
Use of uninitialized value $xMin in numeric lt (<) at /usr/local/src/CPAN/build/Font-TTF-1.02-kOhUfT/blib/lib/Font/TTF/Head.pm line 170.
Use of uninitialized value $yMin in numeric lt (<) at /usr/local/src/CPAN/build/Font-TTF-1.02-kOhUfT/blib/lib/Font/TTF/Head.pm line 171.
Use of uninitialized value $xMax in numeric gt (>) at /usr/local/src/CPAN/build/Font-TTF-1.02-kOhUfT/blib/lib/Font/TTF/Head.pm line 172.
Use of uninitialized value $yMax in numeric gt (>) at /usr/local/src/CPAN/build/Font-TTF-1.02-kOhUfT/blib/lib/Font/TTF/Head.pm line 173.
Use of uninitialized value $maw in numeric gt (>) at /usr/local/src/CPAN/build/Font-TTF-1.02-kOhUfT/blib/lib/Font/TTF/Hhea.pm line 132.
Use of uninitialized value $mlsb in numeric lt (<) at /usr/local/src/CPAN/build/Font-TTF-1.02-kOhUfT/blib/lib/Font/TTF/Hhea.pm line 133.
Use of uninitialized value $mrsb in numeric lt (<) at /usr/local/src/CPAN/build/Font-TTF-1.02-kOhUfT/blib/lib/Font/TTF/Hhea.pm line 134.
Use of uninitialized value $mext in numeric gt (>) at /usr/local/src/CPAN/build/Font-TTF-1.02-kOhUfT/blib/lib/Font/TTF/Hhea.pm line 135.
Use of uninitialized value in numeric gt (>) at /usr/local/src/CPAN/build/Font-TTF-1.02-kOhUfT/blib/lib/Font/TTF/Maxp.pm line 152.
Use of uninitialized value in numeric gt (>) at /usr/local/src/CPAN/build/Font-TTF-1.02-kOhUfT/blib/lib/Font/TTF/Maxp.pm line 152.
Use of uninitialized value in numeric gt (>) at /usr/local/src/CPAN/build/Font-TTF-1.02-kOhUfT/blib/lib/Font/TTF/Maxp.pm line 152.
Use of uninitialized value in numeric gt (>) at /usr/local/src/CPAN/build/Font-TTF-1.02-kOhUfT/blib/lib/Font/TTF/Maxp.pm line 152.
Use of uninitialized value in numeric gt (>) at /usr/local/src/CPAN/build/Font-TTF-1.02-kOhUfT/blib/lib/Font/TTF/Maxp.pm line 152.
Use of uninitialized value in numeric gt (>) at /usr/local/src/CPAN/build/Font-TTF-1.02-kOhUfT/blib/lib/Font/TTF/Maxp.pm line 152.
Use of uninitialized value in numeric gt (>) at /usr/local/src/CPAN/build/Font-TTF-1.02-kOhUfT/blib/lib/Font/TTF/Maxp.pm line 152.
Use of uninitialized value in numeric gt (>) at /usr/local/src/CPAN/build/Font-TTF-1.02-kOhUfT/blib/lib/Font/TTF/Maxp.pm line 152.
Use of uninitialized value in numeric gt (>) at /usr/local/src/CPAN/build/Font-TTF-1.02-kOhUfT/blib/lib/Font/TTF/Maxp.pm line 152.
Use of uninitialized value in numeric gt (>) at /usr/local/src/CPAN/build/Font-TTF-1.02-kOhUfT/blib/lib/Font/TTF/Maxp.pm line 152.
Use of uninitialized value in numeric gt (>) at /usr/local/src/CPAN/build/Font-TTF-1.02-kOhUfT/blib/lib/Font/TTF/Maxp.pm line 152.
Use of uninitialized value in numeric gt (>) at /usr/local/src/CPAN/build/Font-TTF-1.02-kOhUfT/blib/lib/Font/TTF/Maxp.pm line 152.
Use of uninitialized value in numeric gt (>) at /usr/local/src/CPAN/build/Font-TTF-1.02-kOhUfT/blib/lib/Font/TTF/Maxp.pm line 152.
Use of uninitialized value in numeric gt (>) at /usr/local/src/CPAN/build/Font-TTF-1.02-kOhUfT/blib/lib/Font/TTF/Maxp.pm line 152.
Use of uninitialized value in numeric gt (>) at /usr/local/src/CPAN/build/Font-TTF-1.02-kOhUfT/blib/lib/Font/TTF/Maxp.pm line 152.
Use of uninitialized value in numeric gt (>) at /usr/local/src/CPAN/build/Font-TTF-1.02-kOhUfT/blib/lib/Font/TTF/Maxp.pm line 152.
Use of uninitialized value in numeric gt (>) at /usr/local/src/CPAN/build/Font-TTF-1.02-kOhUfT/blib/lib/Font/TTF/Maxp.pm line 152.
Use of uninitialized value in numeric gt (>) at /usr/local/src/CPAN/build/Font-TTF-1.02-kOhUfT/blib/lib/Font/TTF/Maxp.pm line 152.
Use of uninitialized value in numeric gt (>) at /usr/local/src/CPAN/build/Font-TTF-1.02-kOhUfT/blib/lib/Font/TTF/Maxp.pm line 152.
Use of uninitialized value in numeric gt (>) at /usr/local/src/CPAN/build/Font-TTF-1.02-kOhUfT/blib/lib/Font/TTF/Maxp.pm line 152.
Use of uninitialized value in numeric gt (>) at /usr/local/src/CPAN/build/Font-TTF-1.02-kOhUfT/blib/lib/Font/TTF/Maxp.pm line 152.
Use of uninitialized value in numeric gt (>) at /usr/local/src/CPAN/build/Font-TTF-1.02-kOhUfT/blib/lib/Font/TTF/Maxp.pm line 152.
# Looks like you failed 1 test of 5.
t/basic.t ..................... 
Dubious, test returned 1 (wstat 256, 0x100)
Failed 1/5 subtests 
Use of uninitialized value in array element at /usr/local/src/CPAN/build/Font-TTF-1.02-kOhUfT/blib/lib/Font/TTF/OS_2.pm line 302.
Use of uninitialized value in array element at /usr/local/src/CPAN/build/Font-TTF-1.02-kOhUfT/blib/lib/Font/TTF/OS_2.pm line 302.
Use of uninitialized value in array element at /usr/local/src/CPAN/build/Font-TTF-1.02-kOhUfT/blib/lib/Font/TTF/OS_2.pm line 302.
Use of uninitialized value in array element at /usr/local/src/CPAN/build/Font-TTF-1.02-kOhUfT/blib/lib/Font/TTF/OS_2.pm line 302.
Use of uninitialized value in array element at /usr/local/src/CPAN/build/Font-TTF-1.02-kOhUfT/blib/lib/Font/TTF/OS_2.pm line 302.
Use of uninitialized value in array element at /usr/local/src/CPAN/build/Font-TTF-1.02-kOhUfT/blib/lib/Font/TTF/OS_2.pm line 302.
Use of uninitialized value in array element at /usr/local/src/CPAN/build/Font-TTF-1.02-kOhUfT/blib/lib/Font/TTF/OS_2.pm line 302.
Use of uninitialized value in array element at /usr/local/src/CPAN/build/Font-TTF-1.02-kOhUfT/blib/lib/Font/TTF/OS_2.pm line 302.
Use of uninitialized value in array element at /usr/local/src/CPAN/build/Font-TTF-1.02-kOhUfT/blib/lib/Font/TTF/OS_2.pm line 302.
Use of uninitialized value in array element at /usr/local/src/CPAN/build/Font-TTF-1.02-kOhUfT/blib/lib/Font/TTF/OS_2.pm line 302.
Use of uninitialized value in array element at /usr/local/src/CPAN/build/Font-TTF-1.02-kOhUfT/blib/lib/Font/TTF/OS_2.pm line 302.
Use of uninitialized value in array element at /usr/local/src/CPAN/build/Font-TTF-1.02-kOhUfT/blib/lib/Font/TTF/OS_2.pm line 302.
Use of uninitialized value in array element at /usr/local/src/CPAN/build/Font-TTF-1.02-kOhUfT/blib/lib/Font/TTF/OS_2.pm line 302.
Use of uninitialized value in array element at /usr/local/src/CPAN/build/Font-TTF-1.02-kOhUfT/blib/lib/Font/TTF/OS_2.pm line 302.
Use of uninitialized value in array element at /usr/local/src/CPAN/build/Font-TTF-1.02-kOhUfT/blib/lib/Font/TTF/OS_2.pm line 302.
Use of uninitialized value in array element at /usr/local/src/CPAN/build/Font-TTF-1.02-kOhUfT/blib/lib/Font/TTF/OS_2.pm line 302.
Use of uninitialized value in array element at /usr/local/src/CPAN/build/Font-TTF-1.02-kOhUfT/blib/lib/Font/TTF/OS_2.pm line 302.
Use of uninitialized value in array element at /usr/local/src/CPAN/build/Font-TTF-1.02-kOhUfT/blib/lib/Font/TTF/OS_2.pm line 302.
Use of uninitialized value in array element at /usr/local/src/CPAN/build/Font-TTF-1.02-kOhUfT/blib/lib/Font/TTF/OS_2.pm line 302.
Use of uninitialized value in array element at /usr/local/src/CPAN/build/Font-TTF-1.02-kOhUfT/blib/lib/Font/TTF/OS_2.pm line 302.
Use of uninitialized value in array element at /usr/local/src/CPAN/build/Font-TTF-1.02-kOhUfT/blib/lib/Font/TTF/OS_2.pm line 302.
Use of uninitialized value in array element at /usr/local/src/CPAN/build/Font-TTF-1.02-kOhUfT/blib/lib/Font/TTF/OS_2.pm line 302.
Use of uninitialized value in array element at /usr/local/src/CPAN/build/Font-TTF-1.02-kOhUfT/blib/lib/Font/TTF/OS_2.pm line 302.
Use of uninitialized value in array element at /usr/local/src/CPAN/build/Font-TTF-1.02-kOhUfT/blib/lib/Font/TTF/OS_2.pm line 302.
Use of uninitialized value in array element at /usr/local/src/CPAN/build/Font-TTF-1.02-kOhUfT/blib/lib/Font/TTF/OS_2.pm line 303.
Use of uninitialized value $xMin in numeric lt (<) at /usr/local/src/CPAN/build/Font-TTF-1.02-kOhUfT/blib/lib/Font/TTF/Head.pm line 170.
Use of uninitialized value $yMin in numeric lt (<) at /usr/local/src/CPAN/build/Font-TTF-1.02-kOhUfT/blib/lib/Font/TTF/Head.pm line 171.
Use of uninitialized value $xMax in numeric gt (>) at /usr/local/src/CPAN/build/Font-TTF-1.02-kOhUfT/blib/lib/Font/TTF/Head.pm line 172.
Use of uninitialized value $yMax in numeric gt (>) at /usr/local/src/CPAN/build/Font-TTF-1.02-kOhUfT/blib/lib/Font/TTF/Head.pm line 173.
Use of uninitialized value $maw in numeric gt (>) at /usr/local/src/CPAN/build/Font-TTF-1.02-kOhUfT/blib/lib/Font/TTF/Hhea.pm line 132.
Use of uninitialized value $mlsb in numeric lt (<) at /usr/local/src/CPAN/build/Font-TTF-1.02-kOhUfT/blib/lib/Font/TTF/Hhea.pm line 133.
Use of uninitialized value $mrsb in numeric lt (<) at /usr/local/src/CPAN/build/Font-TTF-1.02-kOhUfT/blib/lib/Font/TTF/Hhea.pm line 134.
Use of uninitialized value $mext in numeric gt (>) at /usr/local/src/CPAN/build/Font-TTF-1.02-kOhUfT/blib/lib/Font/TTF/Hhea.pm line 135.
Use of uninitialized value in numeric gt (>) at /usr/local/src/CPAN/build/Font-TTF-1.02-kOhUfT/blib/lib/Font/TTF/Maxp.pm line 152.
Use of uninitialized value in numeric gt (>) at /usr/local/src/CPAN/build/Font-TTF-1.02-kOhUfT/blib/lib/Font/TTF/Maxp.pm line 152.
Use of uninitialized value in numeric gt (>) at /usr/local/src/CPAN/build/Font-TTF-1.02-kOhUfT/blib/lib/Font/TTF/Maxp.pm line 152.
Use of uninitialized value in numeric gt (>) at /usr/local/src/CPAN/build/Font-TTF-1.02-kOhUfT/blib/lib/Font/TTF/Maxp.pm line 152.
Use of uninitialized value in numeric gt (>) at /usr/local/src/CPAN/build/Font-TTF-1.02-kOhUfT/blib/lib/Font/TTF/Maxp.pm line 152.
Use of uninitialized value in numeric gt (>) at /usr/local/src/CPAN/build/Font-TTF-1.02-kOhUfT/blib/lib/Font/TTF/Maxp.pm line 152.
Use of uninitialized value in numeric gt (>) at /usr/local/src/CPAN/build/Font-TTF-1.02-kOhUfT/blib/lib/Font/TTF/Maxp.pm line 152.
Use of uninitialized value in numeric gt (>) at /usr/local/src/CPAN/build/Font-TTF-1.02-kOhUfT/blib/lib/Font/TTF/Maxp.pm line 152.
Use of uninitialized value in numeric gt (>) at /usr/local/src/CPAN/build/Font-TTF-1.02-kOhUfT/blib/lib/Font/TTF/Maxp.pm line 152.
Use of uninitialized value in numeric gt (>) at /usr/local/src/CPAN/build/Font-TTF-1.02-kOhUfT/blib/lib/Font/TTF/Maxp.pm line 152.
Use of uninitialized value in numeric gt (>) at /usr/local/src/CPAN/build/Font-TTF-1.02-kOhUfT/blib/lib/Font/TTF/Maxp.pm line 152.
Use of uninitialized value in numeric gt (>) at /usr/local/src/CPAN/build/Font-TTF-1.02-kOhUfT/blib/lib/Font/TTF/Maxp.pm line 152.
Use of uninitialized value in numeric gt (>) at /usr/local/src/CPAN/build/Font-TTF-1.02-kOhUfT/blib/lib/Font/TTF/Maxp.pm line 152.
Use of uninitialized value in numeric gt (>) at /usr/local/src/CPAN/build/Font-TTF-1.02-kOhUfT/blib/lib/Font/TTF/Maxp.pm line 152.
Use of uninitialized value in numeric gt (>) at /usr/local/src/CPAN/build/Font-TTF-1.02-kOhUfT/blib/lib/Font/TTF/Maxp.pm line 152.
Use of uninitialized value in numeric gt (>) at /usr/local/src/CPAN/build/Font-TTF-1.02-kOhUfT/blib/lib/Font/TTF/Maxp.pm line 152.
Use of uninitialized value in numeric gt (>) at /usr/local/src/CPAN/build/Font-TTF-1.02-kOhUfT/blib/lib/Font/TTF/Maxp.pm line 152.
Use of uninitialized value in numeric gt (>) at /usr/local/src/CPAN/build/Font-TTF-1.02-kOhUfT/blib/lib/Font/TTF/Maxp.pm line 152.
Use of uninitialized value in numeric gt (>) at /usr/local/src/CPAN/build/Font-TTF-1.02-kOhUfT/blib/lib/Font/TTF/Maxp.pm line 152.
Use of uninitialized value in numeric gt (>) at /usr/local/src/CPAN/build/Font-TTF-1.02-kOhUfT/blib/lib/Font/TTF/Maxp.pm line 152.
Use of uninitialized value in numeric gt (>) at /usr/local/src/CPAN/build/Font-TTF-1.02-kOhUfT/blib/lib/Font/TTF/Maxp.pm line 152.
Use of uninitialized value in numeric gt (>) at /usr/local/src/CPAN/build/Font-TTF-1.02-kOhUfT/blib/lib/Font/TTF/Maxp.pm line 152.
[26897] error @0.079675> [hit #1]request to GET /font/Bocklin.ttf crashed: Can't locate object method "tell" via package "IO::Handle" at /usr/local/src/CPAN/build/Font-TTF-1.02-kOhUfT/blib/lib/Font/TTF/Font.pm line 537. in /usr/perl5.10.1/lib/site_perl/5.10.1/Dancer/Handler.pm l. 98

#   Failed test 'response status is 200 for GET /font/Bocklin.ttf?t=fo'
#   at t/cache.t line 35.
#          got: '500'
#     expected: '200'
Use of uninitialized value in array element at /usr/local/src/CPAN/build/Font-TTF-1.02-kOhUfT/blib/lib/Font/TTF/OS_2.pm line 302.
Use of uninitialized value in array element at /usr/local/src/CPAN/build/Font-TTF-1.02-kOhUfT/blib/lib/Font/TTF/OS_2.pm line 302.
Use of uninitialized value in array element at /usr/local/src/CPAN/build/Font-TTF-1.02-kOhUfT/blib/lib/Font/TTF/OS_2.pm line 302.
Use of uninitialized value in array element at /usr/local/src/CPAN/build/Font-TTF-1.02-kOhUfT/blib/lib/Font/TTF/OS_2.pm line 302.
Use of uninitialized value in array element at /usr/local/src/CPAN/build/Font-TTF-1.02-kOhUfT/blib/lib/Font/TTF/OS_2.pm line 302.
Use of uninitialized value in array element at /usr/local/src/CPAN/build/Font-TTF-1.02-kOhUfT/blib/lib/Font/TTF/OS_2.pm line 302.
Use of uninitialized value in array element at /usr/local/src/CPAN/build/Font-TTF-1.02-kOhUfT/blib/lib/Font/TTF/OS_2.pm line 302.
Use of uninitialized value in array element at /usr/local/src/CPAN/build/Font-TTF-1.02-kOhUfT/blib/lib/Font/TTF/OS_2.pm line 302.
Use of uninitialized value in array element at /usr/local/src/CPAN/build/Font-TTF-1.02-kOhUfT/blib/lib/Font/TTF/OS_2.pm line 302.
Use of uninitialized value in array element at /usr/local/src/CPAN/build/Font-TTF-1.02-kOhUfT/blib/lib/Font/TTF/OS_2.pm line 302.
Use of uninitialized value in array element at /usr/local/src/CPAN/build/Font-TTF-1.02-kOhUfT/blib/lib/Font/TTF/OS_2.pm line 302.
Use of uninitialized value in array element at /usr/local/src/CPAN/build/Font-TTF-1.02-kOhUfT/blib/lib/Font/TTF/OS_2.pm line 302.
Use of uninitialized value in array element at /usr/local/src/CPAN/build/Font-TTF-1.02-kOhUfT/blib/lib/Font/TTF/OS_2.pm line 302.
Use of uninitialized value in array element at /usr/local/src/CPAN/build/Font-TTF-1.02-kOhUfT/blib/lib/Font/TTF/OS_2.pm line 302.
Use of uninitialized value in array element at /usr/local/src/CPAN/build/Font-TTF-1.02-kOhUfT/blib/lib/Font/TTF/OS_2.pm line 302.
Use of uninitialized value in array element at /usr/local/src/CPAN/build/Font-TTF-1.02-kOhUfT/blib/lib/Font/TTF/OS_2.pm line 302.
Use of uninitialized value in array element at /usr/local/src/CPAN/build/Font-TTF-1.02-kOhUfT/blib/lib/Font/TTF/OS_2.pm line 302.
Use of uninitialized value in array element at /usr/local/src/CPAN/build/Font-TTF-1.02-kOhUfT/blib/lib/Font/TTF/OS_2.pm line 302.
Use of uninitialized value in array element at /usr/local/src/CPAN/build/Font-TTF-1.02-kOhUfT/blib/lib/Font/TTF/OS_2.pm line 302.
Use of uninitialized value in array element at /usr/local/src/CPAN/build/Font-TTF-1.02-kOhUfT/blib/lib/Font/TTF/OS_2.pm line 302.
Use of uninitialized value in array element at /usr/local/src/CPAN/build/Font-TTF-1.02-kOhUfT/blib/lib/Font/TTF/OS_2.pm line 302.
Use of uninitialized value in array element at /usr/local/src/CPAN/build/Font-TTF-1.02-kOhUfT/blib/lib/Font/TTF/OS_2.pm line 302.
Use of uninitialized value in array element at /usr/local/src/CPAN/build/Font-TTF-1.02-kOhUfT/blib/lib/Font/TTF/OS_2.pm line 302.
Use of uninitialized value in array element at /usr/local/src/CPAN/build/Font-TTF-1.02-kOhUfT/blib/lib/Font/TTF/OS_2.pm line 302.
Use of uninitialized value in array element at /usr/local/src/CPAN/build/Font-TTF-1.02-kOhUfT/blib/lib/Font/TTF/OS_2.pm line 303.
Use of uninitialized value $xMin in numeric lt (<) at /usr/local/src/CPAN/build/Font-TTF-1.02-kOhUfT/blib/lib/Font/TTF/Head.pm line 170.
Use of uninitialized value $yMin in numeric lt (<) at /usr/local/src/CPAN/build/Font-TTF-1.02-kOhUfT/blib/lib/Font/TTF/Head.pm line 171.
Use of uninitialized value $xMax in numeric gt (>) at /usr/local/src/CPAN/build/Font-TTF-1.02-kOhUfT/blib/lib/Font/TTF/Head.pm line 172.
Use of uninitialized value $yMax in numeric gt (>) at /usr/local/src/CPAN/build/Font-TTF-1.02-kOhUfT/blib/lib/Font/TTF/Head.pm line 173.
Use of uninitialized value $maw in numeric gt (>) at /usr/local/src/CPAN/build/Font-TTF-1.02-kOhUfT/blib/lib/Font/TTF/Hhea.pm line 132.
Use of uninitialized value $mlsb in numeric lt (<) at /usr/local/src/CPAN/build/Font-TTF-1.02-kOhUfT/blib/lib/Font/TTF/Hhea.pm line 133.
Use of uninitialized value $mrsb in numeric lt (<) at /usr/local/src/CPAN/build/Font-TTF-1.02-kOhUfT/blib/lib/Font/TTF/Hhea.pm line 134.
Use of uninitialized value $mext in numeric gt (>) at /usr/local/src/CPAN/build/Font-TTF-1.02-kOhUfT/blib/lib/Font/TTF/Hhea.pm line 135.
Use of uninitialized value in numeric gt (>) at /usr/local/src/CPAN/build/Font-TTF-1.02-kOhUfT/blib/lib/Font/TTF/Maxp.pm line 152.
Use of uninitialized value in numeric gt (>) at /usr/local/src/CPAN/build/Font-TTF-1.02-kOhUfT/blib/lib/Font/TTF/Maxp.pm line 152.
Use of uninitialized value in numeric gt (>) at /usr/local/src/CPAN/build/Font-TTF-1.02-kOhUfT/blib/lib/Font/TTF/Maxp.pm line 152.
Use of uninitialized value in numeric gt (>) at /usr/local/src/CPAN/build/Font-TTF-1.02-kOhUfT/blib/lib/Font/TTF/Maxp.pm line 152.
Use of uninitialized value in numeric gt (>) at /usr/local/src/CPAN/build/Font-TTF-1.02-kOhUfT/blib/lib/Font/TTF/Maxp.pm line 152.
Use of uninitialized value in numeric gt (>) at /usr/local/src/CPAN/build/Font-TTF-1.02-kOhUfT/blib/lib/Font/TTF/Maxp.pm line 152.
Use of uninitialized value in numeric gt (>) at /usr/local/src/CPAN/build/Font-TTF-1.02-kOhUfT/blib/lib/Font/TTF/Maxp.pm line 152.
Use of uninitialized value in numeric gt (>) at /usr/local/src/CPAN/build/Font-TTF-1.02-kOhUfT/blib/lib/Font/TTF/Maxp.pm line 152.
Use of uninitialized value in numeric gt (>) at /usr/local/src/CPAN/build/Font-TTF-1.02-kOhUfT/blib/lib/Font/TTF/Maxp.pm line 152.
Use of uninitialized value in numeric gt (>) at /usr/local/src/CPAN/build/Font-TTF-1.02-kOhUfT/blib/lib/Font/TTF/Maxp.pm line 152.
Use of uninitialized value in numeric gt (>) at /usr/local/src/CPAN/build/Font-TTF-1.02-kOhUfT/blib/lib/Font/TTF/Maxp.pm line 152.
Use of uninitialized value in numeric gt (>) at /usr/local/src/CPAN/build/Font-TTF-1.02-kOhUfT/blib/lib/Font/TTF/Maxp.pm line 152.
Use of uninitialized value in numeric gt (>) at /usr/local/src/CPAN/build/Font-TTF-1.02-kOhUfT/blib/lib/Font/TTF/Maxp.pm line 152.
Use of uninitialized value in numeric gt (>) at /usr/local/src/CPAN/build/Font-TTF-1.02-kOhUfT/blib/lib/Font/TTF/Maxp.pm line 152.
Use of uninitialized value in numeric gt (>) at /usr/local/src/CPAN/build/Font-TTF-1.02-kOhUfT/blib/lib/Font/TTF/Maxp.pm line 152.
Use of uninitialized value in numeric gt (>) at /usr/local/src/CPAN/build/Font-TTF-1.02-kOhUfT/blib/lib/Font/TTF/Maxp.pm line 152.
Use of uninitialized value in numeric gt (>) at /usr/local/src/CPAN/build/Font-TTF-1.02-kOhUfT/blib/lib/Font/TTF/Maxp.pm line 152.
Use of uninitialized value in numeric gt (>) at /usr/local/src/CPAN/build/Font-TTF-1.02-kOhUfT/blib/lib/Font/TTF/Maxp.pm line 152.
Use of uninitialized value in numeric gt (>) at /usr/local/src/CPAN/build/Font-TTF-1.02-kOhUfT/blib/lib/Font/TTF/Maxp.pm line 152.
Use of uninitialized value in numeric gt (>) at /usr/local/src/CPAN/build/Font-TTF-1.02-kOhUfT/blib/lib/Font/TTF/Maxp.pm line 152.
Use of uninitialized value in numeric gt (>) at /usr/local/src/CPAN/build/Font-TTF-1.02-kOhUfT/blib/lib/Font/TTF/Maxp.pm line 152.
Use of uninitialized value in numeric gt (>) at /usr/local/src/CPAN/build/Font-TTF-1.02-kOhUfT/blib/lib/Font/TTF/Maxp.pm line 152.
[26897] error @0.023989> [hit #2]request to GET /font/Bocklin.ttf crashed: Can't locate object method "tell" via package "IO::Handle" at /usr/local/src/CPAN/build/Font-TTF-1.02-kOhUfT/blib/lib/Font/TTF/Font.pm line 537. in /usr/perl5.10.1/lib/site_perl/5.10.1/Dancer/Handler.pm l. 98
# <!DOCTYPE html PUBLIC "-//W3C//DTD XHTML 1.0 Transitional//EN"
#         "http://www.w3.org/TR/xhtml1/DTD/xhtml1-transitional.dtd">
# <html>
# <head>
# <title>Error 500</title>
# <link rel="stylesheet" href="/css/style.css" />
# <meta http-equiv="Content-type" content="text/html; charset=UTF-8" />
# </head>
# <body>
# <h1>Error 500</h1>
# <div id="content">
# <h2>Unable to process your query</h2>The page you requested is not available
# </div>
# <div id="footer">
# Powered by <a href="http://perldancer.org/">Dancer</a> 1.311
# </div>
# </body>
# </html>
# Looks like you failed 1 test of 3.
t/cache.t ..................... 
Dubious, test returned 1 (wstat 256, 0x100)
Failed 1/3 subtests 

Test Summary Report
-------------------
t/basic.t                   (Wstat: 256 Tests: 5 Failed: 1)
  Failed test:  2
  Non-zero exit status: 1
t/cache.t                   (Wstat: 256 Tests: 3 Failed: 1)
  Failed test:  2
  Non-zero exit status: 1
Files=4, Tests=10,  5 wallclock secs ( 0.04 usr  0.04 sys +  3.83 cusr  0.74 csys =  4.65 CPU)
Result: FAIL
Failed 2/4 test programs. 2/10 subtests failed.

------------------------------
PREREQUISITES
------------------------------

Prerequisite modules loaded:

requires:

    Module                     Need   Have    
    -------------------------- ------ --------
    Dancer                     0      1.3110  
    Dancer::Plugin             0      0       
    Font::TTF::Font            0      0.39    
    Font::TTF::Scripts::Name   0      0       
    List::AllUtils             0      0.03    
    Moo                        0      1.002000
    MooX::Singleton            0      1.20    
    warnings                   0      1.06    

build_requires:

    Module                     Need   Have    
    -------------------------- ------ --------
    Dancer::Plugin::Cache::CHI 0      1.1.0   
    Dancer::Test               0      0       
    File::Find                 0      1.14    
    File::Temp                 0      0.22    
    Module::Build              0.3601 0.4005  
    strict                     0      1.04    
    Test::More                 0.88   0.98    

configure_requires:

    Module                     Need   Have    
    -------------------------- ------ --------
    Module::Build              0.3601 0.4005  


------------------------------
ENVIRONMENT AND OTHER CONTEXT
------------------------------

Environment variables:

    DBIC_NO_WARN_BAD_PERL = 1
    PATH = /usr/local/bin:/usr/X11R6/bin:/usr/X11/bin:/usr/perl5.8.0/bin:/usr/bin:/bin:/usr/local/sbin:/usr/sbin:/sbin:/usr/local/pilot/bin:/home/cpansand/bin/freebsd8.0:/home/cpansand/bin/sh:/home/cpansand/bin:/usr/X386/bin:/usr/games:/home/cpansand/devel:/usr/home/e/eserte/work/srezic-misc/scripts
    PERL5LIB = /usr/local/src/CPAN/build/Font-TTF-Scripts-1.03-GrOdq2/blib/arch:/usr/local/src/CPAN/build/Font-TTF-Scripts-1.03-GrOdq2/blib/lib:/usr/local/src/CPAN/build/Font-TTF-1.02-kOhUfT/blib/arch:/usr/local/src/CPAN/build/Font-TTF-1.02-kOhUfT/blib/lib:/usr/local/src/CPAN/build/Text-Unicode-Equivalents-0.05-Jycn3y/blib/arch:/usr/local/src/CPAN/build/Text-Unicode-Equivalents-0.05-Jycn3y/blib/lib:/usr/local/src/CPAN/build/MooX-Singleton-1.20-C7Nujq/blib/arch:/usr/local/src/CPAN/build/MooX-Singleton-1.20-C7Nujq/blib/lib:/usr/local/src/CPAN/build/Dist-Zilla-TravisCI-1.03-sbKje7/blib/arch:/usr/local/src/CPAN/build/Dist-Zilla-TravisCI-1.03-sbKje7/blib/lib:/usr/local/src/CPAN/build/Dist-Zilla-4.300035-aGjzmu/blib/arch:/usr/local/src/CPAN/build/Dist-Zilla-4.300035-aGjzmu/blib/lib:/usr/local/src/CPAN/build/Test-CheckDeps-0.006-_njysC/blib/arch:/usr/local/src/CPAN/build/Test-CheckDeps-0.006-_njysC/blib/lib:/usr/local/src/CPAN/build/CPAN-Meta-Check-0.005-S4QAL0/blib/arch:/usr/local/src/CPAN/build/CPAN-Meta-Check-0.005-S4QAL0/blib/lib:/usr/local/src/CPAN/build/CPAN-Meta-2.131560-pOkP0h/blib/arch:/usr/local/src/CPAN/build/CPAN-Meta-2.131560-pOkP0h/blib/lib
    PERL5OPT = 
    PERL5_CPANPLUS_IS_RUNNING = 25130
    PERL5_CPAN_IS_RUNNING = 25130
    PERL5_CPAN_IS_RUNNING_IN_RECURSION = 24631,25130
    PERL_BATCH = yes
    PERL_CPAN_REPORTER_CONFIG = /var/tmp/cpansmoker-1023/vomMZ8FQ6B_config.ini
    PERL_EXTUTILS_AUTOINSTALL = --defaultdeps
    PERL_HTML_DISPLAY_CLASS = HTML::Display::Mozilla
    SHELL = /usr/local/bin/zsh
    TERM = screen
    TMPDIR = /var/tmp/cpansmoker-1023

Perl special variables (and OS-specific diagnostics, for MSWin32):

    $^X = /usr/perl5.10.1/bin/perl5.10.1
    $UID/$EUID = 1023 / 1023
    $GID = 1023 1023
    $EGID = 1023 1023

Perl module toolchain versions installed:

    Module              Have    
    ------------------- --------
    CPAN                1.9800  
    CPAN::Meta          2.131560
    Cwd                 3.40    
    ExtUtils::CBuilder  0.280205
    ExtUtils::Command   1.17    
    ExtUtils::Install   1.54    
    ExtUtils::MakeMaker 6.66    
    ExtUtils::Manifest  1.60    
    ExtUtils::ParseXS   3.18    
    File::Spec          3.40    
    JSON                2.57    
    JSON::PP            2.27200 
    Module::Build       0.4005  
    Module::Signature   0.73    
    Parse::CPAN::Meta   1.4404  
    Test::Harness       3.23    
    Test::More          0.98    
    YAML                0.84    
    YAML::Syck          1.27    
    version             0.9901  


--

Summary of my perl5 (revision 5 version 10 subversion 1) configuration:
   
  Platform:
    osname=freebsd, osvers=8.0-release, archname=i386-freebsd
    uname='freebsd biokovo.herceg.de 8.0-release freebsd 8.0-release #0: sat nov 21 15:48:17 utc 2009 root@almeida.cse.buffalo.edu:usrobjusrsrcsysgeneric i386 '
    config_args='-Dprefix=/usr/perl5.10.1 -Dusemymalloc=n -D cc=ccache cc -Dgccansipedantic -Duse64bit -de -D hintfile=myfreebsd'
    hint=recommended, useposix=true, d_sigaction=define
    useithreads=undef, usemultiplicity=undef
    useperlio=define, d_sfio=undef, uselargefiles=define, usesocks=undef
    use64bitint=undef, use64bitall=undef, uselongdouble=undef
    usemymalloc=n, bincompat5005=undef
  Compiler:
    cc='ccache cc', ccflags ='-DHAS_FPSETMASK -DHAS_FLOATINGPOINT_H -fno-strict-aliasing -pipe -fstack-protector -I/usr/local/include',
    optimize='-O2 -mtune=athlon64 -pipe',
    cppflags='-DHAS_FPSETMASK -DHAS_FLOATINGPOINT_H -fno-strict-aliasing -pipe -fstack-protector -I/usr/local/include'
    ccversion='', gccversion='4.2.1 20070719  [FreeBSD]', gccosandvers=''
    intsize=4, longsize=4, ptrsize=4, doublesize=8, byteorder=1234
    d_longlong=define, longlongsize=8, d_longdbl=define, longdblsize=12
    ivtype='long', ivsize=4, nvtype='double', nvsize=8, Off_t='off_t', lseeksize=8
    alignbytes=4, prototype=define
  Linker and Libraries:
    ld='ccache cc', ldflags ='-Wl,-E  -fstack-protector -L/usr/local/lib'
    libpth=/usr/lib /usr/local/lib
    libs=-lgdbm -lm -lcrypt -lutil -lc
    perllibs=-lm -lcrypt -lutil -lc
    libc=, so=so, useshrplib=false, libperl=libperl.a
    gnulibc_version=''
  Dynamic Linking:
    dlsrc=dl_dlopen.xs, dlext=so, d_dlsymun=undef, ccdlflags=' '
    cccdlflags='-DPIC -fPIC', lddlflags='-shared  -L/usr/local/lib -fstack-protector'


Characteristics of this binary (from libperl): 
  Compile-time options: PERL_DONT_CREATE_GVSV PERL_MALLOC_WRAP PERL_USE_DEVEL
                        USE_LARGE_FILES USE_PERLIO
  Built under freebsd
  Compiled at Feb  6 2010 13:47:51
  %ENV:
    PERL5LIB="/usr/local/src/CPAN/build/Font-TTF-Scripts-1.03-GrOdq2/blib/arch:/usr/local/src/CPAN/build/Font-TTF-Scripts-1.03-GrOdq2/blib/lib:/usr/local/src/CPAN/build/Font-TTF-1.02-kOhUfT/blib/arch:/usr/local/src/CPAN/build/Font-TTF-1.02-kOhUfT/blib/lib:/usr/local/src/CPAN/build/Text-Unicode-Equivalents-0.05-Jycn3y/blib/arch:/usr/local/src/CPAN/build/Text-Unicode-Equivalents-0.05-Jycn3y/blib/lib:/usr/local/src/CPAN/build/MooX-Singleton-1.20-C7Nujq/blib/arch:/usr/local/src/CPAN/build/MooX-Singleton-1.20-C7Nujq/blib/lib:/usr/local/src/CPAN/build/Dist-Zilla-TravisCI-1.03-sbKje7/blib/arch:/usr/local/src/CPAN/build/Dist-Zilla-TravisCI-1.03-sbKje7/blib/lib:/usr/local/src/CPAN/build/Dist-Zilla-4.300035-aGjzmu/blib/arch:/usr/local/src/CPAN/build/Dist-Zilla-4.300035-aGjzmu/blib/lib:/usr/local/src/CPAN/build/Test-CheckDeps-0.006-_njysC/blib/arch:/usr/local/src/CPAN/build/Test-CheckDeps-0.006-_njysC/blib/lib:/usr/local/src/CPAN/build/CPAN-Meta-Check-0.005-S4QAL0/blib/arch:/usr/local/src/CPAN/build/CPAN-Meta-Check-0.005-S4QAL0/blib/lib:/usr/local/src/CPAN/build/CPAN-Meta-2.131560-pOkP0h/blib/arch:/usr/local/src/CPAN/build/CPAN-Meta-2.131560-pOkP0h/blib/lib"
    PERL5OPT=""
    PERL5_CPANPLUS_IS_RUNNING="25130"
    PERL5_CPAN_IS_RUNNING="25130"
    PERL5_CPAN_IS_RUNNING_IN_RECURSION="24631,25130"
    PERL_BATCH="yes"
    PERL_CPAN_REPORTER_CONFIG="/var/tmp/cpansmoker-1023/vomMZ8FQ6B_config.ini"
    PERL_EXTUTILS_AUTOINSTALL="--defaultdeps"
    PERL_HTML_DISPLAY_CLASS="HTML::Display::Mozilla"
  @INC:
    /usr/local/src/CPAN/build/Font-TTF-Scripts-1.03-GrOdq2/blib/arch
    /usr/local/src/CPAN/build/Font-TTF-Scripts-1.03-GrOdq2/blib/lib
    /usr/local/src/CPAN/build/Font-TTF-1.02-kOhUfT/blib/arch
    /usr/local/src/CPAN/build/Font-TTF-1.02-kOhUfT/blib/lib
    /usr/local/src/CPAN/build/Text-Unicode-Equivalents-0.05-Jycn3y/blib/arch
    /usr/local/src/CPAN/build/Text-Unicode-Equivalents-0.05-Jycn3y/blib/lib
    /usr/local/src/CPAN/build/MooX-Singleton-1.20-C7Nujq/blib/arch
    /usr/local/src/CPAN/build/MooX-Singleton-1.20-C7Nujq/blib/lib
    /usr/local/src/CPAN/build/Dist-Zilla-TravisCI-1.03-sbKje7/blib/arch
    /usr/local/src/CPAN/build/Dist-Zilla-TravisCI-1.03-sbKje7/blib/lib
    /usr/local/src/CPAN/build/Dist-Zilla-4.300035-aGjzmu/blib/arch
    /usr/local/src/CPAN/build/Dist-Zilla-4.300035-aGjzmu/blib/lib
    /usr/local/src/CPAN/build/Test-CheckDeps-0.006-_njysC/blib/arch
    /usr/local/src/CPAN/build/Test-CheckDeps-0.006-_njysC/blib/lib
    /usr/local/src/CPAN/build/CPAN-Meta-Check-0.005-S4QAL0/blib/arch
    /usr/local/src/CPAN/build/CPAN-Meta-Check-0.005-S4QAL0/blib/lib
    /usr/local/src/CPAN/build/CPAN-Meta-2.131560-pOkP0h/blib/arch
    /usr/local/src/CPAN/build/CPAN-Meta-2.131560-pOkP0h/blib/lib
    /usr/perl5.10.1/lib/5.10.1/i386-freebsd
    /usr/perl5.10.1/lib/5.10.1
    /usr/perl5.10.1/lib/site_perl/5.10.1/i386-freebsd
    /usr/perl5.10.1/lib/site_perl/5.10.1
    .