Report for Git-Wrapper-0.046

Back
From: metabase:user:95469110-7bd8-11e6-b50f-f237b03eca4c
Subject: FAIL Git-Wrapper-0.046 v5.24.0 GNU/Linux
Date: 2016-09-16T07:00:46Z

This distribution has been tested as part of the CPAN Testers
project, supporting the Perl programming language.  See
http://wiki.cpantesters.org/ for more information or email
questions to cpan-testers-discuss@perl.org


--
Dear GENEHACK,

This is a computer-generated report for Git-Wrapper-0.046
on perl 5.24.0, created by App::cpanminus::reporter 0.17 (1.7042).

Thank you for uploading your work to CPAN.  However, there was a problem
testing your distribution.

If you think this report is invalid, please consult the CPAN Testers Wiki
for suggestions on how to avoid getting FAIL reports for missing library
or binary dependencies, unsupported operating systems, and so on:

http://wiki.cpantesters.org/wiki/CPANAuthorNotes

Sections of this report:

    * Tester comments
    * Program output
    * Prerequisites
    * Environment and other context

------------------------------
TESTER COMMENTS
------------------------------

Additional comments from tester:

none provided

------------------------------
PROGRAM OUTPUT
------------------------------

Output from '':

Building and testing Git-Wrapper-0.046
cp lib/Git/Wrapper/Statuses.pm blib/lib/Git/Wrapper/Statuses.pm
cp lib/Git/Wrapper/Status.pm blib/lib/Git/Wrapper/Status.pm
cp lib/Git/Wrapper.pm blib/lib/Git/Wrapper.pm
cp lib/Git/Wrapper/Exception.pm blib/lib/Git/Wrapper/Exception.pm
cp lib/Git/Wrapper/Log.pm blib/lib/Git/Wrapper/Log.pm
cp lib/Git/Wrapper/File/RawModification.pm blib/lib/Git/Wrapper/File/RawModification.pm
Manifying 6 pod documents
PERL_DL_NONLAZY=1 "/opt/perl-5.24.0/bin/perl" "-MExtUtils::Command::MM" "-MTest::Harness" "-e" "undef *Test::Harness::Switches; test_harness(0, 'blib/lib', 'blib/arch')" t/*.t
# Testing Git::Wrapper 0.046
t/00-load.t .............. ok
t/author-err.t ........... skipped: these tests are for testing by the author
t/author-pod-coverage.t .. skipped: these tests are for testing by the author
t/author-pod-syntax.t .... skipped: these tests are for testing by the author
# Testing git version: 1.7.1

#   Failed test 'expected copy score'
#   at t/basic.t line 150.
#          got: undef
#     expected: '100'

#   Failed test 'expected copy type'
#   at t/basic.t line 151.
#          got: 'A'
#     expected: 'C'

#   Failed test 'using RUN('log','--format=%H') to get all four commit SHAs'
#   at t/basic.t line 201.
# Looks like you failed 3 tests of 34.
t/basic.t ................ 
Dubious, test returned 3 (wstat 768, 0x300)
Failed 3/34 subtests 
	(less 2 skipped subtests: 29 okay)
t/git_binary.t ........... ok
t/parse_args.t ........... ok
# Testing git version: 1.7.1
t/path_class.t ........... ok

Test Summary Report
-------------------
t/basic.t              (Wstat: 768 Tests: 34 Failed: 3)
  Failed tests:  23-24, 28
  Non-zero exit status: 3
Files=8, Tests=75,  2 wallclock secs ( 0.06 usr  0.01 sys +  0.60 cusr  0.38 csys =  1.05 CPU)
Result: FAIL

------------------------------
PREREQUISITES
------------------------------

Prerequisite modules loaded:

    No requirements found

------------------------------
ENVIRONMENT AND OTHER CONTEXT
------------------------------

Environment variables:

    LANG = en_US.utf8
    PATH = /opt/perl/bin:/usr/pgsql-9.4/bin:/usr/lib64/qt-3.3/bin:/usr/local/bin:/bin:/usr/bin:/usr/local/sbin:/usr/sbin:/sbin:/home/grinnz/bin
    PERL5LIB = /home/grinnz/projects/paperbot/perl:/home/grinnz/perl:/var/www/perl:
    SHELL = /bin/bash
    TERM = screen

Perl special variables (and OS-specific diagnostics, for MSWin32):

    EGID = 500 10 500 501
    EUID = 500
    EXECUTABLE_NAME = /opt/perl-5.24.0/bin/perl
    GID = 500 10 500 501
    UID = 500

Perl module toolchain versions installed:

    Module              Have    
    ------------------- --------
    CPAN                2.11    
    CPAN::Meta          2.150005
    Cwd                 3.63    
    ExtUtils::CBuilder  0.280225
    ExtUtils::Command   7.24    
    ExtUtils::Install   2.04    
    ExtUtils::MakeMaker 7.24    
    ExtUtils::Manifest  1.70    
    ExtUtils::ParseXS   3.31    
    File::Spec          3.63    
    JSON                2.90    
    JSON::PP            2.27300 
    Module::Build       0.4220  
    Module::Signature   0.81    
    Parse::CPAN::Meta   1.4417  
    Test::Harness       3.36    
    Test::More          1.302056
    YAML                1.18    
    YAML::Syck          n/a     
    version             0.9917  


--

Summary of my perl5 (revision 5 version 24 subversion 0) configuration:
   
  Platform:
    osname=linux, osvers=2.6.32-573.18.1.el6.x86_64, archname=x86_64-linux
    uname='linux bookdvps.grinnz.com 2.6.32-573.18.1.el6.x86_64 #1 smp tue feb 9 22:46:17 utc 2016 x86_64 x86_64 x86_64 gnulinux '
    config_args='-Dprefix=/opt/perl-5.24.0 -de -A'eval:scriptdir=/opt/perl-5.24.0/bin''
    hint=recommended, useposix=true, d_sigaction=define
    useithreads=undef, usemultiplicity=undef
    use64bitint=define, use64bitall=define, uselongdouble=undef
    usemymalloc=n, bincompat5005=undef
  Compiler:
    cc='cc', ccflags ='-fwrapv -fno-strict-aliasing -pipe -fstack-protector -I/usr/local/include -D_LARGEFILE_SOURCE -D_FILE_OFFSET_BITS=64 -D_FORTIFY_SOURCE=2',
    optimize='-O2',
    cppflags='-fwrapv -fno-strict-aliasing -pipe -fstack-protector -I/usr/local/include'
    ccversion='', gccversion='4.4.7 20120313 (Red Hat 4.4.7-16)', gccosandvers=''
    intsize=4, longsize=8, ptrsize=8, doublesize=8, byteorder=12345678, doublekind=3
    d_longlong=define, longlongsize=8, d_longdbl=define, longdblsize=16, longdblkind=3
    ivtype='long', ivsize=8, nvtype='double', nvsize=8, Off_t='off_t', lseeksize=8
    alignbytes=8, prototype=define
  Linker and Libraries:
    ld='cc', ldflags =' -fstack-protector -L/usr/local/lib'
    libpth=/usr/local/lib /usr/lib /lib/../lib64 /usr/lib/../lib64 /lib /lib64 /usr/lib64 /usr/local/lib64
    libs=-lpthread -lnsl -lgdbm -ldb -ldl -lm -lcrypt -lutil -lc
    perllibs=-lpthread -lnsl -ldl -lm -lcrypt -lutil -lc
    libc=libc-2.12.so, so=so, useshrplib=false, libperl=libperl.a
    gnulibc_version='2.12'
  Dynamic Linking:
    dlsrc=dl_dlopen.xs, dlext=so, d_dlsymun=undef, ccdlflags='-Wl,-E'
    cccdlflags='-fPIC', lddlflags='-shared -O2 -L/usr/local/lib -fstack-protector'


Characteristics of this binary (from libperl): 
  Compile-time options: HAS_TIMES PERLIO_LAYERS PERL_COPY_ON_WRITE
                        PERL_DONT_CREATE_GVSV
                        PERL_HASH_FUNC_ONE_AT_A_TIME_HARD PERL_MALLOC_WRAP
                        PERL_PRESERVE_IVUV USE_64_BIT_ALL USE_64_BIT_INT
                        USE_LARGE_FILES USE_LOCALE USE_LOCALE_COLLATE
                        USE_LOCALE_CTYPE USE_LOCALE_NUMERIC USE_LOCALE_TIME
                        USE_PERLIO USE_PERL_ATOF
  Locally applied patches:
	Devel::PatchPerl 1.42
  Built under linux
  Compiled at May  9 2016 13:15:35
  %ENV:
    PERL5LIB="/home/grinnz/projects/paperbot/perl:/home/grinnz/perl:/var/www/perl:"
  @INC:
    /home/grinnz/projects/paperbot/perl
    /home/grinnz/perl
    /var/www/perl
    /opt/perl-5.24.0/lib/site_perl/5.24.0/x86_64-linux
    /opt/perl-5.24.0/lib/site_perl/5.24.0
    /opt/perl-5.24.0/lib/5.24.0/x86_64-linux
    /opt/perl-5.24.0/lib/5.24.0
    .