Back
From: metabase:user:30f4dfbe-2aae-11df-837a-5e0a49663a4f
Subject: FAIL XML-Parser-2.44 v5.16.0 FreeBSD
Date: 2017-07-23T12:06:00Z
This distribution has been tested as part of the CPAN Testers
project, supporting the Perl programming language. See
http://wiki.cpantesters.org/ for more information or email
questions to cpan-testers-discuss@perl.org
--
Dear Todd Rinaldo,
This is a computer-generated report for XML-Parser-2.44
on perl 5.16.0, created by CPAN-Reporter-1.2011.
Thank you for uploading your work to CPAN. However, there was a problem
testing your distribution.
If you think this report is invalid, please consult the CPAN Testers Wiki
for suggestions on how to avoid getting FAIL reports for missing library
or binary dependencies, unsupported operating systems, and so on:
http://wiki.cpantesters.org/wiki/CPANAuthorNotes
Sections of this report:
* Tester comments
* Program output
* Prerequisites
* Environment and other context
------------------------------
TESTER COMMENTS
------------------------------
Additional comments from tester:
this report is from an automated smoke testing program
and was not reviewed by a human for accuracy
------------------------------
PROGRAM OUTPUT
------------------------------
Output from '/usr/bin/make test':
Running Mkbootstrap for XML::Parser::Expat ()
chmod 644 "Expat.bs"
Manifying 1 pod document
PERL_DL_NONLAZY=1 "/usr/home/njh/perl5/perlbrew/perls/perl-5.16.0/bin/perl5.16.0" "-MExtUtils::Command::MM" "-MTest::Harness" "-e" "undef *Test::Harness::Switches; test_harness(0, 'blib/lib', 'blib/arch')" t/*.t
t/astress.t ........... ok
t/cdata.t ............. ok
t/decl.t ..............
Failed 33/40 subtests
t/defaulted.t ......... ok
t/encoding.t ..........
No subtests run
t/external_ent.t ...... ok
t/file.t .............. ok
t/file_open_scalar.t .. ok
t/finish.t ............ ok
t/namespaces.t ........ ok
t/parament.t ..........
Failed 12/13 subtests
t/partial.t ........... ok
t/skip.t .............. ok
t/stream.t ............ ok
t/styles.t ............
Failed 10/13 subtests
Test Summary Report
-------------------
t/decl.t (Wstat: 138 Tests: 7 Failed: 0)
Non-zero wait status: 138
Parse errors: Bad plan. You planned 40 tests but ran 7.
t/encoding.t (Wstat: 138 Tests: 0 Failed: 0)
Non-zero wait status: 138
Parse errors: No plan found in TAP output
t/parament.t (Wstat: 138 Tests: 1 Failed: 0)
Non-zero wait status: 138
Parse errors: Bad plan. You planned 13 tests but ran 1.
t/styles.t (Wstat: 138 Tests: 3 Failed: 0)
Non-zero wait status: 138
Parse errors: Bad plan. You planned 13 tests but ran 3.
Files=15, Tests=80, 222 wallclock secs ( 0.53 usr 0.16 sys + 6.63 cusr 3.13 csys = 10.45 CPU)
Result: FAIL
Failed 4/15 test programs. 0/80 subtests failed.
*** Error code 255
Stop.
make: stopped in /usr/home/njh/.cpan/build/XML-Parser-2.44-YDftYB
------------------------------
PREREQUISITES
------------------------------
Prerequisite modules loaded:
requires:
Module Need Have
------------------- ------- --------
LWP::UserAgent 0 6.06
perl 5.00405 5.016000
build_requires:
Module Need Have
------------------- ------- --------
Test::More 0 1.001014
configure_requires:
Module Need Have
------------------- ------- --------
ExtUtils::MakeMaker 0 7.04
------------------------------
ENVIRONMENT AND OTHER CONTEXT
------------------------------
Environment variables:
AUTOMATED_TESTING = 1
PATH = /home/njh/perl5/perlbrew/bin:/home/njh/perl5/perlbrew/perls/perl-5.16.0/bin:/home/njh/perl5/perlbrew/bin:/usr/local/bin:/bin:/usr/bin
PERL5LIB =
PERL5OPT =
PERL5_CPANPLUS_IS_RUNNING = 21631
PERL5_CPAN_IS_RUNNING = 21631
PERL5_MINISMOKEBOX = 0.58
PERLBREW_BASHRC_VERSION = 0.74
PERLBREW_LIB =
PERLBREW_MANPATH = /home/njh/perl5/perlbrew/perls/perl-5.16.0/man
PERLBREW_PATH = /home/njh/perl5/perlbrew/bin:/home/njh/perl5/perlbrew/perls/perl-5.16.0/bin
PERLBREW_PERL = perl-5.16.0
PERLBREW_ROOT = /home/njh/perl5/perlbrew
PERLBREW_VERSION = 0.74
PERL_EXTUTILS_AUTOINSTALL = --defaultdeps
PERL_LOCAL_LIB_ROOT =
PERL_MM_USE_DEFAULT = 1
SHELL = /bin/sh
Perl special variables (and OS-specific diagnostics, for MSWin32):
$^X = /usr/home/njh/perl5/perlbrew/perls/perl-5.16.0/bin/perl5.16.0
$UID/$EUID = 1000 / 1000
$GID = 1000 1000 0
$EGID = 1000 1000 0
Perl module toolchain versions installed:
Module Have
------------------- --------
CPAN 2.05
CPAN::Meta 2.150005
Cwd 3.47
ExtUtils::CBuilder 0.280220
ExtUtils::Command 1.17
ExtUtils::Install 1.58
ExtUtils::MakeMaker 7.04
ExtUtils::Manifest 1.65
ExtUtils::ParseXS 3.16
File::Spec 3.47
JSON 2.90
JSON::PP 2.27400
Module::Build 0.4210
Module::Signature n/a
Parse::CPAN::Meta 1.4422
Test::Harness 3.34
Test::More 1.001014
YAML 1.13
YAML::Syck 1.29
version 0.99
--
Summary of my perl5 (revision 5 version 16 subversion 0) configuration:
Platform:
osname=freebsd, osvers=9.1-release, archname=i386-freebsd-thread-multi
uname='freebsd amber 9.1-release freebsd 9.1-release #0 r243826: tue dec 4 06:55:39 utc 2012 root@obrian.cse.buffalo.edu:usrobjusrsrcsysgeneric i386 '
config_args='-de -Dprefix=/home/njh/perl5/perlbrew/perls/perl-5.16.0 -Duseithreads -Dusemultiplicity -Dusedevel -Accflags=-O2 -W -Wformat=2 -Wswitch -Wshadow -Wwrite-strings -Wuninitialized -Wall -pipe -mtune=native -march=native -fomit-frame-pointer -msse2 -msse -mmmx -mfpmath=sse -pedantic -D_FORTIFY_SOURCE=2 -Wpointer-arith -Wstrict-prototypes -fstack-protector -Wstack-protector -Wextra -Wbad-function-cast -Wcast-align -Wcast-qual -Wdisabled-optimization -Wendif-labels -Wfloat-equal -Wformat-nonliteral -Winline -Wmissing-declarations -Wmissing-prototypes -Wnested-externs -Wpointer-arith -Wundef -Wformat-security -ftree-vectorize -Aeval:scriptdir=/home/njh/perl5/perlbrew/perls/perl-5.16.0/bin'
hint=recommended, useposix=true, d_sigaction=define
useithreads=define, usemultiplicity=define
useperlio=define, d_sfio=undef, uselargefiles=define, usesocks=undef
use64bitint=undef, use64bitall=undef, uselongdouble=undef
usemymalloc=n, bincompat5005=undef
Compiler:
cc='cc', ccflags ='-DHAS_FPSETMASK -DHAS_FLOATINGPOINT_H -O2 -W -Wformat=2 -Wswitch -Wshadow -Wwrite-strings -Wuninitialized -Wall -pipe -mtune=native -march=native -fomit-frame-pointer -msse2 -msse -mmmx -mfpmath=sse -pedantic -D_FORTIFY_SOURCE=2 -Wpointer-arith -Wstrict-prototypes -fstack-protector -Wstack-protector -Wextra -Wbad-function-cast -Wcast-align -Wcast-qual -Wdisabled-optimization -Wendif-labels -Wfloat-equal -Wformat-nonliteral -Winline -Wmissing-declarations -Wmissing-prototypes -Wnested-externs -Wpointer-arith -Wundef -Wformat-security -ftree-vectorize -fno-strict-aliasing -I/usr/local/include',
optimize='-O',
cppflags='-DHAS_FPSETMASK -DHAS_FLOATINGPOINT_H -O2 -W -Wformat=2 -Wswitch -Wshadow -Wwrite-strings -Wuninitialized -Wall -pipe -mtune=native -march=native -fomit-frame-pointer -msse2 -msse -mmmx -mfpmath=sse -pedantic -D_FORTIFY_SOURCE=2 -Wpointer-arith -Wstrict-prototypes -fstack-protector -Wstack-protector -Wextra -Wbad-function-cast -Wcast-align -Wcast-qual -Wdisabled-optimization -Wendif-labels -Wfloat-equal -Wformat-nonliteral -Winline -Wmissing-declarations -Wmissing-prototypes -Wnested-externs -Wpointer-arith -Wundef -Wformat-security -ftree-vectorize -fno-strict-aliasing -I/usr/local/include'
ccversion='', gccversion='4.2.1 20070831 patched [FreeBSD]', gccosandvers=''
intsize=4, longsize=4, ptrsize=4, doublesize=8, byteorder=1234
d_longlong=define, longlongsize=8, d_longdbl=define, longdblsize=12
ivtype='long', ivsize=4, nvtype='double', nvsize=8, Off_t='off_t', lseeksize=8
alignbytes=4, prototype=define
Linker and Libraries:
ld='cc', ldflags ='-pthread -Wl,-E -fstack-protector -L/usr/local/lib'
libpth=/usr/lib /usr/local/lib
libs=-lm -lcrypt
perllibs=-lm -lcrypt
libc=, so=so, useshrplib=false, libperl=libperl.a
gnulibc_version=''
Dynamic Linking:
dlsrc=dl_dlopen.xs, dlext=so, d_dlsymun=undef, ccdlflags=' '
cccdlflags='-DPIC -fPIC', lddlflags='-shared -L/usr/local/lib -fstack-protector'
Characteristics of this binary (from libperl):
Compile-time options: HAS_TIMES MULTIPLICITY PERLIO_LAYERS
PERL_DONT_CREATE_GVSV PERL_IMPLICIT_CONTEXT
PERL_MALLOC_WRAP PERL_PRESERVE_IVUV PERL_USE_DEVEL
USE_ITHREADS USE_LARGE_FILES USE_LOCALE
USE_LOCALE_COLLATE USE_LOCALE_CTYPE
USE_LOCALE_NUMERIC USE_PERLIO USE_PERL_ATOF
USE_REENTRANT_API
Locally applied patches:
Devel::PatchPerl 1.30
Built under freebsd
Compiled at Jan 14 2015 17:54:16
%ENV:
PERL5LIB=""
PERL5OPT=""
PERL5_CPANPLUS_IS_RUNNING="21631"
PERL5_CPAN_IS_RUNNING="21631"
PERL5_MINISMOKEBOX="0.58"
PERLBREW_BASHRC_VERSION="0.74"
PERLBREW_LIB=""
PERLBREW_MANPATH="/home/njh/perl5/perlbrew/perls/perl-5.16.0/man"
PERLBREW_PATH="/home/njh/perl5/perlbrew/bin:/home/njh/perl5/perlbrew/perls/perl-5.16.0/bin"
PERLBREW_PERL="perl-5.16.0"
PERLBREW_ROOT="/home/njh/perl5/perlbrew"
PERLBREW_VERSION="0.74"
PERL_EXTUTILS_AUTOINSTALL="--defaultdeps"
PERL_LOCAL_LIB_ROOT=""
PERL_MM_USE_DEFAULT="1"
@INC:
/home/njh/perl5/perlbrew/perls/perl-5.16.0/lib/site_perl/5.16.0/i386-freebsd-thread-multi
/home/njh/perl5/perlbrew/perls/perl-5.16.0/lib/site_perl/5.16.0
/home/njh/perl5/perlbrew/perls/perl-5.16.0/lib/5.16.0/i386-freebsd-thread-multi
/home/njh/perl5/perlbrew/perls/perl-5.16.0/lib/5.16.0
.