HTTP-WebTest v2.04 Perl 5 v5.22.4 x86_64-linux

Status
Fail
From
Slaven Rezić
Dist
HTTP-WebTest v2.04
Platform
Perl 5 v5.22.4 x86_64-linux
Date
2020-12-13 22:05:21
ID
4b30dc7a-3d8f-11eb-a04b-a04b1f24ea8f
This distribution has been tested as part of the CPAN Testers
project, supporting the Perl programming language.  See
http://wiki.cpantesters.org/ for more information or email
questions to cpan-testers-discuss@perl.org


--
Dear Ilya Martynov,

This is a computer-generated report for HTTP-WebTest-2.04
on perl 5.22.4, created by CPAN-Reporter-1.2018.

Thank you for uploading your work to CPAN.  However, there was a problem
testing your distribution.

If you think this report is invalid, please consult the CPAN Testers Wiki
for suggestions on how to avoid getting FAIL reports for missing library
or binary dependencies, unsupported operating systems, and so on:

http://wiki.cpantesters.org/wiki/CPANAuthorNotes

Sections of this report:

    * Tester comments
    * Program output
    * Prerequisites
    * Environment and other context

------------------------------
TESTER COMMENTS
------------------------------

Additional comments from tester:

none provided

------------------------------
PROGRAM OUTPUT
------------------------------

Output from '/usr/bin/make test':

PERL_DL_NONLAZY=1 "/opt/perl-5.22.4/bin/perl" "-MExtUtils::Command::MM" "-MTest::Harness" "-e" "undef *Test::Harness::Switches; test_harness(0, 'blib/lib', 'blib/arch')" t/*.t
t/01-api.t ............ ok

#   Failed test at /home/cpansand/.cpan/build/2020121322/HTTP-WebTest-2.04-1/blib/lib/HTTP/WebTest/SelfTest.pm line 202.

#   Failed test at /home/cpansand/.cpan/build/2020121322/HTTP-WebTest-2.04-1/blib/lib/HTTP/WebTest/SelfTest.pm line 202.

#   Failed test at /home/cpansand/.cpan/build/2020121322/HTTP-WebTest-2.04-1/blib/lib/HTTP/WebTest/SelfTest.pm line 202.

#   Failed test at /home/cpansand/.cpan/build/2020121322/HTTP-WebTest-2.04-1/blib/lib/HTTP/WebTest/SelfTest.pm line 202.
# Looks like you failed 4 tests of 37.
t/02-generic.t ........ 
Dubious, test returned 4 (wstat 1024, 0x400)
Failed 4/37 subtests 
t/03-proxy.t .......... ok
t/05-report.t ......... ok
t/05a-email-report.t .. ok
Use of uninitialized value $extracted in string eq at /home/cpansand/.cpan/build/2020121322/HTTP-WebTest-2.04-1/blib/lib/HTTP/WebTest/Parser.pm line 237.
Use of uninitialized value $extracted in string eq at /home/cpansand/.cpan/build/2020121322/HTTP-WebTest-2.04-1/blib/lib/HTTP/WebTest/Parser.pm line 237.
Use of uninitialized value $extracted in string eq at /home/cpansand/.cpan/build/2020121322/HTTP-WebTest-2.04-1/blib/lib/HTTP/WebTest/Parser.pm line 262.
t/06-parser.t ......... ok
t/07-compat.t ......... ok
t/08-plugins.t ........ ok
t/09-hooks.t .......... ok
t/10-click.t .......... ok
t/11-delay.t .......... ok
t/12-request.t ........ ok
t/13-harness.t ........ ok

Test Summary Report
-------------------
t/02-generic.t      (Wstat: 1024 Tests: 37 Failed: 4)
  Failed tests:  2-4, 29
  Non-zero exit status: 4
Files=13, Tests=247, 30 wallclock secs ( 0.05 usr  0.08 sys +  1.78 cusr  0.63 csys =  2.54 CPU)
Result: FAIL
Failed 1/13 test programs. 4/247 subtests failed.
Makefile:985: recipe for target 'test_dynamic' failed
make: *** [test_dynamic] Error 255

------------------------------
PREREQUISITES
------------------------------

Prerequisite modules loaded:

requires:

    Module                Need Have      
    --------------------- ---- ----------
    Algorithm::Diff       0    1.200     
    CGI::Cookie           0    4.51      
    LWP                   5.6  6.49      
    MIME::Base64          0    3.16      
    Net::SMTP             0    3.12      
    Pod::Man              1.14 4.13      
    Pod::Usage            0    1.70      
    Test::Builder::Tester 0    1.302183  
    Test::MockObject      0.07 1.20200122
    Test::More            0    1.302183  
    Text::Balanced        0    2.04      
    Time::HiRes           0    1.9764    
    URI                   0    5.05      

build_requires:

    Module                Need Have      
    --------------------- ---- ----------
    ExtUtils::MakeMaker   0    7.54      


------------------------------
ENVIRONMENT AND OTHER CONTEXT
------------------------------

Environment variables:

    LANG = C
    PATH = /usr/local/bin:/usr/bin:/bin:/usr/local/sbin:/usr/sbin:/sbin:/home/cpansand/bin/linux-gnu:/home/cpansand/bin/sh:/home/cpansand/bin:/usr/games:/home/cpansand/devel:/home/eserte/src/srezic-misc/scripts
    PERL5LIB = 
    PERL5OPT = 
    PERL5_CPANPLUS_IS_RUNNING = 31985
    PERL5_CPAN_IS_RUNNING = 31985
    PERL5_CPAN_IS_RUNNING_IN_RECURSION = 30759,31985
    PERLDOC = -MPod::Perldoc::ToTextOverstrike
    PERL_BATCH = yes
    PERL_CANARY_STABILITY_NOPROMPT = 1
    PERL_CPAN_REPORTER_CONFIG = /var/tmp/cpansmoker-1023/2020121322/cpanreporter_000_config.ini
    PERL_EXTUTILS_AUTOINSTALL = --defaultdeps
    PERL_USE_UNSAFE_INC = 1
    SHELL = /usr/bin/zsh
    TERM = screen
    TMPDIR = /var/tmp/cpansmoker-1023/2020121322

Perl special variables (and OS-specific diagnostics, for MSWin32):

    $^X = /opt/perl-5.22.4/bin/perl
    $UID/$EUID = 1023 / 1023
    $GID = 1023 1023
    $EGID = 1023 1023

Perl module toolchain versions installed:

    Module              Have    
    ------------------- --------
    CPAN                2.28    
    CPAN::Meta          2.150010
    Cwd                 3.75    
    ExtUtils::CBuilder  0.280235
    ExtUtils::Command   7.54    
    ExtUtils::Install   2.16    
    ExtUtils::MakeMaker 7.54    
    ExtUtils::Manifest  1.70    
    ExtUtils::ParseXS   3.35    
    File::Spec          3.75    
    JSON                4.02    
    JSON::PP            4.05    
    Module::Build       0.4231  
    Module::Signature   0.87    
    Parse::CPAN::Meta   2.150010
    Test::Harness       3.42    
    Test::More          1.302183
    YAML                1.29    
    YAML::Syck          1.34    
    version             0.9928  


--

Summary of my perl5 (revision 5 version 22 subversion 4) configuration:
   
  Platform:
    osname=linux, osvers=4.9.0-9-amd64, archname=x86_64-linux
    uname='linux debian9 4.9.0-9-amd64 #1 smp debian 4.9.168-1+deb9u4 (2019-07-19) x86_64 gnulinux '
    config_args='-ds -e -Dprefix=/opt/perl-5.22.4 -Dcf_email=srezic@cpan.org'
    hint=recommended, useposix=true, d_sigaction=define
    useithreads=undef, usemultiplicity=undef
    use64bitint=define, use64bitall=define, uselongdouble=undef
    usemymalloc=n, bincompat5005=undef
  Compiler:
    cc='cc', ccflags ='-fwrapv -fno-strict-aliasing -pipe -fstack-protector-strong -I/usr/local/include -D_LARGEFILE_SOURCE -D_FILE_OFFSET_BITS=64',
    optimize='-O2',
    cppflags='-fwrapv -fno-strict-aliasing -pipe -fstack-protector-strong -I/usr/local/include'
    ccversion='', gccversion='6.3.0 20170516', gccosandvers=''
    intsize=4, longsize=8, ptrsize=8, doublesize=8, byteorder=12345678, doublekind=3
    d_longlong=define, longlongsize=8, d_longdbl=define, longdblsize=16, longdblkind=3
    ivtype='long', ivsize=8, nvtype='double', nvsize=8, Off_t='off_t', lseeksize=8
    alignbytes=8, prototype=define
  Linker and Libraries:
    ld='cc', ldflags =' -fstack-protector-strong -L/usr/local/lib'
    libpth=/usr/local/lib /usr/lib/gcc/x86_64-linux-gnu/6/include-fixed /usr/include/x86_64-linux-gnu /usr/lib /lib/x86_64-linux-gnu /lib/../lib /usr/lib/x86_64-linux-gnu /usr/lib/../lib /lib
    libs=-lpthread -lnsl -ldb -ldl -lm -lcrypt -lutil -lc
    perllibs=-lpthread -lnsl -ldl -lm -lcrypt -lutil -lc
    libc=libc-2.24.so, so=so, useshrplib=false, libperl=libperl.a
    gnulibc_version='2.24'
  Dynamic Linking:
    dlsrc=dl_dlopen.xs, dlext=so, d_dlsymun=undef, ccdlflags='-Wl,-E'
    cccdlflags='-fPIC', lddlflags='-shared -O2 -L/usr/local/lib -fstack-protector-strong'


Characteristics of this binary (from libperl): 
  Compile-time options: HAS_TIMES PERLIO_LAYERS PERL_DONT_CREATE_GVSV
                        PERL_HASH_FUNC_ONE_AT_A_TIME_HARD PERL_MALLOC_WRAP
                        PERL_NEW_COPY_ON_WRITE PERL_PRESERVE_IVUV
                        USE_64_BIT_ALL USE_64_BIT_INT USE_LARGE_FILES
                        USE_LOCALE USE_LOCALE_COLLATE USE_LOCALE_CTYPE
                        USE_LOCALE_NUMERIC USE_LOCALE_TIME USE_PERLIO
                        USE_PERL_ATOF
  Built under linux
  Compiled at Aug  6 2019 17:25:44
  %ENV:
    PERL5LIB=""
    PERL5OPT=""
    PERL5_CPANPLUS_IS_RUNNING="31985"
    PERL5_CPAN_IS_RUNNING="31985"
    PERL5_CPAN_IS_RUNNING_IN_RECURSION="30759,31985"
    PERLDOC="-MPod::Perldoc::ToTextOverstrike"
    PERL_BATCH="yes"
    PERL_CANARY_STABILITY_NOPROMPT="1"
    PERL_CPAN_REPORTER_CONFIG="/var/tmp/cpansmoker-1023/2020121322/cpanreporter_000_config.ini"
    PERL_EXTUTILS_AUTOINSTALL="--defaultdeps"
    PERL_USE_UNSAFE_INC="1"
  @INC:
    /opt/perl-5.22.4/lib/site_perl/5.22.4/x86_64-linux
    /opt/perl-5.22.4/lib/site_perl/5.22.4
    /opt/perl-5.22.4/lib/5.22.4/x86_64-linux
    /opt/perl-5.22.4/lib/5.22.4
    .