Report for Net-IP-Identifier-0.106

Back
From: metabase:user:30ae4450-2aae-11df-837a-5e0a49663a4f
Subject: FAIL Net-IP-Identifier-0.106 v5.10.1 
Date: 2015-05-28T17:30:29Z

This distribution has been tested as part of the CPAN Testers
project, supporting the Perl programming language.  See
http://wiki.cpantesters.org/ for more information or email
questions to cpan-testers-discuss@perl.org


--
Dear Reid Augustin,

This is a computer-generated report for Net-IP-Identifier-0.106
on perl 5.10.1, created by CPAN-Reporter-1.2011.

Thank you for uploading your work to CPAN.  However, there was a problem
testing your distribution.

If you think this report is invalid, please consult the CPAN Testers Wiki
for suggestions on how to avoid getting FAIL reports for missing library
or binary dependencies, unsupported operating systems, and so on:

http://wiki.cpantesters.org/wiki/CPANAuthorNotes

Sections of this report:

    * Tester comments
    * Program output
    * Prerequisites
    * Environment and other context

------------------------------
TESTER COMMENTS
------------------------------

Additional comments from tester:

this report is from an automated smoke testing program
and was not reviewed by a human for accuracy

------------------------------
PROGRAM OUTPUT
------------------------------

Output from 'C:\strawberry\c\bin\dmake.EXE test':

C:\strawberry\perl\bin\perl.exe "-MExtUtils::Command::MM" "-e" "test_harness(0, 'blib\lib', 'blib\arch')" t/*.t
t/010node.t ........ ok

#   Failed test 'use Net::IP::Identifier;'
#   at t/100base.t line 18.
#     Tried to use 'Net::IP::Identifier'.
#     Error:  Type of arg 1 to shift must be array (not concatenation (.) or string) at C:\strawberry\cpan\build\Net-IP-Identifier-0.106-LHXAuz\blib\lib/Net/IP/Identifier.pm line 133, near "@ARGV;"
# Compilation failed in require at (eval 4) line 2.
# BEGIN failed--compilation aborted at (eval 4) line 2.
Undefined subroutine &Net::IP::Identifier::identify called at t/100base.t line 23.
# Looks like you planned 14 tests but ran 2.
# Looks like you failed 1 test of 2 run.
# Looks like your test exited with 255 just after 2.
t/100base.t ........ 
Dubious, test returned 255 (wstat 65280, 0xff00)
Failed 13/14 subtests 

#   Failed test 'use Net::IP::Identifier;'
#   at t/103overlap.t line 91.
#     Tried to use 'Net::IP::Identifier'.
#     Error:  Type of arg 1 to shift must be array (not concatenation (.) or string) at C:\strawberry\cpan\build\Net-IP-Identifier-0.106-LHXAuz\blib\lib/Net/IP/Identifier.pm line 133, near "@ARGV;"
# Compilation failed in require at (eval 7) line 2.
# BEGIN failed--compilation aborted at (eval 7) line 2.
Can't resolve method "???" overloading """" in package "overload" at t/103overlap.t line 50.
Can't resolve method "???" overloading """" in package "overload" at t/103overlap.t line 50.
# Looks like you planned 13 tests but ran 2.
# Looks like you failed 1 test of 2 run.
# Looks like your test exited with 9 just after 2.
t/103overlap.t ..... 
Dubious, test returned 9 (wstat 2304, 0x900)
Failed 12/13 subtests 

#   Failed test 'use Net::IP::Identifier;'
#   at t/120range.t line 48.
#     Tried to use 'Net::IP::Identifier'.
#     Error:  Type of arg 1 to shift must be array (not concatenation (.) or string) at C:\strawberry\cpan\build\Net-IP-Identifier-0.106-LHXAuz\blib\lib/Net/IP/Identifier.pm line 133, near "@ARGV;"
# Compilation failed in require at (eval 7) line 2.
# BEGIN failed--compilation aborted at (eval 7) line 2.
Can't resolve method "???" overloading """" in package "overload" at t/120range.t line 28.
Can't resolve method "???" overloading """" in package "overload" at t/120range.t line 28.
# Looks like you planned 25 tests but ran 2.
# Looks like you failed 1 test of 2 run.
# Looks like your test exited with 9 just after 2.
t/120range.t ....... 
Dubious, test returned 9 (wstat 2304, 0x900)
Failed 24/25 subtests 
t/author-critic.t .. skipped: these tests are for testing by the author

Test Summary Report
-------------------
t/100base.t      (Wstat: 65280 Tests: 2 Failed: 1)
  Failed test:  1
  Non-zero exit status: 255
  Parse errors: Bad plan.  You planned 14 tests but ran 2.
t/103overlap.t   (Wstat: 2304 Tests: 2 Failed: 1)
  Failed test:  1
  Non-zero exit status: 9
  Parse errors: Bad plan.  You planned 13 tests but ran 2.
t/120range.t     (Wstat: 2304 Tests: 2 Failed: 1)
  Failed test:  1
  Non-zero exit status: 9
  Parse errors: Bad plan.  You planned 25 tests but ran 2.
Files=5, Tests=22,  0 wallclock secs ( 0.02 usr +  0.02 sys =  0.04 CPU)
Result: FAIL
Failed 3/5 test programs. 3/22 subtests failed.
dmake.EXE:  Error code 255, while making 'test_dynamic'

------------------------------
PREREQUISITES
------------------------------

Prerequisite modules loaded:

requires:

    Module              Need Have      
    ------------------- ---- ----------
    Carp                0    1.26      
    DBI                 0    1.623     
    File::Spec          0    3.40      
    Getopt::Long        0    2.38      
    IPC::Run            0    0.92      
    Math::BigInt        0    1.997     
    Module::Pluggable   0    4.7       
    Moo                 0    1.000008  
    namespace::clean    0    0.24      
    Net::IP             0    1.26      
    overload            0    1.07      
    parent              0    0.225     
    Regexp::Common      0    2011121001
    Role::Tiny          0    1.002005  
    Role::Tiny::With    0    0         
    strict              0    1.04      
    Try::Tiny           0    0.12      
    warnings            0    1.06      

build_requires:

    Module              Need Have      
    ------------------- ---- ----------
    ExtUtils::MakeMaker 0    6.64      
    Test::More          0    0.98      

configure_requires:

    Module              Need Have      
    ------------------- ---- ----------
    ExtUtils::MakeMaker 0    6.64      


------------------------------
ENVIRONMENT AND OTHER CONTEXT
------------------------------

Environment variables:

    AUTOMATED_TESTING = 1
    COMSPEC = C:\WINDOWS\system32\cmd.exe
    NUMBER_OF_PROCESSORS = 1
    PATH = C:\WINDOWS\system32;C:\WINDOWS;C:\WINDOWS\System32\Wbem;C:\strawberry\c\bin;C:\strawberry\perl\site\bin;C:\strawberry\perl\bin
    PERL5LIB = 
    PERL5OPT = 
    PERL5_CPANPLUS_IS_RUNNING = 17508
    PERL5_CPAN_IS_RUNNING = 17508
    PERL5_CPAN_IS_RUNNING_IN_RECURSION = 1996,17508
    PERL_CR_SMOKER_CURRENT = Net-IP-Identifier-0.106
    PERL_CR_SMOKER_RUNONCE = 1
    PERL_EXTUTILS_AUTOINSTALL = --defaultdeps
    PERL_JSON_BACKEND = JSON::XS
    PERL_MM_USE_DEFAULT = 1
    PERL_YAML_BACKEND = YAML
    PROCESSOR_IDENTIFIER = x86 Family 16 Model 5 Stepping 3, AuthenticAMD
    TEMP = C:\DOCUME~1\c\LOCALS~1\Temp
    TERM = dumb

Perl special variables (and OS-specific diagnostics, for MSWin32):

    $^X = C:\strawberry\perl\bin\perl.exe
    $UID/$EUID = 0 / 0
    $GID = 0
    $EGID = 0
    Win32::GetOSName = WinXP/.Net
    Win32::GetOSVersion = Service Pack 3, 5, 1, 2600, 2, 3, 0, 256, 1
    Win32::FsType = NTFS
    Win32::IsAdminUser = 1

Perl module toolchain versions installed:

    Module              Have    
    ------------------- --------
    CPAN                1.9800  
    CPAN::Meta          2.120921
    Cwd                 3.40    
    ExtUtils::CBuilder  0.280202
    ExtUtils::Command   1.17    
    ExtUtils::Install   1.54    
    ExtUtils::MakeMaker 6.64    
    ExtUtils::Manifest  1.60    
    ExtUtils::ParseXS   3.18    
    File::Spec          3.40    
    JSON                2.53    
    JSON::PP            2.27200 
    Module::Build       0.4003  
    Module::Signature   0.66    
    Parse::CPAN::Meta   1.4404  
    Test::Harness       3.28    
    Test::More          0.98    
    YAML                0.84    
    YAML::Syck          1.22    
    version             0.9901  


--

Summary of my perl5 (revision 5 version 10 subversion 1) configuration:
   
  Platform:
    osname=MSWin32, osvers=5.1, archname=MSWin32-x86-multi-thread
    uname='Win32 strawberryperl 5.10.1.5 #1 Sun May 15 09:44:53 2011 i386'
    config_args='undef'
    hint=recommended, useposix=true, d_sigaction=undef
    useithreads=define, usemultiplicity=define
    useperlio=define, d_sfio=undef, uselargefiles=define, usesocks=undef
    use64bitint=undef, use64bitall=undef, uselongdouble=undef
    usemymalloc=n, bincompat5005=undef
  Compiler:
    cc='gcc', ccflags =' -s -O2 -DWIN32 -DHAVE_DES_FCRYPT  -DUSE_SITECUSTOMIZE -DPERL_IMPLICIT_CONTEXT -DPERL_IMPLICIT_SYS -fno-strict-aliasing -DPERL_MSVCRT_READFIX',
    optimize='-s -O2',
    cppflags='-DWIN32'
    ccversion='', gccversion='3.4.5', gccosandvers=''
    intsize=4, longsize=4, ptrsize=4, doublesize=8, byteorder=1234
    d_longlong=undef, longlongsize=8, d_longdbl=define, longdblsize=12
    ivtype='long', ivsize=4, nvtype='double', nvsize=8, Off_t='long long', lseeksize=8
    alignbytes=8, prototype=define
  Linker and Libraries:
    ld='g++', ldflags ='-s -L"C:\strawberry\perl\lib\CORE" -L"C:\strawberry\c\lib"'
    libpth=C:\strawberry\c\lib
    libs= -lmoldname -lkernel32 -luser32 -lgdi32 -lwinspool -lcomdlg32 -ladvapi32 -lshell32 -lole32 -loleaut32 -lnetapi32 -luuid -lws2_32 -lmpr -lwinmm -lversion -lodbc32 -lodbccp32
    perllibs= -lmoldname -lkernel32 -luser32 -lgdi32 -lwinspool -lcomdlg32 -ladvapi32 -lshell32 -lole32 -loleaut32 -lnetapi32 -luuid -lws2_32 -lmpr -lwinmm -lversion -lodbc32 -lodbccp32
    libc=, so=dll, useshrplib=true, libperl=libperl510.a
    gnulibc_version=''
  Dynamic Linking:
    dlsrc=dl_win32.xs, dlext=dll, d_dlsymun=undef, ccdlflags=' '
    cccdlflags=' ', lddlflags='-mdll -s -L"C:\strawberry\perl\lib\CORE" -L"C:\strawberry\c\lib"'


Characteristics of this binary (from libperl): 
  Compile-time options: MULTIPLICITY PERL_DONT_CREATE_GVSV
                        PERL_IMPLICIT_CONTEXT PERL_IMPLICIT_SYS
                        PERL_MALLOC_WRAP PL_OP_SLAB_ALLOC USE_ITHREADS
                        USE_LARGE_FILES USE_PERLIO USE_SITECUSTOMIZE
  Built under MSWin32
  Compiled at May 15 2011 09:50:23
  %ENV:
    PERL5_CPANPLUS_IS_RUNNING="17508"
    PERL5_CPAN_IS_RUNNING="17508"
    PERL5_CPAN_IS_RUNNING_IN_RECURSION="1996,17508"
    PERL_CR_SMOKER_CURRENT="Net-IP-Identifier-0.106"
    PERL_CR_SMOKER_RUNONCE="1"
    PERL_EXTUTILS_AUTOINSTALL="--defaultdeps"
    PERL_JSON_BACKEND="JSON::XS"
    PERL_MM_USE_DEFAULT="1"
    PERL_YAML_BACKEND="YAML"
  @INC:
    C:/strawberry/perl/lib
    C:/strawberry/perl/site/lib
    C:\strawberry\perl\vendor\lib
    .