Back
From: metabase:user:30ae4450-2aae-11df-837a-5e0a49663a4f
Subject: FAIL CELL-0.065 v5.16.2
Date: 2014-01-31T00:34:40Z
This distribution has been tested as part of the CPAN Testers
project, supporting the Perl programming language. See
http://wiki.cpantesters.org/ for more information or email
questions to cpan-testers-discuss@perl.org
--
Dear Nathan Cutler,
This is a computer-generated report for CELL-0.065
on perl 5.16.2, created by CPAN-Reporter-1.2010_01.
Thank you for uploading your work to CPAN. However, there was a problem
testing your distribution.
If you think this report is invalid, please consult the CPAN Testers Wiki
for suggestions on how to avoid getting FAIL reports for missing library
or binary dependencies, unsupported operating systems, and so on:
http://wiki.cpantesters.org/wiki/CPANAuthorNotes
Sections of this report:
* Tester comments
* Program output
* Prerequisites
* Environment and other context
------------------------------
TESTER COMMENTS
------------------------------
Additional comments from tester:
this report is from an automated smoke testing program
and was not reviewed by a human for accuracy
------------------------------
PROGRAM OUTPUT
------------------------------
Output from 'C:\strawberry5162\c\bin\dmake.exe test':
C:\strawberry5162\perl\bin\perl.exe "-MExtUtils::Command::MM" "-e" "test_harness(0, 'blib\lib', 'blib\arch')" t/*.t
# Failed test 'use Date::Simple;'
# at t/00-dependencies.t line 15.
# Tried to use 'Date::Simple'.
# Error: Can't locate Date/Simple.pm in @INC (@INC contains: C:\strawberry5162\cpan\build\CELL-0.065-iKx6q1\blib\lib C:\strawberry5162\cpan\build\CELL-0.065-iKx6q1\blib\arch C:/strawberry5162/perl/site/lib C:/strawberry5162/perl/vendor/lib C:/strawberry5162/perl/lib) at (eval 9) line 2.
# BEGIN failed--compilation aborted at (eval 9) line 2.
# Failed test 'use Date::Easter;'
# at t/00-dependencies.t line 16.
# Tried to use 'Date::Easter'.
# Error: Can't locate Date/Easter.pm in @INC (@INC contains: C:\strawberry5162\cpan\build\CELL-0.065-iKx6q1\blib\lib C:\strawberry5162\cpan\build\CELL-0.065-iKx6q1\blib\arch C:/strawberry5162/perl/site/lib C:/strawberry5162/perl/vendor/lib C:/strawberry5162/perl/lib) at (eval 10) line 2.
# BEGIN failed--compilation aborted at (eval 10) line 2.
# Failed test 'use Date::Holidays::CZ;'
# at t/00-dependencies.t line 17.
# Tried to use 'Date::Holidays::CZ'.
# Error: Can't locate Date/Holidays/CZ.pm in @INC (@INC contains: C:\strawberry5162\cpan\build\CELL-0.065-iKx6q1\blib\lib C:\strawberry5162\cpan\build\CELL-0.065-iKx6q1\blib\arch C:/strawberry5162/perl/site/lib C:/strawberry5162/perl/vendor/lib C:/strawberry5162/perl/lib) at (eval 11) line 2.
# BEGIN failed--compilation aborted at (eval 11) line 2.
# Failed test 'use File::Touch;'
# at t/00-dependencies.t line 23.
# Tried to use 'File::Touch'.
# Error: Can't locate File/Touch.pm in @INC (@INC contains: C:\strawberry5162\cpan\build\CELL-0.065-iKx6q1\blib\lib C:\strawberry5162\cpan\build\CELL-0.065-iKx6q1\blib\arch C:/strawberry5162/perl/site/lib C:/strawberry5162/perl/vendor/lib C:/strawberry5162/perl/lib) at (eval 23) line 2.
# BEGIN failed--compilation aborted at (eval 23) line 2.
# Failed test 'use Log::Fast;'
# at t/00-dependencies.t line 24.
# Tried to use 'Log::Fast'.
# Error: Can't locate Log/Fast.pm in @INC (@INC contains: C:\strawberry5162\cpan\build\CELL-0.065-iKx6q1\blib\lib C:\strawberry5162\cpan\build\CELL-0.065-iKx6q1\blib\arch C:/strawberry5162/perl/site/lib C:/strawberry5162/perl/vendor/lib C:/strawberry5162/perl/lib) at (eval 24) line 2.
# BEGIN failed--compilation aborted at (eval 24) line 2.
# Failed test 'use CELL;'
# at t/00-dependencies.t line 26.
# Tried to use 'CELL'.
# Error: Can't locate Log/Fast.pm in @INC (@INC contains: C:\strawberry5162\cpan\build\CELL-0.065-iKx6q1\blib\lib C:\strawberry5162\cpan\build\CELL-0.065-iKx6q1\blib\arch C:/strawberry5162/perl/site/lib C:/strawberry5162/perl/vendor/lib C:/strawberry5162/perl/lib) at C:\strawberry5162\cpan\build\CELL-0.065-iKx6q1\blib\lib/CELL/Log.pm line 9.
# BEGIN failed--compilation aborted at C:\strawberry5162\cpan\build\CELL-0.065-iKx6q1\blib\lib/CELL/Log.pm line 9.
# Compilation failed in require at C:\strawberry5162\cpan\build\CELL-0.065-iKx6q1\blib\lib/CELL/Load.pm line 7.
# BEGIN failed--compilation aborted at C:\strawberry5162\cpan\build\CELL-0.065-iKx6q1\blib\lib/CELL/Load.pm line 7.
# Compilation failed in require at C:\strawberry5162\cpan\build\CELL-0.065-iKx6q1\blib\lib/CELL/Config.pm line 13.
# BEGIN failed--compilation aborted at C:\strawberry5162\cpan\build\CELL-0.065-iKx6q1\blib\lib/CELL/Config.pm line 13.
# Compilation failed in require at C:\strawberry5162\cpan\build\CELL-0.065-iKx6q1\blib\lib/CELL.pm line 8.
# BEGIN failed--compilation aborted at C:\strawberry5162\cpan\build\CELL-0.065-iKx6q1\blib\lib/CELL.pm line 8.
# Compilation failed in require at (eval 25) line 2.
# BEGIN failed--compilation aborted at (eval 25) line 2.
# Failed test 'use CELL::Config;'
# at t/00-dependencies.t line 27.
# Tried to use 'CELL::Config'.
# Error: Attempt to reload CELL/Config.pm aborted.
# Compilation failed in require at (eval 30) line 2.
# BEGIN failed--compilation aborted at (eval 30) line 2.
# Failed test 'use CELL::Status;'
# at t/00-dependencies.t line 28.
# Tried to use 'CELL::Status'.
# Error: Attempt to reload CELL/Config.pm aborted.
# Compilation failed in require at C:\strawberry5162\cpan\build\CELL-0.065-iKx6q1\blib\lib/CELL/Message.pm line 7.
# BEGIN failed--compilation aborted at C:\strawberry5162\cpan\build\CELL-0.065-iKx6q1\blib\lib/CELL/Message.pm line 7.
# Compilation failed in require at (eval 32) line 2.
# ...propagated at C:/strawberry5162/perl/lib/base.pm line 84.
# BEGIN failed--compilation aborted at C:\strawberry5162\cpan\build\CELL-0.065-iKx6q1\blib\lib/CELL/Status.pm line 51.
# Compilation failed in require at (eval 31) line 2.
# BEGIN failed--compilation aborted at (eval 31) line 2.
# Failed test 'use CELL::Load;'
# at t/00-dependencies.t line 29.
# Tried to use 'CELL::Load'.
# Error: Attempt to reload CELL/Load.pm aborted.
# Compilation failed in require at (eval 33) line 2.
# BEGIN failed--compilation aborted at (eval 33) line 2.
# Failed test 'use CELL::Log;'
# at t/00-dependencies.t line 30.
# Tried to use 'CELL::Log'.
# Error: Attempt to reload CELL/Log.pm aborted.
# Compilation failed in require at (eval 34) line 2.
# BEGIN failed--compilation aborted at (eval 34) line 2.
# Failed test 'use CELL::Message;'
# at t/00-dependencies.t line 31.
# Tried to use 'CELL::Message'.
# Error: Attempt to reload CELL/Message.pm aborted.
# Compilation failed in require at (eval 35) line 2.
# BEGIN failed--compilation aborted at (eval 35) line 2.
# Failed test 'use CELL::Test;'
# at t/00-dependencies.t line 33.
# Tried to use 'CELL::Test'.
# Error: Attempt to reload CELL/Log.pm aborted.
# Compilation failed in require at C:\strawberry5162\cpan\build\CELL-0.065-iKx6q1\blib\lib/CELL/Test.pm line 6.
# BEGIN failed--compilation aborted at C:\strawberry5162\cpan\build\CELL-0.065-iKx6q1\blib\lib/CELL/Test.pm line 6.
# Compilation failed in require at (eval 37) line 2.
# BEGIN failed--compilation aborted at (eval 37) line 2.
# Looks like you failed 12 tests of 20.
t/00-dependencies.t ..
Dubious, test returned 12 (wstat 3072, 0xc00)
Failed 12/20 subtests
Can't locate Log/Fast.pm in @INC (@INC contains: C:\strawberry5162\cpan\build\CELL-0.065-iKx6q1\blib\lib C:\strawberry5162\cpan\build\CELL-0.065-iKx6q1\blib\arch C:/strawberry5162/perl/site/lib C:/strawberry5162/perl/vendor/lib C:/strawberry5162/perl/lib) at C:\strawberry5162\cpan\build\CELL-0.065-iKx6q1\blib\lib/CELL/Log.pm line 9.
BEGIN failed--compilation aborted at C:\strawberry5162\cpan\build\CELL-0.065-iKx6q1\blib\lib/CELL/Log.pm line 9.
Compilation failed in require at t/01-log.t line 6.
BEGIN failed--compilation aborted at t/01-log.t line 6.
t/01-log.t ...........
Dubious, test returned 2 (wstat 512, 0x200)
No subtests run
Can't locate Log/Fast.pm in @INC (@INC contains: C:\strawberry5162\cpan\build\CELL-0.065-iKx6q1\blib\lib C:\strawberry5162\cpan\build\CELL-0.065-iKx6q1\blib\arch C:/strawberry5162/perl/site/lib C:/strawberry5162/perl/vendor/lib C:/strawberry5162/perl/lib) at C:\strawberry5162\cpan\build\CELL-0.065-iKx6q1\blib\lib/CELL/Log.pm line 9.
BEGIN failed--compilation aborted at C:\strawberry5162\cpan\build\CELL-0.065-iKx6q1\blib\lib/CELL/Log.pm line 9.
Compilation failed in require at t/02-util.t line 5.
BEGIN failed--compilation aborted at t/02-util.t line 5.
t/02-util.t ..........
Dubious, test returned 2 (wstat 512, 0x200)
No subtests run
Can't locate Log/Fast.pm in @INC (@INC contains: C:\strawberry5162\cpan\build\CELL-0.065-iKx6q1\blib\lib C:\strawberry5162\cpan\build\CELL-0.065-iKx6q1\blib\arch C:/strawberry5162/perl/site/lib C:/strawberry5162/perl/vendor/lib C:/strawberry5162/perl/lib .) at C:\strawberry5162\cpan\build\CELL-0.065-iKx6q1\blib\lib/CELL/Log.pm line 9.
BEGIN failed--compilation aborted at C:\strawberry5162\cpan\build\CELL-0.065-iKx6q1\blib\lib/CELL/Log.pm line 9.
Compilation failed in require at C:\strawberry5162\cpan\build\CELL-0.065-iKx6q1\blib\lib/CELL/Load.pm line 7.
BEGIN failed--compilation aborted at C:\strawberry5162\cpan\build\CELL-0.065-iKx6q1\blib\lib/CELL/Load.pm line 7.
Compilation failed in require at t/03-load.t line 6.
BEGIN failed--compilation aborted at t/03-load.t line 6.
t/03-load.t ..........
Dubious, test returned 2 (wstat 512, 0x200)
No subtests run
Can't locate Log/Fast.pm in @INC (@INC contains: C:\strawberry5162\cpan\build\CELL-0.065-iKx6q1\blib\lib C:\strawberry5162\cpan\build\CELL-0.065-iKx6q1\blib\arch C:/strawberry5162/perl/site/lib C:/strawberry5162/perl/vendor/lib C:/strawberry5162/perl/lib .) at C:\strawberry5162\cpan\build\CELL-0.065-iKx6q1\blib\lib/CELL/Log.pm line 9.
BEGIN failed--compilation aborted at C:\strawberry5162\cpan\build\CELL-0.065-iKx6q1\blib\lib/CELL/Log.pm line 9.
Compilation failed in require at t/04-message.t line 6.
BEGIN failed--compilation aborted at t/04-message.t line 6.
t/04-message.t .......
Dubious, test returned 2 (wstat 512, 0x200)
No subtests run
Can't locate Log/Fast.pm in @INC (@INC contains: C:\strawberry5162\cpan\build\CELL-0.065-iKx6q1\blib\lib C:\strawberry5162\cpan\build\CELL-0.065-iKx6q1\blib\arch C:/strawberry5162/perl/site/lib C:/strawberry5162/perl/vendor/lib C:/strawberry5162/perl/lib) at C:\strawberry5162\cpan\build\CELL-0.065-iKx6q1\blib\lib/CELL/Log.pm line 9.
BEGIN failed--compilation aborted at C:\strawberry5162\cpan\build\CELL-0.065-iKx6q1\blib\lib/CELL/Log.pm line 9.
Compilation failed in require at t/05-status.t line 6.
BEGIN failed--compilation aborted at t/05-status.t line 6.
t/05-status.t ........
Dubious, test returned 2 (wstat 512, 0x200)
No subtests run
Can't locate Log/Fast.pm in @INC (@INC contains: C:\strawberry5162\cpan\build\CELL-0.065-iKx6q1\blib\lib C:\strawberry5162\cpan\build\CELL-0.065-iKx6q1\blib\arch C:/strawberry5162/perl/site/lib C:/strawberry5162/perl/vendor/lib C:/strawberry5162/perl/lib .) at C:\strawberry5162\cpan\build\CELL-0.065-iKx6q1\blib\lib/CELL/Log.pm line 9.
BEGIN failed--compilation aborted at C:\strawberry5162\cpan\build\CELL-0.065-iKx6q1\blib\lib/CELL/Log.pm line 9.
Compilation failed in require at C:\strawberry5162\cpan\build\CELL-0.065-iKx6q1\blib\lib/CELL/Load.pm line 7.
BEGIN failed--compilation aborted at C:\strawberry5162\cpan\build\CELL-0.065-iKx6q1\blib\lib/CELL/Load.pm line 7.
Compilation failed in require at C:\strawberry5162\cpan\build\CELL-0.065-iKx6q1\blib\lib/CELL/Config.pm line 13.
BEGIN failed--compilation aborted at C:\strawberry5162\cpan\build\CELL-0.065-iKx6q1\blib\lib/CELL/Config.pm line 13.
Compilation failed in require at t/06-config.t line 6.
BEGIN failed--compilation aborted at t/06-config.t line 6.
t/06-config.t ........
Dubious, test returned 2 (wstat 512, 0x200)
No subtests run
Can't locate Log/Fast.pm in @INC (@INC contains: C:\strawberry5162\cpan\build\CELL-0.065-iKx6q1\blib\lib C:\strawberry5162\cpan\build\CELL-0.065-iKx6q1\blib\arch C:/strawberry5162/perl/site/lib C:/strawberry5162/perl/vendor/lib C:/strawberry5162/perl/lib .) at C:\strawberry5162\cpan\build\CELL-0.065-iKx6q1\blib\lib/CELL/Log.pm line 9.
BEGIN failed--compilation aborted at C:\strawberry5162\cpan\build\CELL-0.065-iKx6q1\blib\lib/CELL/Log.pm line 9.
Compilation failed in require at C:\strawberry5162\cpan\build\CELL-0.065-iKx6q1\blib\lib/CELL/Load.pm line 7.
BEGIN failed--compilation aborted at C:\strawberry5162\cpan\build\CELL-0.065-iKx6q1\blib\lib/CELL/Load.pm line 7.
Compilation failed in require at C:\strawberry5162\cpan\build\CELL-0.065-iKx6q1\blib\lib/CELL/Config.pm line 13.
BEGIN failed--compilation aborted at C:\strawberry5162\cpan\build\CELL-0.065-iKx6q1\blib\lib/CELL/Config.pm line 13.
Compilation failed in require at C:\strawberry5162\cpan\build\CELL-0.065-iKx6q1\blib\lib/CELL.pm line 8.
BEGIN failed--compilation aborted at C:\strawberry5162\cpan\build\CELL-0.065-iKx6q1\blib\lib/CELL.pm line 8.
Compilation failed in require at t/07-cell.t line 7.
BEGIN failed--compilation aborted at t/07-cell.t line 7.
t/07-cell.t ..........
Dubious, test returned 2 (wstat 512, 0x200)
No subtests run
t/manifest.t ......... skipped: Author tests not required for installation
t/pod-coverage.t ..... ok
t/pod.t .............. ok
Test Summary Report
-------------------
t/00-dependencies.t (Wstat: 3072 Tests: 20 Failed: 12)
Failed tests: 4-6, 11-18, 20
Non-zero exit status: 12
t/01-log.t (Wstat: 512 Tests: 0 Failed: 0)
Non-zero exit status: 2
Parse errors: No plan found in TAP output
t/02-util.t (Wstat: 512 Tests: 0 Failed: 0)
Non-zero exit status: 2
Parse errors: No plan found in TAP output
t/03-load.t (Wstat: 512 Tests: 0 Failed: 0)
Non-zero exit status: 2
Parse errors: No plan found in TAP output
t/04-message.t (Wstat: 512 Tests: 0 Failed: 0)
Non-zero exit status: 2
Parse errors: No plan found in TAP output
t/05-status.t (Wstat: 512 Tests: 0 Failed: 0)
Non-zero exit status: 2
Parse errors: No plan found in TAP output
t/06-config.t (Wstat: 512 Tests: 0 Failed: 0)
Non-zero exit status: 2
Parse errors: No plan found in TAP output
t/07-cell.t (Wstat: 512 Tests: 0 Failed: 0)
Non-zero exit status: 2
Parse errors: No plan found in TAP output
Files=11, Tests=36, 2 wallclock secs ( 0.02 usr + 0.11 sys = 0.13 CPU)
Result: FAIL
Failed 8/11 test programs. 12/36 subtests failed.
dmake.exe: Error code 255, while making 'test_dynamic'
------------------------------
PREREQUISITES
------------------------------
Prerequisite modules loaded:
requires:
Module Need Have
------------------- ---- --------
perl 0 5.016002
build_requires:
Module Need Have
------------------- ---- --------
Test::More 0 0.98
configure_requires:
Module Need Have
------------------- ---- --------
ExtUtils::MakeMaker 0 6.63_02
------------------------------
ENVIRONMENT AND OTHER CONTEXT
------------------------------
Environment variables:
AUTOMATED_TESTING = 1
COMSPEC = C:\WINDOWS\system32\cmd.exe
NUMBER_OF_PROCESSORS = 1
PATH = C:\Program Files\Far Manager\;C:\P\ImageMagick-6.8.0-Q8;C:\WINDOWS\system32;C:\WINDOWS;C:\WINDOWS\System32\Wbem;C:\strawberry5162\c\bin;C:\strawberry5162\perl\site\bin;C:\strawberry5162\perl\bin
PERL5LIB =
PERL5OPT =
PERL5_CPANPLUS_IS_RUNNING = 9120
PERL5_CPAN_IS_RUNNING = 9120
PERL5_CPAN_IS_RUNNING_IN_RECURSION = 3272,9120
PERL_CR_SMOKER_CURRENT = CELL-0.065
PERL_EXTUTILS_AUTOINSTALL = --defaultdeps
PERL_MM_USE_DEFAULT = 1
PROCESSOR_IDENTIFIER = x86 Family 16 Model 5 Stepping 3, AuthenticAMD
TEMP = C:\DOCUME~1\c\LOCALS~1\Temp
TERM = dumb
Perl special variables (and OS-specific diagnostics, for MSWin32):
$^X = C:\strawberry5162\perl\bin\perl.exe
$UID/$EUID = 0 / 0
$GID = 0
$EGID = 0
Win32::GetOSName = WinXP/.Net
Win32::GetOSVersion = Service Pack 3, 5, 1, 2600, 2, 3, 0, 256, 1
Win32::FsType = NTFS
Win32::IsAdminUser = 1
Perl module toolchain versions installed:
Module Have
------------------- --------
CPAN 1.9800
CPAN::Meta 2.120921
Cwd 3.39_02
ExtUtils::CBuilder 0.280206
ExtUtils::Command 1.17
ExtUtils::Install 1.58
ExtUtils::MakeMaker 6.63_02
ExtUtils::Manifest 1.61
ExtUtils::ParseXS 3.16
File::Spec 3.39_02
JSON 2.53
JSON::PP 2.27200
Module::Build 0.4003
Module::Signature 0.68
Parse::CPAN::Meta 1.4404
Test::Harness 3.25
Test::More 0.98
YAML 0.84
YAML::Syck 1.22
version 0.9901
--
Summary of my perl5 (revision 5 version 16 subversion 2) configuration:
Platform:
osname=MSWin32, osvers=4.0, archname=MSWin32-x86-multi-thread
uname='Win32 strawberry-perl 5.16.2.1 #1 Fri Nov 2 00:33:54 2012 i386'
config_args='undef'
hint=recommended, useposix=true, d_sigaction=undef
useithreads=define, usemultiplicity=define
useperlio=define, d_sfio=undef, uselargefiles=define, usesocks=undef
use64bitint=undef, use64bitall=undef, uselongdouble=undef
usemymalloc=n, bincompat5005=undef
Compiler:
cc='gcc', ccflags =' -s -O2 -DWIN32 -DPERL_TEXTMODE_SCRIPTS -DPERL_IMPLICIT_CONTEXT -DPERL_IMPLICIT_SYS -fno-strict-aliasing -mms-bitfields',
optimize='-s -O2',
cppflags='-DWIN32'
ccversion='', gccversion='4.6.3', gccosandvers=''
intsize=4, longsize=4, ptrsize=4, doublesize=8, byteorder=1234
d_longlong=undef, longlongsize=8, d_longdbl=define, longdblsize=12
ivtype='long', ivsize=4, nvtype='double', nvsize=8, Off_t='long long', lseeksize=8
alignbytes=8, prototype=define
Linker and Libraries:
ld='g++', ldflags ='-s -L"C:\strawberry5162\perl\lib\CORE" -L"C:\strawberry5162\c\lib"'
libpth=C:\strawberry5162\c\lib C:\strawberry5162\c\i686-w64-mingw32\lib
libs=-lmoldname -lkernel32 -luser32 -lgdi32 -lwinspool -lcomdlg32 -ladvapi32 -lshell32 -lole32 -loleaut32 -lnetapi32 -luuid -lws2_32 -lmpr -lwinmm -lversion -lodbc32 -lodbccp32 -lcomctl32
perllibs=-lmoldname -lkernel32 -luser32 -lgdi32 -lwinspool -lcomdlg32 -ladvapi32 -lshell32 -lole32 -loleaut32 -lnetapi32 -luuid -lws2_32 -lmpr -lwinmm -lversion -lodbc32 -lodbccp32 -lcomctl32
libc=, so=dll, useshrplib=true, libperl=libperl516.a
gnulibc_version=''
Dynamic Linking:
dlsrc=dl_win32.xs, dlext=dll, d_dlsymun=undef, ccdlflags=' '
cccdlflags=' ', lddlflags='-mdll -s -L"C:\strawberry5162\perl\lib\CORE" -L"C:\strawberry5162\c\lib"'
Characteristics of this binary (from libperl):
Compile-time options: HAS_TIMES HAVE_INTERP_INTERN MULTIPLICITY
PERLIO_LAYERS PERL_DONT_CREATE_GVSV
PERL_IMPLICIT_CONTEXT PERL_IMPLICIT_SYS
PERL_MALLOC_WRAP PERL_PRESERVE_IVUV PL_OP_SLAB_ALLOC
USE_ITHREADS USE_LARGE_FILES USE_LOCALE
USE_LOCALE_COLLATE USE_LOCALE_CTYPE
USE_LOCALE_NUMERIC USE_PERLIO USE_PERL_ATOF
Built under MSWin32
Compiled at Nov 2 2012 00:44:17
%ENV:
PERL5_CPANPLUS_IS_RUNNING="9120"
PERL5_CPAN_IS_RUNNING="9120"
PERL5_CPAN_IS_RUNNING_IN_RECURSION="3272,9120"
PERL_CR_SMOKER_CURRENT="CELL-0.065"
PERL_EXTUTILS_AUTOINSTALL="--defaultdeps"
PERL_MM_USE_DEFAULT="1"
@INC:
C:/strawberry5162/perl/site/lib
C:/strawberry5162/perl/vendor/lib
C:/strawberry5162/perl/lib
.