Report for PDF-FDF-Simple-0.21

Back
From: metabase:user:9820532a-708b-1014-9a05-b18a96298da1
Subject: FAIL PDF-FDF-Simple-0.21 v5.15.8 GNU/Linux
Date: 2012-03-11T23:31:16Z

This distribution has been tested as part of the CPAN Testers
project, supporting the Perl programming language.  See
http://wiki.cpantesters.org/ for more information or email
questions to cpan-testers-discuss@perl.org


--
Dear Steffen Schwigon,

This is a computer-generated report for PDF-FDF-Simple-0.21
on perl 5.15.8, created by CPAN-Reporter-1.2005.

Thank you for uploading your work to CPAN.  However, there was a problem
testing your distribution.

If you think this report is invalid, please consult the CPAN Testers Wiki
for suggestions on how to avoid getting FAIL reports for missing library
or binary dependencies, unsupported operating systems, and so on:

http://wiki.cpantesters.org/wiki/CPANAuthorNotes

Sections of this report:

    * Tester comments
    * Program output
    * Prerequisites
    * Environment and other context

------------------------------
TESTER COMMENTS
------------------------------

Additional comments from tester:

this report is from an automated smoke testing program
and was not reviewed by a human for accuracy

------------------------------
PROGRAM OUTPUT
------------------------------

Output from './Build test':

t/accessors.t ................... ok
Can't call method "at" on an undefined value at /home/bri/perl5/perlbrew/perls/5.15.8-ld/lib/site_perl/5.15.8/Parse/RecDescent.pm line 3015.
# Looks like your test exited with 255 before it could output anything.
t/acro8.t ....................... 
Dubious, test returned 255 (wstat 65280, 0xff00)
Failed 5/5 subtests 
Can't call method "at" on an undefined value at /home/bri/perl5/perlbrew/perls/5.15.8-ld/lib/site_perl/5.15.8/Parse/RecDescent.pm line 3015.
# Looks like your test exited with 255 before it could output anything.
t/attribs.t ..................... 
Dubious, test returned 255 (wstat 65280, 0xff00)
Failed 5/5 subtests 
t/distribution.t ................ skipped: Test::Distribution skipped unless env $DO_DIST_CHECK set.
Can't call method "at" on an undefined value at /home/bri/perl5/perlbrew/perls/5.15.8-ld/lib/site_perl/5.15.8/Parse/RecDescent.pm line 3015.
# Looks like you planned 10 tests but ran 1.
# Looks like your test exited with 255 just after 1.
t/fdfparser_newline.t ........... 
Dubious, test returned 255 (wstat 65280, 0xff00)
Failed 9/10 subtests 
Can't call method "at" on an undefined value at /home/bri/perl5/perlbrew/perls/5.15.8-ld/lib/site_perl/5.15.8/Parse/RecDescent.pm line 3015.
# Looks like you planned 10 tests but ran 1.
# Looks like your test exited with 255 just after 1.
t/fdfparser_round.t ............. 
Dubious, test returned 255 (wstat 65280, 0xff00)
Failed 9/10 subtests 
Can't call method "at" on an undefined value at /home/bri/perl5/perlbrew/perls/5.15.8-ld/lib/site_perl/5.15.8/Parse/RecDescent.pm line 3015.
# Looks like you planned 9 tests but ran 1.
# Looks like your test exited with 255 just after 1.
t/fdfparser_round2.t ............ 
Dubious, test returned 255 (wstat 65280, 0xff00)
Failed 8/9 subtests 
Can't call method "at" on an undefined value at /home/bri/perl5/perlbrew/perls/5.15.8-ld/lib/site_perl/5.15.8/Parse/RecDescent.pm line 3015.
# Looks like you planned 19 tests but ran 1.
# Looks like your test exited with 255 just after 1.
t/fdfparser_standard.t .......... 
Dubious, test returned 255 (wstat 65280, 0xff00)
Failed 18/19 subtests 
Can't call method "at" on an undefined value at /home/bri/perl5/perlbrew/perls/5.15.8-ld/lib/site_perl/5.15.8/Parse/RecDescent.pm line 3015.
# Looks like your test exited with 255 before it could output anything.
t/missingfdfvalue.t ............. 
Dubious, test returned 255 (wstat 65280, 0xff00)
Failed 5/5 subtests 
Can't call method "at" on an undefined value at /home/bri/perl5/perlbrew/perls/5.15.8-ld/lib/site_perl/5.15.8/Parse/RecDescent.pm line 3015.
# Looks like your test exited with 255 before it could output anything.
t/no_header.t ................... 
Dubious, test returned 255 (wstat 65280, 0xff00)
Failed 4/4 subtests 
Can't call method "at" on an undefined value at /home/bri/perl5/perlbrew/perls/5.15.8-ld/lib/site_perl/5.15.8/Parse/RecDescent.pm line 3015.
# Looks like your test exited with 255 before it could output anything.
t/noisyfileattr.t ............... 
Dubious, test returned 255 (wstat 65280, 0xff00)
Failed 4/4 subtests 
t/pod-coverage.t ................ skipped: Test::Pod::Coverage skipped unless env $DO_DIST_CHECK set.
Can't call method "at" on an undefined value at /home/bri/perl5/perlbrew/perls/5.15.8-ld/lib/site_perl/5.15.8/Parse/RecDescent.pm line 3015.
# Looks like you planned 3 tests but ran 2.
# Looks like your test exited with 255 just after 2.
t/simple.t ...................... 
Dubious, test returned 255 (wstat 65280, 0xff00)
Failed 1/3 subtests 
Can't call method "at" on an undefined value at /home/bri/perl5/perlbrew/perls/5.15.8-ld/lib/site_perl/5.15.8/Parse/RecDescent.pm line 3015.
# Looks like your test exited with 255 before it could output anything.
t/strange_id_values.t ........... 
Dubious, test returned 255 (wstat 65280, 0xff00)
Failed 4/4 subtests 
Can't call method "at" on an undefined value at /home/bri/perl5/perlbrew/perls/5.15.8-ld/lib/site_perl/5.15.8/Parse/RecDescent.pm line 3015.
# Looks like your test exited with 255 before it could output anything.
t/typecatalog.t ................. 
Dubious, test returned 255 (wstat 65280, 0xff00)
Failed 5/5 subtests 
Can't call method "at" on an undefined value at /home/bri/perl5/perlbrew/perls/5.15.8-ld/lib/site_perl/5.15.8/Parse/RecDescent.pm line 3015.
# Looks like your test exited with 255 before it could output anything.
t/undef_handling.t .............. 
Dubious, test returned 255 (wstat 65280, 0xff00)
Failed 2/2 subtests 
Can't call method "at" on an undefined value at /home/bri/perl5/perlbrew/perls/5.15.8-ld/lib/site_perl/5.15.8/Parse/RecDescent.pm line 3015.
# Looks like your test exited with 255 before it could output anything.
t/with_xrefs_and_valuearrays.t .. 
Dubious, test returned 255 (wstat 65280, 0xff00)
Failed 4/4 subtests 

Test Summary Report
-------------------
t/acro8.t                     (Wstat: 65280 Tests: 0 Failed: 0)
  Non-zero exit status: 255
  Parse errors: Bad plan.  You planned 5 tests but ran 0.
t/attribs.t                   (Wstat: 65280 Tests: 0 Failed: 0)
  Non-zero exit status: 255
  Parse errors: Bad plan.  You planned 5 tests but ran 0.
t/fdfparser_newline.t         (Wstat: 65280 Tests: 1 Failed: 0)
  Non-zero exit status: 255
  Parse errors: Bad plan.  You planned 10 tests but ran 1.
t/fdfparser_round.t           (Wstat: 65280 Tests: 1 Failed: 0)
  Non-zero exit status: 255
  Parse errors: Bad plan.  You planned 10 tests but ran 1.
t/fdfparser_round2.t          (Wstat: 65280 Tests: 1 Failed: 0)
  Non-zero exit status: 255
  Parse errors: Bad plan.  You planned 9 tests but ran 1.
t/fdfparser_standard.t        (Wstat: 65280 Tests: 1 Failed: 0)
  Non-zero exit status: 255
  Parse errors: Bad plan.  You planned 19 tests but ran 1.
t/missingfdfvalue.t           (Wstat: 65280 Tests: 0 Failed: 0)
  Non-zero exit status: 255
  Parse errors: Bad plan.  You planned 5 tests but ran 0.
t/no_header.t                 (Wstat: 65280 Tests: 0 Failed: 0)
  Non-zero exit status: 255
  Parse errors: Bad plan.  You planned 4 tests but ran 0.
t/noisyfileattr.t             (Wstat: 65280 Tests: 0 Failed: 0)
  Non-zero exit status: 255
  Parse errors: Bad plan.  You planned 4 tests but ran 0.
t/simple.t                    (Wstat: 65280 Tests: 2 Failed: 0)
  Non-zero exit status: 255
  Parse errors: Bad plan.  You planned 3 tests but ran 2.
t/strange_id_values.t         (Wstat: 65280 Tests: 0 Failed: 0)
  Non-zero exit status: 255
  Parse errors: Bad plan.  You planned 4 tests but ran 0.
t/typecatalog.t               (Wstat: 65280 Tests: 0 Failed: 0)
  Non-zero exit status: 255
  Parse errors: Bad plan.  You planned 5 tests but ran 0.
t/undef_handling.t            (Wstat: 65280 Tests: 0 Failed: 0)
  Non-zero exit status: 255
  Parse errors: Bad plan.  You planned 2 tests but ran 0.
t/with_xrefs_and_valuearrays.t (Wstat: 65280 Tests: 0 Failed: 0)
  Non-zero exit status: 255
  Parse errors: Bad plan.  You planned 4 tests but ran 0.
Files=17, Tests=82,  6 wallclock secs ( 0.08 usr  0.01 sys +  5.59 cusr  0.29 csys =  5.97 CPU)
Result: FAIL
Failed 14/17 test programs. 0/82 subtests failed.

------------------------------
PREREQUISITES
------------------------------

Prerequisite modules loaded:

requires:

    Module                Need   Have    
    --------------------- ------ --------
    Class::Accessor::Fast 0      0.34    
    Compress::Zlib        0      2.049   
    File::ShareDir        0      1.03    
    Parse::RecDescent     1.94   1.967003
    perl                  v5.6.1 5.015008
    Test::More            0      0.98    

build_requires:

    Module                Need   Have    
    --------------------- ------ --------
    File::Copy            0      2.23    


------------------------------
ENVIRONMENT AND OTHER CONTEXT
------------------------------

Environment variables:

    AUTOMATED_TESTING = 1
    LANG = C
    LANGUAGE = en_GB:en
    LC_ALL = C
    MANPATH_WITHOUT_PERLBREW = 
    PATH = /home/bri/bin:/home/bri/perl5/perlbrew/bin:/home/bri/perl5/perlbrew/perls/5.15.8-ld/bin:~/bin:/usr/local/sbin:/usr/local/bin:/usr/sbin:/usr/bin:/sbin:/bin:/usr/games
    PATH_WITHOUT_PERLBREW = ~/bin:/usr/local/sbin:/usr/local/bin:/usr/sbin:/usr/bin:/sbin:/bin:/usr/games
    PERL5LIB = 
    PERL5OPT = 
    PERL5_CPANPLUS_IS_RUNNING = 18197
    PERL5_CPAN_IS_RUNNING = 18197
    PERL5_CPAN_IS_RUNNING_IN_RECURSION = 26197,18197
    PERLBREW_BASHRC_VERSION = 0.41
    PERLBREW_HOME = /home/bri/.perlbrew
    PERLBREW_MANPATH = /home/bri/perl5/perlbrew/perls/5.15.8-ld/man
    PERLBREW_PATH = /home/bri/perl5/perlbrew/bin:/home/bri/perl5/perlbrew/perls/5.15.8-ld/bin
    PERLBREW_PERL = 5.15.8-ld
    PERLBREW_ROOT = /home/bri/perl5/perlbrew
    PERLBREW_VERSION = 0.41
    PERL_CPANM_OPT = --prompt --mirror http://172.16.1.3/cpan/
    PERL_CR_SMOKER_CURRENT = PDF-FDF-Simple-0.21
    PERL_EXTUTILS_AUTOINSTALL = --defaultdeps
    PERL_MM_USE_DEFAULT = 1
    SHELL = /bin/bash
    TERM = linux

Perl special variables (and OS-specific diagnostics, for MSWin32):

    $^X = /home/bri/perl5/perlbrew/perls/5.15.8-ld/bin/perl5.15.8
    $UID/$EUID = 1000 / 1000
    $GID = 1000 4 20 24 46 112 120 122 1000
    $EGID = 1000 4 20 24 46 112 120 122 1000

Perl module toolchain versions installed:

    Module              Have    
    ------------------- --------
    CPAN                1.9800  
    CPAN::Meta          2.120630
    Cwd                 3.33    
    ExtUtils::CBuilder  0.280205
    ExtUtils::Command   1.17    
    ExtUtils::Install   1.54    
    ExtUtils::MakeMaker 6.62    
    ExtUtils::Manifest  1.60    
    ExtUtils::ParseXS   3.15    
    File::Spec          3.33    
    JSON                2.53    
    JSON::PP            2.27200 
    Module::Build       0.40    
    Module::Signature   n/a     
    Parse::CPAN::Meta   1.4402  
    Test::Harness       3.23    
    Test::More          0.98    
    YAML                0.80    
    YAML::Syck          1.20    
    version             0.96    


--

Summary of my perl5 (revision 5 version 15 subversion 8) configuration:
   
  Platform:
    osname=linux, osvers=2.6.38-11-generic, archname=i686-linux-ld
    uname='linux lappy 2.6.38-11-generic #48-ubuntu smp fri jul 29 19:05:14 utc 2011 i686 i686 i386 gnulinux '
    config_args='-de -Dprefix=/home/bri/perl5/perlbrew/perls/5.15.8-ld -Duselongdouble -Dusedevel'
    hint=recommended, useposix=true, d_sigaction=define
    useithreads=undef, usemultiplicity=undef
    useperlio=define, d_sfio=undef, uselargefiles=define, usesocks=undef
    use64bitint=undef, use64bitall=undef, uselongdouble=define
    usemymalloc=n, bincompat5005=undef
  Compiler:
    cc='cc', ccflags ='-fno-strict-aliasing -pipe -fstack-protector -I/usr/local/include -D_LARGEFILE_SOURCE -D_FILE_OFFSET_BITS=64',
    optimize='-O2',
    cppflags='-fno-strict-aliasing -pipe -fstack-protector -I/usr/local/include'
    ccversion='', gccversion='4.5.2', gccosandvers=''
    intsize=4, longsize=4, ptrsize=4, doublesize=8, byteorder=1234
    d_longlong=define, longlongsize=8, d_longdbl=define, longdblsize=12
    ivtype='long', ivsize=4, nvtype='long double', nvsize=12, Off_t='off_t', lseeksize=8
    alignbytes=4, prototype=define
  Linker and Libraries:
    ld='cc', ldflags =' -fstack-protector -L/usr/local/lib'
    libpth=/usr/local/lib /lib /usr/lib /usr/lib/i386-linux-gnu /usr/lib64
    libs=-lnsl -ldl -lm -lcrypt -lutil -lc
    perllibs=-lnsl -ldl -lm -lcrypt -lutil -lc
    libc=, so=so, useshrplib=false, libperl=libperl.a
    gnulibc_version='2.13'
  Dynamic Linking:
    dlsrc=dl_dlopen.xs, dlext=so, d_dlsymun=undef, ccdlflags='-Wl,-E'
    cccdlflags='-fPIC', lddlflags='-shared -O2 -L/usr/local/lib -fstack-protector'


Characteristics of this binary (from libperl): 
  Compile-time options: HAS_TIMES PERLIO_LAYERS PERL_DONT_CREATE_GVSV
                        PERL_MALLOC_WRAP PERL_PRESERVE_IVUV PERL_USE_DEVEL
                        USE_LARGE_FILES USE_LOCALE USE_LOCALE_COLLATE
                        USE_LOCALE_CTYPE USE_LOCALE_NUMERIC USE_LONG_DOUBLE
                        USE_PERLIO USE_PERL_ATOF
  Built under linux
  Compiled at Mar  4 2012 11:48:13
  %ENV:
    PERL5LIB=""
    PERL5OPT=""
    PERL5_CPANPLUS_IS_RUNNING="18197"
    PERL5_CPAN_IS_RUNNING="18197"
    PERL5_CPAN_IS_RUNNING_IN_RECURSION="26197,18197"
    PERLBREW_BASHRC_VERSION="0.41"
    PERLBREW_HOME="/home/bri/.perlbrew"
    PERLBREW_MANPATH="/home/bri/perl5/perlbrew/perls/5.15.8-ld/man"
    PERLBREW_PATH="/home/bri/perl5/perlbrew/bin:/home/bri/perl5/perlbrew/perls/5.15.8-ld/bin"
    PERLBREW_PERL="5.15.8-ld"
    PERLBREW_ROOT="/home/bri/perl5/perlbrew"
    PERLBREW_VERSION="0.41"
    PERL_CPANM_OPT="--prompt --mirror http://172.16.1.3/cpan/"
    PERL_CR_SMOKER_CURRENT="PDF-FDF-Simple-0.21"
    PERL_EXTUTILS_AUTOINSTALL="--defaultdeps"
    PERL_MM_USE_DEFAULT="1"
  @INC:
    /home/bri/perl5/perlbrew/perls/5.15.8-ld/lib/site_perl/5.15.8/i686-linux-ld
    /home/bri/perl5/perlbrew/perls/5.15.8-ld/lib/site_perl/5.15.8
    /home/bri/perl5/perlbrew/perls/5.15.8-ld/lib/5.15.8/i686-linux-ld
    /home/bri/perl5/perlbrew/perls/5.15.8-ld/lib/5.15.8
    .