DBD-XMLSimple v0.07 Perl 5 v5.41.5 i86pc-solaris-64

Status
Fail
From
Carlos Guevara
Dist
DBD-XMLSimple v0.07
Platform
Perl 5 v5.41.5 i86pc-solaris-64
Date
2024-10-11 22:15:19
ID
4cff12e6-881e-11ef-b3db-aeec80976a8b
This distribution has been tested as part of the CPAN Testers
project, supporting the Perl programming language.  See
http://wiki.cpantesters.org/ for more information or email
questions to cpan-testers-discuss@perl.org


--
Dear Nigel Horne,

This is a computer-generated report for DBD-XMLSimple-0.07
on perl 5.41.5, created by CPAN-Reporter-1.2020.

Thank you for uploading your work to CPAN.  However, there was a problem
testing your distribution.

If you think this report is invalid, please consult the CPAN Testers Wiki
for suggestions on how to avoid getting FAIL reports for missing library
or binary dependencies, unsupported operating systems, and so on:

http://wiki.cpantesters.org/wiki/CPANAuthorNotes

Sections of this report:

    * Tester comments
    * Program output
    * Prerequisites
    * Environment and other context

------------------------------
TESTER COMMENTS
------------------------------

Additional comments from tester:

this report is from an automated smoke testing program
and was not reviewed by a human for accuracy

------------------------------
PROGRAM OUTPUT
------------------------------

Output from '/usr/bin/make test':

PERL_DL_NONLAZY=1 "/export/home/cpan/bin/perl/bin/perl5.41.5" "-MExtUtils::Command::MM" "-MTest::Harness" "-e" "undef *Test::Harness::Switches; test_harness(0, 'blib/lib', 'blib/arch')" t/*.t
Possible precedence problem between ! and numeric eq (==) at /export/home/cpan/bin/perl/lib/site_perl/5.41.5/XML/Twig.pm line 2364.
# Testing DBD::XMLSimple 0.07, Perl 5.041005, /export/home/cpan/bin/perl/bin/perl5.41.5
t/00-load.t ........... ok

#   Failed test 'no warnings'
#   at /export/home/cpan/bin/perl/lib/5.41.5/Test/Builder.pm line 193.
# There were 1 warning(s)
#     Previous test 1 'use DBI;'
#     Possible precedence problem between ! and numeric eq (==) at /export/home/cpan/bin/perl/lib/site_perl/5.41.5/XML/Twig.pm line 2364.
#  at /export/home/cpan/bin/perl/lib/site_perl/5.41.5/XML/Twig.pm line 2364.
# 	require XML/Twig.pm called at /export/home/cpan/.cpan/build/DBD-XMLSimple-0.07-0/blib/lib/DBD/XMLSimple.pm line 159
# 	DBD::XMLSimple::Statement::BEGIN() called at /export/home/cpan/.cpan/build/DBD-XMLSimple-0.07-0/blib/lib/DBD/XMLSimple.pm line 159
# 	eval {...} called at /export/home/cpan/.cpan/build/DBD-XMLSimple-0.07-0/blib/lib/DBD/XMLSimple.pm line 159
# 	require DBD/XMLSimple.pm called at (eval 47) line 3
# 	eval 'package			# hide from PAUSE
# 		DBI::_firesafe;		# just in case
# 	    require DBD::XMLSimple;	# load the driver
#     ' called at /export/home/cpan/bin/perl/lib/site_perl/5.41.5/i86pc-solaris-64/DBI.pm line 794
# 	DBI::install_driver("DBI", "XMLSimple") called at /export/home/cpan/bin/perl/lib/site_perl/5.41.5/i86pc-solaris-64/DBI.pm line 663
# 	DBI::connect("DBI", "dbi:XMLSimple(RaiseError => 1):") called at t/10-filedata.t line 16
# 
# Looks like you failed 1 test of 6.
t/10-filedata.t ....... 
Dubious, test returned 1 (wstat 256, 0x100)
Failed 1/6 subtests 

#   Failed test 'no warnings'
#   at /export/home/cpan/bin/perl/lib/5.41.5/Test/Builder.pm line 193.
# There were 1 warning(s)
#     Previous test 1 'use DBI;'
#     Possible precedence problem between ! and numeric eq (==) at /export/home/cpan/bin/perl/lib/site_perl/5.41.5/XML/Twig.pm line 2364.
#  at /export/home/cpan/bin/perl/lib/site_perl/5.41.5/XML/Twig.pm line 2364.
# 	require XML/Twig.pm called at /export/home/cpan/.cpan/build/DBD-XMLSimple-0.07-0/blib/lib/DBD/XMLSimple.pm line 159
# 	DBD::XMLSimple::Statement::BEGIN() called at /export/home/cpan/.cpan/build/DBD-XMLSimple-0.07-0/blib/lib/DBD/XMLSimple.pm line 159
# 	eval {...} called at /export/home/cpan/.cpan/build/DBD-XMLSimple-0.07-0/blib/lib/DBD/XMLSimple.pm line 159
# 	require DBD/XMLSimple.pm called at (eval 47) line 3
# 	eval 'package			# hide from PAUSE
# 		DBI::_firesafe;		# just in case
# 	    require DBD::XMLSimple;	# load the driver
#     ' called at /export/home/cpan/bin/perl/lib/site_perl/5.41.5/i86pc-solaris-64/DBI.pm line 794
# 	DBI::install_driver("DBI", "XMLSimple") called at /export/home/cpan/bin/perl/lib/site_perl/5.41.5/i86pc-solaris-64/DBI.pm line 663
# 	DBI::connect("DBI", "dbi:XMLSimple(RaiseError => 1):") called at t/20-stringdata.t line 16
# 
# Looks like you failed 1 test of 14.
t/20-stringdata.t ..... 
Dubious, test returned 1 (wstat 256, 0x100)
Failed 1/14 subtests 
t/apoc.t .............. skipped: Test::Apocalypse required for testing the distribution

# Failed test 'no error output'
# at t/bin.t line 14.
# The output
#   Possible precedence problem between ! and numeric eq (==) at /export/home/cpan/bin/perl/lib/site_perl/5.41.5/XML/Twig.pm line 2364.
# does not match

#   Failed test at t/bin.t line 14.
# Looks like you failed 2 tests of 10.
t/bin.t ............... 
Dubious, test returned 2 (wstat 512, 0x200)
Failed 2/10 subtests 
t/boiler.t ............ ok
t/changes.t ........... skipped: Author tests not required for installation
t/comment-spelling.t .. skipped: Author tests not required for installation
t/coverage.t .......... skipped: Author tests not required for installation
t/critic.t ............ skipped: Author tests not required for installation
t/cv.t ................ skipped: Author tests not required for installation
t/dist.t .............. skipped: Author tests not required for installation
t/gv.t ................ skipped: Author tests not required for installation
t/kwalitee.t .......... skipped: Author tests not required for installation
t/metrics.t ........... skipped: Author tests not required for installation
t/namespaces.t ........ skipped: Author tests not required for installation
t/noplan.t ............ skipped: Author tests not required for installation
t/pod-cm.t ............ ok
t/pod-spelling.t ...... skipped: Author tests not required for installation
t/pod-synopsis.t ...... skipped: Author tests not required for installation
t/pod.t ............... skipped: Author tests not required for installation
t/port.t .............. ok
t/prereq.t ............ skipped: Author tests not required for installation
t/snippets.t .......... skipped: Author tests not required for installation
t/strict.t ............ skipped: Author tests not required for installation
t/unused.t ............ skipped: Author tests not required for installation
t/used.t .............. skipped: Author tests not required for installation
t/vars.t .............. skipped: Author tests not required for installation

Test Summary Report
-------------------
t/10-filedata.t     (Wstat: 256 (exited 1) Tests: 6 Failed: 1)
  Failed test:  6
  Non-zero exit status: 1
t/20-stringdata.t   (Wstat: 256 (exited 1) Tests: 14 Failed: 1)
  Failed test:  14
  Non-zero exit status: 1
t/bin.t             (Wstat: 512 (exited 2) Tests: 10 Failed: 2)
  Failed tests:  9-10
  Non-zero exit status: 2
t/boiler.t          (Wstat: 0 Tests: 3 Failed: 0)
  TODO passed:   1-3
Files=28, Tests=37,  4 wallclock secs ( 0.08 usr  0.06 sys +  2.77 cusr  0.59 csys =  3.50 CPU)
Result: FAIL
Failed 3/28 test programs. 4/37 subtests failed.
*** Error code 255
make: Fatal error: Command failed for target `test_dynamic'

------------------------------
PREREQUISITES
------------------------------

Prerequisite modules loaded:

requires:

    Module              Need     Have    
    ------------------- -------- --------
    Carp                0        1.54    
    DBI                 1.637    1.645   
    DBI::DBD::SqlEngine 0.06     0.06    
    perl                5.006002 5.041005
    SQL::Statement      1.41     1.414   
    XML::Twig           0        3.52    

build_requires:

    Module              Need     Have    
    ------------------- -------- --------
    autodie             0        2.37    
    ExtUtils::MakeMaker 0        7.70    
    IPC::System::Simple 0        1.30    
    Test::DatabaseRow   0        2.04    
    Test::Differences   0        0.71    
    Test::Most          0        0.38    
    Test::NoWarnings    0        1.06    
    Test::Script        1.12     1.29    

configure_requires:

    Module              Need     Have    
    ------------------- -------- --------
    ExtUtils::MakeMaker 0        7.70    


------------------------------
ENVIRONMENT AND OTHER CONTEXT
------------------------------

Environment variables:

    AUTOMATED_TESTING = 1
    DATE_MANIP_TEST_DM5 = 1
    LANG = en_US.UTF-8
    LC_ALL = C
    NONINTERACTIVE_TESTING = 1
    NO_NETWORK_TESTING = 1
    PATH = /export/home/cpan/bin/perl/bin:/usr/bin:/usr/sbin:/sbin:/opt/ooce/bin:/usr/gnu/bin
    PERL5LIB = 
    PERL5OPT = 
    PERL5_CPANPLUS_IS_RUNNING = 3921
    PERL5_CPAN_IS_RUNNING = 3921
    PERL_MM_USE_DEFAULT = 1
    PERL_USE_UNSAFE_INC = 1
    SHELL = /bin/bash
    TERM = screen

Perl special variables (and OS-specific diagnostics, for MSWin32):

    $^X = /export/home/cpan/bin/perl/bin/perl5.41.5
    $UID/$EUID = 101 / 101
    $GID = 1 1
    $EGID = 1 1

Perl module toolchain versions installed:

    Module              Have    
    ------------------- --------
    CPAN                2.37    
    CPAN::Meta          2.150010
    Cwd                 3.92    
    ExtUtils::CBuilder  0.280240
    ExtUtils::Command   7.70    
    ExtUtils::Install   2.22    
    ExtUtils::MakeMaker 7.70    
    ExtUtils::Manifest  1.75    
    ExtUtils::ParseXS   3.54    
    File::Spec          3.93    
    JSON                4.10    
    JSON::PP            4.16    
    Module::Build       0.4234  
    Module::Signature   0.89    
    Parse::CPAN::Meta   2.150010
    Test2               1.302204
    Test::Harness       3.50    
    Test::More          1.302204
    YAML                1.31    
    YAML::Syck          1.34    
    version             0.9933  


--

Summary of my perl5 (revision 5 version 41 subversion 5) configuration:
  Commit id: 9acaa9844a1adc113059335846a097b435800a22
  Platform:
    osname=solaris
    osvers=2.11
    archname=i86pc-solaris-64
    uname='sunos cjg-omniosce 5.11 omnios-r151050-49db1c0a0fe i86pc i386 i86pc '
    config_args='-des -Dprefix=/export/home/cpan/bin/perl -Dscriptdir=/export/home/cpan/bin/perl/bin -Dusedevel -Duse64bitall -Dcc=gcc'
    hint=recommended
    useposix=true
    d_sigaction=define
    useithreads=undef
    usemultiplicity=undef
    use64bitint=define
    use64bitall=define
    uselongdouble=undef
    usemymalloc=n
    default_inc_excludes_dot=define
  Compiler:
    cc='gcc'
    ccflags ='-m64 -fwrapv -fno-strict-aliasing -pipe -fstack-protector-strong -D_LARGEFILE_SOURCE -D_FILE_OFFSET_BITS=64 -D_FORTIFY_SOURCE=2'
    optimize='-O'
    cppflags='-m64 -fwrapv -fno-strict-aliasing -pipe -fstack-protector-strong'
    ccversion=''
    gccversion='13.2.0'
    gccosandvers=''
    intsize=4
    longsize=8
    ptrsize=8
    doublesize=8
    byteorder=12345678
    doublekind=3
    d_longlong=define
    longlongsize=8
    d_longdbl=define
    longdblsize=16
    longdblkind=3
    ivtype='long'
    ivsize=8
    nvtype='double'
    nvsize=8
    Off_t='off_t'
    lseeksize=8
    alignbytes=8
    prototype=define
  Linker and Libraries:
    ld='gcc'
    ldflags =' -m64 -fstack-protector-strong -L/usr/gnu/lib '
    libpth=/opt/gcc-13/lib /usr/lib /usr/gnu/lib /usr/ccs/lib
    libs=-lpthread -lsocket -lnsl -ldl -lm -lc
    perllibs=-lpthread -lsocket -lnsl -ldl -lm -lc
    libc=/lib/libc.so
    so=so
    useshrplib=true
    libperl=libperl.so
    gnulibc_version=''
  Dynamic Linking:
    dlsrc=dl_dlopen.xs
    dlext=so
    d_dlsymun=undef
    ccdlflags='  -R /export/home/cpan/bin/perl/lib/5.41.5/i86pc-solaris-64/CORE'
    cccdlflags='-fPIC'
    lddlflags=' -shared -m64 -L/usr/gnu/lib -fstack-protector-strong'


Characteristics of this binary (from libperl): 
  Compile-time options:
    HAS_LONG_DOUBLE
    HAS_STRTOLD
    HAS_TIMES
    PERLIO_LAYERS
    PERL_COPY_ON_WRITE
    PERL_DONT_CREATE_GVSV
    PERL_HASH_FUNC_SIPHASH13
    PERL_HASH_USE_SBOX32
    PERL_MALLOC_WRAP
    PERL_OP_PARENT
    PERL_PRESERVE_IVUV
    PERL_USE_DEVEL
    PERL_USE_SAFE_PUTENV
    USE_64_BIT_ALL
    USE_64_BIT_INT
    USE_LARGE_FILES
    USE_LOCALE
    USE_LOCALE_COLLATE
    USE_LOCALE_CTYPE
    USE_LOCALE_NUMERIC
    USE_LOCALE_TIME
    USE_PERLIO
    USE_PERL_ATOF
  Built under solaris
  Compiled at Oct 11 2024 01:20:07
  %ENV:
    PERL5LIB=""
    PERL5OPT=""
    PERL5_CPANPLUS_IS_RUNNING="3921"
    PERL5_CPAN_IS_RUNNING="3921"
    PERL_MM_USE_DEFAULT="1"
    PERL_USE_UNSAFE_INC="1"
  @INC:
    /export/home/cpan/bin/perl/lib/site_perl/5.41.5/i86pc-solaris-64
    /export/home/cpan/bin/perl/lib/site_perl/5.41.5
    /export/home/cpan/bin/perl/lib/5.41.5/i86pc-solaris-64
    /export/home/cpan/bin/perl/lib/5.41.5
    .