Math-Complex_C-L v0.08 Perl 5 v5.41.14 x86_64-linux
- Status
- Fail
- From
- Carlos Guevara
- Dist
-
Math-Complex_C-L v0.08
- Platform
- Perl 5 v5.41.14 x86_64-linux
- Date
- 2025-06-14 09:16:49
- ID
- 4d51a878-4900-11f0-91f4-ea29ea86538a
This distribution has been tested as part of the CPAN Testers
project, supporting the Perl programming language. See
http://wiki.cpantesters.org/ for more information or email
questions to cpan-testers-discuss@perl.org
--
Dear Sisyphus,
This is a computer-generated report for Math-Complex_C-L-0.08
on perl 5.41.14, created by CPAN-Reporter-1.2020.
Thank you for uploading your work to CPAN. However, there was a problem
testing your distribution.
If you think this report is invalid, please consult the CPAN Testers Wiki
for suggestions on how to avoid getting FAIL reports for missing library
or binary dependencies, unsupported operating systems, and so on:
http://wiki.cpantesters.org/wiki/CPANAuthorNotes
Sections of this report:
* Tester comments
* Program output
* Prerequisites
* Environment and other context
------------------------------
TESTER COMMENTS
------------------------------
Additional comments from tester:
this report is from an automated smoke testing program
and was not reviewed by a human for accuracy
------------------------------
PROGRAM OUTPUT
------------------------------
Output from '/usr/bin/make test':
"/home/cpan/bin/perl/bin/perl5.41.14" -MExtUtils::Command::MM -e 'cp_nonempty' -- L.bs blib/arch/auto/Math/Complex_C/L/L.bs 644
PERL_DL_NONLAZY=1 "/home/cpan/bin/perl/bin/perl5.41.14" "-MExtUtils::Command::MM" "-MTest::Harness" "-e" "undef *Test::Harness::Switches; test_harness(0, 'blib/lib', 'blib/arch')" t/*.t
No tests with this file. Instead, mainly for the benefit
of the author, we (hopefully) see some diagnostics from some
test executables that were run during the Makefile.PL stage.
CC = cc
OPTIMIZE = -O2
powl & catanhl & ccosl check:
3.661132e-01 5.010442e-02
1.589972e-01 6.629089e-01
1.254435e+00 -2.034444e-01
try.exe apparently ran fine
gcc version check (build):
gcc version check (run): gcc version (14.2.0) is ok
t/00config_xtra.t .... ok
Default decimal precision is 21
t/01load.t ........... ok
Skipping tests 12-15 - Math::LongDouble not loaded
$@: Can't locate Math/LongDouble.pm in @INC (you may need to install the Math::LongDouble module) (@INC entries checked: /home/cpan/.cpan/build/Math-Complex_C-L-0.08-0/blib/lib /home/cpan/.cpan/build/Math-Complex_C-L-0.08-0/blib/arch /home/cpan/bin/perl/lib/site_perl/5.41.14/x86_64-linux /home/cpan/bin/perl/lib/site_perl/5.41.14 /home/cpan/bin/perl/lib/5.41.14/x86_64-linux /home/cpan/bin/perl/lib/5.41.14 .) at t/abs_arg.t line 98.
t/abs_arg.t .......... ok
t/arith.t ............ ok
t/bool.t ............. ok
t/conj_proj.t ........ ok
t/log_exp.t .......... ok
t/nan.t .............. ok
Skipping test 5 - Math::LongDouble not loaded
t/new.t .............. ok
Skipping all tests as Math::LongDouble is not available:
Can't locate Math/LongDouble.pm in @INC (you may need to install the Math::LongDouble module) (@INC entries checked: /home/cpan/.cpan/build/Math-Complex_C-L-0.08-0/blib/lib /home/cpan/.cpan/build/Math-Complex_C-L-0.08-0/blib/arch /home/cpan/bin/perl/lib/site_perl/5.41.14/x86_64-linux /home/cpan/bin/perl/lib/site_perl/5.41.14 /home/cpan/bin/perl/lib/5.41.14/x86_64-linux /home/cpan/bin/perl/lib/5.41.14 .) at t/new_LD.t line 5.
t/new_LD.t ........... ok
t/nnum.t ............. ok
t/overload_string.t .. ok
# Failed test '1: Math::Complex_C::L ** IV'
# at t/overload_switch.t line 22.
# '64'
# >=
# '64'
# Looks like you failed 1 test of 8.
t/overload_switch.t ..
Dubious, test returned 1 (wstat 256, 0x100)
Failed 1/8 subtests
t/overload_xtra.t .... ok
t/pow.t .............. ok
t/prec.t ............. ok
Expected approx 1.31122326967164
Got 1.31122326850891
Expected approx 0.238877861256859
Got 0.238877862691879
Expected approx 0.238877861256859
Got 0.238877862691879
Expected approx 1.311223269671635
Got 1.31122326850891
Expected approx 0.579192942598755
Got 0.579192936420441
Expected approx -0.0760528436007479
Got -0.0760528445243835
t/trig.t .............
Failed 6/30 subtests
Test Summary Report
-------------------
t/overload_switch.t (Wstat: 256 (exited 1) Tests: 8 Failed: 1)
Failed test: 5
Non-zero exit status: 1
t/trig.t (Wstat: 0 Tests: 30 Failed: 6)
Failed tests: 11-12, 23-24, 29-30
Files=17, Tests=198, 0 wallclock secs ( 0.04 usr 0.01 sys + 0.14 cusr 0.05 csys = 0.24 CPU)
Result: FAIL
Failed 2/17 test programs. 7/198 subtests failed.
make: *** [Makefile:1023: test_dynamic] Error 255
------------------------------
PREREQUISITES
------------------------------
Prerequisite modules loaded:
build_requires:
Module Need Have
------------------- ---- ----
ExtUtils::MakeMaker 0 7.76
configure_requires:
Module Need Have
------------------- ---- ----
ExtUtils::MakeMaker 0 7.76
------------------------------
ENVIRONMENT AND OTHER CONTEXT
------------------------------
Environment variables:
AUTOMATED_TESTING = 1
DATE_MANIP_TEST_DM5 = 1
LANG = C.UTF-8
LC_COLLATE = C
NONINTERACTIVE_TESTING = 1
NO_NETWORK_TESTING = 1
PATH = /home/cpan/bin/perl/bin:/usr/local/sbin:/usr/local/bin:/usr/sbin:/usr/bin:/sbin:/bin
PERL5LIB =
PERL5OPT =
PERL5_CPANPLUS_IS_RUNNING = 20946
PERL5_CPAN_IS_RUNNING = 20946
PERL_MM_USE_DEFAULT = 1
PERL_USE_UNSAFE_INC = 1
SHELL = /bin/bash
TERM = screen
Perl special variables (and OS-specific diagnostics, for MSWin32):
$^X = /home/cpan/bin/perl/bin/perl5.41.14
$UID/$EUID = 1001 / 1001
$GID = 1001 1001
$EGID = 1001 1001
Perl module toolchain versions installed:
Module Have
------------------- --------
CPAN 2.38
CPAN::Meta 2.150010
Cwd 3.94
ExtUtils::CBuilder 0.280241
ExtUtils::Command 7.76
ExtUtils::Install 2.22
ExtUtils::MakeMaker 7.76
ExtUtils::Manifest 1.75
ExtUtils::ParseXS 3.57
File::Spec 3.94
JSON 4.10
JSON::PP 4.16
Module::Build 0.4234
Module::Signature n/a
Parse::CPAN::Meta 2.150010
Test2 1.302214
Test::Harness 3.50
Test::More 1.302214
YAML 1.31
YAML::Syck 1.34
version 0.9933
--
Summary of my perl5 (revision 5 version 41 subversion 14) configuration:
Commit id: 8c71d4a0b542607dbfe67a67fc2fee44f2452d5d
Platform:
osname=linux
osvers=6.12.33-0-lts
archname=x86_64-linux
uname='linux cjg-alpine3 6.12.33-0-lts #1-alpine smp preempt_dynamic 2025-06-10 20:16:17 x86_64 linux '
config_args='-des -Dprefix=/home/cpan/bin/perl -Dscriptdir=/home/cpan/bin/perl/bin -Dusedevel -Duse64bitall'
hint=recommended
useposix=true
d_sigaction=define
useithreads=undef
usemultiplicity=undef
use64bitint=define
use64bitall=define
uselongdouble=undef
usemymalloc=n
default_inc_excludes_dot=define
Compiler:
cc='cc'
ccflags ='-D_GNU_SOURCE -fwrapv -fno-strict-aliasing -pipe -fstack-protector-strong -D_LARGEFILE_SOURCE -D_FILE_OFFSET_BITS=64'
optimize='-O2'
cppflags='-D_GNU_SOURCE -fwrapv -fno-strict-aliasing -pipe -fstack-protector-strong'
ccversion=''
gccversion='14.2.0'
gccosandvers=''
intsize=4
longsize=8
ptrsize=8
doublesize=8
byteorder=12345678
doublekind=3
d_longlong=define
longlongsize=8
d_longdbl=define
longdblsize=16
longdblkind=3
ivtype='long'
ivsize=8
nvtype='double'
nvsize=8
Off_t='off_t'
lseeksize=8
alignbytes=8
prototype=define
Linker and Libraries:
ld='cc'
ldflags =' -fstack-protector-strong -L/usr/local/lib'
libpth=/usr/lib /usr/local/lib /lib
libs=-lpthread -lgdbm -ldb -ldl -lm -lcrypt -lutil -lc -lgdbm_compat
perllibs=-lpthread -ldl -lm -lcrypt -lutil -lc
libc=/usr/lib/libc.a
so=so
useshrplib=false
libperl=libperl.a
gnulibc_version=''
Dynamic Linking:
dlsrc=dl_dlopen.xs
dlext=so
d_dlsymun=undef
ccdlflags='-Wl,-E'
cccdlflags='-fPIC'
lddlflags='-shared -O2 -L/usr/local/lib -fstack-protector-strong'
Characteristics of this binary (from libperl):
Compile-time options:
HAS_LONG_DOUBLE
HAS_STRTOLD
HAS_TIMES
PERLIO_LAYERS
PERL_COPY_ON_WRITE
PERL_DONT_CREATE_GVSV
PERL_HASH_FUNC_SIPHASH13
PERL_HASH_USE_SBOX32
PERL_MALLOC_WRAP
PERL_OP_PARENT
PERL_PRESERVE_IVUV
PERL_USE_DEVEL
PERL_USE_SAFE_PUTENV
USE_64_BIT_ALL
USE_64_BIT_INT
USE_LARGE_FILES
USE_LOCALE
USE_LOCALE_COLLATE
USE_LOCALE_CTYPE
USE_LOCALE_NUMERIC
USE_LOCALE_TIME
USE_PERLIO
USE_PERL_ATOF
Built under linux
Compiled at Jun 13 2025 23:34:35
%ENV:
PERL5LIB=""
PERL5OPT=""
PERL5_CPANPLUS_IS_RUNNING="20946"
PERL5_CPAN_IS_RUNNING="20946"
PERL_MM_USE_DEFAULT="1"
PERL_USE_UNSAFE_INC="1"
@INC:
/home/cpan/bin/perl/lib/site_perl/5.41.14/x86_64-linux
/home/cpan/bin/perl/lib/site_perl/5.41.14
/home/cpan/bin/perl/lib/5.41.14/x86_64-linux
/home/cpan/bin/perl/lib/5.41.14
.