Module-Info v0.39 Perl 5 v5.41.11 darwin-2level

Status
Fail
From
David Cantrell (DCANTRELL)
Dist
Module-Info v0.39
Platform
Perl 5 v5.41.11 darwin-2level
Date
2025-04-21 04:30:06
ID
4d5fbda8-1e69-11f0-9b7f-8e7a449f9719
This distribution has been tested as part of the CPAN Testers
project, supporting the Perl programming language.  See
http://wiki.cpantesters.org/ for more information or email
questions to cpan-testers-discuss@perl.org


--
Dear Neil Bowers,

This is a computer-generated report for Module-Info-0.39
on perl 5.41.11, created by CPAN-Reporter-1.2020.

Thank you for uploading your work to CPAN.  However, there was a problem
testing your distribution.

If you think this report is invalid, please consult the CPAN Testers Wiki
for suggestions on how to avoid getting FAIL reports for missing library
or binary dependencies, unsupported operating systems, and so on:

http://wiki.cpantesters.org/wiki/CPANAuthorNotes

Sections of this report:

    * Tester comments
    * Program output
    * Prerequisites
    * Environment and other context

------------------------------
TESTER COMMENTS
------------------------------

Additional comments from tester:

this report is from an automated smoke testing program
and was not reviewed by a human for accuracy

------------------------------
PROGRAM OUTPUT
------------------------------

Output from '/usr/bin/make test':

PERL_DL_NONLAZY=1 "/Users/cpantesting/cpantesting/perl-blead/bin/perl5.41.11" "-MExtUtils::Command::MM" "-MTest::Harness" "-e" "undef *Test::Harness::Switches; test_harness(0, 'blib/lib', 'blib/arch')" t/*.t
B::Module::Info,packages use failed with 2 saying:
Can't locate t/lib/Bar.pm in @INC (you may need to install the t::lib::Bar module) (@INC entries checked: blahbityblahblah blib/lib /Users/cpantesting/cpantesting/perl-blead/.cpan/build/Module-Info-0.39-0/blib/lib /Users/cpantesting/cpantesting/perl-blead/.cpan/build/Module-Info-0.39-0/blib/arch /Users/cpantesting/cpantesting/perl-blead/lib/site_perl/5.41.11/darwin-2level /Users/cpantesting/cpantesting/perl-blead/lib/site_perl/5.41.11 /Users/cpantesting/cpantesting/perl-blead/lib/5.41.11/darwin-2level /Users/cpantesting/cpantesting/perl-blead/lib/5.41.11) at /Users/cpantesting/cpantesting/perl-blead/.cpan/build/Module-Info-0.39-0/t/lib/Foo.pm line 64.

BEGIN failed--compilation aborted at /Users/cpantesting/cpantesting/perl-blead/.cpan/build/Module-Info-0.39-0/t/lib/Foo.pm line 65.
#     Failed test (t/Module-Info.t at line 187)
#          got: '0'
#     expected: '2'
#     Failed test (t/Module-Info.t at line 188)
B::Module::Info,packages use failed with 2 saying:
Can't locate t/lib/Bar.pm in @INC (you may need to install the t::lib::Bar module) (@INC entries checked: blahbityblahblah blib/lib /Users/cpantesting/cpantesting/perl-blead/.cpan/build/Module-Info-0.39-0/blib/lib /Users/cpantesting/cpantesting/perl-blead/.cpan/build/Module-Info-0.39-0/blib/arch /Users/cpantesting/cpantesting/perl-blead/lib/site_perl/5.41.11/darwin-2level /Users/cpantesting/cpantesting/perl-blead/lib/site_perl/5.41.11 /Users/cpantesting/cpantesting/perl-blead/lib/5.41.11/darwin-2level /Users/cpantesting/cpantesting/perl-blead/lib/5.41.11) at /Users/cpantesting/cpantesting/perl-blead/.cpan/build/Module-Info-0.39-0/t/lib/Foo.pm line 64.

BEGIN failed--compilation aborted at /Users/cpantesting/cpantesting/perl-blead/.cpan/build/Module-Info-0.39-0/t/lib/Foo.pm line 65.
#     Failed test (t/Module-Info.t at line 191)
#          got: '0'
#     expected: '2'
#     Failed test (t/Module-Info.t at line 192)
#          got: undef
#     expected: '7.254'
B::Module::Info,subroutines use failed with 2 saying:
Can't locate t/lib/Bar.pm in @INC (you may need to install the t::lib::Bar module) (@INC entries checked: blahbityblahblah blib/lib /Users/cpantesting/cpantesting/perl-blead/.cpan/build/Module-Info-0.39-0/blib/lib /Users/cpantesting/cpantesting/perl-blead/.cpan/build/Module-Info-0.39-0/blib/arch /Users/cpantesting/cpantesting/perl-blead/lib/site_perl/5.41.11/darwin-2level /Users/cpantesting/cpantesting/perl-blead/lib/site_perl/5.41.11 /Users/cpantesting/cpantesting/perl-blead/lib/5.41.11/darwin-2level /Users/cpantesting/cpantesting/perl-blead/lib/5.41.11) at /Users/cpantesting/cpantesting/perl-blead/.cpan/build/Module-Info-0.39-0/t/lib/Foo.pm line 64.

BEGIN failed--compilation aborted at /Users/cpantesting/cpantesting/perl-blead/.cpan/build/Module-Info-0.39-0/t/lib/Foo.pm line 65.

B::PADNAME::OURSTASH at "__none__" from 0 to 0

B::MDEREF_AV_vivify_rv2av_aelem at "__none__" from 0 to 0

B::OPpCOREARGS_DEREF2 at "__none__" from 0 to 0

B::Utils::_preparewarn at "/Users/cpantesting/cpantesting/perl-blead/lib/site_perl/5.41.11/darwin-2level/B/Utils.pm" from 1125 to 1130

Exporter::Heavy::heavy_export at "/Users/cpantesting/cpantesting/perl-blead/lib/5.41.11/Exporter/Heavy.pm" from 41 to 206

Exporter::export at "/Users/cpantesting/cpantesting/perl-blead/lib/5.41.11/Exporter.pm" from 22 to 22

Config::config_re at "__none__" from 0 to 0

B::OP::_parent at "(eval 3)" from 3 to 5

B::BM::USEFUL at "__none__" from 0 to 0

B::OPpEARLY_CV at "__none__" from 0 to 0

B::PMOP::reflags at "__none__" from 0 to 0

B::OPpCONST_TOKEN_BITS at "__none__" from 0 to 0

B::OA_SVOP at "__none__" from 0 to 0

Scalar::Util::openhandle at "__none__" from 0 to 0

B::G_EVAL at "__none__" from 0 to 0

B::RXf_WHITE at "__none__" from 0 to 0

B::walksymtable at "/Users/cpantesting/cpantesting/perl-blead/lib/5.41.11/darwin-2level/B.pm" from 272 to 287

B::Module::Info::state_change at "blib/lib/B/Module/Info.pm" from 31 to 31

B::IO::TOP_NAME at "__none__" from 0 to 0

B::IO::BOTTOM_NAME at "__none__" from 0 to 0

B::OA_RETSCALAR at "__none__" from 0 to 0

B::hash at "__none__" from 0 to 0

B::RXf_START_ONLY at "__none__" from 0 to 0

B::GV::HV at "__none__" from 0 to 0

B::OPpLIST_GUESSED at "__none__" from 0 to 0

B::OPpDEFER_FINALLY at "__none__" from 0 to 0

B::OP_LVALUE_NO_CROAK at "__none__" from 0 to 0

B::OPpSPLIT_ASSIGN at "__none__" from 0 to 0

Internals::V at "__none__" from 0 to 0

B::EVAL_INREQUIRE at "__none__" from 0 to 0

B::Module::Info::const at "blib/lib/B/Module/Info.pm" from 212 to 237

B::G_RE_REPARSING at "__none__" from 0 to 0

B::PVLV::TARGLEN at "__none__" from 0 to 0

B::Utils::main_start at "__none__" from 0 to 0

B::G_WRITING_TO_STDERR at "__none__" from 0 to 0

B::SVt_PVHV at "__none__" from 0 to 0

B::LISTOP::children at "__none__" from 0 to 0

base::PRIVATE at "__none__" from 0 to 0

B::CVf_REFCOUNTED_ANYSV at "__none__" from 0 to 0

B::Module::Info::sub_info at "blib/lib/B/Module/Info.pm" from 268 to 271

B::CXp_FOR_LVREF at "__none__" from 0 to 0

B::UNOP::first at "__none__" from 0 to 0

B::PMf_RETAINT at "__none__" from 0 to 0

B::Utils::walkoptree_simple at "/Users/cpantesting/cpantesting/perl-blead/lib/site_perl/5.41.11/darwin-2level/B/Utils.pm" from 609 to 614

DynaLoader::bootstrap_inherit at "/Users/cpantesting/cpantesting/perl-blead/lib/5.41.11/darwin-2level/DynaLoader.pm" from 111 to 117

warnings::warn at "/Users/cpantesting/cpantesting/perl-blead/lib/5.41.11/warnings.pm" from 589 to 589

List::Util::zip at "__none__" from 0 to 0

B::debug at "/Users/cpantesting/cpantesting/perl-blead/lib/5.41.11/darwin-2level/B.pm" from 147 to 149

B::G_USEHINTS at "__none__" from 0 to 0

B::CVf_WEAKOUTSIDE at "__none__" from 0 to 0

B::OPpTRANS_DELETE at "__none__" from 0 to 0

B::OA_METHOP at "__none__" from 0 to 0

B::OA_PADOP at "__none__" from 0 to 0

B::OPpASSIGN_COMMON_RC1 at "__none__" from 0 to 0

B::CXp_EVALBLOCK at "__none__" from 0 to 0

UNIVERSAL::isa at "__none__" from 0 to 0

B::Utils::_TRACE at "__none__" from 0 to 0

B::OP::oplist at "__none__" from 0 to 0

List::Util::zip_shortest at "__none__" from 0 to 0

B::OPpCONST_TOKEN_MASK at "__none__" from 0 to 0

B::MAGIC::MOREMAGIC at "__none__" from 0 to 0

B::CXp_SUB_RE_FAKE at "__none__" from 0 to 0

B::OP::kids at "/Users/cpantesting/cpantesting/perl-blead/lib/site_perl/5.41.11/darwin-2level/B/Utils.pm" from 153 to 170

B::CXt_SUB at "__none__" from 0 to 0

DynaLoader::dl_unload_file at "__none__" from 0 to 0

B::MDEREF_INDEX_MASK at "__none__" from 0 to 0

B::OP::stringify at "/Users/cpantesting/cpantesting/perl-blead/lib/site_perl/5.41.11/darwin-2level/B/Utils.pm" from 365 to 367

B::OPf_WANT_LIST at "__none__" from 0 to 0

B::EVAL_KEEPERR at "__none__" from 0 to 0

Config::config_vars at "__none__" from 0 to 0

B::GVf_IMPORTED at "__none__" from 0 to 0

B::OP::savefree at "__none__" from 0 to 0

B::REGEXP::REGEX at "__none__" from 0 to 0

warnings::unimport at "/Users/cpantesting/cpantesting/perl-blead/lib/5.41.11/warnings.pm" from 411 to 432

B::PADNAMELIST::REFCNT at "__none__" from 0 to 0

B::OPpINITFIELD_HV at "__none__" from 0 to 0

B::objsym at "/Users/cpantesting/cpantesting/perl-blead/lib/5.41.11/darwin-2level/B.pm" from 216 to 217

B::IO::LINES at "__none__" from 0 to 0

UNIVERSAL::unimport at "__none__" from 0 to 0

Exporter::import at "/Users/cpantesting/cpantesting/perl-blead/lib/5.41.11/Exporter.pm" from 26 to 63

B::IV::int_value at "/Users/cpantesting/cpantesting/perl-blead/lib/5.41.11/darwin-2level/B.pm" from 125 to 126

B::sv_no at "__none__" from 0 to 0

subs::import at "/Users/cpantesting/cpantesting/perl-blead/lib/5.41.11/subs.pm" from 34 to 39

B::amagic_generation at "__none__" from 0 to 0

B::CXp_SUB_RE at "__none__" from 0 to 0

builtin::false at "__none__" from 0 to 0

B::MAGIC::FLAGS at "__none__" from 0 to 0

B::OPf_KIDS at "__none__" from 0 to 0

B::G_LIST at "__none__" from 0 to 0

B::BHKf_bhk_start at "__none__" from 0 to 0

B::RV2CVOPCV_FLAG_MASK at "__none__" from 0 to 0

B::OPpPAD_STATE at "__none__" from 0 to 0

B::Utils::recalc_sub_cache at "/Users/cpantesting/cpantesting/perl-blead/lib/site_perl/5.41.11/darwin-2level/B/Utils.pm" from 489 to 494

B::HE::HASH at "__none__" from 0 to 0

builtin::unweaken at "__none__" from 0 to 0

B::RV2CVOPCV_MAYBE_NAME_GV at "__none__" from 0 to 0

B::PMOP::pmreplstart at "__none__" from 0 to 0

B::GV::is_empty at "__none__" from 0 to 0

warnings::bits at "/Users/cpantesting/cpantesting/perl-blead/lib/5.41.11/warnings.pm" from 383 to 384

strict::import at "/Users/cpantesting/cpantesting/perl-blead/lib/5.41.11/strict.pm" from 61 to 62

B::OPpARG3_MASK at "__none__" from 0 to 0

B::PERLSI_MULTICALL at "__none__" from 0 to 0

B::PV::PVBM at "__none__" from 0 to 0

B::G_NOARGS at "__none__" from 0 to 0

B::G_UNDEF_FILL at "__none__" from 0 to 0

B::COP::warnings at "__none__" from 0 to 0

B::SVs_PADTMP at "__none__" from 0 to 0

builtin::is_bool at "__none__" from 0 to 0

B::RXf_TAINTED_SEEN at "__none__" from 0 to 0

B::OA_PVOP_OR_SVOP at "__none__" from 0 to 0

builtin::nan at "__none__" from 0 to 0

lib::import at "/Users/cpantesting/cpantesting/perl-blead/lib/5.41.11/darwin-2level/lib.pm" from 19 to 51

B::IO::FMT_GV at "__none__" from 0 to 0

B::PADOP::gv at "__none__" from 0 to 0

B::OPf_REF at "__none__" from 0 to 0

B::INVLIST::is_offset at "__none__" from 0 to 0

B::OPpMULTICONCAT_APPEND at "__none__" from 0 to 0

B::opnumber at "__none__" from 0 to 0

B::Utils::all_roots at "/Users/cpantesting/cpantesting/perl-blead/lib/site_perl/5.41.11/darwin-2level/B/Utils.pm" from 465 to 465

version::numify at "__none__" from 0 to 0

Config::TIEHASH at "/Users/cpantesting/cpantesting/perl-blead/lib/5.41.11/darwin-2level/Config.pm" from 74 to 74

B::CV::FILE at "__none__" from 0 to 0

B::CVf_SLABBED at "__none__" from 0 to 0

B::OPpCONST_NOVER at "__none__" from 0 to 0

Scalar::Util::isweak at "__none__" from 0 to 0

B::OPpCONST_BARE at "__none__" from 0 to 0

Tie::Hash::NamedCapture::STORE at "__none__" from 0 to 0

B::GV::SAFENAME at "/Users/cpantesting/cpantesting/perl-blead/lib/5.41.11/darwin-2level/B.pm" from 104 to 104

B::CXp_FOR_DEF at "__none__" from 0 to 0

B::Utils::ppname at "__none__" from 0 to 0

Exporter::require_version at "/Users/cpantesting/cpantesting/perl-blead/lib/5.41.11/Exporter.pm" from 90 to 90

B::Utils::walksymtable at "/Users/cpantesting/cpantesting/perl-blead/lib/5.41.11/darwin-2level/B.pm" from 272 to 287

Config::config_sh at "__none__" from 0 to 0

strict::unimport at "/Users/cpantesting/cpantesting/perl-blead/lib/5.41.11/strict.pm" from 66 to 73

PerlIO::Layer::find at "__none__" from 0 to 0

B::GVf_IMPORTED_HV at "__none__" from 0 to 0

builtin::floor at "__none__" from 0 to 0

B::SVt_PVGV at "__none__" from 0 to 0

version::parse at "__none__" from 0 to 0

B::RXf_USE_INTUIT_ML at "__none__" from 0 to 0

B::CV::OUTSIDE_SEQ at "__none__" from 0 to 0

builtin::weaken at "__none__" from 0 to 0

warnings::fatal_enabled_at_level at "/Users/cpantesting/cpantesting/perl-blead/lib/5.41.11/warnings.pm" from 604 to 604

B::OA_FOLDCONST at "__none__" from 0 to 0

List::Util::product at "__none__" from 0 to 0

List::Util::zip_longest at "__none__" from 0 to 0

B::CV::START at "__none__" from 0 to 0

B::SV::IsBOOL at "__none__" from 0 to 0

B::OPpCONCAT_NESTED at "__none__" from 0 to 0

List::Util::maxstr at "__none__" from 0 to 0

B::OPpTRANS_SQUASH at "__none__" from 0 to 0

B::CVf_XS_RCSTACK at "__none__" from 0 to 0

B::GV::NAME at "__none__" from 0 to 0

UNIVERSAL::VERSION at "__none__" from 0 to 0

B::CXp_MULTICALL at "__none__" from 0 to 0

B::OPpTRANS_CAN_FORCE_UTF8 at "__none__" from 0 to 0

B::SV::FLAGS at "__none__" from 0 to 0

B::walkoptree_debug at "__none__" from 0 to 0

List::Util::pairkeys at "__none__" from 0 to 0

List::Util::sample at "__none__" from 0 to 0

B::BINOP::last at "__none__" from 0 to 0

B::PADNAME::LEN at "__none__" from 0 to 0

List::Util::tail at "__none__" from 0 to 0

B::PMOP::pmoffset at "__none__" from 0 to 0

B::OPpARG1_MASK at "__none__" from 0 to 0

B::diehook at "__none__" from 0 to 0

DynaLoader::dl_error at "__none__" from 0 to 0

B::PADNAME::PROTOCV at "__none__" from 0 to 0

B::main_cv at "__none__" from 0 to 0

B::COP::hints_hash at "__none__" from 0 to 0

B::CVf_LEXICAL at "__none__" from 0 to 0

B::GV::LINE at "__none__" from 0 to 0

B::CXt_NULL at "__none__" from 0 to 0

Config::compile_date at "__none__" from 0 to 0

B::SV::MAGICAL at "__none__" from 0 to 0

B::SVf_UTF8 at "__none__" from 0 to 0

Exporter::Heavy::_push_tags at "/Users/cpantesting/cpantesting/perl-blead/lib/5.41.11/Exporter/Heavy.pm" from 222 to 232

B::GV::CV at "__none__" from 0 to 0

B::HV::KEYS at "__none__" from 0 to 0

B::Utils::bootstrap at "__none__" from 0 to 0

List::Util::uniqstr at "__none__" from 0 to 0

warnings::_mkMask at "/Users/cpantesting/cpantesting/perl-blead/lib/5.41.11/warnings.pm" from 548 to 552

B::OA_DANGEROUS at "__none__" from 0 to 0

B::OPpFLIP_LINENUM at "__none__" from 0 to 0

B::SVOP::sv at "__none__" from 0 to 0

List::Util::min at "__none__" from 0 to 0

B::PMf_CHARSET at "__none__" from 0 to 0

B::OPpOPEN_OUT_RAW at "__none__" from 0 to 0

version::qv at "__none__" from 0 to 0

utf8::encode at "__none__" from 0 to 0

Config::bincompat_options at "__none__" from 0 to 0

B::SV::TRUE at "__none__" from 0 to 0

B::OPpENTERSUB_HASTARG at "__none__" from 0 to 0

base::inherit_fields at "/Users/cpantesting/cpantesting/perl-blead/lib/5.41.11/base.pm" from 197 to 238

DynaLoader::dl_findfile at "/Users/cpantesting/cpantesting/perl-blead/lib/5.41.11/darwin-2level/DynaLoader.pm" from 233 to 306

B::OP::name at "__none__" from 0 to 0

Foo::croak at "/Users/cpantesting/cpantesting/perl-blead/.cpan/build/Module-Info-0.39-0/t/lib/Foo.pm" from 54 to 61

B::PADNAMELIST::MAX at "__none__" from 0 to 0

builtin::stringify at "__none__" from 0 to 0

B::XOPf_xop_desc at "__none__" from 0 to 0

B::OP::oldname at "/Users/cpantesting/cpantesting/perl-blead/lib/site_perl/5.41.11/darwin-2level/B/Utils.pm" from 132 to 140

B::SV::object_2svref at "__none__" from 0 to 0

builtin::blessed at "__none__" from 0 to 0

B::SVf_AMAGIC at "__none__" from 0 to 0

B::CXt_LOOP_LIST at "__none__" from 0 to 0

B::OA_LOGOP at "__none__" from 0 to 0

B::CV::GV at "__none__" from 0 to 0

B::UNOP_AUX::aux_list at "__none__" from 0 to 0

B::BM::RARE at "__none__" from 0 to 0

B::CVf_ANON at "__none__" from 0 to 0

B::Module::Info::state_call at "blib/lib/B/Module/Info.pm" from 36 to 39

B::inc_gv at "__none__" from 0 to 0

B::COP::hints at "__none__" from 0 to 0

B::CV::XSUBANY at "__none__" from 0 to 0

B::PMf_SPLIT at "__none__" from 0 to 0

B::COP::io at "__none__" from 0 to 0

B::CVf_NODEBUG at "__none__" from 0 to 0

Exporter::Heavy::heavy_export_tags at "/Users/cpantesting/cpantesting/perl-blead/lib/5.41.11/Exporter/Heavy.pm" from 243 to 243

B::IO::PAGE at "__none__" from 0 to 0

B::GVf_IMPORTED_SV at "__none__" from 0 to 0

B::G_SCALAR at "__none__" from 0 to 0

Config::FETCH at "/Users/cpantesting/cpantesting/perl-blead/lib/5.41.11/darwin-2level/Config.pm" from 67 to 70

B::MDEREF_INDEX_none at "__none__" from 0 to 0

List::Util::any at "__none__" from 0 to 0

B::OPf_FOLDED at "__none__" from 0 to 0

B::Utils::dl_load_flags at "/Users/cpantesting/cpantesting/perl-blead/lib/site_perl/5.41.11/darwin-2level/B/Utils.pm" from 55 to 55

B::CV::ROOT at "__none__" from 0 to 0

B::OPpSORT_NUMERIC at "__none__" from 0 to 0

lib::unimport at "/Users/cpantesting/cpantesting/perl-blead/lib/5.41.11/darwin-2level/lib.pm" from 56 to 70

base::get_attr at "/Users/cpantesting/cpantesting/perl-blead/lib/5.41.11/base.pm" from 37 to 38

Internals::SvREADONLY at "__none__" from 0 to 0

version::(/= at "__none__" from 0 to 0

B::BM::TABLE at "__none__" from 0 to 0

warnings::import at "/Users/cpantesting/cpantesting/perl-blead/lib/5.41.11/warnings.pm" from 389 to 404

B::OPpCONST_TOKEN_FILE at "__none__" from 0 to 0

B::OPpSPLIT_IMPLIM at "__none__" from 0 to 0

B::PAD_FAKELEX_MULTI at "__none__" from 0 to 0

B::OPpCONST_TOKEN_SHIFT at "__none__" from 0 to 0

builtin::created_as_number at "__none__" from 0 to 0

B::CVf_CLONE at "__none__" from 0 to 0

B::address at "__none__" from 0 to 0

B::OP::as_opgrep_pattern at "/Users/cpantesting/cpantesting/perl-blead/lib/site_perl/5.41.11/darwin-2level/B/Utils.pm" from 402 to 430

B::OPpREPEAT_DOLIST at "__none__" from 0 to 0

B::AV::FILL at "__none__" from 0 to 0

List::Util::pairmap at "__none__" from 0 to 0

version::(-= at "__none__" from 0 to 0

B::OPpASSIGN_BACKWARDS at "__none__" from 0 to 0

B::dowarn at "__none__" from 0 to 0

B::PADNAME::GEN at "__none__" from 0 to 0

B::CV::HSCXT at "__none__" from 0 to 0

version::is_alpha at "__none__" from 0 to 0

B::PERLSI_REQUIRE at "__none__" from 0 to 0

Sub::Util::subname at "__none__" from 0 to 0

version::(+ at "__none__" from 0 to 0

B::SVTYPEMASK at "__none__" from 0 to 0

Tie::Hash::NamedCapture::FETCH at "__none__" from 0 to 0

B::cstring at "__none__" from 0 to 0

B::SVf_IOK at "__none__" from 0 to 0

B::OPpCONST_TOKEN_PACKAGE at "__none__" from 0 to 0

B::OPf_WANT_SCALAR at "__none__" from 0 to 0

List::Util::pairfirst at "__none__" from 0 to 0

B::SVs_GMG at "__none__" from 0 to 0

B::PMf_KEEPCOPY at "__none__" from 0 to 0

List::Util::uniqnum at "__none__" from 0 to 0

B::OPpMULTICONCAT_FAKE at "__none__" from 0 to 0

B::end_av at "__none__" from 0 to 0

base::import at "/Users/cpantesting/cpantesting/perl-blead/lib/5.41.11/base.pm" from 81 to 191

B::GV::GP at "__none__" from 0 to 0

B::OPpITER_INDEXED at "__none__" from 0 to 0

B::COP::stashoff at "__none__" from 0 to 0

B::OPpLVREF_CV at "__none__" from 0 to 0

B::OPpTRANS_MASK at "__none__" from 0 to 0

B::G_VOID at "__none__" from 0 to 0

B::MDEREF_ACTION_MASK at "__none__" from 0 to 0

B::PADNAME::TYPE at "__none__" from 0 to 0

List::Util::unpairs at "__none__" from 0 to 0

B::INVLIST::get_invlist_array at "__none__" from 0 to 0

B::OPpMAYBE_TRUEBOOL at "__none__" from 0 to 0

B::Module::Info::show_require at "blib/lib/B/Module/Info.pm" from 341 to 370

B::GVf_INTRO at "__none__" from 0 to 0

B::PADNAMEf_OUR at "__none__" from 0 to 0

B::OPpPV_IS_UTF8 at "__none__" from 0 to 0

B::SVp_IOK at "__none__" from 0 to 0

B::OP::next at "__none__" from 0 to 0

B::CXt_FORMAT at "__none__" from 0 to 0

B::PMf_EVAL at "__none__" from 0 to 0

B::OPpITER_DEF at "__none__" from 0 to 0

Scalar::Util::export_fail at "/Users/cpantesting/cpantesting/perl-blead/lib/5.41.11/darwin-2level/Scalar/Util.pm" from 41 to 46

B::Module::Info::all_roots at "/Users/cpantesting/cpantesting/perl-blead/lib/site_perl/5.41.11/darwin-2level/B/Utils.pm" from 465 to 465

B::CVf_DYNFILE at "__none__" from 0 to 0

B::Utils::OPf_KIDS at "__none__" from 0 to 0

Tie::Hash::NamedCapture::CLEAR at "__none__" from 0 to 0

B::AV::ARRAYelt at "__none__" from 0 to 0

B::NV::NVX at "__none__" from 0 to 0

B::OPpCOREARGS_SCALARMOD at "__none__" from 0 to 0

B::CXp_FOR_GV at "__none__" from 0 to 0

B::Utils::anon_sub at "__none__" from 0 to 0

DynaLoader::dl_undef_symbols at "__none__" from 0 to 0

B::NV::NV at "__none__" from 0 to 0

B::OPpITER_REVERSED at "__none__" from 0 to 0

B::XOPf_xop_name at "__none__" from 0 to 0

Config::non_bincompat_options at "__none__" from 0 to 0

B::OPpLVREF_ITER at "__none__" from 0 to 0

B::OPf_WANT at "__none__" from 0 to 0

B::IO::IoTYPE at "__none__" from 0 to 0

DynaLoader::dl_load_flags at "/Users/cpantesting/cpantesting/perl-blead/lib/5.41.11/darwin-2level/DynaLoader.pm" from 49 to 49

B::PMf_NONDESTRUCT at "__none__" from 0 to 0

DynaLoader::dl_find_symbol_anywhere at "/Users/cpantesting/cpantesting/perl-blead/lib/5.41.11/darwin-2level/DynaLoader.pm" from 334 to 340

B::MAGIC::TYPE at "__none__" from 0 to 0

B::G_DISCARD at "__none__" from 0 to 0

B::PMOP::code_list at "__none__" from 0 to 0

List::Util::uniq at "__none__" from 0 to 0

B::PADNAMEf_FIELD at "__none__" from 0 to 0

B::Utils::walkoptree_filtered at "/Users/cpantesting/cpantesting/perl-blead/lib/site_perl/5.41.11/darwin-2level/B/Utils.pm" from 658 to 663

B::RXf_PMf_MULTILINE at "__none__" from 0 to 0

B::OPpINDEX_BOOLNEG at "__none__" from 0 to 0

B::MAGIC::LENGTH at "__none__" from 0 to 0

B::curstash at "__none__" from 0 to 0

B::HV::FILL at "__none__" from 0 to 0

B::OPpCONST_TOKEN_LINE at "__none__" from 0 to 0

B::OPf_SPECIAL at "__none__" from 0 to 0

B::Utils::_opgrep_helper at "/Users/cpantesting/cpantesting/perl-blead/lib/site_perl/5.41.11/darwin-2level/B/Utils.pm" from 1031 to 1039

B::OPpARG2_MASK at "__none__" from 0 to 0

B::CXt_SUBST at "__none__" from 0 to 0

B::MAGIC::PRIVATE at "__none__" from 0 to 0

B::perlstring at "__none__" from 0 to 0

lib::_get_dirs at "/Users/cpantesting/cpantesting/perl-blead/lib/5.41.11/darwin-2level/lib.pm" from 74 to 82

B::GVf_ONCE_FATAL at "__none__" from 0 to 0

B::Utils::anon_subs at "/Users/cpantesting/cpantesting/perl-blead/lib/site_perl/5.41.11/darwin-2level/B/Utils.pm" from 476 to 476

warnings::warnif_at_level at "/Users/cpantesting/cpantesting/perl-blead/lib/5.41.11/warnings.pm" from 614 to 614

B::GV::GvREFCNT at "__none__" from 0 to 0

Exporter::as_heavy at "/Users/cpantesting/cpantesting/perl-blead/lib/5.41.11/Exporter.pm" from 13 to 18

base::has_fields at "/Users/cpantesting/cpantesting/perl-blead/lib/5.41.11/base.pm" from 25 to 27

B::RV2CVOPCV_MARK_EARLY at "__none__" from 0 to 0

B::PV::LEN at "__none__" from 0 to 0

B::OPpEMPTYAVHV_IS_HV at "__none__" from 0 to 0

B::PADLIST::outid at "__none__" from 0 to 0

B::GV::FILE at "__none__" from 0 to 0

B::OP::static at "__none__" from 0 to 0

B::Module::Info::single_delim at "blib/lib/B/Module/Info.pm" from 243 to 256

B::PMOP::pmstash at "__none__" from 0 to 0

warnings::register::mkMask at "/Users/cpantesting/cpantesting/perl-blead/lib/5.41.11/warnings/register.pm" from 9 to 13

B::RCPVf_USE_STRLEN at "__none__" from 0 to 0

B::CXTYPEMASK at "__none__" from 0 to 0

B::PERLSI_UNDEF at "__none__" from 0 to 0

B::PERLSI_REGCOMP at "__none__" from 0 to 0

List::Util::pairgrep at "__none__" from 0 to 0

B::G_NODEBUG at "__none__" from 0 to 0

B::RXf_EVAL_SEEN at "__none__" from 0 to 0

B::PADNAMELIST::ARRAY at "__none__" from 0 to 0

B::PADLIST::NAMES at "__none__" from 0 to 0

vars::import at "/Users/cpantesting/cpantesting/perl-blead/lib/5.41.11/vars.pm" from 11 to 41

B::CVf_NAMED at "__none__" from 0 to 0

B::MDEREF_HV_gvsv_vivify_rv2hv_helem at "__none__" from 0 to 0

List::Util::head at "__none__" from 0 to 0

mro::method_changed_in at "__none__" from 0 to 0

B::OP::targ at "__none__" from 0 to 0

B::CXt_DEFER at "__none__" from 0 to 0

B::RCPVf_ALLOW_EMPTY at "__none__" from 0 to 0

B::MDEREF_HV_vivify_rv2hv_helem at "__none__" from 0 to 0

B::RXf_USE_INTUIT_NOML at "__none__" from 0 to 0

B::PMf_WILDCARD at "__none__" from 0 to 0

B::PADNAME::COP_SEQ_RANGE_HIGH at "__none__" from 0 to 0

B::RXf_INTUIT_TAIL at "__none__" from 0 to 0

B::BHKf_bhk_pre_end at "__none__" from 0 to 0

B::CXp_FOR_PAD at "__none__" from 0 to 0

B::OPpLVREF_HV at "__none__" from 0 to 0

B::SVs_PADSTALE at "__none__" from 0 to 0

B::COP::cop_seq at "__none__" from 0 to 0

B::MDEREF_AV_pop_rv2av_aelem at "__none__" from 0 to 0

Config::header_files at "__none__" from 0 to 0

B::IV::IVX at "__none__" from 0 to 0

Tie::Hash::NamedCapture::_tie_it at "__none__" from 0 to 0

B::IO::FMT_NAME at "__none__" from 0 to 0

B::OPpDEREF_HV at "__none__" from 0 to 0

List::Util::minstr at "__none__" from 0 to 0

B::G_METHOD at "__none__" from 0 to 0

Scalar::Util::refaddr at "__none__" from 0 to 0

version::declare at "__none__" from 0 to 0

B::OPpPADHV_ISKEYS at "__none__" from 0 to 0

B::OPpASSIGN_COMMON_SCALAR at "__none__" from 0 to 0

B::PAD_FAKELEX_ANON at "__none__" from 0 to 0

B::COP::stashpv at "__none__" from 0 to 0

B::CVf_SIGNATURE at "__none__" from 0 to 0

B::GV::FILEGV at "__none__" from 0 to 0

B::GV::GPFLAGS at "__none__" from 0 to 0

builtin::ceil at "__none__" from 0 to 0

B::RXf_IS_ANCHORED at "__none__" from 0 to 0

B::CV::NAME_HEK at "__none__" from 0 to 0

Config::myconfig at "__none__" from 0 to 0

B::PERLSI_OVERLOAD at "__none__" from 0 to 0

B::clearsym at "/Users/cpantesting/cpantesting/perl-blead/lib/5.41.11/darwin-2level/B.pm" from 206 to 206

warnings::_expand_bits at "/Users/cpantesting/cpantesting/perl-blead/lib/5.41.11/warnings.pm" from 333 to 348

B::OPpSLICE at "__none__" from 0 to 0

B::OA_MARK at "__none__" from 0 to 0

B::RXf_MATCH_UTF8 at "__none__" from 0 to 0

B::PERL_LOADMOD_IMPORT_OPS at "__none__" from 0 to 0

B::CXt_LOOP_PLAIN at "__none__" from 0 to 0

B::RXf_PMf_KEEPCOPY at "__none__" from 0 to 0

B::OPpFT_ACCESS at "__none__" from 0 to 0

B::COP_FEATURE_SIZE at "__none__" from 0 to 0

B::sv_undef at "__none__" from 0 to 0

B::CXt_WHEN at "__none__" from 0 to 0

B::RXf_NULL at "__none__" from 0 to 0

B::Utils::import at "/Users/cpantesting/cpantesting/perl-blead/lib/5.41.11/Exporter.pm" from 26 to 63

O::import at "/Users/cpantesting/cpantesting/perl-blead/lib/5.41.11/darwin-2level/O.pm" from 11 to 58

B::OA_DEFGV at "__none__" from 0 to 0

B::SVpad_STATE at "__none__" from 0 to 0

List::Util::shuffle at "__none__" from 0 to 0

B::OPpTRANS_IDENTICAL at "__none__" from 0 to 0

B::GV::FORM at "__none__" from 0 to 0

List::Util::_Pair::value at "/Users/cpantesting/cpantesting/perl-blead/lib/5.41.11/darwin-2level/List/Util.pm" from 44 to 44

B::OPpCOREARGS_DEREF1 at "__none__" from 0 to 0

base::__inc::scope_guard::DESTROY at "/Users/cpantesting/cpantesting/perl-blead/lib/5.41.11/base.pm" from 11 to 11

B::HE::SVKEY_force at "__none__" from 0 to 0

B::OPpHINT_STRICT_REFS at "__none__" from 0 to 0

version::(+= at "__none__" from 0 to 0

B::compile_stats at "/Users/cpantesting/cpantesting/perl-blead/lib/5.41.11/darwin-2level/B.pm" from 193 to 193

B::OPpARG_IF_FALSE at "__none__" from 0 to 0

version::(cmp at "__none__" from 0 to 0

B::OPpLVREF_TYPE at "__none__" from 0 to 0

B::IO::LINES_LEFT at "__none__" from 0 to 0

B::MDEREF_HV_padhv_helem at "__none__" from 0 to 0

B::init_av at "__none__" from 0 to 0

B::Module::Info::walkoptree_filtered at "/Users/cpantesting/cpantesting/perl-blead/lib/site_perl/5.41.11/darwin-2level/B/Utils.pm" from 658 to 663

version::(bool at "__none__" from 0 to 0

version::(- at "__none__" from 0 to 0

B::PERLSI_DESTROY at "__none__" from 0 to 0

B::OPpTRUEBOOL at "__none__" from 0 to 0

B::PMf_KEEP at "__none__" from 0 to 0

List::Util::uniqint at "__none__" from 0 to 0

version::("" at "__none__" from 0 to 0

base::INHERITED at "__none__" from 0 to 0

B::SVs_RMG at "__none__" from 0 to 0

B::Module::Info::walkoptree_simple at "/Users/cpantesting/cpantesting/perl-blead/lib/site_perl/5.41.11/darwin-2level/B/Utils.pm" from 609 to 614

version::(/ at "__none__" from 0 to 0

version::(<=> at "__none__" from 0 to 0

B::PADNAMEf_OUTER at "__none__" from 0 to 0

B::RHE::HASH at "__none__" from 0 to 0

B::PADLIST::REFCNT at "__none__" from 0 to 0

B::RXf_PMf_FOLD at "__none__" from 0 to 0

B::OP::parent at "__none__" from 0 to 0

B::CXt_BLOCK at "__none__" from 0 to 0

List::Util::none at "__none__" from 0 to 0

B::CXp_FINALLY at "__none__" from 0 to 0

B::IO::TOP_GV at "__none__" from 0 to 0

B::GVf_RESERVED at "__none__" from 0 to 0

utf8::downgrade at "__none__" from 0 to 0

B::CXt_LOOP_LAZYIV at "__none__" from 0 to 0

Scalar::Util::looks_like_number at "__none__" from 0 to 0

List::Util::max at "__none__" from 0 to 0

DynaLoader::dl_install_xsub at "__none__" from 0 to 0

B::unitcheck_av at "__none__" from 0 to 0

Exporter::export_to_level at "/Users/cpantesting/cpantesting/perl-blead/lib/5.41.11/Exporter.pm" from 78 to 78

B::RXf_PMf_EXTENDED at "__none__" from 0 to 0

builtin::reftype at "__none__" from 0 to 0

B::XOPf_xop_dump at "__none__" from 0 to 0

Config::import at "/Users/cpantesting/cpantesting/perl-blead/lib/5.41.11/darwin-2level/Config.pm" from 41 to 56

UNIVERSAL::import at "__none__" from 0 to 0

version::from_tuple at "__none__" from 0 to 0

re::regname at "__none__" from 0 to 0

DynaLoader::boot_DynaLoader at "__none__" from 0 to 0

B::PADNAME::IsUndef at "__none__" from 0 to 0

B::OPpSORT_DESCEND at "__none__" from 0 to 0

warnings::register_categories at "/Users/cpantesting/cpantesting/perl-blead/lib/5.41.11/warnings.pm" from 557 to 566

builtin::is_tainted at "__none__" from 0 to 0

B::IV::IV at "__none__" from 0 to 0

warnings::warnif at "/Users/cpantesting/cpantesting/perl-blead/lib/5.41.11/warnings.pm" from 594 to 594

B::warnhook at "__none__" from 0 to 0

PerlIO::Layer::NoWarnings at "__none__" from 0 to 0

B::main_start at "__none__" from 0 to 0

B::OA_TARGET at "__none__" from 0 to 0

List::Util::mesh_shortest at "__none__" from 0 to 0

version::(nomethod at "__none__" from 0 to 0

B::MDEREF_AV_gvsv_vivify_rv2av_aelem at "__none__" from 0 to 0

B::savesym at "/Users/cpantesting/cpantesting/perl-blead/lib/5.41.11/darwin-2level/B.pm" from 210 to 212

B::GV::_B_Utils_init_sub_cache at "/Users/cpantesting/cpantesting/perl-blead/lib/site_perl/5.41.11/darwin-2level/B/Utils.pm" from 541 to 578

warnings::enabled_at_level at "/Users/cpantesting/cpantesting/perl-blead/lib/5.41.11/warnings.pm" from 599 to 599

B::CVf_CONST at "__none__" from 0 to 0

B::OPpASSIGN_COMMON_AGG at "__none__" from 0 to 0

B::MAGIC::PTR at "__none__" from 0 to 0

B::OP::slabbed at "__none__" from 0 to 0

B::OPpDEREF_AV at "__none__" from 0 to 0

B::CVf_CLONED at "__none__" from 0 to 0

B::import at "/Users/cpantesting/cpantesting/perl-blead/lib/5.41.11/darwin-2level/B.pm" from 14 to 16

version::_VERSION at "__none__" from 0 to 0

B::PADLIST::ARRAYelt at "__none__" from 0 to 0

B::MAGIC::REGEX at "__none__" from 0 to 0

B::OA_FILESTATOP at "__none__" from 0 to 0

B::OPpTRANS_GROWS at "__none__" from 0 to 0

B::OPpLVREF_AV at "__none__" from 0 to 0

B::SV::TRUE_nomg at "__none__" from 0 to 0

B::HV::RITER at "__none__" from 0 to 0

B::SVf_POK at "__none__" from 0 to 0

B::MDEREF_SHIFT at "__none__" from 0 to 0

B::IO::IoFLAGS at "__none__" from 0 to 0

B::GV::AV at "__none__" from 0 to 0

B::PADNAME::PARENT_FAKELEX_FLAGS at "__none__" from 0 to 0

B::SVp_SCREAM at "__none__" from 0 to 0

version::boolean at "__none__" from 0 to 0

B::Utils::carp at "/Users/cpantesting/cpantesting/perl-blead/lib/site_perl/5.41.11/darwin-2level/B/Utils.pm" from 1121 to 1121

B::NULL::as_string at "__none__" from 0 to 0

B::PV::PV at "__none__" from 0 to 0

version::() at "__none__" from 0 to 0

B::LOOP::nextop at "__none__" from 0 to 0

B::PV::CUR at "__none__" from 0 to 0

Scalar::Util::tainted at "__none__" from 0 to 0

B::Utils::_FALSE at "__none__" from 0 to 0

B::IV::RV at "__none__" from 0 to 0

B::AV::ARRAY at "__none__" from 0 to 0

B::OPpDEREF at "__none__" from 0 to 0

utf8::decode at "__none__" from 0 to 0

B::SVp_POK at "__none__" from 0 to 0

B::RXf_SKIPWHITE at "__none__" from 0 to 0

B::REGEXP::compflags at "__none__" from 0 to 0

B::G_RETHROW at "__none__" from 0 to 0

B::RXf_PMf_SINGLELINE at "__none__" from 0 to 0

strict::bits at "/Users/cpantesting/cpantesting/perl-blead/lib/5.41.11/strict.pm" from 41 to 57

B::PMOP::pmstashpv at "__none__" from 0 to 0

B::PERLSI_WARNHOOK at "__none__" from 0 to 0

B::OPpUNDEF_KEEP_PV at "__none__" from 0 to 0

B::OPpSLICEWARNING at "__none__" from 0 to 0

B::MDEREF_FLAG_last at "__none__" from 0 to 0

B::PMOP::pmreplroot at "__none__" from 0 to 0

List::Util::mesh_longest at "__none__" from 0 to 0

B::CXt_LOOP_LAZYSV at "__none__" from 0 to 0

utf8::native_to_unicode at "__none__" from 0 to 0

B::OPpCONST_STRICT at "__none__" from 0 to 0

B::MDEREF_HV_padsv_vivify_rv2hv_helem at "__none__" from 0 to 0

B::Utils::all_starts at "/Users/cpantesting/cpantesting/perl-blead/lib/site_perl/5.41.11/darwin-2level/B/Utils.pm" from 464 to 464

B::PVLV::TARGOFF at "__none__" from 0 to 0

B::IV::needs64bits at "__none__" from 0 to 0

builtin::inf at "__none__" from 0 to 0

B::OPpPADRANGE_COUNTSHIFT at "__none__" from 0 to 0

B::MAGIC::precomp at "__none__" from 0 to 0

B::OPpEXISTS_SUB at "__none__" from 0 to 0

Internals::SvREFCNT at "__none__" from 0 to 0

Internals::hv_clear_placeholders at "__none__" from 0 to 0

Exporter::export_fail at "/Users/cpantesting/cpantesting/perl-blead/lib/5.41.11/Exporter.pm" from 69 to 70

B::Utils::main_root at "__none__" from 0 to 0

B::Utils::croak at "/Users/cpantesting/cpantesting/perl-blead/lib/site_perl/5.41.11/darwin-2level/B/Utils.pm" from 1122 to 1122

B::formfeed at "__none__" from 0 to 0

B::OPpDEREF_SV at "__none__" from 0 to 0

B::PADNAME::REFCNT at "__none__" from 0 to 0

version::noop at "__none__" from 0 to 0

B::PERLSI_SORT at "__none__" from 0 to 0

B::CVf_UNIQUE at "__none__" from 0 to 0

B::PVLV::TYPE at "__none__" from 0 to 0

List::Util::pairs at "__none__" from 0 to 0

B::Utils::_init_sub_cache at "/Users/cpantesting/cpantesting/perl-blead/lib/site_perl/5.41.11/darwin-2level/B/Utils.pm" from 500 to 533

utf8::upgrade at "__none__" from 0 to 0

B::OPpLVREF_SV at "__none__" from 0 to 0

B::LOGOP::other at "__none__" from 0 to 0

B::PMf_GLOBAL at "__none__" from 0 to 0

B::SVf_OOK at "__none__" from 0 to 0

B::OA_TARGLEX at "__none__" from 0 to 0

B::walkoptree_slow at "/Users/cpantesting/cpantesting/perl-blead/lib/5.41.11/darwin-2level/B.pm" from 168 to 188

B::RXf_PMf_SPLIT at "__none__" from 0 to 0

B::OPpCOREARGS_PUSHMARK at "__none__" from 0 to 0

B::OPpTARGET_MY at "__none__" from 0 to 0

B::Utils::weaken at "__none__" from 0 to 0

B::PV::PVX at "__none__" from 0 to 0

B::Utils::main_cv at "__none__" from 0 to 0

Scalar::Util::reftype at "__none__" from 0 to 0

B::OPpREFCOUNTED at "__none__" from 0 to 0

B::walkoptree_exec at "/Users/cpantesting/cpantesting/perl-blead/lib/5.41.11/darwin-2level/B.pm" from 221 to 265

List::Util::reduce at "__none__" from 0 to 0

B::Utils::_TRUE at "__none__" from 0 to 0

List::Util::mesh at "__none__" from 0 to 0

warnings::_error_loc at "/Users/cpantesting/cpantesting/perl-blead/lib/5.41.11/warnings.pm" from 573 to 574

B::BHKf_bhk_eval at "__none__" from 0 to 0

B::Utils::_walkallops_simple at "/Users/cpantesting/cpantesting/perl-blead/lib/site_perl/5.41.11/darwin-2level/B/Utils.pm" from 712 to 725

B::Module::Info::begin_is_use at "blib/lib/B/Module/Info.pm" from 282 to 283

B::PADNAME::PARENT_PAD_INDEX at "__none__" from 0 to 0

B::Module::Info::compile at "blib/lib/B/Module/Info.pm" from 375 to 377

version::to_decimal at "__none__" from 0 to 0

Config::local_patches at "__none__" from 0 to 0

B::CXp_ONCE at "__none__" from 0 to 0

List::Util::_Pair::TO_JSON at "/Users/cpantesting/cpantesting/perl-blead/lib/5.41.11/darwin-2level/List/Util.pm" from 45 to 45

strict::all_explicit_bits at "__none__" from 0 to 0

B::OA_BASEOP_OR_UNOP at "__none__" from 0 to 0

B::SVs_OBJECT at "__none__" from 0 to 0

Scalar::Util::isvstring at "__none__" from 0 to 0

B::OPf_STACKED at "__none__" from 0 to 0

B::GVf_IMPORTED_AV at "__none__" from 0 to 0

utf8::valid at "__none__" from 0 to 0

B::CVf_EVAL_COMPILED at "__none__" from 0 to 0

B::PADNAMEf_TYPED at "__none__" from 0 to 0

B::CXt_LOOP_ARY at "__none__" from 0 to 0

B::OPpUSEINT at "__none__" from 0 to 0

List::Util::sum at "__none__" from 0 to 0

Scalar::Util::isdual at "__none__" from 0 to 0

B::HV::ARRAY at "__none__" from 0 to 0

B::OPpASSIGN_TRUEBOOL at "__none__" from 0 to 0

version::normal at "__none__" from 0 to 0

B::bootstrap at "__none__" from 0 to 0

B::PADLIST::MAX at "__none__" from 0 to 0

B::Utils::op_or at "/Users/cpantesting/cpantesting/perl-blead/lib/site_perl/5.41.11/darwin-2level/B/Utils.pm" from 1095 to 1096

B::CV::XSUB at "__none__" from 0 to 0

re::is_regexp at "__none__" from 0 to 0

B::PADNAMELIST::ARRAYelt at "__none__" from 0 to 0

B::OPpSORT_INPLACE at "__none__" from 0 to 0

B::REGEXP::precomp at "__none__" from 0 to 0

B::OPpARGELEM_MASK at "__none__" from 0 to 0

B::CVf_IsMETHOD at "__none__" from 0 to 0

B::BM::PREVIOUS at "__none__" from 0 to 0

B::OPpMULTICONCAT_STRINGIFY at "__none__" from 0 to 0

B::Utils::blessed at "__none__" from 0 to 0

warnings::_bits at "/Users/cpantesting/cpantesting/perl-blead/lib/5.41.11/warnings.pm" from 352 to 377

B::OPpOUR_INTRO at "__none__" from 0 to 0

B::Module::Info::const_sv at "blib/lib/B/Module/Info.pm" from 190 to 201

B::cast_I32 at "__none__" from 0 to 0

B::PADNAME::FLAGS at "__none__" from 0 to 0

B::walkoptree at "__none__" from 0 to 0

B::OA_LOOP at "__none__" from 0 to 0

B::PERLSI_MAGIC at "__none__" from 0 to 0

B::defstash at "__none__" from 0 to 0

B::PERL_LOADMOD_DENY at "__none__" from 0 to 0

Internals::stack_refcounted at "__none__" from 0 to 0

B::OP::ppaddr at "__none__" from 0 to 0

B::begin_av at "__none__" from 0 to 0

Tie::Hash::NamedCapture::DELETE at "__none__" from 0 to 0

B::MDEREF_INDEX_const at "__none__" from 0 to 0

B::LOOP::lastop at "__none__" from 0 to 0

B::CV::OUTSIDE at "__none__" from 0 to 0

B::OPpARGELEM_HV at "__none__" from 0 to 0

builtin::indexed at "__none__" from 0 to 0

version::vcmp at "__none__" from 0 to 0

B::PADNAME::COP_SEQ_RANGE_LOW at "__none__" from 0 to 0

Tie::Hash::NamedCapture::TIEHASH at "__none__" from 0 to 0

B::SVf_NOK at "__none__" from 0 to 0

B::HE::VAL at "__none__" from 0 to 0

B::IO::PAGE_LEN at "__none__" from 0 to 0

B::INVLIST::prev_index at "__none__" from 0 to 0

B::Module::Info::opgrep at "/Users/cpantesting/cpantesting/perl-blead/lib/site_perl/5.41.11/darwin-2level/B/Utils.pm" from 856 to 1026

List::Util::first at "__none__" from 0 to 0

B::MDEREF_MASK at "__none__" from 0 to 0

B::MDEREF_reload at "__none__" from 0 to 0

B::OPpINITFIELD_AV at "__none__" from 0 to 0

B::CXp_HASARGS at "__none__" from 0 to 0

B::IV::packiv at "__none__" from 0 to 0

B::HEf_SVKEY at "__none__" from 0 to 0

B::HV::NAME at "__none__" from 0 to 0

B::OPpMULTIDEREF_DELETE at "__none__" from 0 to 0

B::SVf_IsCOW at "__none__" from 0 to 0

B::CV::DEPTH at "__none__" from 0 to 0

B::OA_UNOP_AUX at "__none__" from 0 to 0

B::OPpHELEMEXISTSOR_DELETE at "__none__" from 0 to 0

B::sub_generation at "__none__" from 0 to 0

B::PMf_EXTENDED at "__none__" from 0 to 0

B::SVf_IVisUV at "__none__" from 0 to 0

B::OPpFT_STACKING at "__none__" from 0 to 0

B::PMf_STRICT at "__none__" from 0 to 0

B::OASHIFT at "__none__" from 0 to 0

warnings::__chk at "/Users/cpantesting/cpantesting/perl-blead/lib/5.41.11/warnings.pm" from 444 to 543

B::RXf_COPY_DONE at "__none__" from 0 to 0

B::SVp_NOK at "__none__" from 0 to 0

re::regnames_count at "__none__" from 0 to 0

B::OPpOPEN_IN_RAW at "__none__" from 0 to 0

B::OPpEVAL_BYTES at "__none__" from 0 to 0

DynaLoader::dl_expandspec at "/Users/cpantesting/cpantesting/perl-blead/lib/5.41.11/darwin-2level/DynaLoader.pm" from 312 to 329

B::PADNAME::PVX at "__none__" from 0 to 0

Sub::Util::set_subname at "__none__" from 0 to 0

B::PMf_ONCE at "__none__" from 0 to 0

Scalar::Util::blessed at "__none__" from 0 to 0

B::PADNAME::SvSTASH at "__none__" from 0 to 0

B::parents at "/Users/cpantesting/cpantesting/perl-blead/lib/5.41.11/darwin-2level/B.pm" from 159 to 159

B::OP::descendants at "/Users/cpantesting/cpantesting/perl-blead/lib/site_perl/5.41.11/darwin-2level/B/Utils.pm" from 267 to 271

List::Util::import at "/Users/cpantesting/cpantesting/perl-blead/lib/5.41.11/darwin-2level/List/Util.pm" from 31 to 39

B::RXf_TAINTED at "__none__" from 0 to 0

B::OA_FILEREF at "__none__" from 0 to 0

B::PMOP::pmflags at "__none__" from 0 to 0

B::FM::LINES at "__none__" from 0 to 0

B::OPpOPEN_IN_CRLF at "__none__" from 0 to 0

B::GV::IO at "__none__" from 0 to 0

B::PMf_FOLD at "__none__" from 0 to 0

B::GV::STASH at "__none__" from 0 to 0

version::tuple at "__none__" from 0 to 0

B::OPpENTERSUB_INARGS at "__none__" from 0 to 0

B::OP::desc at "__none__" from 0 to 0

Scalar::Util::unweaken at "__none__" from 0 to 0

B::GVf_IMPORTED_CV at "__none__" from 0 to 0

B::OPpEVAL_UNICODE at "__none__" from 0 to 0

B::MDEREF_AV_padsv_vivify_rv2av_aelem at "__none__" from 0 to 0

B::check_av at "__none__" from 0 to 0

B::REGEXP::qr_anoncv at "__none__" from 0 to 0

B::PADOP::padix at "__none__" from 0 to 0

B::OPpTRANS_BITS at "__none__" from 0 to 0

base::SUCCESS at "__none__" from 0 to 0

B::SVf_ROK at "__none__" from 0 to 0

B::PMf_CODELIST_PRIVATE at "__none__" from 0 to 0

B::Module::Info::unback at "blib/lib/B/Module/Info.pm" from 206 to 208

B::PADOP::sv at "__none__" from 0 to 0

B::PMf_MULTILINE at "__none__" from 0 to 0

Tie::Hash::NamedCapture::flags at "__none__" from 0 to 0

version::stringify at "__none__" from 0 to 0

B::OA_OPTIONAL at "__none__" from 0 to 0

DynaLoader::dl_load_file at "__none__" from 0 to 0

warnings::fatal_enabled at "/Users/cpantesting/cpantesting/perl-blead/lib/5.41.11/warnings.pm" from 584 to 584

B::Module::Info::roots_cv_pairs at "blib/lib/B/Module/Info.pm" from 95 to 98

B::OA_CLASS_MASK at "__none__" from 0 to 0

Scalar::Util::weaken at "__none__" from 0 to 0

B::OPpLVREF_ELEM at "__none__" from 0 to 0

B::PADNAMEf_STATE at "__none__" from 0 to 0

B::OCSHIFT at "__none__" from 0 to 0

B::CVf_NOWARN_AMBIGUOUS at "__none__" from 0 to 0

base::_module_to_filename at "/Users/cpantesting/cpantesting/perl-blead/lib/5.41.11/base.pm" from 72 to 75

B::OPpFT_STACKED at "__none__" from 0 to 0

B::Module::Info::sub_check at "blib/lib/B/Module/Info.pm" from 386 to 425

B::SVs_TEMP at "__none__" from 0 to 0

B::PMf_NOCAPTURE at "__none__" from 0 to 0

B::SVOP::gv at "__none__" from 0 to 0

B::save_BEGINs at "__none__" from 0 to 0

B::PMf_CONST at "__none__" from 0 to 0

B::OPpMAYBE_LVSUB at "__none__" from 0 to 0

B::OPpCONST_ENTERED at "__none__" from 0 to 0

B::OPpSORT_INTEGER at "__none__" from 0 to 0

UNIVERSAL::can at "__none__" from 0 to 0

B::OA_HVREF at "__none__" from 0 to 0

Regexp::DESTROY at "__none__" from 0 to 0

B::OA_COP at "__none__" from 0 to 0

Exporter::export_ok_tags at "/Users/cpantesting/cpantesting/perl-blead/lib/5.41.11/Exporter.pm" from 86 to 86

B::MAGIC::OBJ at "__none__" from 0 to 0

Tie::Hash::NamedCapture::SCALAR at "__none__" from 0 to 0

B::CXt_EVAL at "__none__" from 0 to 0

version::(0+ at "__none__" from 0 to 0

B::PMOP::pmregexp at "__none__" from 0 to 0

strict::all_bits at "__none__" from 0 to 0

B::PADLIST::ARRAY at "__none__" from 0 to 0

B::SVf_PROTECT at "__none__" from 0 to 0

B::CXp_REAL at "__none__" from 0 to 0

B::OA_AVREF at "__none__" from 0 to 0

B::COP::label at "__none__" from 0 to 0

B::OPpOPEN_OUT_CRLF at "__none__" from 0 to 0

B::SV::REFCNT at "__none__" from 0 to 0

B::PVMG::MAGIC at "__none__" from 0 to 0

B::OPpINITFIELDS at "__none__" from 0 to 0

warnings::Croaker at "/Users/cpantesting/cpantesting/perl-blead/lib/5.41.11/warnings.pm" from 326 to 329

B::PV::RV at "__none__" from 0 to 0

B::OA_SCALARREF at "__none__" from 0 to 0

B::RV2CVOPCV_RETURN_STUB at "__none__" from 0 to 0

B::PMf_USE_RE_EVAL at "__none__" from 0 to 0

base::__inc::unhook at "/Users/cpantesting/cpantesting/perl-blead/lib/5.41.11/base.pm" from 9 to 9

XSLoader::load at "/Users/cpantesting/cpantesting/perl-blead/lib/5.41.11/XSLoader.pm" from 22 to 115

B::PMf_USED at "__none__" from 0 to 0

Exporter::Heavy::heavy_require_version at "/Users/cpantesting/cpantesting/perl-blead/lib/5.41.11/Exporter/Heavy.pm" from 237 to 239

B::SVf_FAKE at "__none__" from 0 to 0

B::GV::EGV at "__none__" from 0 to 0

B::MDEREF_HV_pop_rv2hv_helem at "__none__" from 0 to 0

B::OA_LOOPEXOP at "__none__" from 0 to 0

B::threadsv_names at "__none__" from 0 to 0

B::OP::private at "__none__" from 0 to 0

B::OPf_PARENS at "__none__" from 0 to 0

List::Util::bootstrap at "__none__" from 0 to 0

List::Util::notall at "__none__" from 0 to 0

B::Module::Info::gv_or_padgv at "blib/lib/B/Module/Info.pm" from 434 to 439

B::METHOP::meth_sv at "__none__" from 0 to 0

B::OP::size at "__none__" from 0 to 0

B::OPpSUBSTR_REPL_FIRST at "__none__" from 0 to 0

B::PMf_EXTENDED_MORE at "__none__" from 0 to 0

B::RV2CVOPCV_RETURN_NAME_GV at "__none__" from 0 to 0

B::Utils::class at "/Users/cpantesting/cpantesting/perl-blead/lib/5.41.11/darwin-2level/B.pm" from 153 to 156

B::MDEREF_HV_gvhv_helem at "__none__" from 0 to 0

builtin::is_weak at "__none__" from 0 to 0

B::PADLIST::id at "__none__" from 0 to 0

B::PERL_LOADMOD_NOIMPORT at "__none__" from 0 to 0

B::COP::stash at "__none__" from 0 to 0

B::OPpENTERSUB_AMPER at "__none__" from 0 to 0

Tie::Hash::NamedCapture::EXISTS at "__none__" from 0 to 0

B::G_WANT at "__none__" from 0 to 0

B::RXf_CHECK_ALL at "__none__" from 0 to 0

B::SVpad_TYPED at "__none__" from 0 to 0

B::G_METHOD_NAMED at "__none__" from 0 to 0

B::OPpKVSLICE at "__none__" from 0 to 0

builtin::load_module at "__none__" from 0 to 0

B::Module::Info::grep_magic at "blib/lib/B/Module/Info.pm" from 288 to 295

B::OP::ancestors at "/Users/cpantesting/cpantesting/perl-blead/lib/site_perl/5.41.11/darwin-2level/B/Utils.pm" from 251 to 257

B::OPpEVAL_RE_REPARSING at "__none__" from 0 to 0

B::OA_OTHERINT at "__none__" from 0 to 0

B::OPpHUSH_VMSISH at "__none__" from 0 to 0

B::OPpSORT_REVERSE at "__none__" from 0 to 0

B::OPpLVALUE at "__none__" from 0 to 0

XSLoader::bootstrap_inherit at "/Users/cpantesting/cpantesting/perl-blead/lib/5.41.11/XSLoader.pm" from 122 to 123

version::(* at "__none__" from 0 to 0

B::OA_LISTOP at "__none__" from 0 to 0

B::COP::arybase at "__none__" from 0 to 0

B::PMf_SINGLELINE at "__none__" from 0 to 0

builtin::true at "__none__" from 0 to 0

B::CVf_CVGV_RC at "__none__" from 0 to 0

B::SV::POK at "__none__" from 0 to 0

B::NULL::kids at "(eval 4)" from 2 to 2

B::PERLSI_SIGNAL at "__none__" from 0 to 0

B::IO::BOTTOM_GV at "__none__" from 0 to 0

B::Module::Info::sub_call at "blib/lib/B/Module/Info.pm" from 382 to 382

B::Utils::_walkoptree_filtered at "/Users/cpantesting/cpantesting/perl-blead/lib/site_perl/5.41.11/darwin-2level/B/Utils.pm" from 667 to 691

B::MDEREF_AV_gvav_aelem at "__none__" from 0 to 0

B::Module::Info::filtered_roots at "blib/lib/B/Module/Info.pm" from 44 to 50

B::COP::line at "__none__" from 0 to 0

re::regexp_pattern at "__none__" from 0 to 0

List::Util::sum0 at "__none__" from 0 to 0

B::RXf_PMf_CHARSET at "__none__" from 0 to 0

B::XOPf_xop_class at "__none__" from 0 to 0

B::LOOP::redoop at "__none__" from 0 to 0

Exporter::Heavy::heavy_export_ok_tags at "/Users/cpantesting/cpantesting/perl-blead/lib/5.41.11/Exporter/Heavy.pm" from 247 to 247

B::CV::CONST at "__none__" from 0 to 0

B::OA_UNOP at "__none__" from 0 to 0

B::CVf_ISXSUB at "__none__" from 0 to 0

B::Module::Info::_class_or_object_method at "blib/lib/B/Module/Info.pm" from 445 to 453

B::comppadlist at "__none__" from 0 to 0

B::CVf_HASEVAL at "__none__" from 0 to 0

B::OA_BASEOP at "__none__" from 0 to 0

version::is_qv at "__none__" from 0 to 0

B::Utils::shuffle at "__none__" from 0 to 0

B::OPf_MOD at "__none__" from 0 to 0

B::OPpEVAL_EVALSV at "__none__" from 0 to 0

B::OPpARG4_MASK at "__none__" from 0 to 0

B::timing_info at "/Users/cpantesting/cpantesting/perl-blead/lib/5.41.11/darwin-2level/B.pm" from 197 to 199

utf8::is_utf8 at "__none__" from 0 to 0

base::PROTECTED at "__none__" from 0 to 0

builtin::import at "__none__" from 0 to 0

B::OPpLVAL_INTRO at "__none__" from 0 to 0

B::OPpASSIGN_CV_TO_GV at "__none__" from 0 to 0

B::PADNAMEf_LVALUE at "__none__" from 0 to 0

B::CV::STASH at "__none__" from 0 to 0

B::OPf_WANT_VOID at "__none__" from 0 to 0

B::RXf_PMf_NOCAPTURE at "__none__" from 0 to 0

B::peekop at "/Users/cpantesting/cpantesting/perl-blead/lib/5.41.11/darwin-2level/B.pm" from 163 to 164

B::OPpTRANS_SHIFT at "__none__" from 0 to 0

B::UNOP_AUX::string at "__none__" from 0 to 0

B::OPpCONST_SHORTCIRCUIT at "__none__" from 0 to 0

warnings::warn_at_level at "/Users/cpantesting/cpantesting/perl-blead/lib/5.41.11/warnings.pm" from 609 to 609

B::PMf_CONTINUE at "__none__" from 0 to 0

B::OPpTRANS_USE_SVOP at "__none__" from 0 to 0

B::PMf_IS_QR at "__none__" from 0 to 0

List::Util::reductions at "__none__" from 0 to 0

Sub::Util::set_prototype at "__none__" from 0 to 0

B::COP::file at "__none__" from 0 to 0

B::XOPf_xop_peep at "__none__" from 0 to 0

warnings::enabled at "/Users/cpantesting/cpantesting/perl-blead/lib/5.41.11/warnings.pm" from 579 to 579

List::Util::pairvalues at "__none__" from 0 to 0

B::CVf_AUTOLOAD at "__none__" from 0 to 0

List::Util::_Pair::key at "/Users/cpantesting/cpantesting/perl-blead/lib/5.41.11/darwin-2level/List/Util.pm" from 43 to 43

B::OPpMETH_NO_BAREWORD_IO at "__none__" from 0 to 0

B::SVpad_OUR at "__none__" from 0 to 0

B::OPpARGELEM_AV at "__none__" from 0 to 0

DynaLoader::bootstrap at "/Users/cpantesting/cpantesting/perl-blead/lib/5.41.11/darwin-2level/DynaLoader.pm" from 122 to 227

B::PERLSI_DIEHOOK at "__none__" from 0 to 0

B::GV::SV at "__none__" from 0 to 0

B::OPpDONT_INIT_GV at "__none__" from 0 to 0

B::OPpAVHVSWITCH_MASK at "__none__" from 0 to 0

B::OA_SCALAR at "__none__" from 0 to 0

B::COP::filegv at "__none__" from 0 to 0

B::OPpTRANS_COMPLEMENT at "__none__" from 0 to 0

B::OPpSPLIT_LEX at "__none__" from 0 to 0

B::OPpALLOW_FAKE at "__none__" from 0 to 0

B::PMf_HAS_CV at "__none__" from 0 to 0

B::EVAL_RE_REPARSING at "__none__" from 0 to 0

B::SV::SvTYPE at "__none__" from 0 to 0

B::CXt_GIVEN at "__none__" from 0 to 0

B::SVs_SMG at "__none__" from 0 to 0

B::PADNAME::PV at "__none__" from 0 to 0

Scalar::Util::dualvar at "__none__" from 0 to 0

B::main_root at "__none__" from 0 to 0

B::IV::as_string at "/Users/cpantesting/cpantesting/perl-blead/lib/5.41.11/darwin-2level/B.pm" from 125 to 126

B::Module::Info::is_begin at "blib/lib/B/Module/Info.pm" from 275 to 278

B::CVf_ANONCONST at "__none__" from 0 to 0

Tie::Hash::NamedCapture::NEXTKEY at "__none__" from 0 to 0

warnings::register::import at "/Users/cpantesting/cpantesting/perl-blead/lib/5.41.11/warnings/register.pm" from 18 to 24

B::OP::spare at "__none__" from 0 to 0

B::RXf_UNBOUNDED_QUANTIFIER_SEEN at "__none__" from 0 to 0

B::EVAL_NULL at "__none__" from 0 to 0

B::RXf_NO_INPLACE_SUBST at "__none__" from 0 to 0

Foo::wibble at "/Users/cpantesting/cpantesting/perl-blead/.cpan/build/Module-Info-0.39-0/t/lib/Foo.pm" from 21 to 22

B::ppname at "__none__" from 0 to 0

B::OPpTRANS_ONLY_UTF8_INVARIANTS at "__none__" from 0 to 0

B::HV::MAX at "__none__" from 0 to 0

B::SVf_BREAK at "__none__" from 0 to 0

constant::_make_const at "__none__" from 0 to 0

B::PMOP::precomp at "__none__" from 0 to 0

DynaLoader::croak at "/Users/cpantesting/cpantesting/perl-blead/lib/5.41.11/darwin-2level/DynaLoader.pm" from 108 to 108

B::RCPVf_NO_COPY at "__none__" from 0 to 0

B::OP::type at "__none__" from 0 to 0

builtin::export_lexically at "__none__" from 0 to 0

DynaLoader::dl_find_symbol at "__none__" from 0 to 0

B::OPpENTERSUB_DB at "__none__" from 0 to 0

B::OPpARG_IF_UNDEF at "__none__" from 0 to 0

base::get_fields at "/Users/cpantesting/cpantesting/perl-blead/lib/5.41.11/base.pm" from 58 to 59

B::CV::PADLIST at "__none__" from 0 to 0

B::OP::moresib at "__none__" from 0 to 0

B::OP::siblings at "/Users/cpantesting/cpantesting/perl-blead/lib/site_perl/5.41.11/darwin-2level/B/Utils.pm" from 282 to 294

B::GVf_ASSUMECV at "__none__" from 0 to 0

Exporter::export_tags at "/Users/cpantesting/cpantesting/perl-blead/lib/5.41.11/Exporter.pm" from 82 to 82

B::OPpRV2HV_ISKEYS at "__none__" from 0 to 0

B::Module::Info::roots_cv_pairs_recursive at "blib/lib/B/Module/Info.pm" from 63 to 84

B::CVf_LVALUE at "__none__" from 0 to 0

B::OP::opt at "__none__" from 0 to 0

B::RXf_PMf_STRICT at "__none__" from 0 to 0

PerlIO::get_layers at "__none__" from 0 to 0

B::RXf_PMf_EXTENDED_MORE at "__none__" from 0 to 0

utf8::unicode_to_native at "__none__" from 0 to 0

B::OA_PMOP at "__none__" from 0 to 0

B::Module::Info::is_require at "blib/lib/B/Module/Info.pm" from 337 to 337

B::OP::sibling at "__none__" from 0 to 0

B::PV::as_string at "__none__" from 0 to 0

re::regnames at "__none__" from 0 to 0

B::MDEREF_AV_padav_aelem at "__none__" from 0 to 0

B::OPpENTERSUB_NOPAREN at "__none__" from 0 to 0

builtin::created_as_string at "__none__" from 0 to 0

B::minus_c at "__none__" from 0 to 0

B::PVLV::TARG at "__none__" from 0 to 0

Scalar::Util::readonly at "__none__" from 0 to 0

B::IO::IsSTD at "__none__" from 0 to 0

B::OPpPADRANGE_COUNTMASK at "__none__" from 0 to 0

B::MDEREF_INDEX_gvsv at "__none__" from 0 to 0

B::OP::folded at "__none__" from 0 to 0

B::Utils::_walkallops_filtered at "/Users/cpantesting/cpantesting/perl-blead/lib/site_perl/5.41.11/darwin-2level/B/Utils.pm" from 743 to 754

B::MDEREF_INDEX_padsv at "__none__" from 0 to 0

B::OA_LIST at "__none__" from 0 to 0

B::OPpARGELEM_SV at "__none__" from 0 to 0

B::PMf_HAS_ERROR at "__none__" from 0 to 0

B::NULL::_parent_impl at "/Users/cpantesting/cpantesting/perl-blead/lib/site_perl/5.41.11/darwin-2level/B/Utils.pm" from 215 to 215

B::Utils::walkallops_simple at "/Users/cpantesting/cpantesting/perl-blead/lib/site_perl/5.41.11/darwin-2level/B/Utils.pm" from 704 to 708

B::Utils::opgrep at "/Users/cpantesting/cpantesting/perl-blead/lib/site_perl/5.41.11/darwin-2level/B/Utils.pm" from 856 to 1026

version::(abs at "__none__" from 0 to 0

B::Utils::_walkoptree_simple at "/Users/cpantesting/cpantesting/perl-blead/lib/site_perl/5.41.11/darwin-2level/B/Utils.pm" from 618 to 644

builtin::trim at "__none__" from 0 to 0

B::CXp_TRY at "__none__" from 0 to 0

B::OPpREVERSE_INPLACE at "__none__" from 0 to 0

B::INVLIST::array_len at "__none__" from 0 to 0

B::IV::UVX at "__none__" from 0 to 0

B::OPpEVAL_HAS_HH at "__none__" from 0 to 0

version::to_dotted_decimal at "__none__" from 0 to 0

B::OA_BINOP at "__none__" from 0 to 0

Exporter::Heavy::_rebuild_cache at "/Users/cpantesting/cpantesting/perl-blead/lib/5.41.11/Exporter/Heavy.pm" from 28 to 34

B::PVOP::pv at "__none__" from 0 to 0

B::GV::GvFLAGS at "__none__" from 0 to 0

Config::AUTOLOAD at "/Users/cpantesting/cpantesting/perl-blead/lib/5.41.11/darwin-2level/Config.pm" from 80 to 82

B::OPpEVAL_COPHH at "__none__" from 0 to 0

version::new at "__none__" from 0 to 0

B::PVMG::SvSTASH at "__none__" from 0 to 0

B::Utils::walkallops_filtered at "/Users/cpantesting/cpantesting/perl-blead/lib/site_perl/5.41.11/darwin-2level/B/Utils.pm" from 735 to 739

B::GV::isGV_with_GP at "__none__" from 0 to 0

B::OPpOFFBYONE at "__none__" from 0 to 0

B::OPpMULTIDEREF_EXISTS at "__none__" from 0 to 0

B::GV::CVGEN at "__none__" from 0 to 0

B::AV::MAX at "__none__" from 0 to 0

B::SVs_PADMY at "__none__" from 0 to 0

B::safename at "/Users/cpantesting/cpantesting/perl-blead/lib/5.41.11/darwin-2level/B.pm" from 108 to 121

B::BHKf_bhk_post_end at "__none__" from 0 to 0

B::CV::const_sv at "__none__" from 0 to 0

B::Module::Info::padval at "blib/lib/B/Module/Info.pm" from 262 to 263

B::RXf_PMf_STD_PMMOD_SHIFT at "__none__" from 0 to 0

B::CVf_METHOD at "__none__" from 0 to 0

B::OA_CVREF at "__none__" from 0 to 0

B::METHOP::rclass at "__none__" from 0 to 0

B::OP::_parent_impl at "/Users/cpantesting/cpantesting/perl-blead/lib/site_perl/5.41.11/darwin-2level/B/Utils.pm" from 218 to 229

B::cchar at "__none__" from 0 to 0

Scalar::Util::set_prototype at "/Users/cpantesting/cpantesting/perl-blead/lib/5.41.11/darwin-2level/Scalar/Util.pm" from 52 to 53

B::sv_yes at "__none__" from 0 to 0

builtin::refaddr at "__none__" from 0 to 0

B::SVf_READONLY at "__none__" from 0 to 0

B::Module::Info::get_required_version at "blib/lib/B/Module/Info.pm" from 299 to 332

B::CV::CvFLAGS at "__none__" from 0 to 0

UNIVERSAL::DOES at "__none__" from 0 to 0

B::OPpMAY_RETURN_CONSTANT at "__none__" from 0 to 0

base::PUBLIC at "__none__" from 0 to 0

B::EVAL_INEVAL at "__none__" from 0 to 0

B::OPpLVAL_DEFER at "__none__" from 0 to 0

B::OP::flags at "__none__" from 0 to 0

List::Util::all at "__none__" from 0 to 0

base::has_attr at "/Users/cpantesting/cpantesting/perl-blead/lib/5.41.11/base.pm" from 31 to 33

B::G_FAKINGEVAL at "__none__" from 0 to 0

B::G_KEEPERR at "__none__" from 0 to 0

B::PERLSI_MAIN at "__none__" from 0 to 0

Tie::Hash::NamedCapture::FIRSTKEY at "__none__" from 0 to 0

B::GVf_MULTI at "__none__" from 0 to 0

B::SV::ROK at "__none__" from 0 to 0

B::EVAL_WARNONLY at "__none__" from 0 to 0

B::METHOP::first at "__none__" from 0 to 0

B::class at "/Users/cpantesting/cpantesting/perl-blead/lib/5.41.11/darwin-2level/B.pm" from 153 to 156

B::svref_2object at "__none__" from 0 to 0

version::(*= at "__none__" from 0 to 0

Config::DESTROY at "/Users/cpantesting/cpantesting/perl-blead/lib/5.41.11/darwin-2level/Config.pm" from 77 to 77

Exporter::Heavy::heavy_export_to_level at "/Users/cpantesting/cpantesting/perl-blead/lib/5.41.11/Exporter/Heavy.pm" from 212 to 216

B::OPpFT_AFTER_t at "__none__" from 0 to 0
#     Failed test (t/Module-Info.t at line 196)
#          got: '0'
#     expected: '2'
#     Failed test (t/Module-Info.t at line 197)
Use of uninitialized value $start in concatenation (.) or string at t/Module-Info.t line 200.
Use of uninitialized value $end in concatenation (.) or string at t/Module-Info.t line 200.
#     Failed test (t/Module-Info.t at line 201)
#          got: undef
#     expected: '21'
#     Failed test (t/Module-Info.t at line 202)
#          got: undef
#     expected: '22'
B::Module::Info,modules_used use failed with 2 saying:
Can't locate t/lib/Bar.pm in @INC (you may need to install the t::lib::Bar module) (@INC entries checked: blahbityblahblah blib/lib /Users/cpantesting/cpantesting/perl-blead/.cpan/build/Module-Info-0.39-0/blib/lib /Users/cpantesting/cpantesting/perl-blead/.cpan/build/Module-Info-0.39-0/blib/arch /Users/cpantesting/cpantesting/perl-blead/lib/site_perl/5.41.11/darwin-2level /Users/cpantesting/cpantesting/perl-blead/lib/site_perl/5.41.11 /Users/cpantesting/cpantesting/perl-blead/lib/5.41.11/darwin-2level /Users/cpantesting/cpantesting/perl-blead/lib/5.41.11) at /Users/cpantesting/cpantesting/perl-blead/.cpan/build/Module-Info-0.39-0/t/lib/Foo.pm line 64.

BEGIN failed--compilation aborted at /Users/cpantesting/cpantesting/perl-blead/.cpan/build/Module-Info-0.39-0/t/lib/Foo.pm line 65.

use strict () at "/Users/cpantesting/cpantesting/perl-blead/.cpan/build/Module-Info-0.39-0/t/lib/Foo.pm" line 3

use vars () at "/Users/cpantesting/cpantesting/perl-blead/.cpan/build/Module-Info-0.39-0/t/lib/Foo.pm" line 6

use strict () at "/Users/cpantesting/cpantesting/perl-blead/.cpan/build/Module-Info-0.39-0/t/lib/Foo.pm" line 26

use strict () at "/Users/cpantesting/cpantesting/perl-blead/.cpan/build/Module-Info-0.39-0/t/lib/Foo.pm" line 37

require not bare 5.004 at line 46

require not bare 5 at line 48

use lib () at "/Users/cpantesting/cpantesting/perl-blead/.cpan/build/Module-Info-0.39-0/t/lib/Foo.pm" line 49

require not bare t/lib/Bar.pm at line 64

require bare Carp.pm at line 54

require not bare t/lib/NotHere.pm at line 59
#     Failed test (t/Module-Info.t at line 205)
#          got: '0'
#     expected: '8'
#     Failed test (t/Module-Info.t at line 206)
#     Structures begin differing at:
#          $got->[0] = Does not exist
#     $expected->[0] = 'Carp'
#     Failed test (t/Module-Info.t at line 213)
#     Structures begin differing at:
#          $got->[0] = 'BEGIN failed--compilation aborted at /Users/cpantesting/cpantesting/perl-blead/.cpan/build/Module-Info-0.39-0/t/lib/Foo.pm line 65.'
#     $expected->[0] = 'That'
B::Module::Info,subs_called use failed with 2 saying:
Can't locate t/lib/Bar.pm in @INC (you may need to install the t::lib::Bar module) (@INC entries checked: blahbityblahblah blib/lib /Users/cpantesting/cpantesting/perl-blead/.cpan/build/Module-Info-0.39-0/blib/lib /Users/cpantesting/cpantesting/perl-blead/.cpan/build/Module-Info-0.39-0/blib/arch /Users/cpantesting/cpantesting/perl-blead/lib/site_perl/5.41.11/darwin-2level /Users/cpantesting/cpantesting/perl-blead/lib/site_perl/5.41.11 /Users/cpantesting/cpantesting/perl-blead/lib/5.41.11/darwin-2level /Users/cpantesting/cpantesting/perl-blead/lib/5.41.11) at /Users/cpantesting/cpantesting/perl-blead/.cpan/build/Module-Info-0.39-0/t/lib/Foo.pm line 64.

BEGIN failed--compilation aborted at /Users/cpantesting/cpantesting/perl-blead/.cpan/build/Module-Info-0.39-0/t/lib/Foo.pm line 65.

function call to _walkallops_simple at "/Users/cpantesting/cpantesting/perl-blead/lib/site_perl/5.41.11/darwin-2level/B/Utils.pm" line 706

function call to croak at "/Users/cpantesting/cpantesting/perl-blead/lib/5.41.11/strict.pm" line 55

object method call to name at "blib/lib/B/Module/Info.pm" line 388

object method call to kids at "blib/lib/B/Module/Info.pm" line 393

object method call to name at "blib/lib/B/Module/Info.pm" line 396

function call to _class_or_object_method at "blib/lib/B/Module/Info.pm" line 397

object method call to PV at "blib/lib/B/Module/Info.pm" line 398

function call to const_sv at "blib/lib/B/Module/Info.pm" line 398

object method call to name at "blib/lib/B/Module/Info.pm" line 405

function call to _class_or_object_method at "blib/lib/B/Module/Info.pm" line 406

function call to walkoptree_simple at "blib/lib/B/Module/Info.pm" line 418

function call to gv_or_padgv at "blib/lib/B/Module/Info.pm" line 420

object method call to NAME at "blib/lib/B/Module/Info.pm" line 421

function call to croak at "/Users/cpantesting/cpantesting/perl-blead/lib/5.41.11/darwin-2level/DynaLoader.pm" line 108

function call to _opgrep_helper at "/Users/cpantesting/cpantesting/perl-blead/lib/site_perl/5.41.11/darwin-2level/B/Utils.pm" line 859

object method call to can at "/Users/cpantesting/cpantesting/perl-blead/lib/site_perl/5.41.11/darwin-2level/B/Utils.pm" line 891

dynamic object method call at "/Users/cpantesting/cpantesting/perl-blead/lib/site_perl/5.41.11/darwin-2level/B/Utils.pm" line 891

object method call to can at "/Users/cpantesting/cpantesting/perl-blead/lib/site_perl/5.41.11/darwin-2level/B/Utils.pm" line 912

dynamic object method call at "/Users/cpantesting/cpantesting/perl-blead/lib/site_perl/5.41.11/darwin-2level/B/Utils.pm" line 929

function call using symbolic ref at "/Users/cpantesting/cpantesting/perl-blead/lib/site_perl/5.41.11/darwin-2level/B/Utils.pm" line 955

dynamic object method call at "/Users/cpantesting/cpantesting/perl-blead/lib/site_perl/5.41.11/darwin-2level/B/Utils.pm" line 961

function call to opgrep at "/Users/cpantesting/cpantesting/perl-blead/lib/site_perl/5.41.11/darwin-2level/B/Utils.pm" line 973

dynamic object method call at "__none__" line 0

object method call to kids at "/Users/cpantesting/cpantesting/perl-blead/lib/site_perl/5.41.11/darwin-2level/B/Utils.pm" line 989

function call to opgrep at "/Users/cpantesting/cpantesting/perl-blead/lib/site_perl/5.41.11/darwin-2level/B/Utils.pm" line 993

function call to balanced_delim at "blib/lib/B/Module/Info.pm" line 246

object method call to name at "blib/lib/B/Module/Info.pm" line 193

object method call to can at "blib/lib/B/Module/Info.pm" line 193

object method call to meth_sv at "blib/lib/B/Module/Info.pm" line 194

object method call to can at "blib/lib/B/Module/Info.pm" line 196

object method call to sv at "blib/lib/B/Module/Info.pm" line 197

function call to padval at "blib/lib/B/Module/Info.pm" line 200

object method call to targ at "__none__" line 0

function call to as_heavy at "/Users/cpantesting/cpantesting/perl-blead/lib/5.41.11/Exporter.pm" line 78

object method call to _parent_impl at "(eval 3)" line 4

function call to __chk at "/Users/cpantesting/cpantesting/perl-blead/lib/5.41.11/warnings.pm" line 594

function call to _get_dirs at "/Users/cpantesting/cpantesting/perl-blead/lib/5.41.11/darwin-2level/lib.pm" line 60

function call to Croaker at "/Users/cpantesting/cpantesting/perl-blead/lib/5.41.11/warnings.pm" line 457

function call to Croaker at "/Users/cpantesting/cpantesting/perl-blead/lib/5.41.11/warnings.pm" line 463

function call to Croaker at "/Users/cpantesting/cpantesting/perl-blead/lib/5.41.11/warnings.pm" line 473

function call to Croaker at "/Users/cpantesting/cpantesting/perl-blead/lib/5.41.11/warnings.pm" line 478

function call to Croaker at "/Users/cpantesting/cpantesting/perl-blead/lib/5.41.11/warnings.pm" line 484

function call to _error_loc at "/Users/cpantesting/cpantesting/perl-blead/lib/5.41.11/warnings.pm" line 502

function call to croak at "/Users/cpantesting/cpantesting/perl-blead/lib/5.41.11/warnings.pm" line 540

function call to carp at "/Users/cpantesting/cpantesting/perl-blead/lib/5.41.11/warnings.pm" line 543

function call to as_heavy at "/Users/cpantesting/cpantesting/perl-blead/lib/5.41.11/Exporter.pm" line 90

function call to set_prototype at "/Users/cpantesting/cpantesting/perl-blead/lib/5.41.11/darwin-2level/Scalar/Util.pm" line 53

function call to _push_tags at "/Users/cpantesting/cpantesting/perl-blead/lib/5.41.11/Exporter/Heavy.pm" line 243

object method call to flags at "/Users/cpantesting/cpantesting/perl-blead/lib/site_perl/5.41.11/darwin-2level/B/Utils.pm" line 157

object method call to first at "/Users/cpantesting/cpantesting/perl-blead/lib/site_perl/5.41.11/darwin-2level/B/Utils.pm" line 158

object method call to sibling at "/Users/cpantesting/cpantesting/perl-blead/lib/site_perl/5.41.11/darwin-2level/B/Utils.pm" line 159

object method call to can at "/Users/cpantesting/cpantesting/perl-blead/lib/site_perl/5.41.11/darwin-2level/B/Utils.pm" line 164

object method call to first at "/Users/cpantesting/cpantesting/perl-blead/lib/site_perl/5.41.11/darwin-2level/B/Utils.pm" line 164

object method call to can at "/Users/cpantesting/cpantesting/perl-blead/lib/site_perl/5.41.11/darwin-2level/B/Utils.pm" line 164

object method call to last at "/Users/cpantesting/cpantesting/perl-blead/lib/site_perl/5.41.11/darwin-2level/B/Utils.pm" line 164

object method call to can at "/Users/cpantesting/cpantesting/perl-blead/lib/site_perl/5.41.11/darwin-2level/B/Utils.pm" line 164

object method call to other at "/Users/cpantesting/cpantesting/perl-blead/lib/site_perl/5.41.11/darwin-2level/B/Utils.pm" line 164

object method call to sibling at "blib/lib/B/Module/Info.pm" line 302

function call to class at "blib/lib/B/Module/Info.pm" line 303

object method call to name at "blib/lib/B/Module/Info.pm" line 304

object method call to next at "blib/lib/B/Module/Info.pm" line 307

object method call to next at "blib/lib/B/Module/Info.pm" line 307

object method call to first at "blib/lib/B/Module/Info.pm" line 307

object method call to PV at "blib/lib/B/Module/Info.pm" line 309

function call to const_sv at "blib/lib/B/Module/Info.pm" line 309

object method call to sibling at "blib/lib/B/Module/Info.pm" line 310

function call to const_sv at "blib/lib/B/Module/Info.pm" line 311

function call to class at "blib/lib/B/Module/Info.pm" line 312

object method call to int_value at "blib/lib/B/Module/Info.pm" line 314

object method call to NV at "blib/lib/B/Module/Info.pm" line 314

function call to grep_magic at "blib/lib/B/Module/Info.pm" line 314

object method call to PTR at "__none__" line 0

object method call to PV at "__none__" line 0

object method call to PV at "__none__" line 0

object method call to int_value at "__none__" line 0

object method call to NV at "__none__" line 0

object method call to sibling at "blib/lib/B/Module/Info.pm" line 327

object method call to name at "blib/lib/B/Module/Info.pm" line 328

object method call to PV at "blib/lib/B/Module/Info.pm" line 329

function call to const_sv at "blib/lib/B/Module/Info.pm" line 329

function call to main_start at "/Users/cpantesting/cpantesting/perl-blead/lib/site_perl/5.41.11/darwin-2level/B/Utils.pm" line 502

function call to main_root at "/Users/cpantesting/cpantesting/perl-blead/lib/site_perl/5.41.11/darwin-2level/B/Utils.pm" line 503

function call to walksymtable at "/Users/cpantesting/cpantesting/perl-blead/lib/site_perl/5.41.11/darwin-2level/B/Utils.pm" line 516

function call to class at "/Users/cpantesting/cpantesting/perl-blead/lib/site_perl/5.41.11/darwin-2level/B/Utils.pm" line 522

object method call to ROOT at "__none__" line 0

object method call to START at "__none__" line 0

object method call to ARRAY at "__none__" line 0

object method call to ARRAY at "__none__" line 0

object method call to PADLIST at "__none__" line 0

function call to main_cv at "__none__" line 0

function call to _opgrep_helper at "/Users/cpantesting/cpantesting/perl-blead/lib/site_perl/5.41.11/darwin-2level/B/Utils.pm" line 859

object method call to can at "/Users/cpantesting/cpantesting/perl-blead/lib/site_perl/5.41.11/darwin-2level/B/Utils.pm" line 891

dynamic object method call at "/Users/cpantesting/cpantesting/perl-blead/lib/site_perl/5.41.11/darwin-2level/B/Utils.pm" line 891

object method call to can at "/Users/cpantesting/cpantesting/perl-blead/lib/site_perl/5.41.11/darwin-2level/B/Utils.pm" line 912

dynamic object method call at "/Users/cpantesting/cpantesting/perl-blead/lib/site_perl/5.41.11/darwin-2level/B/Utils.pm" line 929

function call using symbolic ref at "/Users/cpantesting/cpantesting/perl-blead/lib/site_perl/5.41.11/darwin-2level/B/Utils.pm" line 955

dynamic object method call at "/Users/cpantesting/cpantesting/perl-blead/lib/site_perl/5.41.11/darwin-2level/B/Utils.pm" line 961

function call to opgrep at "/Users/cpantesting/cpantesting/perl-blead/lib/site_perl/5.41.11/darwin-2level/B/Utils.pm" line 973

dynamic object method call at "__none__" line 0

object method call to kids at "/Users/cpantesting/cpantesting/perl-blead/lib/site_perl/5.41.11/darwin-2level/B/Utils.pm" line 989

function call to opgrep at "/Users/cpantesting/cpantesting/perl-blead/lib/site_perl/5.41.11/darwin-2level/B/Utils.pm" line 993

function call to _rebuild_cache at "/Users/cpantesting/cpantesting/perl-blead/lib/5.41.11/Exporter/Heavy.pm" line 69

object method call to VERSION at "/Users/cpantesting/cpantesting/perl-blead/lib/5.41.11/Exporter/Heavy.pm" line 122

function call to _rebuild_cache at "/Users/cpantesting/cpantesting/perl-blead/lib/5.41.11/Exporter/Heavy.pm" line 141

function call to croak at "/Users/cpantesting/cpantesting/perl-blead/lib/5.41.11/Exporter/Heavy.pm" line 156

object method call to export_fail at "/Users/cpantesting/cpantesting/perl-blead/lib/5.41.11/Exporter/Heavy.pm" line 178

function call to carp at "/Users/cpantesting/cpantesting/perl-blead/lib/5.41.11/Exporter/Heavy.pm" line 181

function call to croak at "/Users/cpantesting/cpantesting/perl-blead/lib/5.41.11/Exporter/Heavy.pm" line 186

function call to croak at "/Users/cpantesting/cpantesting/perl-blead/lib/5.41.11/Exporter/Heavy.pm" line 206

function call to _preparewarn at "/Users/cpantesting/cpantesting/perl-blead/lib/site_perl/5.41.11/darwin-2level/B/Utils.pm" line 1122

object method call to name at "/Users/cpantesting/cpantesting/perl-blead/lib/site_perl/5.41.11/darwin-2level/B/Utils.pm" line 133

object method call to targ at "/Users/cpantesting/cpantesting/perl-blead/lib/site_perl/5.41.11/darwin-2level/B/Utils.pm" line 134

function call to ppname at "/Users/cpantesting/cpantesting/perl-blead/lib/site_perl/5.41.11/darwin-2level/B/Utils.pm" line 140

object method call to fetch_string at "/Users/cpantesting/cpantesting/perl-blead/lib/5.41.11/darwin-2level/Config.pm" line 70

object method call to name at "/Users/cpantesting/cpantesting/perl-blead/lib/site_perl/5.41.11/darwin-2level/B/Utils.pm" line 367

function call to class at "/Users/cpantesting/cpantesting/perl-blead/lib/site_perl/5.41.11/darwin-2level/B/Utils.pm" line 367

function call to carp at "/Users/cpantesting/cpantesting/perl-blead/lib/5.41.11/darwin-2level/lib.pm" line 26

function call to carp at "/Users/cpantesting/cpantesting/perl-blead/lib/5.41.11/darwin-2level/lib.pm" line 31

function call to _get_dirs at "/Users/cpantesting/cpantesting/perl-blead/lib/5.41.11/darwin-2level/lib.pm" line 42

function call to _bits at "/Users/cpantesting/cpantesting/perl-blead/lib/5.41.11/warnings.pm" line 384

function call to roots_cv_pairs at "blib/lib/B/Module/Info.pm" line 63

function call to walkoptree_filtered at "blib/lib/B/Module/Info.pm" line 79

function call to _preparewarn at "/Users/cpantesting/cpantesting/perl-blead/lib/site_perl/5.41.11/darwin-2level/B/Utils.pm" line 1121

function call to export at "/Users/cpantesting/cpantesting/perl-blead/lib/5.41.11/Exporter.pm" line 39

function call to export at "/Users/cpantesting/cpantesting/perl-blead/lib/5.41.11/Exporter.pm" line 59

function call to class at "blib/lib/B/Module/Info.pm" line 213

function call to class at "blib/lib/B/Module/Info.pm" line 215

object method call to FLAGS at "blib/lib/B/Module/Info.pm" line 217

object method call to int_value at "blib/lib/B/Module/Info.pm" line 218

object method call to FLAGS at "blib/lib/B/Module/Info.pm" line 219

object method call to NV at "blib/lib/B/Module/Info.pm" line 221

object method call to NV at "blib/lib/B/Module/Info.pm" line 224

object method call to FLAGS at "blib/lib/B/Module/Info.pm" line 227

object method call to can at "blib/lib/B/Module/Info.pm" line 227

function call to const at "blib/lib/B/Module/Info.pm" line 228

object method call to RV at "__none__" line 0

object method call to FLAGS at "blib/lib/B/Module/Info.pm" line 229

object method call to PV at "blib/lib/B/Module/Info.pm" line 230

function call to single_delim at "blib/lib/B/Module/Info.pm" line 232

class method call to uninterp via escape_str at "__none__" line 0

function call to unback at "__none__" line 0

function call to single_delim at "blib/lib/B/Module/Info.pm" line 234

function call to unback at "__none__" line 0

class method call to export_to_level via B at "/Users/cpantesting/cpantesting/perl-blead/lib/5.41.11/darwin-2level/B.pm" line 16

function call to _expand_bits at "/Users/cpantesting/cpantesting/perl-blead/lib/5.41.11/warnings.pm" line 419

function call to Croaker at "/Users/cpantesting/cpantesting/perl-blead/lib/5.41.11/warnings.pm" line 429

function call to encode at "/Users/cpantesting/cpantesting/perl-blead/lib/5.41.11/base.pm" line 74

object method call to VERSION at "/Users/cpantesting/cpantesting/perl-blead/lib/5.41.11/Exporter/Heavy.pm" line 239

function call to _push_tags at "/Users/cpantesting/cpantesting/perl-blead/lib/5.41.11/Exporter/Heavy.pm" line 247

function call to confess at "/Users/cpantesting/cpantesting/perl-blead/lib/5.41.11/darwin-2level/DynaLoader.pm" line 128

function call to croak at "/Users/cpantesting/cpantesting/perl-blead/lib/5.41.11/darwin-2level/DynaLoader.pm" line 133

function call to mod2fname at "/Users/cpantesting/cpantesting/perl-blead/lib/5.41.11/darwin-2level/DynaLoader.pm" line 147

function call to dl_expandspec at "/Users/cpantesting/cpantesting/perl-blead/lib/5.41.11/darwin-2level/DynaLoader.pm" line 164

function call to dl_findfile at "/Users/cpantesting/cpantesting/perl-blead/lib/5.41.11/darwin-2level/DynaLoader.pm" line 170

function call to croak at "/Users/cpantesting/cpantesting/perl-blead/lib/5.41.11/darwin-2level/DynaLoader.pm" line 172

function call to dl_find_symbol at "/Users/cpantesting/cpantesting/perl-blead/lib/5.41.11/darwin-2level/DynaLoader.pm" line 196

object method call to dl_load_flags at "/Users/cpantesting/cpantesting/perl-blead/lib/5.41.11/darwin-2level/DynaLoader.pm" line 208

function call to dl_load_file at "/Users/cpantesting/cpantesting/perl-blead/lib/5.41.11/darwin-2level/DynaLoader.pm" line 210

function call to croak at "__none__" line 0

function call to dl_error at "__none__" line 0

function call to dl_find_symbol at "/Users/cpantesting/cpantesting/perl-blead/lib/5.41.11/darwin-2level/DynaLoader.pm" line 215

function call to croak at "__none__" line 0

function call to dl_install_xsub at "/Users/cpantesting/cpantesting/perl-blead/lib/5.41.11/darwin-2level/DynaLoader.pm" line 220

function call to args at "/Users/cpantesting/cpantesting/perl-blead/lib/5.41.11/darwin-2level/DynaLoader.pm" line 227

object method call to name at "blib/lib/B/Module/Info.pm" line 449

object method call to PV at "blib/lib/B/Module/Info.pm" line 450

function call to const_sv at "blib/lib/B/Module/Info.pm" line 450

function call to class at "/Users/cpantesting/cpantesting/perl-blead/lib/5.41.11/darwin-2level/B.pm" line 164

object method call to name at "__none__" line 0

function call to _init_sub_cache at "/Users/cpantesting/cpantesting/perl-blead/lib/site_perl/5.41.11/darwin-2level/B/Utils.pm" line 714

function call to walkoptree_simple at "/Users/cpantesting/cpantesting/perl-blead/lib/site_perl/5.41.11/darwin-2level/B/Utils.pm" line 719

function call to walkoptree_simple at "/Users/cpantesting/cpantesting/perl-blead/lib/site_perl/5.41.11/darwin-2level/B/Utils.pm" line 723

object method call to MAGIC at "blib/lib/B/Module/Info.pm" line 289

object method call to TYPE at "blib/lib/B/Module/Info.pm" line 292

object method call to can at "/Users/cpantesting/cpantesting/perl-blead/lib/site_perl/5.41.11/darwin-2level/B/Utils.pm" line 410

dynamic object method call at "/Users/cpantesting/cpantesting/perl-blead/lib/site_perl/5.41.11/darwin-2level/B/Utils.pm" line 410

object method call to flags at "/Users/cpantesting/cpantesting/perl-blead/lib/site_perl/5.41.11/darwin-2level/B/Utils.pm" line 414

object method call to as_opgrep_pattern at "/Users/cpantesting/cpantesting/perl-blead/lib/site_perl/5.41.11/darwin-2level/B/Utils.pm" line 422

object method call to kids at "/Users/cpantesting/cpantesting/perl-blead/lib/site_perl/5.41.11/darwin-2level/B/Utils.pm" line 422

function call to _init_sub_cache at "/Users/cpantesting/cpantesting/perl-blead/lib/site_perl/5.41.11/darwin-2level/B/Utils.pm" line 464

object method call to CV at "/Users/cpantesting/cpantesting/perl-blead/lib/site_perl/5.41.11/darwin-2level/B/Utils.pm" line 542

object method call to NAME at "/Users/cpantesting/cpantesting/perl-blead/lib/site_perl/5.41.11/darwin-2level/B/Utils.pm" line 552

object method call to STASH at "/Users/cpantesting/cpantesting/perl-blead/lib/site_perl/5.41.11/darwin-2level/B/Utils.pm" line 552

object method call to NAME at "/Users/cpantesting/cpantesting/perl-blead/lib/site_perl/5.41.11/darwin-2level/B/Utils.pm" line 552

object method call to can at "/Users/cpantesting/cpantesting/perl-blead/lib/site_perl/5.41.11/darwin-2level/B/Utils.pm" line 556

object method call to can at "/Users/cpantesting/cpantesting/perl-blead/lib/site_perl/5.41.11/darwin-2level/B/Utils.pm" line 556

object method call to PADLIST at "/Users/cpantesting/cpantesting/perl-blead/lib/site_perl/5.41.11/darwin-2level/B/Utils.pm" line 556

object method call to can at "/Users/cpantesting/cpantesting/perl-blead/lib/site_perl/5.41.11/darwin-2level/B/Utils.pm" line 556

object method call to ARRAY at "/Users/cpantesting/cpantesting/perl-blead/lib/site_perl/5.41.11/darwin-2level/B/Utils.pm" line 556

object method call to PADLIST at "/Users/cpantesting/cpantesting/perl-blead/lib/site_perl/5.41.11/darwin-2level/B/Utils.pm" line 556

function call to class at "/Users/cpantesting/cpantesting/perl-blead/lib/site_perl/5.41.11/darwin-2level/B/Utils.pm" line 560

object method call to ROOT at "__none__" line 0

object method call to START at "__none__" line 0

object method call to ARRAY at "__none__" line 0

object method call to ARRAY at "__none__" line 0

object method call to PADLIST at "__none__" line 0

object method call to START at "/Users/cpantesting/cpantesting/perl-blead/lib/site_perl/5.41.11/darwin-2level/B/Utils.pm" line 571

object method call to ROOT at "/Users/cpantesting/cpantesting/perl-blead/lib/site_perl/5.41.11/darwin-2level/B/Utils.pm" line 571

object method call to FLAGS at "/Users/cpantesting/cpantesting/perl-blead/lib/5.41.11/darwin-2level/B.pm" line 126

object method call to UVX at "/Users/cpantesting/cpantesting/perl-blead/lib/5.41.11/darwin-2level/B.pm" line 126

object method call to IV at "/Users/cpantesting/cpantesting/perl-blead/lib/5.41.11/darwin-2level/B.pm" line 126

function call to _walkoptree_simple at "/Users/cpantesting/cpantesting/perl-blead/lib/site_perl/5.41.11/darwin-2level/B/Utils.pm" line 612

function call to _init_sub_cache at "/Users/cpantesting/cpantesting/perl-blead/lib/site_perl/5.41.11/darwin-2level/B/Utils.pm" line 465

function call to get_attr at "/Users/cpantesting/cpantesting/perl-blead/lib/5.41.11/base.pm" line 201

function call to get_attr at "/Users/cpantesting/cpantesting/perl-blead/lib/5.41.11/base.pm" line 202

function call to get_fields at "/Users/cpantesting/cpantesting/perl-blead/lib/5.41.11/base.pm" line 203

function call to get_fields at "/Users/cpantesting/cpantesting/perl-blead/lib/5.41.11/base.pm" line 204

function call to croak at "/Users/cpantesting/cpantesting/perl-blead/lib/5.41.11/base.pm" line 224

function call to class at "blib/lib/B/Module/Info.pm" line 337

object method call to name at "__none__" line 0

function call to _walkoptree_filtered at "/Users/cpantesting/cpantesting/perl-blead/lib/site_perl/5.41.11/darwin-2level/B/Utils.pm" line 661

function call to _init_sub_cache at "/Users/cpantesting/cpantesting/perl-blead/lib/site_perl/5.41.11/darwin-2level/B/Utils.pm" line 465

function call to __chk at "/Users/cpantesting/cpantesting/perl-blead/lib/5.41.11/warnings.pm" line 589

function call to objsym at "/Users/cpantesting/cpantesting/perl-blead/lib/5.41.11/darwin-2level/B.pm" line 226

function call to savesym at "/Users/cpantesting/cpantesting/perl-blead/lib/5.41.11/darwin-2level/B.pm" line 231

function call to class at "__none__" line 0

dynamic object method call at "/Users/cpantesting/cpantesting/perl-blead/lib/5.41.11/darwin-2level/B.pm" line 232

object method call to name at "/Users/cpantesting/cpantesting/perl-blead/lib/5.41.11/darwin-2level/B.pm" line 233

function call to walkoptree_exec at "/Users/cpantesting/cpantesting/perl-blead/lib/5.41.11/darwin-2level/B.pm" line 238

object method call to other at "__none__" line 0

object method call to pmreplstart at "/Users/cpantesting/cpantesting/perl-blead/lib/5.41.11/darwin-2level/B.pm" line 241

function call to walkoptree_exec at "/Users/cpantesting/cpantesting/perl-blead/lib/5.41.11/darwin-2level/B.pm" line 244

function call to walkoptree_exec at "/Users/cpantesting/cpantesting/perl-blead/lib/5.41.11/darwin-2level/B.pm" line 249

object method call to pmreplstart at "__none__" line 0

object method call to other at "__none__" line 0

object method call to other at "/Users/cpantesting/cpantesting/perl-blead/lib/5.41.11/darwin-2level/B.pm" line 251

function call to walkoptree_exec at "/Users/cpantesting/cpantesting/perl-blead/lib/5.41.11/darwin-2level/B.pm" line 254

object method call to redoop at "__none__" line 0

function call to walkoptree_exec at "/Users/cpantesting/cpantesting/perl-blead/lib/5.41.11/darwin-2level/B.pm" line 256

object method call to nextop at "__none__" line 0

function call to walkoptree_exec at "/Users/cpantesting/cpantesting/perl-blead/lib/5.41.11/darwin-2level/B.pm" line 258

object method call to lastop at "__none__" line 0

object method call to pmreplstart at "/Users/cpantesting/cpantesting/perl-blead/lib/5.41.11/darwin-2level/B.pm" line 261

function call to walkoptree_exec at "/Users/cpantesting/cpantesting/perl-blead/lib/5.41.11/darwin-2level/B.pm" line 264

object method call to next at "/Users/cpantesting/cpantesting/perl-blead/lib/5.41.11/darwin-2level/B.pm" line 265

object method call to NAME at "/Users/cpantesting/cpantesting/perl-blead/lib/5.41.11/darwin-2level/B.pm" line 283

function call to svref_2object at "/Users/cpantesting/cpantesting/perl-blead/lib/5.41.11/darwin-2level/B.pm" line 283

function call using symbolic ref at "__none__" line 0

function call to walksymtable at "/Users/cpantesting/cpantesting/perl-blead/lib/5.41.11/darwin-2level/B.pm" line 284

dynamic object method call at "/Users/cpantesting/cpantesting/perl-blead/lib/5.41.11/darwin-2level/B.pm" line 287

function call to svref_2object at "/Users/cpantesting/cpantesting/perl-blead/lib/5.41.11/darwin-2level/B.pm" line 287

object method call to stashpv at "blib/lib/B/Module/Info.pm" line 37

function call to all_roots at "blib/lib/B/Module/Info.pm" line 44

function call to as_heavy at "/Users/cpantesting/cpantesting/perl-blead/lib/5.41.11/Exporter.pm" line 22

function call to __chk at "/Users/cpantesting/cpantesting/perl-blead/lib/5.41.11/warnings.pm" line 579

object method call to can at "/Users/cpantesting/cpantesting/perl-blead/lib/site_perl/5.41.11/darwin-2level/B/Utils.pm" line 285

object method call to sibling at "/Users/cpantesting/cpantesting/perl-blead/lib/site_perl/5.41.11/darwin-2level/B/Utils.pm" line 285

object method call to isa at "/Users/cpantesting/cpantesting/perl-blead/lib/site_perl/5.41.11/darwin-2level/B/Utils.pm" line 622

object method call to file at "/Users/cpantesting/cpantesting/perl-blead/lib/site_perl/5.41.11/darwin-2level/B/Utils.pm" line 623

object method call to line at "/Users/cpantesting/cpantesting/perl-blead/lib/site_perl/5.41.11/darwin-2level/B/Utils.pm" line 624

function call using symbolic ref at "/Users/cpantesting/cpantesting/perl-blead/lib/site_perl/5.41.11/darwin-2level/B/Utils.pm" line 627

object method call to isa at "/Users/cpantesting/cpantesting/perl-blead/lib/site_perl/5.41.11/darwin-2level/B/Utils.pm" line 628

object method call to flags at "/Users/cpantesting/cpantesting/perl-blead/lib/site_perl/5.41.11/darwin-2level/B/Utils.pm" line 629

object method call to kids at "/Users/cpantesting/cpantesting/perl-blead/lib/site_perl/5.41.11/darwin-2level/B/Utils.pm" line 633

function call to _walkoptree_simple at "/Users/cpantesting/cpantesting/perl-blead/lib/site_perl/5.41.11/darwin-2level/B/Utils.pm" line 633

object method call to isa at "/Users/cpantesting/cpantesting/perl-blead/lib/site_perl/5.41.11/darwin-2level/B/Utils.pm" line 635

object method call to pmreplroot at "/Users/cpantesting/cpantesting/perl-blead/lib/site_perl/5.41.11/darwin-2level/B/Utils.pm" line 636

object method call to isa at "/Users/cpantesting/cpantesting/perl-blead/lib/site_perl/5.41.11/darwin-2level/B/Utils.pm" line 637

function call to _walkoptree_simple at "/Users/cpantesting/cpantesting/perl-blead/lib/site_perl/5.41.11/darwin-2level/B/Utils.pm" line 640

function call to dl_find_symbol at "/Users/cpantesting/cpantesting/perl-blead/lib/5.41.11/XSLoader.pm" line 87

function call to dl_load_file at "/Users/cpantesting/cpantesting/perl-blead/lib/5.41.11/XSLoader.pm" line 97

function call to croak at "/Users/cpantesting/cpantesting/perl-blead/lib/5.41.11/XSLoader.pm" line 99

function call to dl_error at "__none__" line 0

function call to dl_find_symbol at "/Users/cpantesting/cpantesting/perl-blead/lib/5.41.11/XSLoader.pm" line 103

function call to croak at "/Users/cpantesting/cpantesting/perl-blead/lib/5.41.11/XSLoader.pm" line 105

function call to dl_install_xsub at "/Users/cpantesting/cpantesting/perl-blead/lib/5.41.11/XSLoader.pm" line 110

function call to _ at "/Users/cpantesting/cpantesting/perl-blead/lib/5.41.11/XSLoader.pm" line 115

object method call to FLAGS at "/Users/cpantesting/cpantesting/perl-blead/lib/5.41.11/darwin-2level/B.pm" line 126

object method call to UVX at "/Users/cpantesting/cpantesting/perl-blead/lib/5.41.11/darwin-2level/B.pm" line 126

object method call to IV at "/Users/cpantesting/cpantesting/perl-blead/lib/5.41.11/darwin-2level/B.pm" line 126

object method call to export at "/Users/cpantesting/cpantesting/perl-blead/lib/5.41.11/Exporter/Heavy.pm" line 216

function call to __chk at "/Users/cpantesting/cpantesting/perl-blead/lib/5.41.11/warnings.pm" line 609

object method call to isa at "/Users/cpantesting/cpantesting/perl-blead/lib/5.41.11/base.pm" line 96

function call to _module_to_filename at "/Users/cpantesting/cpantesting/perl-blead/lib/5.41.11/base.pm" line 103

function call to croak at "/Users/cpantesting/cpantesting/perl-blead/lib/5.41.11/base.pm" line 141

function call to croak at "/Users/cpantesting/cpantesting/perl-blead/lib/5.41.11/base.pm" line 164

function call to has_fields at "/Users/cpantesting/cpantesting/perl-blead/lib/5.41.11/base.pm" line 177

function call to has_attr at "__none__" line 0

function call to croak at "/Users/cpantesting/cpantesting/perl-blead/lib/5.41.11/base.pm" line 181

function call to inherit_fields at "/Users/cpantesting/cpantesting/perl-blead/lib/5.41.11/base.pm" line 191

function call to walkoptree_simple at "/Users/cpantesting/cpantesting/perl-blead/lib/site_perl/5.41.11/darwin-2level/B/Utils.pm" line 270

function call to shuffle at "/Users/cpantesting/cpantesting/perl-blead/lib/site_perl/5.41.11/darwin-2level/B/Utils.pm" line 271

function call to opgrep at "blib/lib/B/Module/Info.pm" line 31

function call to _walkallops_filtered at "/Users/cpantesting/cpantesting/perl-blead/lib/site_perl/5.41.11/darwin-2level/B/Utils.pm" line 737

function call to bits at "/Users/cpantesting/cpantesting/perl-blead/lib/5.41.11/strict.pm" line 62

function call to bootstrap at "/Users/cpantesting/cpantesting/perl-blead/lib/5.41.11/darwin-2level/DynaLoader.pm" line 117

function call to dl_find_symbol at "/Users/cpantesting/cpantesting/perl-blead/lib/5.41.11/darwin-2level/DynaLoader.pm" line 337

function call to __chk at "/Users/cpantesting/cpantesting/perl-blead/lib/5.41.11/warnings.pm" line 584

function call to __chk at "/Users/cpantesting/cpantesting/perl-blead/lib/5.41.11/warnings.pm" line 599

object method call to ARRAY at "blib/lib/B/Module/Info.pm" line 263

object method call to ARRAY at "blib/lib/B/Module/Info.pm" line 263

object method call to PADLIST at "blib/lib/B/Module/Info.pm" line 263

function call to class at "blib/lib/B/Module/Info.pm" line 382

object method call to name at "__none__" line 0

function call to dl_expandspec at "/Users/cpantesting/cpantesting/perl-blead/lib/5.41.11/darwin-2level/DynaLoader.pm" line 282

function call to dl_load_file at "/Users/cpantesting/cpantesting/perl-blead/lib/5.41.11/darwin-2level/DynaLoader.pm" line 291

object method call to isa at "/Users/cpantesting/cpantesting/perl-blead/lib/site_perl/5.41.11/darwin-2level/B/Utils.pm" line 669

object method call to file at "/Users/cpantesting/cpantesting/perl-blead/lib/site_perl/5.41.11/darwin-2level/B/Utils.pm" line 670

object method call to line at "/Users/cpantesting/cpantesting/perl-blead/lib/site_perl/5.41.11/darwin-2level/B/Utils.pm" line 671

function call using symbolic ref at "/Users/cpantesting/cpantesting/perl-blead/lib/site_perl/5.41.11/darwin-2level/B/Utils.pm" line 674

function call using symbolic ref at "__none__" line 0

object method call to flags at "/Users/cpantesting/cpantesting/perl-blead/lib/site_perl/5.41.11/darwin-2level/B/Utils.pm" line 676

object method call to first at "/Users/cpantesting/cpantesting/perl-blead/lib/site_perl/5.41.11/darwin-2level/B/Utils.pm" line 681

function call to _walkoptree_filtered at "/Users/cpantesting/cpantesting/perl-blead/lib/site_perl/5.41.11/darwin-2level/B/Utils.pm" line 685

object method call to sibling at "/Users/cpantesting/cpantesting/perl-blead/lib/site_perl/5.41.11/darwin-2level/B/Utils.pm" line 687

function call to bits at "/Users/cpantesting/cpantesting/perl-blead/lib/5.41.11/strict.pm" line 69

function call to filtered_roots at "blib/lib/B/Module/Info.pm" line 95

function call to main_root at "blib/lib/B/Module/Info.pm" line 97

function call to main_cv at "__none__" line 0

function call to svref_2object at "blib/lib/B/Module/Info.pm" line 98

function call to croak at "/Users/cpantesting/cpantesting/perl-blead/lib/5.41.11/vars.pm" line 20

function call to enabled at "/Users/cpantesting/cpantesting/perl-blead/lib/5.41.11/vars.pm" line 21

function call to warn at "/Users/cpantesting/cpantesting/perl-blead/lib/5.41.11/vars.pm" line 22

function call to bits at "/Users/cpantesting/cpantesting/perl-blead/lib/5.41.11/vars.pm" line 23

function call to croak at "/Users/cpantesting/cpantesting/perl-blead/lib/5.41.11/vars.pm" line 25

function call to croak at "/Users/cpantesting/cpantesting/perl-blead/lib/5.41.11/vars.pm" line 37

function call to croak at "/Users/cpantesting/cpantesting/perl-blead/lib/5.41.11/vars.pm" line 41

object method call to isa at "blib/lib/B/Module/Info.pm" line 435

function call to padval at "blib/lib/B/Module/Info.pm" line 436

object method call to padix at "__none__" line 0

object method call to gv at "blib/lib/B/Module/Info.pm" line 439

function call to _bits at "/Users/cpantesting/cpantesting/perl-blead/lib/5.41.11/warnings.pm" line 402

object method call to unimport at "/Users/cpantesting/cpantesting/perl-blead/lib/5.41.11/warnings.pm" line 404

function call to carp at "/Users/cpantesting/cpantesting/perl-blead/lib/5.41.11/Exporter/Heavy.pm" line 232

function call to _mkMask at "/Users/cpantesting/cpantesting/perl-blead/lib/5.41.11/warnings.pm" line 562

function call to _mkMask at "/Users/cpantesting/cpantesting/perl-blead/lib/5.41.11/warnings.pm" line 563

function call to _init_sub_cache at "/Users/cpantesting/cpantesting/perl-blead/lib/site_perl/5.41.11/darwin-2level/B/Utils.pm" line 476

function call to _expand_bits at "/Users/cpantesting/cpantesting/perl-blead/lib/5.41.11/warnings.pm" line 357

function call to Croaker at "/Users/cpantesting/cpantesting/perl-blead/lib/5.41.11/warnings.pm" line 374

function call to croak at "/Users/cpantesting/cpantesting/perl-blead/lib/5.41.11/warnings.pm" line 329

function call to _walkoptree_simple at "/Users/cpantesting/cpantesting/perl-blead/lib/site_perl/5.41.11/darwin-2level/B/Utils.pm" line 612

function call to as_heavy at "/Users/cpantesting/cpantesting/perl-blead/lib/5.41.11/Exporter.pm" line 82

function call to croak at "/Users/cpantesting/cpantesting/perl-blead/.cpan/build/Module-Info-0.39-0/t/lib/Foo.pm" line 55

object method call to kids at "/Users/cpantesting/cpantesting/perl-blead/lib/site_perl/5.41.11/darwin-2level/B/Utils.pm" line 222

object method call to _parent_impl at "/Users/cpantesting/cpantesting/perl-blead/lib/site_perl/5.41.11/darwin-2level/B/Utils.pm" line 229

object method call to sibling at "/Users/cpantesting/cpantesting/perl-blead/lib/site_perl/5.41.11/darwin-2level/B/Utils.pm" line 229

object method call to _parent_impl at "/Users/cpantesting/cpantesting/perl-blead/lib/site_perl/5.41.11/darwin-2level/B/Utils.pm" line 229

object method call to next at "/Users/cpantesting/cpantesting/perl-blead/lib/site_perl/5.41.11/darwin-2level/B/Utils.pm" line 229

object method call to can at "/Users/cpantesting/cpantesting/perl-blead/lib/site_perl/5.41.11/darwin-2level/B/Utils.pm" line 229

object method call to _parent_impl at "/Users/cpantesting/cpantesting/perl-blead/lib/site_perl/5.41.11/darwin-2level/B/Utils.pm" line 229

object method call to first at "/Users/cpantesting/cpantesting/perl-blead/lib/site_perl/5.41.11/darwin-2level/B/Utils.pm" line 229

object method call to parent at "/Users/cpantesting/cpantesting/perl-blead/lib/site_perl/5.41.11/darwin-2level/B/Utils.pm" line 254

function call to _init_sub_cache at "/Users/cpantesting/cpantesting/perl-blead/lib/site_perl/5.41.11/darwin-2level/B/Utils.pm" line 745

function call to walkoptree_filtered at "/Users/cpantesting/cpantesting/perl-blead/lib/site_perl/5.41.11/darwin-2level/B/Utils.pm" line 747

function call to walkoptree_filtered at "/Users/cpantesting/cpantesting/perl-blead/lib/site_perl/5.41.11/darwin-2level/B/Utils.pm" line 752

function call to walkoptree_debug at "/Users/cpantesting/cpantesting/perl-blead/lib/5.41.11/darwin-2level/B.pm" line 149

function call to as_heavy at "/Users/cpantesting/cpantesting/perl-blead/lib/5.41.11/Exporter.pm" line 86

function call to croak at "/Users/cpantesting/cpantesting/perl-blead/lib/5.41.11/darwin-2level/Scalar/Util.pm" line 43

function call to __chk at "/Users/cpantesting/cpantesting/perl-blead/lib/5.41.11/warnings.pm" line 604

function call to register_categories at "/Users/cpantesting/cpantesting/perl-blead/lib/5.41.11/warnings/register.pm" line 22

function call to register_categories at "/Users/cpantesting/cpantesting/perl-blead/lib/5.41.11/warnings/register.pm" line 24

function call to unhook at "/Users/cpantesting/cpantesting/perl-blead/lib/5.41.11/base.pm" line 11

function call to _walkoptree_filtered at "/Users/cpantesting/cpantesting/perl-blead/lib/site_perl/5.41.11/darwin-2level/B/Utils.pm" line 661

function call to peekop at "/Users/cpantesting/cpantesting/perl-blead/lib/5.41.11/darwin-2level/B.pm" line 171

object method call to can at "/Users/cpantesting/cpantesting/perl-blead/lib/5.41.11/darwin-2level/B.pm" line 172

dynamic object method call at "/Users/cpantesting/cpantesting/perl-blead/lib/5.41.11/darwin-2level/B.pm" line 172

object method call to flags at "/Users/cpantesting/cpantesting/perl-blead/lib/5.41.11/darwin-2level/B.pm" line 173

object method call to first at "/Users/cpantesting/cpantesting/perl-blead/lib/5.41.11/darwin-2level/B.pm" line 176

function call to walkoptree_slow at "/Users/cpantesting/cpantesting/perl-blead/lib/5.41.11/darwin-2level/B.pm" line 177

object method call to sibling at "__none__" line 0

function call to class at "/Users/cpantesting/cpantesting/perl-blead/lib/5.41.11/darwin-2level/B.pm" line 181

object method call to pmreplroot at "__none__" line 0

object method call to pmreplroot at "/Users/cpantesting/cpantesting/perl-blead/lib/5.41.11/darwin-2level/B.pm" line 183

object method call to isa at "/Users/cpantesting/cpantesting/perl-blead/lib/5.41.11/darwin-2level/B.pm" line 183

object method call to pmreplroot at "/Users/cpantesting/cpantesting/perl-blead/lib/5.41.11/darwin-2level/B.pm" line 183

function call to walkoptree_slow at "/Users/cpantesting/cpantesting/perl-blead/lib/5.41.11/darwin-2level/B.pm" line 187

object method call to pmreplroot at "__none__" line 0

function call to safename at "/Users/cpantesting/cpantesting/perl-blead/lib/5.41.11/darwin-2level/B.pm" line 104

object method call to NAME at "__none__" line 0

object method call to NAME at "/Users/cpantesting/cpantesting/perl-blead/lib/5.41.11/darwin-2level/B.pm" line 283

function call to svref_2object at "/Users/cpantesting/cpantesting/perl-blead/lib/5.41.11/darwin-2level/B.pm" line 283

function call using symbolic ref at "__none__" line 0

function call to walksymtable at "/Users/cpantesting/cpantesting/perl-blead/lib/5.41.11/darwin-2level/B.pm" line 284

dynamic object method call at "/Users/cpantesting/cpantesting/perl-blead/lib/5.41.11/darwin-2level/B.pm" line 287

function call to svref_2object at "/Users/cpantesting/cpantesting/perl-blead/lib/5.41.11/darwin-2level/B.pm" line 287

function call to export at "/Users/cpantesting/cpantesting/perl-blead/lib/5.41.11/Exporter.pm" line 39

function call to export at "/Users/cpantesting/cpantesting/perl-blead/lib/5.41.11/Exporter.pm" line 59

function call to __chk at "/Users/cpantesting/cpantesting/perl-blead/lib/5.41.11/warnings.pm" line 614

function call to _init_sub_cache at "/Users/cpantesting/cpantesting/perl-blead/lib/site_perl/5.41.11/darwin-2level/B/Utils.pm" line 493

function call to croak at "/Users/cpantesting/cpantesting/perl-blead/lib/5.41.11/darwin-2level/O.pm" line 58

object method call to GV at "blib/lib/B/Module/Info.pm" line 276

function call to class at "blib/lib/B/Module/Info.pm" line 345

object method call to name at "__none__" line 0

object method call to first at "__none__" line 0

object method call to private at "__none__" line 0

object method call to first at "__none__" line 0

object method call to PV at "blib/lib/B/Module/Info.pm" line 348

function call to const_sv at "blib/lib/B/Module/Info.pm" line 348

object method call to first at "__none__" line 0

object method call to flags at "blib/lib/B/Module/Info.pm" line 352

object method call to first at "blib/lib/B/Module/Info.pm" line 353

object method call to name at "blib/lib/B/Module/Info.pm" line 354

object method call to first at "blib/lib/B/Module/Info.pm" line 357

function call to const_sv at "blib/lib/B/Module/Info.pm" line 360

object method call to isa at "blib/lib/B/Module/Info.pm" line 361

object method call to isa at "blib/lib/B/Module/Info.pm" line 362

object method call to NV at "blib/lib/B/Module/Info.pm" line 362

object method call to isa at "blib/lib/B/Module/Info.pm" line 363

object method call to PV at "blib/lib/B/Module/Info.pm" line 363

object method call to IV at "blib/lib/B/Module/Info.pm" line 364

object method call to name at "blib/lib/B/Module/Info.pm" line 417

function call to shortmess at "/Users/cpantesting/cpantesting/perl-blead/lib/5.41.11/Exporter/Heavy.pm" line 49

function call to shortmess at "__none__" line 0

function call using symbolic ref at "/Users/cpantesting/cpantesting/perl-blead/lib/5.41.11/Exporter/Heavy.pm" line 52

function call to croak at "/Users/cpantesting/cpantesting/perl-blead/lib/5.41.11/Exporter/Heavy.pm" line 58

function call to class at "blib/lib/B/Module/Info.pm" line 67

object method call to name at "__none__" line 0

function call to const_sv at "blib/lib/B/Module/Info.pm" line 71

object method call to ROOT at "blib/lib/B/Module/Info.pm" line 72

function call to carp at "/Users/cpantesting/cpantesting/perl-blead/lib/5.41.11/Exporter.pm" line 61

function call to unhook at "/Users/cpantesting/cpantesting/perl-blead/lib/5.41.11/base.pm" line 134

function call to wibble at "/Users/cpantesting/cpantesting/perl-blead/.cpan/build/Module-Info-0.39-0/t/lib/Foo.pm" line 58

function call to carp at "/Users/cpantesting/cpantesting/perl-blead/lib/5.41.11/Exporter.pm" line 61
#     Failed test (t/Module-Info.t at line 298)
#     Structures begin differing at:
#          $got->[0] = Does not exist
#     $expected->[0] = 'HASH(0x7fad879a96d8)'
B::Module::Info,subs_called use failed with 2 saying:
Can't locate t/lib/Bar.pm in @INC (you may need to install the t::lib::Bar module) (@INC entries checked: blahbityblahblah blib/lib /Users/cpantesting/cpantesting/perl-blead/.cpan/build/Module-Info-0.39-0/blib/lib /Users/cpantesting/cpantesting/perl-blead/.cpan/build/Module-Info-0.39-0/blib/arch /Users/cpantesting/cpantesting/perl-blead/lib/site_perl/5.41.11/darwin-2level /Users/cpantesting/cpantesting/perl-blead/lib/site_perl/5.41.11 /Users/cpantesting/cpantesting/perl-blead/lib/5.41.11/darwin-2level /Users/cpantesting/cpantesting/perl-blead/lib/5.41.11) at /Users/cpantesting/cpantesting/perl-blead/.cpan/build/Module-Info-0.39-0/t/lib/Foo.pm line 64.

BEGIN failed--compilation aborted at /Users/cpantesting/cpantesting/perl-blead/.cpan/build/Module-Info-0.39-0/t/lib/Foo.pm line 65.

function call to balanced_delim at "blib/lib/B/Module/Info.pm" line 246

function call to _init_sub_cache at "/Users/cpantesting/cpantesting/perl-blead/lib/site_perl/5.41.11/darwin-2level/B/Utils.pm" line 464

function call to _get_dirs at "/Users/cpantesting/cpantesting/perl-blead/lib/5.41.11/darwin-2level/lib.pm" line 60

function call to class at "blib/lib/B/Module/Info.pm" line 345

object method call to name at "__none__" line 0

object method call to first at "__none__" line 0

object method call to private at "__none__" line 0

object method call to first at "__none__" line 0

object method call to PV at "blib/lib/B/Module/Info.pm" line 348

function call to const_sv at "blib/lib/B/Module/Info.pm" line 348

object method call to first at "__none__" line 0

object method call to flags at "blib/lib/B/Module/Info.pm" line 352

object method call to first at "blib/lib/B/Module/Info.pm" line 353

object method call to name at "blib/lib/B/Module/Info.pm" line 354

object method call to first at "blib/lib/B/Module/Info.pm" line 357

function call to const_sv at "blib/lib/B/Module/Info.pm" line 360

object method call to isa at "blib/lib/B/Module/Info.pm" line 361

object method call to isa at "blib/lib/B/Module/Info.pm" line 362

object method call to NV at "blib/lib/B/Module/Info.pm" line 362

object method call to isa at "blib/lib/B/Module/Info.pm" line 363

object method call to PV at "blib/lib/B/Module/Info.pm" line 363

object method call to IV at "blib/lib/B/Module/Info.pm" line 364

object method call to ARRAY at "blib/lib/B/Module/Info.pm" line 263

object method call to ARRAY at "blib/lib/B/Module/Info.pm" line 263

object method call to PADLIST at "blib/lib/B/Module/Info.pm" line 263

function call to get_attr at "/Users/cpantesting/cpantesting/perl-blead/lib/5.41.11/base.pm" line 201

function call to get_attr at "/Users/cpantesting/cpantesting/perl-blead/lib/5.41.11/base.pm" line 202

function call to get_fields at "/Users/cpantesting/cpantesting/perl-blead/lib/5.41.11/base.pm" line 203

function call to get_fields at "/Users/cpantesting/cpantesting/perl-blead/lib/5.41.11/base.pm" line 204

function call to croak at "/Users/cpantesting/cpantesting/perl-blead/lib/5.41.11/base.pm" line 224

function call to _walkoptree_filtered at "/Users/cpantesting/cpantesting/perl-blead/lib/site_perl/5.41.11/darwin-2level/B/Utils.pm" line 661

function call to croak at "/Users/cpantesting/cpantesting/perl-blead/lib/5.41.11/darwin-2level/Scalar/Util.pm" line 43

object method call to name at "blib/lib/B/Module/Info.pm" line 388

object method call to kids at "blib/lib/B/Module/Info.pm" line 393

object method call to name at "blib/lib/B/Module/Info.pm" line 396

function call to _class_or_object_method at "blib/lib/B/Module/Info.pm" line 397

object method call to PV at "blib/lib/B/Module/Info.pm" line 398

function call to const_sv at "blib/lib/B/Module/Info.pm" line 398

object method call to name at "blib/lib/B/Module/Info.pm" line 405

function call to _class_or_object_method at "blib/lib/B/Module/Info.pm" line 406

function call to walkoptree_simple at "blib/lib/B/Module/Info.pm" line 418

function call to gv_or_padgv at "blib/lib/B/Module/Info.pm" line 420

object method call to NAME at "blib/lib/B/Module/Info.pm" line 421

function call to __chk at "/Users/cpantesting/cpantesting/perl-blead/lib/5.41.11/warnings.pm" line 594

function call to croak at "/Users/cpantesting/cpantesting/perl-blead/lib/5.41.11/warnings.pm" line 329

function call to _walkallops_simple at "/Users/cpantesting/cpantesting/perl-blead/lib/site_perl/5.41.11/darwin-2level/B/Utils.pm" line 706

object method call to isa at "/Users/cpantesting/cpantesting/perl-blead/lib/site_perl/5.41.11/darwin-2level/B/Utils.pm" line 622

object method call to file at "/Users/cpantesting/cpantesting/perl-blead/lib/site_perl/5.41.11/darwin-2level/B/Utils.pm" line 623

object method call to line at "/Users/cpantesting/cpantesting/perl-blead/lib/site_perl/5.41.11/darwin-2level/B/Utils.pm" line 624

function call using symbolic ref at "/Users/cpantesting/cpantesting/perl-blead/lib/site_perl/5.41.11/darwin-2level/B/Utils.pm" line 627

object method call to isa at "/Users/cpantesting/cpantesting/perl-blead/lib/site_perl/5.41.11/darwin-2level/B/Utils.pm" line 628

object method call to flags at "/Users/cpantesting/cpantesting/perl-blead/lib/site_perl/5.41.11/darwin-2level/B/Utils.pm" line 629

object method call to kids at "/Users/cpantesting/cpantesting/perl-blead/lib/site_perl/5.41.11/darwin-2level/B/Utils.pm" line 633

function call to _walkoptree_simple at "/Users/cpantesting/cpantesting/perl-blead/lib/site_perl/5.41.11/darwin-2level/B/Utils.pm" line 633

object method call to isa at "/Users/cpantesting/cpantesting/perl-blead/lib/site_perl/5.41.11/darwin-2level/B/Utils.pm" line 635

object method call to pmreplroot at "/Users/cpantesting/cpantesting/perl-blead/lib/site_perl/5.41.11/darwin-2level/B/Utils.pm" line 636

object method call to isa at "/Users/cpantesting/cpantesting/perl-blead/lib/site_perl/5.41.11/darwin-2level/B/Utils.pm" line 637

function call to _walkoptree_simple at "/Users/cpantesting/cpantesting/perl-blead/lib/site_perl/5.41.11/darwin-2level/B/Utils.pm" line 640

object method call to can at "/Users/cpantesting/cpantesting/perl-blead/lib/site_perl/5.41.11/darwin-2level/B/Utils.pm" line 410

dynamic object method call at "/Users/cpantesting/cpantesting/perl-blead/lib/site_perl/5.41.11/darwin-2level/B/Utils.pm" line 410

object method call to flags at "/Users/cpantesting/cpantesting/perl-blead/lib/site_perl/5.41.11/darwin-2level/B/Utils.pm" line 414

object method call to as_opgrep_pattern at "/Users/cpantesting/cpantesting/perl-blead/lib/site_perl/5.41.11/darwin-2level/B/Utils.pm" line 422

object method call to kids at "/Users/cpantesting/cpantesting/perl-blead/lib/site_perl/5.41.11/darwin-2level/B/Utils.pm" line 422

object method call to name at "/Users/cpantesting/cpantesting/perl-blead/lib/site_perl/5.41.11/darwin-2level/B/Utils.pm" line 133

object method call to targ at "/Users/cpantesting/cpantesting/perl-blead/lib/site_perl/5.41.11/darwin-2level/B/Utils.pm" line 134

function call to ppname at "/Users/cpantesting/cpantesting/perl-blead/lib/site_perl/5.41.11/darwin-2level/B/Utils.pm" line 140

object method call to sibling at "blib/lib/B/Module/Info.pm" line 302

function call to class at "blib/lib/B/Module/Info.pm" line 303

object method call to name at "blib/lib/B/Module/Info.pm" line 304

object method call to next at "blib/lib/B/Module/Info.pm" line 307

object method call to next at "blib/lib/B/Module/Info.pm" line 307

object method call to first at "blib/lib/B/Module/Info.pm" line 307

object method call to PV at "blib/lib/B/Module/Info.pm" line 309

function call to const_sv at "blib/lib/B/Module/Info.pm" line 309

object method call to sibling at "blib/lib/B/Module/Info.pm" line 310

function call to const_sv at "blib/lib/B/Module/Info.pm" line 311

function call to class at "blib/lib/B/Module/Info.pm" line 312

object method call to int_value at "blib/lib/B/Module/Info.pm" line 314

object method call to NV at "blib/lib/B/Module/Info.pm" line 314

function call to grep_magic at "blib/lib/B/Module/Info.pm" line 314

object method call to PTR at "__none__" line 0

object method call to PV at "__none__" line 0

object method call to PV at "__none__" line 0

object method call to int_value at "__none__" line 0

object method call to NV at "__none__" line 0

object method call to sibling at "blib/lib/B/Module/Info.pm" line 327

object method call to name at "blib/lib/B/Module/Info.pm" line 328

object method call to PV at "blib/lib/B/Module/Info.pm" line 329

function call to const_sv at "blib/lib/B/Module/Info.pm" line 329

function call to bits at "/Users/cpantesting/cpantesting/perl-blead/lib/5.41.11/strict.pm" line 62

function call to _walkoptree_simple at "/Users/cpantesting/cpantesting/perl-blead/lib/site_perl/5.41.11/darwin-2level/B/Utils.pm" line 612

function call to walkoptree_simple at "/Users/cpantesting/cpantesting/perl-blead/lib/site_perl/5.41.11/darwin-2level/B/Utils.pm" line 270

function call to shuffle at "/Users/cpantesting/cpantesting/perl-blead/lib/site_perl/5.41.11/darwin-2level/B/Utils.pm" line 271

function call to __chk at "/Users/cpantesting/cpantesting/perl-blead/lib/5.41.11/warnings.pm" line 599

function call to _expand_bits at "/Users/cpantesting/cpantesting/perl-blead/lib/5.41.11/warnings.pm" line 357

function call to Croaker at "/Users/cpantesting/cpantesting/perl-blead/lib/5.41.11/warnings.pm" line 374

function call to main_start at "/Users/cpantesting/cpantesting/perl-blead/lib/site_perl/5.41.11/darwin-2level/B/Utils.pm" line 502

function call to main_root at "/Users/cpantesting/cpantesting/perl-blead/lib/site_perl/5.41.11/darwin-2level/B/Utils.pm" line 503

function call to walksymtable at "/Users/cpantesting/cpantesting/perl-blead/lib/site_perl/5.41.11/darwin-2level/B/Utils.pm" line 516

function call to class at "/Users/cpantesting/cpantesting/perl-blead/lib/site_perl/5.41.11/darwin-2level/B/Utils.pm" line 522

object method call to ROOT at "__none__" line 0

object method call to START at "__none__" line 0

object method call to ARRAY at "__none__" line 0

object method call to ARRAY at "__none__" line 0

object method call to PADLIST at "__none__" line 0

function call to main_cv at "__none__" line 0

function call to confess at "/Users/cpantesting/cpantesting/perl-blead/lib/5.41.11/darwin-2level/DynaLoader.pm" line 128

function call to croak at "/Users/cpantesting/cpantesting/perl-blead/lib/5.41.11/darwin-2level/DynaLoader.pm" line 133

function call to mod2fname at "/Users/cpantesting/cpantesting/perl-blead/lib/5.41.11/darwin-2level/DynaLoader.pm" line 147

function call to dl_expandspec at "/Users/cpantesting/cpantesting/perl-blead/lib/5.41.11/darwin-2level/DynaLoader.pm" line 164

function call to dl_findfile at "/Users/cpantesting/cpantesting/perl-blead/lib/5.41.11/darwin-2level/DynaLoader.pm" line 170

function call to croak at "/Users/cpantesting/cpantesting/perl-blead/lib/5.41.11/darwin-2level/DynaLoader.pm" line 172

function call to dl_find_symbol at "/Users/cpantesting/cpantesting/perl-blead/lib/5.41.11/darwin-2level/DynaLoader.pm" line 196

object method call to dl_load_flags at "/Users/cpantesting/cpantesting/perl-blead/lib/5.41.11/darwin-2level/DynaLoader.pm" line 208

function call to dl_load_file at "/Users/cpantesting/cpantesting/perl-blead/lib/5.41.11/darwin-2level/DynaLoader.pm" line 210

function call to croak at "__none__" line 0

function call to dl_error at "__none__" line 0

function call to dl_find_symbol at "/Users/cpantesting/cpantesting/perl-blead/lib/5.41.11/darwin-2level/DynaLoader.pm" line 215

function call to croak at "__none__" line 0

function call to dl_install_xsub at "/Users/cpantesting/cpantesting/perl-blead/lib/5.41.11/darwin-2level/DynaLoader.pm" line 220

function call to args at "/Users/cpantesting/cpantesting/perl-blead/lib/5.41.11/darwin-2level/DynaLoader.pm" line 227

function call to class at "blib/lib/B/Module/Info.pm" line 213

function call to class at "blib/lib/B/Module/Info.pm" line 215

object method call to FLAGS at "blib/lib/B/Module/Info.pm" line 217

object method call to int_value at "blib/lib/B/Module/Info.pm" line 218

object method call to FLAGS at "blib/lib/B/Module/Info.pm" line 219

object method call to NV at "blib/lib/B/Module/Info.pm" line 221

object method call to NV at "blib/lib/B/Module/Info.pm" line 224

object method call to FLAGS at "blib/lib/B/Module/Info.pm" line 227

object method call to can at "blib/lib/B/Module/Info.pm" line 227

function call to const at "blib/lib/B/Module/Info.pm" line 228

object method call to RV at "__none__" line 0

object method call to FLAGS at "blib/lib/B/Module/Info.pm" line 229

object method call to PV at "blib/lib/B/Module/Info.pm" line 230

function call to single_delim at "blib/lib/B/Module/Info.pm" line 232

class method call to uninterp via escape_str at "__none__" line 0

function call to unback at "__none__" line 0

function call to single_delim at "blib/lib/B/Module/Info.pm" line 234

function call to unback at "__none__" line 0

object method call to VERSION at "/Users/cpantesting/cpantesting/perl-blead/lib/5.41.11/Exporter/Heavy.pm" line 239

object method call to kids at "/Users/cpantesting/cpantesting/perl-blead/lib/site_perl/5.41.11/darwin-2level/B/Utils.pm" line 222

object method call to _parent_impl at "/Users/cpantesting/cpantesting/perl-blead/lib/site_perl/5.41.11/darwin-2level/B/Utils.pm" line 229

object method call to sibling at "/Users/cpantesting/cpantesting/perl-blead/lib/site_perl/5.41.11/darwin-2level/B/Utils.pm" line 229

object method call to _parent_impl at "/Users/cpantesting/cpantesting/perl-blead/lib/site_perl/5.41.11/darwin-2level/B/Utils.pm" line 229

object method call to next at "/Users/cpantesting/cpantesting/perl-blead/lib/site_perl/5.41.11/darwin-2level/B/Utils.pm" line 229

object method call to can at "/Users/cpantesting/cpantesting/perl-blead/lib/site_perl/5.41.11/darwin-2level/B/Utils.pm" line 229

object method call to _parent_impl at "/Users/cpantesting/cpantesting/perl-blead/lib/site_perl/5.41.11/darwin-2level/B/Utils.pm" line 229

object method call to first at "/Users/cpantesting/cpantesting/perl-blead/lib/site_perl/5.41.11/darwin-2level/B/Utils.pm" line 229

function call to _init_sub_cache at "/Users/cpantesting/cpantesting/perl-blead/lib/site_perl/5.41.11/darwin-2level/B/Utils.pm" line 476

function call to safename at "/Users/cpantesting/cpantesting/perl-blead/lib/5.41.11/darwin-2level/B.pm" line 104

object method call to NAME at "__none__" line 0

function call to carp at "/Users/cpantesting/cpantesting/perl-blead/lib/5.41.11/Exporter/Heavy.pm" line 232

object method call to isa at "/Users/cpantesting/cpantesting/perl-blead/lib/site_perl/5.41.11/darwin-2level/B/Utils.pm" line 669

object method call to file at "/Users/cpantesting/cpantesting/perl-blead/lib/site_perl/5.41.11/darwin-2level/B/Utils.pm" line 670

object method call to line at "/Users/cpantesting/cpantesting/perl-blead/lib/site_perl/5.41.11/darwin-2level/B/Utils.pm" line 671

function call using symbolic ref at "/Users/cpantesting/cpantesting/perl-blead/lib/site_perl/5.41.11/darwin-2level/B/Utils.pm" line 674

function call using symbolic ref at "__none__" line 0

object method call to flags at "/Users/cpantesting/cpantesting/perl-blead/lib/site_perl/5.41.11/darwin-2level/B/Utils.pm" line 676

object method call to first at "/Users/cpantesting/cpantesting/perl-blead/lib/site_perl/5.41.11/darwin-2level/B/Utils.pm" line 681

function call to _walkoptree_filtered at "/Users/cpantesting/cpantesting/perl-blead/lib/site_perl/5.41.11/darwin-2level/B/Utils.pm" line 685

object method call to sibling at "/Users/cpantesting/cpantesting/perl-blead/lib/site_perl/5.41.11/darwin-2level/B/Utils.pm" line 687

object method call to name at "blib/lib/B/Module/Info.pm" line 193

object method call to can at "blib/lib/B/Module/Info.pm" line 193

object method call to meth_sv at "blib/lib/B/Module/Info.pm" line 194

object method call to can at "blib/lib/B/Module/Info.pm" line 196

object method call to sv at "blib/lib/B/Module/Info.pm" line 197

function call to padval at "blib/lib/B/Module/Info.pm" line 200

object method call to targ at "__none__" line 0

function call to set_prototype at "/Users/cpantesting/cpantesting/perl-blead/lib/5.41.11/darwin-2level/Scalar/Util.pm" line 53

object method call to name at "blib/lib/B/Module/Info.pm" line 449

object method call to PV at "blib/lib/B/Module/Info.pm" line 450

function call to const_sv at "blib/lib/B/Module/Info.pm" line 450

function call to _init_sub_cache at "/Users/cpantesting/cpantesting/perl-blead/lib/site_perl/5.41.11/darwin-2level/B/Utils.pm" line 465

object method call to GV at "blib/lib/B/Module/Info.pm" line 276

function call to __chk at "/Users/cpantesting/cpantesting/perl-blead/lib/5.41.11/warnings.pm" line 609

function call to class at "/Users/cpantesting/cpantesting/perl-blead/lib/5.41.11/darwin-2level/B.pm" line 164

object method call to name at "__none__" line 0

function call to __chk at "/Users/cpantesting/cpantesting/perl-blead/lib/5.41.11/warnings.pm" line 579

function call to _preparewarn at "/Users/cpantesting/cpantesting/perl-blead/lib/site_perl/5.41.11/darwin-2level/B/Utils.pm" line 1121

function call to _push_tags at "/Users/cpantesting/cpantesting/perl-blead/lib/5.41.11/Exporter/Heavy.pm" line 243

function call to export at "/Users/cpantesting/cpantesting/perl-blead/lib/5.41.11/Exporter.pm" line 39

function call to export at "/Users/cpantesting/cpantesting/perl-blead/lib/5.41.11/Exporter.pm" line 59

function call to bits at "/Users/cpantesting/cpantesting/perl-blead/lib/5.41.11/strict.pm" line 69

function call to _expand_bits at "/Users/cpantesting/cpantesting/perl-blead/lib/5.41.11/warnings.pm" line 419

function call to Croaker at "/Users/cpantesting/cpantesting/perl-blead/lib/5.41.11/warnings.pm" line 429

object method call to can at "/Users/cpantesting/cpantesting/perl-blead/lib/site_perl/5.41.11/darwin-2level/B/Utils.pm" line 285

object method call to sibling at "/Users/cpantesting/cpantesting/perl-blead/lib/site_perl/5.41.11/darwin-2level/B/Utils.pm" line 285

function call to _walkoptree_filtered at "/Users/cpantesting/cpantesting/perl-blead/lib/site_perl/5.41.11/darwin-2level/B/Utils.pm" line 661

function call to _init_sub_cache at "/Users/cpantesting/cpantesting/perl-blead/lib/site_perl/5.41.11/darwin-2level/B/Utils.pm" line 493

function call to _opgrep_helper at "/Users/cpantesting/cpantesting/perl-blead/lib/site_perl/5.41.11/darwin-2level/B/Utils.pm" line 859

object method call to can at "/Users/cpantesting/cpantesting/perl-blead/lib/site_perl/5.41.11/darwin-2level/B/Utils.pm" line 891

dynamic object method call at "/Users/cpantesting/cpantesting/perl-blead/lib/site_perl/5.41.11/darwin-2level/B/Utils.pm" line 891

object method call to can at "/Users/cpantesting/cpantesting/perl-blead/lib/site_perl/5.41.11/darwin-2level/B/Utils.pm" line 912

dynamic object method call at "/Users/cpantesting/cpantesting/perl-blead/lib/site_perl/5.41.11/darwin-2level/B/Utils.pm" line 929

function call using symbolic ref at "/Users/cpantesting/cpantesting/perl-blead/lib/site_perl/5.41.11/darwin-2level/B/Utils.pm" line 955

dynamic object method call at "/Users/cpantesting/cpantesting/perl-blead/lib/site_perl/5.41.11/darwin-2level/B/Utils.pm" line 961

function call to opgrep at "/Users/cpantesting/cpantesting/perl-blead/lib/site_perl/5.41.11/darwin-2level/B/Utils.pm" line 973

dynamic object method call at "__none__" line 0

object method call to kids at "/Users/cpantesting/cpantesting/perl-blead/lib/site_perl/5.41.11/darwin-2level/B/Utils.pm" line 989

function call to opgrep at "/Users/cpantesting/cpantesting/perl-blead/lib/site_perl/5.41.11/darwin-2level/B/Utils.pm" line 993

object method call to fetch_string at "/Users/cpantesting/cpantesting/perl-blead/lib/5.41.11/darwin-2level/Config.pm" line 70

function call to opgrep at "blib/lib/B/Module/Info.pm" line 31

function call to _bits at "/Users/cpantesting/cpantesting/perl-blead/lib/5.41.11/warnings.pm" line 402

object method call to unimport at "/Users/cpantesting/cpantesting/perl-blead/lib/5.41.11/warnings.pm" line 404

function call to croak at "/Users/cpantesting/cpantesting/perl-blead/lib/5.41.11/vars.pm" line 20

function call to enabled at "/Users/cpantesting/cpantesting/perl-blead/lib/5.41.11/vars.pm" line 21

function call to warn at "/Users/cpantesting/cpantesting/perl-blead/lib/5.41.11/vars.pm" line 22

function call to bits at "/Users/cpantesting/cpantesting/perl-blead/lib/5.41.11/vars.pm" line 23

function call to croak at "/Users/cpantesting/cpantesting/perl-blead/lib/5.41.11/vars.pm" line 25

function call to croak at "/Users/cpantesting/cpantesting/perl-blead/lib/5.41.11/vars.pm" line 37

function call to croak at "/Users/cpantesting/cpantesting/perl-blead/lib/5.41.11/vars.pm" line 41

object method call to FLAGS at "/Users/cpantesting/cpantesting/perl-blead/lib/5.41.11/darwin-2level/B.pm" line 126

object method call to UVX at "/Users/cpantesting/cpantesting/perl-blead/lib/5.41.11/darwin-2level/B.pm" line 126

object method call to IV at "/Users/cpantesting/cpantesting/perl-blead/lib/5.41.11/darwin-2level/B.pm" line 126

function call to __chk at "/Users/cpantesting/cpantesting/perl-blead/lib/5.41.11/warnings.pm" line 584

function call to as_heavy at "/Users/cpantesting/cpantesting/perl-blead/lib/5.41.11/Exporter.pm" line 82

function call to croak at "/Users/cpantesting/cpantesting/perl-blead/.cpan/build/Module-Info-0.39-0/t/lib/Foo.pm" line 55

object method call to NAME at "/Users/cpantesting/cpantesting/perl-blead/lib/5.41.11/darwin-2level/B.pm" line 283

function call to svref_2object at "/Users/cpantesting/cpantesting/perl-blead/lib/5.41.11/darwin-2level/B.pm" line 283

function call using symbolic ref at "__none__" line 0

function call to walksymtable at "/Users/cpantesting/cpantesting/perl-blead/lib/5.41.11/darwin-2level/B.pm" line 284

dynamic object method call at "/Users/cpantesting/cpantesting/perl-blead/lib/5.41.11/darwin-2level/B.pm" line 287

function call to svref_2object at "/Users/cpantesting/cpantesting/perl-blead/lib/5.41.11/darwin-2level/B.pm" line 287

object method call to name at "/Users/cpantesting/cpantesting/perl-blead/lib/site_perl/5.41.11/darwin-2level/B/Utils.pm" line 367

function call to class at "/Users/cpantesting/cpantesting/perl-blead/lib/site_perl/5.41.11/darwin-2level/B/Utils.pm" line 367

function call to croak at "/Users/cpantesting/cpantesting/perl-blead/lib/5.41.11/darwin-2level/O.pm" line 58

function call to _init_sub_cache at "/Users/cpantesting/cpantesting/perl-blead/lib/site_perl/5.41.11/darwin-2level/B/Utils.pm" line 465

function call to register_categories at "/Users/cpantesting/cpantesting/perl-blead/lib/5.41.11/warnings/register.pm" line 22

function call to register_categories at "/Users/cpantesting/cpantesting/perl-blead/lib/5.41.11/warnings/register.pm" line 24

object method call to NAME at "/Users/cpantesting/cpantesting/perl-blead/lib/5.41.11/darwin-2level/B.pm" line 283

function call to svref_2object at "/Users/cpantesting/cpantesting/perl-blead/lib/5.41.11/darwin-2level/B.pm" line 283

function call using symbolic ref at "__none__" line 0

function call to walksymtable at "/Users/cpantesting/cpantesting/perl-blead/lib/5.41.11/darwin-2level/B.pm" line 284

dynamic object method call at "/Users/cpantesting/cpantesting/perl-blead/lib/5.41.11/darwin-2level/B.pm" line 287

function call to svref_2object at "/Users/cpantesting/cpantesting/perl-blead/lib/5.41.11/darwin-2level/B.pm" line 287

function call to dl_find_symbol at "/Users/cpantesting/cpantesting/perl-blead/lib/5.41.11/XSLoader.pm" line 87

function call to dl_load_file at "/Users/cpantesting/cpantesting/perl-blead/lib/5.41.11/XSLoader.pm" line 97

function call to croak at "/Users/cpantesting/cpantesting/perl-blead/lib/5.41.11/XSLoader.pm" line 99

function call to dl_error at "__none__" line 0

function call to dl_find_symbol at "/Users/cpantesting/cpantesting/perl-blead/lib/5.41.11/XSLoader.pm" line 103

function call to croak at "/Users/cpantesting/cpantesting/perl-blead/lib/5.41.11/XSLoader.pm" line 105

function call to dl_install_xsub at "/Users/cpantesting/cpantesting/perl-blead/lib/5.41.11/XSLoader.pm" line 110

function call to _ at "/Users/cpantesting/cpantesting/perl-blead/lib/5.41.11/XSLoader.pm" line 115

function call to unhook at "/Users/cpantesting/cpantesting/perl-blead/lib/5.41.11/base.pm" line 11

function call to Croaker at "/Users/cpantesting/cpantesting/perl-blead/lib/5.41.11/warnings.pm" line 457

function call to Croaker at "/Users/cpantesting/cpantesting/perl-blead/lib/5.41.11/warnings.pm" line 463

function call to Croaker at "/Users/cpantesting/cpantesting/perl-blead/lib/5.41.11/warnings.pm" line 473

function call to Croaker at "/Users/cpantesting/cpantesting/perl-blead/lib/5.41.11/warnings.pm" line 478

function call to Croaker at "/Users/cpantesting/cpantesting/perl-blead/lib/5.41.11/warnings.pm" line 484

function call to _error_loc at "/Users/cpantesting/cpantesting/perl-blead/lib/5.41.11/warnings.pm" line 502

function call to croak at "/Users/cpantesting/cpantesting/perl-blead/lib/5.41.11/warnings.pm" line 540

function call to carp at "/Users/cpantesting/cpantesting/perl-blead/lib/5.41.11/warnings.pm" line 543

object method call to isa at "blib/lib/B/Module/Info.pm" line 435

function call to padval at "blib/lib/B/Module/Info.pm" line 436

object method call to padix at "__none__" line 0

object method call to gv at "blib/lib/B/Module/Info.pm" line 439

function call to croak at "/Users/cpantesting/cpantesting/perl-blead/lib/5.41.11/strict.pm" line 55

function call to roots_cv_pairs at "blib/lib/B/Module/Info.pm" line 63

function call to walkoptree_filtered at "blib/lib/B/Module/Info.pm" line 79

function call to export at "/Users/cpantesting/cpantesting/perl-blead/lib/5.41.11/Exporter.pm" line 39

function call to export at "/Users/cpantesting/cpantesting/perl-blead/lib/5.41.11/Exporter.pm" line 59

object method call to isa at "/Users/cpantesting/cpantesting/perl-blead/lib/5.41.11/base.pm" line 96

function call to _module_to_filename at "/Users/cpantesting/cpantesting/perl-blead/lib/5.41.11/base.pm" line 103

function call to croak at "/Users/cpantesting/cpantesting/perl-blead/lib/5.41.11/base.pm" line 141

function call to croak at "/Users/cpantesting/cpantesting/perl-blead/lib/5.41.11/base.pm" line 164

function call to has_fields at "/Users/cpantesting/cpantesting/perl-blead/lib/5.41.11/base.pm" line 177

function call to has_attr at "__none__" line 0

function call to croak at "/Users/cpantesting/cpantesting/perl-blead/lib/5.41.11/base.pm" line 181

function call to inherit_fields at "/Users/cpantesting/cpantesting/perl-blead/lib/5.41.11/base.pm" line 191

function call to as_heavy at "/Users/cpantesting/cpantesting/perl-blead/lib/5.41.11/Exporter.pm" line 22

function call to all_roots at "blib/lib/B/Module/Info.pm" line 44

function call to encode at "/Users/cpantesting/cpantesting/perl-blead/lib/5.41.11/base.pm" line 74

function call to bootstrap at "/Users/cpantesting/cpantesting/perl-blead/lib/5.41.11/darwin-2level/DynaLoader.pm" line 117

object method call to flags at "/Users/cpantesting/cpantesting/perl-blead/lib/site_perl/5.41.11/darwin-2level/B/Utils.pm" line 157

object method call to first at "/Users/cpantesting/cpantesting/perl-blead/lib/site_perl/5.41.11/darwin-2level/B/Utils.pm" line 158

object method call to sibling at "/Users/cpantesting/cpantesting/perl-blead/lib/site_perl/5.41.11/darwin-2level/B/Utils.pm" line 159

object method call to can at "/Users/cpantesting/cpantesting/perl-blead/lib/site_perl/5.41.11/darwin-2level/B/Utils.pm" line 164

object method call to first at "/Users/cpantesting/cpantesting/perl-blead/lib/site_perl/5.41.11/darwin-2level/B/Utils.pm" line 164

object method call to can at "/Users/cpantesting/cpantesting/perl-blead/lib/site_perl/5.41.11/darwin-2level/B/Utils.pm" line 164

object method call to last at "/Users/cpantesting/cpantesting/perl-blead/lib/site_perl/5.41.11/darwin-2level/B/Utils.pm" line 164

object method call to can at "/Users/cpantesting/cpantesting/perl-blead/lib/site_perl/5.41.11/darwin-2level/B/Utils.pm" line 164

object method call to other at "/Users/cpantesting/cpantesting/perl-blead/lib/site_perl/5.41.11/darwin-2level/B/Utils.pm" line 164

function call to _mkMask at "/Users/cpantesting/cpantesting/perl-blead/lib/5.41.11/warnings.pm" line 562

function call to _mkMask at "/Users/cpantesting/cpantesting/perl-blead/lib/5.41.11/warnings.pm" line 563

function call to class at "blib/lib/B/Module/Info.pm" line 382

object method call to name at "__none__" line 0

function call to as_heavy at "/Users/cpantesting/cpantesting/perl-blead/lib/5.41.11/Exporter.pm" line 78

function call to __chk at "/Users/cpantesting/cpantesting/perl-blead/lib/5.41.11/warnings.pm" line 604

function call to filtered_roots at "blib/lib/B/Module/Info.pm" line 95

function call to main_root at "blib/lib/B/Module/Info.pm" line 97

function call to main_cv at "__none__" line 0

function call to svref_2object at "blib/lib/B/Module/Info.pm" line 98

function call to peekop at "/Users/cpantesting/cpantesting/perl-blead/lib/5.41.11/darwin-2level/B.pm" line 171

object method call to can at "/Users/cpantesting/cpantesting/perl-blead/lib/5.41.11/darwin-2level/B.pm" line 172

dynamic object method call at "/Users/cpantesting/cpantesting/perl-blead/lib/5.41.11/darwin-2level/B.pm" line 172

object method call to flags at "/Users/cpantesting/cpantesting/perl-blead/lib/5.41.11/darwin-2level/B.pm" line 173

object method call to first at "/Users/cpantesting/cpantesting/perl-blead/lib/5.41.11/darwin-2level/B.pm" line 176

function call to walkoptree_slow at "/Users/cpantesting/cpantesting/perl-blead/lib/5.41.11/darwin-2level/B.pm" line 177

object method call to sibling at "__none__" line 0

function call to class at "/Users/cpantesting/cpantesting/perl-blead/lib/5.41.11/darwin-2level/B.pm" line 181

object method call to pmreplroot at "__none__" line 0

object method call to pmreplroot at "/Users/cpantesting/cpantesting/perl-blead/lib/5.41.11/darwin-2level/B.pm" line 183

object method call to isa at "/Users/cpantesting/cpantesting/perl-blead/lib/5.41.11/darwin-2level/B.pm" line 183

object method call to pmreplroot at "/Users/cpantesting/cpantesting/perl-blead/lib/5.41.11/darwin-2level/B.pm" line 183

function call to walkoptree_slow at "/Users/cpantesting/cpantesting/perl-blead/lib/5.41.11/darwin-2level/B.pm" line 187

object method call to pmreplroot at "__none__" line 0

object method call to export at "/Users/cpantesting/cpantesting/perl-blead/lib/5.41.11/Exporter/Heavy.pm" line 216

function call to walkoptree_debug at "/Users/cpantesting/cpantesting/perl-blead/lib/5.41.11/darwin-2level/B.pm" line 149

function call to croak at "/Users/cpantesting/cpantesting/perl-blead/lib/5.41.11/darwin-2level/DynaLoader.pm" line 108

object method call to CV at "/Users/cpantesting/cpantesting/perl-blead/lib/site_perl/5.41.11/darwin-2level/B/Utils.pm" line 542

object method call to NAME at "/Users/cpantesting/cpantesting/perl-blead/lib/site_perl/5.41.11/darwin-2level/B/Utils.pm" line 552

object method call to STASH at "/Users/cpantesting/cpantesting/perl-blead/lib/site_perl/5.41.11/darwin-2level/B/Utils.pm" line 552

object method call to NAME at "/Users/cpantesting/cpantesting/perl-blead/lib/site_perl/5.41.11/darwin-2level/B/Utils.pm" line 552

object method call to can at "/Users/cpantesting/cpantesting/perl-blead/lib/site_perl/5.41.11/darwin-2level/B/Utils.pm" line 556

object method call to can at "/Users/cpantesting/cpantesting/perl-blead/lib/site_perl/5.41.11/darwin-2level/B/Utils.pm" line 556

object method call to PADLIST at "/Users/cpantesting/cpantesting/perl-blead/lib/site_perl/5.41.11/darwin-2level/B/Utils.pm" line 556

object method call to can at "/Users/cpantesting/cpantesting/perl-blead/lib/site_perl/5.41.11/darwin-2level/B/Utils.pm" line 556

object method call to ARRAY at "/Users/cpantesting/cpantesting/perl-blead/lib/site_perl/5.41.11/darwin-2level/B/Utils.pm" line 556

object method call to PADLIST at "/Users/cpantesting/cpantesting/perl-blead/lib/site_perl/5.41.11/darwin-2level/B/Utils.pm" line 556

function call to class at "/Users/cpantesting/cpantesting/perl-blead/lib/site_perl/5.41.11/darwin-2level/B/Utils.pm" line 560

object method call to ROOT at "__none__" line 0

object method call to START at "__none__" line 0

object method call to ARRAY at "__none__" line 0

object method call to ARRAY at "__none__" line 0

object method call to PADLIST at "__none__" line 0

object method call to START at "/Users/cpantesting/cpantesting/perl-blead/lib/site_perl/5.41.11/darwin-2level/B/Utils.pm" line 571

object method call to ROOT at "/Users/cpantesting/cpantesting/perl-blead/lib/site_perl/5.41.11/darwin-2level/B/Utils.pm" line 571

function call to _init_sub_cache at "/Users/cpantesting/cpantesting/perl-blead/lib/site_perl/5.41.11/darwin-2level/B/Utils.pm" line 714

function call to walkoptree_simple at "/Users/cpantesting/cpantesting/perl-blead/lib/site_perl/5.41.11/darwin-2level/B/Utils.pm" line 719

function call to walkoptree_simple at "/Users/cpantesting/cpantesting/perl-blead/lib/site_perl/5.41.11/darwin-2level/B/Utils.pm" line 723

function call to _rebuild_cache at "/Users/cpantesting/cpantesting/perl-blead/lib/5.41.11/Exporter/Heavy.pm" line 69

object method call to VERSION at "/Users/cpantesting/cpantesting/perl-blead/lib/5.41.11/Exporter/Heavy.pm" line 122

function call to _rebuild_cache at "/Users/cpantesting/cpantesting/perl-blead/lib/5.41.11/Exporter/Heavy.pm" line 141

function call to croak at "/Users/cpantesting/cpantesting/perl-blead/lib/5.41.11/Exporter/Heavy.pm" line 156

object method call to export_fail at "/Users/cpantesting/cpantesting/perl-blead/lib/5.41.11/Exporter/Heavy.pm" line 178

function call to carp at "/Users/cpantesting/cpantesting/perl-blead/lib/5.41.11/Exporter/Heavy.pm" line 181

function call to croak at "/Users/cpantesting/cpantesting/perl-blead/lib/5.41.11/Exporter/Heavy.pm" line 186

function call to croak at "/Users/cpantesting/cpantesting/perl-blead/lib/5.41.11/Exporter/Heavy.pm" line 206

object method call to _parent_impl at "(eval 3)" line 4

function call to _bits at "/Users/cpantesting/cpantesting/perl-blead/lib/5.41.11/warnings.pm" line 384

function call to carp at "/Users/cpantesting/cpantesting/perl-blead/lib/5.41.11/darwin-2level/lib.pm" line 26

function call to carp at "/Users/cpantesting/cpantesting/perl-blead/lib/5.41.11/darwin-2level/lib.pm" line 31

function call to _get_dirs at "/Users/cpantesting/cpantesting/perl-blead/lib/5.41.11/darwin-2level/lib.pm" line 42

function call to __chk at "/Users/cpantesting/cpantesting/perl-blead/lib/5.41.11/warnings.pm" line 614

function call to objsym at "/Users/cpantesting/cpantesting/perl-blead/lib/5.41.11/darwin-2level/B.pm" line 226

function call to savesym at "/Users/cpantesting/cpantesting/perl-blead/lib/5.41.11/darwin-2level/B.pm" line 231

function call to class at "__none__" line 0

dynamic object method call at "/Users/cpantesting/cpantesting/perl-blead/lib/5.41.11/darwin-2level/B.pm" line 232

object method call to name at "/Users/cpantesting/cpantesting/perl-blead/lib/5.41.11/darwin-2level/B.pm" line 233

function call to walkoptree_exec at "/Users/cpantesting/cpantesting/perl-blead/lib/5.41.11/darwin-2level/B.pm" line 238

object method call to other at "__none__" line 0

object method call to pmreplstart at "/Users/cpantesting/cpantesting/perl-blead/lib/5.41.11/darwin-2level/B.pm" line 241

function call to walkoptree_exec at "/Users/cpantesting/cpantesting/perl-blead/lib/5.41.11/darwin-2level/B.pm" line 244

function call to walkoptree_exec at "/Users/cpantesting/cpantesting/perl-blead/lib/5.41.11/darwin-2level/B.pm" line 249

object method call to pmreplstart at "__none__" line 0

object method call to other at "__none__" line 0

object method call to other at "/Users/cpantesting/cpantesting/perl-blead/lib/5.41.11/darwin-2level/B.pm" line 251

function call to walkoptree_exec at "/Users/cpantesting/cpantesting/perl-blead/lib/5.41.11/darwin-2level/B.pm" line 254

object method call to redoop at "__none__" line 0

function call to walkoptree_exec at "/Users/cpantesting/cpantesting/perl-blead/lib/5.41.11/darwin-2level/B.pm" line 256

object method call to nextop at "__none__" line 0

function call to walkoptree_exec at "/Users/cpantesting/cpantesting/perl-blead/lib/5.41.11/darwin-2level/B.pm" line 258

object method call to lastop at "__none__" line 0

object method call to pmreplstart at "/Users/cpantesting/cpantesting/perl-blead/lib/5.41.11/darwin-2level/B.pm" line 261

function call to walkoptree_exec at "/Users/cpantesting/cpantesting/perl-blead/lib/5.41.11/darwin-2level/B.pm" line 264

object method call to next at "/Users/cpantesting/cpantesting/perl-blead/lib/5.41.11/darwin-2level/B.pm" line 265

object method call to MAGIC at "blib/lib/B/Module/Info.pm" line 289

object method call to TYPE at "blib/lib/B/Module/Info.pm" line 292

function call to _push_tags at "/Users/cpantesting/cpantesting/perl-blead/lib/5.41.11/Exporter/Heavy.pm" line 247

function call to dl_expandspec at "/Users/cpantesting/cpantesting/perl-blead/lib/5.41.11/darwin-2level/DynaLoader.pm" line 282

function call to dl_load_file at "/Users/cpantesting/cpantesting/perl-blead/lib/5.41.11/darwin-2level/DynaLoader.pm" line 291

function call to _walkallops_filtered at "/Users/cpantesting/cpantesting/perl-blead/lib/site_perl/5.41.11/darwin-2level/B/Utils.pm" line 737

object method call to stashpv at "blib/lib/B/Module/Info.pm" line 37

function call to class at "blib/lib/B/Module/Info.pm" line 337

object method call to name at "__none__" line 0

function call to as_heavy at "/Users/cpantesting/cpantesting/perl-blead/lib/5.41.11/Exporter.pm" line 90

function call to _init_sub_cache at "/Users/cpantesting/cpantesting/perl-blead/lib/site_perl/5.41.11/darwin-2level/B/Utils.pm" line 745

function call to walkoptree_filtered at "/Users/cpantesting/cpantesting/perl-blead/lib/site_perl/5.41.11/darwin-2level/B/Utils.pm" line 747

function call to walkoptree_filtered at "/Users/cpantesting/cpantesting/perl-blead/lib/site_perl/5.41.11/darwin-2level/B/Utils.pm" line 752

function call to _walkoptree_simple at "/Users/cpantesting/cpantesting/perl-blead/lib/site_perl/5.41.11/darwin-2level/B/Utils.pm" line 612

function call to _opgrep_helper at "/Users/cpantesting/cpantesting/perl-blead/lib/site_perl/5.41.11/darwin-2level/B/Utils.pm" line 859

object method call to can at "/Users/cpantesting/cpantesting/perl-blead/lib/site_perl/5.41.11/darwin-2level/B/Utils.pm" line 891

dynamic object method call at "/Users/cpantesting/cpantesting/perl-blead/lib/site_perl/5.41.11/darwin-2level/B/Utils.pm" line 891

object method call to can at "/Users/cpantesting/cpantesting/perl-blead/lib/site_perl/5.41.11/darwin-2level/B/Utils.pm" line 912

dynamic object method call at "/Users/cpantesting/cpantesting/perl-blead/lib/site_perl/5.41.11/darwin-2level/B/Utils.pm" line 929

function call using symbolic ref at "/Users/cpantesting/cpantesting/perl-blead/lib/site_perl/5.41.11/darwin-2level/B/Utils.pm" line 955

dynamic object method call at "/Users/cpantesting/cpantesting/perl-blead/lib/site_perl/5.41.11/darwin-2level/B/Utils.pm" line 961

function call to opgrep at "/Users/cpantesting/cpantesting/perl-blead/lib/site_perl/5.41.11/darwin-2level/B/Utils.pm" line 973

dynamic object method call at "__none__" line 0

object method call to kids at "/Users/cpantesting/cpantesting/perl-blead/lib/site_perl/5.41.11/darwin-2level/B/Utils.pm" line 989

function call to opgrep at "/Users/cpantesting/cpantesting/perl-blead/lib/site_perl/5.41.11/darwin-2level/B/Utils.pm" line 993

function call to dl_find_symbol at "/Users/cpantesting/cpantesting/perl-blead/lib/5.41.11/darwin-2level/DynaLoader.pm" line 337

function call to as_heavy at "/Users/cpantesting/cpantesting/perl-blead/lib/5.41.11/Exporter.pm" line 86

object method call to FLAGS at "/Users/cpantesting/cpantesting/perl-blead/lib/5.41.11/darwin-2level/B.pm" line 126

object method call to UVX at "/Users/cpantesting/cpantesting/perl-blead/lib/5.41.11/darwin-2level/B.pm" line 126

object method call to IV at "/Users/cpantesting/cpantesting/perl-blead/lib/5.41.11/darwin-2level/B.pm" line 126

function call to _preparewarn at "/Users/cpantesting/cpantesting/perl-blead/lib/site_perl/5.41.11/darwin-2level/B/Utils.pm" line 1122

class method call to export_to_level via B at "/Users/cpantesting/cpantesting/perl-blead/lib/5.41.11/darwin-2level/B.pm" line 16

object method call to parent at "/Users/cpantesting/cpantesting/perl-blead/lib/site_perl/5.41.11/darwin-2level/B/Utils.pm" line 254

function call to __chk at "/Users/cpantesting/cpantesting/perl-blead/lib/5.41.11/warnings.pm" line 589

object method call to name at "blib/lib/B/Module/Info.pm" line 417

function call to carp at "/Users/cpantesting/cpantesting/perl-blead/lib/5.41.11/Exporter.pm" line 61

function call to wibble at "/Users/cpantesting/cpantesting/perl-blead/.cpan/build/Module-Info-0.39-0/t/lib/Foo.pm" line 58

function call to class at "blib/lib/B/Module/Info.pm" line 67

object method call to name at "__none__" line 0

function call to const_sv at "blib/lib/B/Module/Info.pm" line 71

object method call to ROOT at "blib/lib/B/Module/Info.pm" line 72

function call to carp at "/Users/cpantesting/cpantesting/perl-blead/lib/5.41.11/Exporter.pm" line 61

function call to unhook at "/Users/cpantesting/cpantesting/perl-blead/lib/5.41.11/base.pm" line 134

function call to shortmess at "/Users/cpantesting/cpantesting/perl-blead/lib/5.41.11/Exporter/Heavy.pm" line 49

function call to shortmess at "__none__" line 0

function call using symbolic ref at "/Users/cpantesting/cpantesting/perl-blead/lib/5.41.11/Exporter/Heavy.pm" line 52

function call to croak at "/Users/cpantesting/cpantesting/perl-blead/lib/5.41.11/Exporter/Heavy.pm" line 58
#     Failed test (t/Module-Info.t at line 300)
#     Structures begin differing at:
#          $got->[0] = Does not exist
#     $expected->[0] = 'HASH(0x7fad9180e780)'
# Looks like you failed 13 tests of 59.
t/Module-Info.t .......... 
Dubious, test returned 13 (wstat 3328, 0xd00)
Failed 13/59 subtests 
#     Failed test (t/n0_die_on_error.t at line 20)
# B::Module::Info,packages use failed with 2 saying:
# Can't locate t/lib/Bar.pm in @INC (you may need to install the t::lib::Bar module) (@INC entries checked: blahbityblahblah /Users/cpantesting/cpantesting/perl-blead/.cpan/build/Module-Info-0.39-0/blib/lib /Users/cpantesting/cpantesting/perl-blead/.cpan/build/Module-Info-0.39-0/blib/arch /Users/cpantesting/cpantesting/perl-blead/lib/site_perl/5.41.11/darwin-2level /Users/cpantesting/cpantesting/perl-blead/lib/site_perl/5.41.11 /Users/cpantesting/cpantesting/perl-blead/lib/5.41.11/darwin-2level /Users/cpantesting/cpantesting/perl-blead/lib/5.41.11) at /Users/cpantesting/cpantesting/perl-blead/.cpan/build/Module-Info-0.39-0/t/lib/Foo.pm line 64.
# 
# BEGIN failed--compilation aborted at /Users/cpantesting/cpantesting/perl-blead/.cpan/build/Module-Info-0.39-0/t/lib/Foo.pm line 65.
# Looks like you failed 1 tests of 4.
t/n0_die_on_error.t ...... 
Dubious, test returned 1 (wstat 256, 0x100)
Failed 1/4 subtests 
t/n1_modules_required.t .. ok
t/n2_safe.t .............. ok
t/n3_version.t ........... ok
t/zy_pod_coverage.t ...... skipped: these tests are for release candidate testing
t/zz_pod.t ............... ok

Test Summary Report
-------------------
t/Module-Info.t        (Wstat: 3328 (exited 13) Tests: 59 Failed: 13)
  Failed tests:  43-46, 48-53, 55-57
  Non-zero exit status: 13
t/n0_die_on_error.t    (Wstat: 256 (exited 1) Tests: 4 Failed: 1)
  Failed test:  1
  Non-zero exit status: 1
Files=7, Tests=113,  5 wallclock secs ( 0.06 usr  0.03 sys +  3.77 cusr  0.67 csys =  4.53 CPU)
Result: FAIL
Failed 2/7 test programs. 14/113 subtests failed.
make: *** [test_dynamic] Error 255

------------------------------
PREREQUISITES
------------------------------

Prerequisite modules loaded:

requires:

    Module              Need  Have    
    ------------------- ----- --------
    B                   0     1.89    
    B::Utils            0.27  0.27    
    Carp                0     1.54    
    File::Spec          0.8   3.94    
    perl                5.006 5.041011
    strict              0     1.13    

build_requires:

    Module              Need  Have    
    ------------------- ----- --------
    ExtUtils::MakeMaker 0     7.74    

configure_requires:

    Module              Need  Have    
    ------------------- ----- --------
    ExtUtils::MakeMaker 0     7.74    


------------------------------
ENVIRONMENT AND OTHER CONTEXT
------------------------------

Environment variables:

    AUTOMATED_TESTING = 1
    LANG = en_GB.UTF-8
    LC_TERMINAL = iTerm2
    LC_TERMINAL_VERSION = 3.5.12
    NONINTERACTIVE_TESTING = 1
    PATH = /Users/cpantesting/perl5/perlbrew/bin:/Users/cpantesting/perl5/perlbrew/perls/perl-5.32.0/bin:/usr/local/bin:/System/Cryptexes/App/usr/bin:/usr/bin:/bin:/usr/sbin:/sbin:/var/run/com.apple.security.cryptexd/codex.system/bootstrap/usr/local/bin:/var/run/com.apple.security.cryptexd/codex.system/bootstrap/usr/bin:/var/run/com.apple.security.cryptexd/codex.system/bootstrap/usr/appleinternal/bin:/opt/X11/bin:/Library/Apple/usr/bin:/Applications/VMware Fusion.app/Contents/Public:/usr/local/zfs/bin:/Users/cpantesting/.cargo/bin
    PERL = blead
    PERL5LIB = 
    PERL5OPT = 
    PERL5_CPANPLUS_IS_RUNNING = 49336
    PERL5_CPAN_IS_RUNNING = 49336
    PERLBREW_HOME = /Users/cpantesting/.perlbrew
    PERLBREW_MANPATH = /Users/cpantesting/perl5/perlbrew/perls/perl-5.32.0/man
    PERLBREW_PATH = /Users/cpantesting/perl5/perlbrew/bin:/Users/cpantesting/perl5/perlbrew/perls/perl-5.32.0/bin
    PERLBREW_PERL = perl-5.32.0
    PERLBREW_ROOT = /Users/cpantesting/perl5/perlbrew
    PERLBREW_SHELLRC_VERSION = 0.94
    PERLBREW_VERSION = 0.94
    PERLVER = blead
    PERL_INLINE_DIRECTORY = /Users/cpantesting/.Inline-blead
    PERL_MM_USE_DEFAULT = 1
    PERL_USE_UNSAFE_INC = 0
    SHELL = /bin/bash
    TERM = screen
    TMPDIR = /var/folders/zy/47mkymr176b35xhyp425tk7h0000gq/T/

Perl special variables (and OS-specific diagnostics, for MSWin32):

    $^X = /Users/cpantesting/cpantesting/perl-blead/bin/perl5.41.11
    $UID/$EUID = 503 / 503
    $GID = 20 20 12 61 399 703 702 701 100
    $EGID = 20 20 12 61 399 703 702 701 100

Perl module toolchain versions installed:

    Module              Have    
    ------------------- --------
    CPAN                2.38    
    CPAN::Meta          2.150010
    Cwd                 3.94    
    ExtUtils::CBuilder  0.280240
    ExtUtils::Command   7.74    
    ExtUtils::Install   2.22    
    ExtUtils::MakeMaker 7.74    
    ExtUtils::Manifest  1.75    
    ExtUtils::ParseXS   3.57    
    File::Spec          3.94    
    JSON                4.10    
    JSON::PP            4.16    
    Module::Build       0.4234  
    Module::Signature   n/a     
    Parse::CPAN::Meta   2.150010
    Test2               1.302210
    Test::Harness       3.50    
    Test::More          1.302210
    YAML                1.31    
    YAML::Syck          n/a     
    version             0.9933  


--

Summary of my perl5 (revision 5 version 41 subversion 11) configuration:
  Commit id: 6d600bc5bae025d62ff8aaa309e8ef1b93669aea
  Platform:
    osname=darwin
    osvers=24.3.0
    archname=darwin-2level
    uname='darwin harrow.home 24.3.0 darwin kernel version 24.3.0: thu jan 2 20:22:00 pst 2025; root:xnu-11215.81.4~3release_x86_64 x86_64 '
    config_args='-de -Dprefix=/Users/cpantesting/cpantesting/perl-blead -Dusedevel'
    hint=recommended
    useposix=true
    d_sigaction=define
    useithreads=undef
    usemultiplicity=undef
    use64bitint=define
    use64bitall=define
    uselongdouble=undef
    usemymalloc=n
    default_inc_excludes_dot=define
  Compiler:
    cc='cc'
    ccflags ='-fno-common -DPERL_DARWIN -mmacosx-version-min=15.3 -DNO_THREAD_SAFE_QUERYLOCALE -DNO_POSIX_2008_LOCALE -DHAS_BROKEN_LANGINFO_CODESET -fno-strict-aliasing -pipe -fstack-protector-strong -I/usr/local/include'
    optimize='-O3'
    cppflags='-fno-common -DPERL_DARWIN -mmacosx-version-min=15.3 -DNO_THREAD_SAFE_QUERYLOCALE -DNO_POSIX_2008_LOCALE -DHAS_BROKEN_LANGINFO_CODESET -fno-strict-aliasing -pipe -fstack-protector-strong -I/usr/local/include'
    ccversion=''
    gccversion='Apple LLVM 17.0.0 (clang-1700.0.13.3)'
    gccosandvers=''
    intsize=4
    longsize=8
    ptrsize=8
    doublesize=8
    byteorder=12345678
    doublekind=3
    d_longlong=define
    longlongsize=8
    d_longdbl=define
    longdblsize=16
    longdblkind=3
    ivtype='long'
    ivsize=8
    nvtype='double'
    nvsize=8
    Off_t='off_t'
    lseeksize=8
    alignbytes=8
    prototype=define
  Linker and Libraries:
    ld='cc'
    ldflags =' -mmacosx-version-min=15.3 -fstack-protector-strong -L/usr/local/lib'
    libpth=/usr/local/lib /Applications/Xcode.app/Contents/Developer/Toolchains/XcodeDefault.xctoolchain/usr/lib/clang/17/lib /Applications/Xcode.app/Contents/Developer/Platforms/MacOSX.platform/Developer/SDKs/MacOSX.sdk/usr/lib /Applications/Xcode.app/Contents/Developer/Toolchains/XcodeDefault.xctoolchain/usr/lib /usr/lib
    libs=-lgdbm
    perllibs=
    libc=
    so=dylib
    useshrplib=false
    libperl=libperl.a
    gnulibc_version=''
  Dynamic Linking:
    dlsrc=dl_dlopen.xs
    dlext=bundle
    d_dlsymun=undef
    ccdlflags=' '
    cccdlflags=' '
    lddlflags=' -mmacosx-version-min=15.3 -bundle -undefined dynamic_lookup -L/usr/local/lib -fstack-protector-strong'


Characteristics of this binary (from libperl): 
  Compile-time options:
    HAS_LONG_DOUBLE
    HAS_STRTOLD
    HAS_TIMES
    PERLIO_LAYERS
    PERL_COPY_ON_WRITE
    PERL_DONT_CREATE_GVSV
    PERL_HASH_FUNC_SIPHASH13
    PERL_HASH_USE_SBOX32
    PERL_MALLOC_WRAP
    PERL_OP_PARENT
    PERL_PRESERVE_IVUV
    PERL_USE_DEVEL
    PERL_USE_SAFE_PUTENV
    USE_64_BIT_ALL
    USE_64_BIT_INT
    USE_LARGE_FILES
    USE_LOCALE
    USE_LOCALE_COLLATE
    USE_LOCALE_CTYPE
    USE_LOCALE_NUMERIC
    USE_LOCALE_TIME
    USE_PERLIO
    USE_PERL_ATOF
  Built under darwin
  Compiled at Apr 18 2025 13:18:25
  %ENV:
    PERL="blead"
    PERL5LIB=""
    PERL5OPT=""
    PERL5_CPANPLUS_IS_RUNNING="49336"
    PERL5_CPAN_IS_RUNNING="49336"
    PERLBREW_HOME="/Users/cpantesting/.perlbrew"
    PERLBREW_MANPATH="/Users/cpantesting/perl5/perlbrew/perls/perl-5.32.0/man"
    PERLBREW_PATH="/Users/cpantesting/perl5/perlbrew/bin:/Users/cpantesting/perl5/perlbrew/perls/perl-5.32.0/bin"
    PERLBREW_PERL="perl-5.32.0"
    PERLBREW_ROOT="/Users/cpantesting/perl5/perlbrew"
    PERLBREW_SHELLRC_VERSION="0.94"
    PERLBREW_VERSION="0.94"
    PERLVER="blead"
    PERL_INLINE_DIRECTORY="/Users/cpantesting/.Inline-blead"
    PERL_MM_USE_DEFAULT="1"
    PERL_USE_UNSAFE_INC="0"
  @INC:
    /Users/cpantesting/cpantesting/perl-blead/lib/site_perl/5.41.11/darwin-2level
    /Users/cpantesting/cpantesting/perl-blead/lib/site_perl/5.41.11
    /Users/cpantesting/cpantesting/perl-blead/lib/5.41.11/darwin-2level
    /Users/cpantesting/cpantesting/perl-blead/lib/5.41.11