HTML-Form v6.12 Perl 5 v5.43.4 amd64-midnightbsd

Status
Fail
From
Carlos Guevara
Dist
HTML-Form v6.12
Platform
Perl 5 v5.43.4 amd64-midnightbsd
Date
2025-10-20 17:07:48
ID
4deda2dc-add7-11f0-bdc9-fb0e4fe282b2
This distribution has been tested as part of the CPAN Testers
project, supporting the Perl programming language.  See
http://wiki.cpantesters.org/ for more information or email
questions to cpan-testers-discuss@perl.org


--
Dear Olaf Alders,

This is a computer-generated report for HTML-Form-6.12
on perl 5.43.4, created by CPAN-Reporter-1.2020.

Thank you for uploading your work to CPAN.  However, there was a problem
testing your distribution.

If you think this report is invalid, please consult the CPAN Testers Wiki
for suggestions on how to avoid getting FAIL reports for missing library
or binary dependencies, unsupported operating systems, and so on:

http://wiki.cpantesters.org/wiki/CPANAuthorNotes

Sections of this report:

    * Tester comments
    * Program output
    * Prerequisites
    * Environment and other context

------------------------------
TESTER COMMENTS
------------------------------

Additional comments from tester:

this report is from an automated smoke testing program
and was not reviewed by a human for accuracy

------------------------------
PROGRAM OUTPUT
------------------------------

Output from '/usr/bin/make test':

PERL_DL_NONLAZY=1 "/usr/home/cpan/bin/perl/bin/perl5.43.4" "-MExtUtils::Command::MM" "-MTest::Harness" "-e" "undef *Test::Harness::Switches; test_harness(0, 'blib/lib', 'blib/arch')" t/*.t
# 
# Versions for all modules listed in MYMETA.json (including optional ones):
# 
# === Configure Requires ===
# 
#     Module              Want Have
#     ------------------- ---- ----
#     ExtUtils::MakeMaker  any 7.76
# 
# === Configure Suggests ===
# 
#     Module      Want Have
#     -------- ------- ----
#     JSON::PP 2.27300 4.16
# 
# === Build Requires ===
# 
#     Module              Want Have
#     ------------------- ---- ----
#     ExtUtils::MakeMaker  any 7.76
# 
# === Test Requires ===
# 
#     Module              Want     Have
#     ------------------- ---- --------
#     ExtUtils::MakeMaker  any     7.76
#     File::Spec           any     3.94
#     HTTP::Response       any     7.01
#     Test::More          0.96 1.302214
#     Test::Warnings       any    0.038
#     warnings             any     1.74
# 
# === Test Recommends ===
# 
#     Module         Want     Have
#     ---------- -------- --------
#     CPAN::Meta 2.120900 2.150010
# 
# === Runtime Requires ===
# 
#     Module                    Want     Have
#     --------------------- -------- --------
#     Carp                       any     1.54
#     Encode                       2     3.21
#     HTML::TokeParser           any     3.83
#     HTTP::Request                6     7.01
#     HTTP::Request::Common     6.03     7.01
#     Test::More                0.96 1.302214
#     URI                       1.10     5.34
#     parent                     any    0.244
#     perl                  5.008001 5.043004
#     strict                     any     1.14
# 
t/00-report-prereqs.t .. ok
t/autocomplete.t ....... ok
t/file_upload.t ........ ok
t/find_input.t ......... ok
t/form-label.t ......... ok
t/form-maxlength.t ..... ok
t/form-multi-select.t .. ok
t/form-param.t ......... ok
t/form-parse.t ......... ok
t/form-selector.t ...... ok
t/form-unicode.t ....... ok

#   Failed test at t/form.t line 86.
#          got: 'POST http://localhost/
# Content-Length: 86
# Content-Type: application/x-www-form-urlencoded
# 
# i.x=1&i.y=1&c=on&r=b&t=&p=&tel=&date=&h=xyzzy&f=&x=&a=%0D%0Aabc%0D%0A+++&s=bar&m=a&m=b'
#     expected: 'POST http://localhost/
# Content-Length: 86
# Content-Type: application/x-www-form-urlencoded
# 
# i.x=1&i.y=1&c=on&r=b&t=&p=&tel=&date=&h=xyzzy&f=&x=&a=%0D%0Aabc%0D%0A+++&s=bar&m=a&m=b
# '

#   Failed test at t/form.t line 466.
#          got: 'POST http://example.com/secure/keygen/test.cgi
# Content-Length: 19
# Content-Type: application/x-www-form-urlencoded
# 
# Field1=Default+Text'
#     expected: 'POST http://example.com/secure/keygen/test.cgi
# Content-Length: 19
# Content-Type: application/x-www-form-urlencoded
# 
# Field1=Default+Text
# '

#   Failed test at t/form.t line 475.
#          got: 'POST http://example.com/secure/keygen/test.cgi
# Content-Length: 33
# Content-Type: application/x-www-form-urlencoded
# 
# randomkey=foo&Field1=Default+Text'
#     expected: 'POST http://example.com/secure/keygen/test.cgi
# Content-Length: 33
# Content-Type: application/x-www-form-urlencoded
# 
# randomkey=foo&Field1=Default+Text
# '

#   Failed test at t/form.t line 605.
#          got: 'POST http://localhost/
# Content-Length: 9
# Content-Type: application/x-www-form-urlencoded
# 
# submit=go'
#     expected: 'POST http://localhost/
# Content-Length: 9
# Content-Type: application/x-www-form-urlencoded
# 
# submit=go
# '

#   Failed test at t/form.t line 620.
#          got: 'POST http://localhost/
# Content-Length: 7
# Content-Type: application/x-www-form-urlencoded
# 
# submit='
#     expected: 'POST http://localhost/
# Content-Length: 7
# Content-Type: application/x-www-form-urlencoded
# 
# submit=
# '
# Looks like you failed 5 tests of 134.
t/form.t ............... 
Dubious, test returned 5 (wstat 1280, 0x500)
Failed 5/134 subtests 

Test Summary Report
-------------------
t/form.t             (Wstat: 1280 (exited 5) Tests: 134 Failed: 5)
  Failed tests:  15, 112-113, 128-129
  Non-zero exit status: 5
Files=12, Tests=223,  0 wallclock secs ( 0.03 usr  0.02 sys +  0.60 cusr  0.12 csys =  0.77 CPU)
Result: FAIL
Failed 1/12 test programs. 5/223 subtests failed.
*** Error code 5

Stop.
make: stopped in /usr/home/cpan/.cpan/build/HTML-Form-6.12-0

------------------------------
PREREQUISITES
------------------------------

Prerequisite modules loaded:

requires:

    Module                Need     Have    
    --------------------- -------- --------
    Carp                  0        1.54    
    Encode                2        3.21    
    HTML::TokeParser      0        3.83    
    HTTP::Request         6        7.01    
    HTTP::Request::Common 6.03     7.01    
    parent                0        0.244   
    perl                  5.008001 5.043004
    strict                0        1.14    
    Test::More            0.96     1.302214
    URI                   1.10     5.34    

build_requires:

    Module                Need     Have    
    --------------------- -------- --------
    ExtUtils::MakeMaker   0        7.76    
    File::Spec            0        3.94    
    HTTP::Response        0        7.01    
    Test::More            0.96     1.302214
    Test::Warnings        0        0.038   
    warnings              0        1.74    

configure_requires:

    Module                Need     Have    
    --------------------- -------- --------
    ExtUtils::MakeMaker   0        7.76    


------------------------------
ENVIRONMENT AND OTHER CONTEXT
------------------------------

Environment variables:

    AUTOMATED_TESTING = 1
    CJG_PERL_COMMIT = a2ff23c0fd
    DATE_MANIP_TEST_DM5 = 1
    LC_ALL = C
    NONINTERACTIVE_TESTING = 1
    NO_NETWORK_TESTING = 1
    PATH = /home/cpan/bin/perl/bin:/home/cpan/bin:/sbin:/bin:/usr/sbin:/usr/bin:/usr/games:/usr/local/sbin:/usr/local/bin:/home/cpan/bin
    PERL5LIB = 
    PERL5OPT = 
    PERL5_CPANPLUS_IS_RUNNING = 61622
    PERL5_CPAN_IS_RUNNING = 61622
    PERL_MM_USE_DEFAULT = 1
    PERL_PERTURB_KEYS = 0
    PERL_USE_UNSAFE_INC = 1
    SHELL = /usr/local/bin/bash
    TERM = screen
    TMPDIR = /home/cpan/tmp

Perl special variables (and OS-specific diagnostics, for MSWin32):

    $^X = /usr/home/cpan/bin/perl/bin/perl5.43.4
    $UID/$EUID = 1002 / 1002
    $GID = 1002 1002
    $EGID = 1002 1002

Perl module toolchain versions installed:

    Module              Have    
    ------------------- --------
    CPAN                2.38    
    CPAN::Meta          2.150010
    Cwd                 3.94    
    ExtUtils::CBuilder  0.280242
    ExtUtils::Command   7.76    
    ExtUtils::Install   2.22    
    ExtUtils::MakeMaker 7.76    
    ExtUtils::Manifest  1.75    
    ExtUtils::ParseXS   3.60    
    File::Spec          3.94    
    JSON                n/a     
    JSON::PP            4.16    
    Module::Build       n/a     
    Module::Signature   n/a     
    Parse::CPAN::Meta   2.150010
    Test2               1.302214
    Test::Harness       3.52    
    Test::More          1.302214
    YAML                1.31    
    YAML::Syck          n/a     
    version             0.9933  


--

Summary of my perl5 (revision 5 version 43 subversion 4) configuration:
  Commit id: a2ff23c0fd40267426bcff0f2b90250875d4387a
  Platform:
    osname=midnightbsd
    osvers=3.2.1
    archname=amd64-midnightbsd
    uname='midnightbsd cjg-midnightbsd3 3.2.1 midnightbsd 3.2.1 #15n13132-0869ed7092(stable3.2)-dirty: wed nov 6 12:53:25 est 2024 root@m3264:usrobjusrsrcamd64.amd64sysgeneric amd64 '
    config_args='-des -Dprefix=/home/cpan/bin/perl -Dscriptdir=/home/cpan/bin/perl/bin -Dusedevel -Duse64bitall'
    hint=recommended
    useposix=true
    d_sigaction=define
    useithreads=undef
    usemultiplicity=undef
    use64bitint=define
    use64bitall=define
    uselongdouble=undef
    usemymalloc=n
    default_inc_excludes_dot=define
  Compiler:
    cc='cc'
    ccflags ='-DHAS_FPSETMASK -DHAS_FLOATINGPOINT_H -fno-strict-aliasing -pipe -fstack-protector-strong -I/usr/local/include'
    optimize='-O'
    cppflags='-DHAS_FPSETMASK -DHAS_FLOATINGPOINT_H -fno-strict-aliasing -pipe -fstack-protector-strong -I/usr/local/include'
    ccversion=''
    gccversion='MidnightBSD Clang 13.0.0 (git@github.com:llvm/llvm-project.git llvmorg-13.0.0-0-gd7b669b3a303)'
    gccosandvers=''
    intsize=4
    longsize=8
    ptrsize=8
    doublesize=8
    byteorder=12345678
    doublekind=3
    d_longlong=define
    longlongsize=8
    d_longdbl=define
    longdblsize=16
    longdblkind=3
    ivtype='long'
    ivsize=8
    nvtype='double'
    nvsize=8
    Off_t='off_t'
    lseeksize=8
    alignbytes=8
    prototype=define
  Linker and Libraries:
    ld='cc'
    ldflags ='-Wl,-E  -fstack-protector-strong -L/usr/local/lib'
    libpth=/usr/lib /usr/local/lib /usr/lib/clang/13.0.0/lib
    libs=-lpthread -lgdbm -ldl -lm -lcrypt -lutil -lc
    perllibs=-lpthread -ldl -lm -lcrypt -lutil -lc
    libc=
    so=so
    useshrplib=false
    libperl=libperl.a
    gnulibc_version=''
  Dynamic Linking:
    dlsrc=dl_dlopen.xs
    dlext=so
    d_dlsymun=undef
    ccdlflags=' '
    cccdlflags='-DPIC -fPIC'
    lddlflags='-shared  -L/usr/local/lib -fstack-protector-strong'


Characteristics of this binary (from libperl): 
  Compile-time options:
    HAS_LONG_DOUBLE
    HAS_STRTOLD
    HAS_TIMES
    PERLIO_LAYERS
    PERL_COPY_ON_WRITE
    PERL_DONT_CREATE_GVSV
    PERL_HASH_FUNC_SIPHASH13
    PERL_HASH_USE_SBOX32
    PERL_MALLOC_WRAP
    PERL_OP_PARENT
    PERL_PRESERVE_IVUV
    PERL_USE_DEVEL
    PERL_USE_SAFE_PUTENV
    USE_64_BIT_ALL
    USE_64_BIT_INT
    USE_LARGE_FILES
    USE_LOCALE
    USE_LOCALE_COLLATE
    USE_LOCALE_CTYPE
    USE_LOCALE_NUMERIC
    USE_LOCALE_TIME
    USE_PERLIO
    USE_PERL_ATOF
  Built under midnightbsd
  Compiled at Oct 20 2025 13:04:15
  %ENV:
    PERL5LIB=""
    PERL5OPT=""
    PERL5_CPANPLUS_IS_RUNNING="61622"
    PERL5_CPAN_IS_RUNNING="61622"
    PERL_MM_USE_DEFAULT="1"
    PERL_PERTURB_KEYS="0"
    PERL_USE_UNSAFE_INC="1"
  @INC:
    /home/cpan/bin/perl/lib/site_perl/5.43.4/amd64-midnightbsd
    /home/cpan/bin/perl/lib/site_perl/5.43.4
    /home/cpan/bin/perl/lib/5.43.4/amd64-midnightbsd
    /home/cpan/bin/perl/lib/5.43.4
    .