Report for OAuth-Consumer-0.03

Back
From: metabase:user:9c36dc84-a30f-11e0-a9fc-0a18abbd4f2f
Subject: FAIL OAuth-Consumer-0.03 v5.20.3 OpenBSD
Date: 2016-12-12T21:59:50Z

This distribution has been tested as part of the CPAN Testers
project, supporting the Perl programming language.  See
http://wiki.cpantesters.org/ for more information or email
questions to cpan-testers-discuss@perl.org


--
Dear Mathias Kende,

This is a computer-generated report for OAuth-Consumer-0.03
on perl 5.20.3, created by CPAN-Reporter-1.2018.

Thank you for uploading your work to CPAN.  However, there was a problem
testing your distribution.

If you think this report is invalid, please consult the CPAN Testers Wiki
for suggestions on how to avoid getting FAIL reports for missing library
or binary dependencies, unsupported operating systems, and so on:

http://wiki.cpantesters.org/wiki/CPANAuthorNotes

Sections of this report:

    * Tester comments
    * Program output
    * Prerequisites
    * Environment and other context

------------------------------
TESTER COMMENTS
------------------------------

Additional comments from tester:

this report is from an automated smoke testing program
and was not reviewed by a human for accuracy

------------------------------
PROGRAM OUTPUT
------------------------------

Output from '/usr/bin/make test':

PERL_DL_NONLAZY=1 "/home/bar/perl5/perlbrew/perls/perl-5.20.3/bin/perl" "-MExtUtils::Command::MM" "-MTest::Harness" "-e" "undef *Test::Harness::Switches; test_harness(0, 'blib/lib', 'blib/arch')" t/*.t
given is experimental at /home/bar/perl5/perlbrew/perls/perl-5.20.3/lib/site_perl/5.20.3/Test/Subs.pm line 324.
when is experimental at /home/bar/perl5/perlbrew/perls/perl-5.20.3/lib/site_perl/5.20.3/Test/Subs.pm line 325.
when is experimental at /home/bar/perl5/perlbrew/perls/perl-5.20.3/lib/site_perl/5.20.3/Test/Subs.pm line 329.
when is experimental at /home/bar/perl5/perlbrew/perls/perl-5.20.3/lib/site_perl/5.20.3/Test/Subs.pm line 333.
given is experimental at /cpan_build/bar/OAuth-Consumer-0.03-0/blib/lib/OAuth/Consumer.pm line 326.
when is experimental at /cpan_build/bar/OAuth-Consumer-0.03-0/blib/lib/OAuth/Consumer.pm line 327.
when is experimental at /cpan_build/bar/OAuth-Consumer-0.03-0/blib/lib/OAuth/Consumer.pm line 328.
given is experimental at /cpan_build/bar/OAuth-Consumer-0.03-0/blib/lib/OAuth/Consumer.pm line 471.
when is experimental at /cpan_build/bar/OAuth-Consumer-0.03-0/blib/lib/OAuth/Consumer.pm line 472.
when is experimental at /cpan_build/bar/OAuth-Consumer-0.03-0/blib/lib/OAuth/Consumer.pm line 476.
when is experimental at /cpan_build/bar/OAuth-Consumer-0.03-0/blib/lib/OAuth/Consumer.pm line 480.
given is experimental at /cpan_build/bar/OAuth-Consumer-0.03-0/blib/lib/OAuth/Consumer.pm line 519.
when is experimental at /cpan_build/bar/OAuth-Consumer-0.03-0/blib/lib/OAuth/Consumer.pm line 520.
when is experimental at /cpan_build/bar/OAuth-Consumer-0.03-0/blib/lib/OAuth/Consumer.pm line 523.
when is experimental at /cpan_build/bar/OAuth-Consumer-0.03-0/blib/lib/OAuth/Consumer.pm line 526.
t/sandbox.t ......... skipped: You need a Perl with thread
given is experimental at /home/bar/perl5/perlbrew/perls/perl-5.20.3/lib/site_perl/5.20.3/Test/Subs.pm line 324.
when is experimental at /home/bar/perl5/perlbrew/perls/perl-5.20.3/lib/site_perl/5.20.3/Test/Subs.pm line 325.
when is experimental at /home/bar/perl5/perlbrew/perls/perl-5.20.3/lib/site_perl/5.20.3/Test/Subs.pm line 329.
when is experimental at /home/bar/perl5/perlbrew/perls/perl-5.20.3/lib/site_perl/5.20.3/Test/Subs.pm line 333.
given is experimental at /cpan_build/bar/OAuth-Consumer-0.03-0/blib/lib/OAuth/Consumer.pm line 326.
when is experimental at /cpan_build/bar/OAuth-Consumer-0.03-0/blib/lib/OAuth/Consumer.pm line 327.
when is experimental at /cpan_build/bar/OAuth-Consumer-0.03-0/blib/lib/OAuth/Consumer.pm line 328.
given is experimental at /cpan_build/bar/OAuth-Consumer-0.03-0/blib/lib/OAuth/Consumer.pm line 471.
when is experimental at /cpan_build/bar/OAuth-Consumer-0.03-0/blib/lib/OAuth/Consumer.pm line 472.
when is experimental at /cpan_build/bar/OAuth-Consumer-0.03-0/blib/lib/OAuth/Consumer.pm line 476.
when is experimental at /cpan_build/bar/OAuth-Consumer-0.03-0/blib/lib/OAuth/Consumer.pm line 480.
given is experimental at /cpan_build/bar/OAuth-Consumer-0.03-0/blib/lib/OAuth/Consumer.pm line 519.
when is experimental at /cpan_build/bar/OAuth-Consumer-0.03-0/blib/lib/OAuth/Consumer.pm line 520.
when is experimental at /cpan_build/bar/OAuth-Consumer-0.03-0/blib/lib/OAuth/Consumer.pm line 523.
when is experimental at /cpan_build/bar/OAuth-Consumer-0.03-0/blib/lib/OAuth/Consumer.pm line 526.
t/sandbox_thread.t .. skipped: You need a Perl with thread
given is experimental at /home/bar/perl5/perlbrew/perls/perl-5.20.3/lib/site_perl/5.20.3/Test/Subs.pm line 324.
when is experimental at /home/bar/perl5/perlbrew/perls/perl-5.20.3/lib/site_perl/5.20.3/Test/Subs.pm line 325.
when is experimental at /home/bar/perl5/perlbrew/perls/perl-5.20.3/lib/site_perl/5.20.3/Test/Subs.pm line 329.
when is experimental at /home/bar/perl5/perlbrew/perls/perl-5.20.3/lib/site_perl/5.20.3/Test/Subs.pm line 333.
given is experimental at /cpan_build/bar/OAuth-Consumer-0.03-0/blib/lib/OAuth/Consumer.pm line 326.
when is experimental at /cpan_build/bar/OAuth-Consumer-0.03-0/blib/lib/OAuth/Consumer.pm line 327.
when is experimental at /cpan_build/bar/OAuth-Consumer-0.03-0/blib/lib/OAuth/Consumer.pm line 328.
given is experimental at /cpan_build/bar/OAuth-Consumer-0.03-0/blib/lib/OAuth/Consumer.pm line 471.
when is experimental at /cpan_build/bar/OAuth-Consumer-0.03-0/blib/lib/OAuth/Consumer.pm line 472.
when is experimental at /cpan_build/bar/OAuth-Consumer-0.03-0/blib/lib/OAuth/Consumer.pm line 476.
when is experimental at /cpan_build/bar/OAuth-Consumer-0.03-0/blib/lib/OAuth/Consumer.pm line 480.
given is experimental at /cpan_build/bar/OAuth-Consumer-0.03-0/blib/lib/OAuth/Consumer.pm line 519.
when is experimental at /cpan_build/bar/OAuth-Consumer-0.03-0/blib/lib/OAuth/Consumer.pm line 520.
when is experimental at /cpan_build/bar/OAuth-Consumer-0.03-0/blib/lib/OAuth/Consumer.pm line 523.
when is experimental at /cpan_build/bar/OAuth-Consumer-0.03-0/blib/lib/OAuth/Consumer.pm line 526.
Use of uninitialized value $token in concatenation (.) or string at /cpan_build/bar/OAuth-Consumer-0.03-0/blib/lib/OAuth/Consumer.pm line 504.
Use of uninitialized value $token in string eq at t/simple.t line 41.
t/simple.t .......... 
Failed 2/8 subtests 
given is experimental at /home/bar/perl5/perlbrew/perls/perl-5.20.3/lib/site_perl/5.20.3/Test/Subs.pm line 324.
when is experimental at /home/bar/perl5/perlbrew/perls/perl-5.20.3/lib/site_perl/5.20.3/Test/Subs.pm line 325.
when is experimental at /home/bar/perl5/perlbrew/perls/perl-5.20.3/lib/site_perl/5.20.3/Test/Subs.pm line 329.
when is experimental at /home/bar/perl5/perlbrew/perls/perl-5.20.3/lib/site_perl/5.20.3/Test/Subs.pm line 333.
given is experimental at /cpan_build/bar/OAuth-Consumer-0.03-0/blib/lib/OAuth/Consumer.pm line 326.
when is experimental at /cpan_build/bar/OAuth-Consumer-0.03-0/blib/lib/OAuth/Consumer.pm line 327.
when is experimental at /cpan_build/bar/OAuth-Consumer-0.03-0/blib/lib/OAuth/Consumer.pm line 328.
given is experimental at /cpan_build/bar/OAuth-Consumer-0.03-0/blib/lib/OAuth/Consumer.pm line 471.
when is experimental at /cpan_build/bar/OAuth-Consumer-0.03-0/blib/lib/OAuth/Consumer.pm line 472.
when is experimental at /cpan_build/bar/OAuth-Consumer-0.03-0/blib/lib/OAuth/Consumer.pm line 476.
when is experimental at /cpan_build/bar/OAuth-Consumer-0.03-0/blib/lib/OAuth/Consumer.pm line 480.
given is experimental at /cpan_build/bar/OAuth-Consumer-0.03-0/blib/lib/OAuth/Consumer.pm line 519.
when is experimental at /cpan_build/bar/OAuth-Consumer-0.03-0/blib/lib/OAuth/Consumer.pm line 520.
when is experimental at /cpan_build/bar/OAuth-Consumer-0.03-0/blib/lib/OAuth/Consumer.pm line 523.
when is experimental at /cpan_build/bar/OAuth-Consumer-0.03-0/blib/lib/OAuth/Consumer.pm line 526.
Use of uninitialized value $token in concatenation (.) or string at /cpan_build/bar/OAuth-Consumer-0.03-0/blib/lib/OAuth/Consumer.pm line 504.
t/timeout.t ......... ok

Test Summary Report
-------------------
t/simple.t        (Wstat: 0 Tests: 8 Failed: 2)
  Failed tests:  6, 8
Files=4, Tests=11,  7 wallclock secs ( 0.06 usr  0.04 sys +  0.85 cusr  0.41 csys =  1.36 CPU)
Result: FAIL
Failed 1/4 test programs. 2/11 subtests failed.
*** Error 255 in /cpan_build/bar/OAuth-Consumer-0.03-0 (Makefile:858 'test_dynamic')

------------------------------
PREREQUISITES
------------------------------

Prerequisite modules loaded:

requires:

    Module              Need     Have    
    ------------------- -------- --------
    Carp                0        1.38    
    Encode              0        2.87    
    HTML::Entities      0        3.69    
    HTTP::Response      0        6.11    
    IO::Socket::INET    0        1.35    
    LWP::Authen::OAuth  0        1.02    
    perl                5.008000 5.020003
    URI::Escape         0        3.31    

build_requires:

    Module              Need     Have    
    ------------------- -------- --------
    LWP::UserAgent      0        6.15    
    Test::Subs          0.07     0.08    
    WWW::Mechanize      0        1.83    

configure_requires:

    Module              Need     Have    
    ------------------- -------- --------
    ExtUtils::MakeMaker 6.3002   7.24    


------------------------------
ENVIRONMENT AND OTHER CONTEXT
------------------------------

Environment variables:

    AUTOMATED_TESTING = 1
    PATH = /home/bar/bin:/home/bar/perl5/perlbrew/bin:/home/bar/perl5/perlbrew/perls/perl-5.20.3/bin:/usr/bin:/bin:/usr/sbin:/sbin:/usr/X11R6/bin:/usr/local/bin:/usr/local/sbin
    PERL5LIB = 
    PERL5OPT = 
    PERL5_CPANPLUS_IS_RUNNING = 27318
    PERL5_CPAN_IS_RUNNING = 27318
    PERL5_CPAN_IS_RUNNING_IN_RECURSION = 22591,27318
    PERLBREW_BASHRC_VERSION = 0.76
    PERLBREW_HOME = /home/bar/.perlbrew
    PERLBREW_MANPATH = /home/bar/perl5/perlbrew/perls/perl-5.20.3/man
    PERLBREW_PATH = /home/bar/perl5/perlbrew/bin:/home/bar/perl5/perlbrew/perls/perl-5.20.3/bin
    PERLBREW_PERL = perl-5.20.3
    PERLBREW_ROOT = /home/bar/perl5/perlbrew
    PERLBREW_VERSION = 0.76
    PERL_CR_SMOKER_CURRENT = OAuth-Consumer-0.03
    PERL_EXTUTILS_AUTOINSTALL = --defaultdeps
    PERL_MM_USE_DEFAULT = 1
    SHELL = /usr/local/bin/bash
    TERM = vt220

Perl special variables (and OS-specific diagnostics, for MSWin32):

    $^X = /home/bar/perl5/perlbrew/perls/perl-5.20.3/bin/perl
    $UID/$EUID = 1002 / 1002
    $GID = 1002 1002
    $EGID = 1002 1002

Perl module toolchain versions installed:

    Module              Have    
    ------------------- --------
    CPAN                2.14    
    CPAN::Meta          2.150010
    Cwd                 3.62    
    ExtUtils::CBuilder  0.280224
    ExtUtils::Command   7.24    
    ExtUtils::Install   2.04    
    ExtUtils::MakeMaker 7.24    
    ExtUtils::Manifest  1.70    
    ExtUtils::ParseXS   3.30    
    File::Spec          3.62    
    JSON                2.90    
    JSON::PP            2.27400 
    Module::Build       0.4220  
    Module::Signature   n/a     
    Parse::CPAN::Meta   2.150010
    Test::Harness       3.36    
    Test::More          1.302067
    YAML                1.19_001
    YAML::Syck          1.29    
    version             0.9912  


--

Summary of my perl5 (revision 5 version 20 subversion 3) configuration:
   
  Platform:
    osname=openbsd, osvers=5.9, archname=OpenBSD.amd64-openbsd
    uname='openbsd baiacu.spo.virtua.com.br 5.9 generic.mp#1888 amd64 '
    config_args='-de -Dprefix=/home/bar/perl5/perlbrew/perls/perl-5.20.3 -Aeval:scriptdir=/home/bar/perl5/perlbrew/perls/perl-5.20.3/bin'
    hint=recommended, useposix=true, d_sigaction=define
    useithreads=undef, usemultiplicity=undef
    use64bitint=define, use64bitall=define, uselongdouble=undef
    usemymalloc=n, bincompat5005=undef
  Compiler:
    cc='cc', ccflags ='-fno-strict-aliasing -pipe -fstack-protector -I/usr/local/include',
    optimize='-O2',
    cppflags='-fno-strict-aliasing -pipe -fstack-protector -I/usr/local/include'
    ccversion='', gccversion='4.2.1 20070719 ', gccosandvers='openbsd5.9'
    intsize=4, longsize=8, ptrsize=8, doublesize=8, byteorder=12345678
    d_longlong=define, longlongsize=8, d_longdbl=define, longdblsize=16
    ivtype='long', ivsize=8, nvtype='double', nvsize=8, Off_t='off_t', lseeksize=8
    alignbytes=8, prototype=define
  Linker and Libraries:
    ld='cc', ldflags ='-Wl,-E  -fstack-protector -L/usr/local/lib'
    libpth=/usr/lib /usr/local/lib
    libs=-lpthread -lm -lutil -lc
    perllibs=-lpthread -lm -lutil -lc
    libc=/usr/lib/libc.so.84.2, so=so, useshrplib=false, libperl=libperl.a
    gnulibc_version=''
  Dynamic Linking:
    dlsrc=dl_dlopen.xs, dlext=so, d_dlsymun=undef, ccdlflags=' '
    cccdlflags='-DPIC -fPIC ', lddlflags='-shared -fPIC  -L/usr/local/lib -fstack-protector'


Characteristics of this binary (from libperl): 
  Compile-time options: HAS_TIMES PERLIO_LAYERS PERL_DONT_CREATE_GVSV
                        PERL_HASH_FUNC_ONE_AT_A_TIME_HARD PERL_MALLOC_WRAP
                        PERL_NEW_COPY_ON_WRITE PERL_PRESERVE_IVUV
                        USE_64_BIT_ALL USE_64_BIT_INT USE_LARGE_FILES
                        USE_LOCALE USE_LOCALE_COLLATE USE_LOCALE_CTYPE
                        USE_LOCALE_NUMERIC USE_PERLIO USE_PERL_ATOF
  Locally applied patches:
	Devel::PatchPerl 1.38
  Built under openbsd
  Compiled at Sep 12 2016 22:30:16
  %ENV:
    PERL5LIB=""
    PERL5OPT=""
    PERL5_CPANPLUS_IS_RUNNING="27318"
    PERL5_CPAN_IS_RUNNING="27318"
    PERL5_CPAN_IS_RUNNING_IN_RECURSION="22591,27318"
    PERLBREW_BASHRC_VERSION="0.76"
    PERLBREW_HOME="/home/bar/.perlbrew"
    PERLBREW_MANPATH="/home/bar/perl5/perlbrew/perls/perl-5.20.3/man"
    PERLBREW_PATH="/home/bar/perl5/perlbrew/bin:/home/bar/perl5/perlbrew/perls/perl-5.20.3/bin"
    PERLBREW_PERL="perl-5.20.3"
    PERLBREW_ROOT="/home/bar/perl5/perlbrew"
    PERLBREW_VERSION="0.76"
    PERL_CR_SMOKER_CURRENT="OAuth-Consumer-0.03"
    PERL_EXTUTILS_AUTOINSTALL="--defaultdeps"
    PERL_MM_USE_DEFAULT="1"
  @INC:
    /home/bar/perl5/perlbrew/perls/perl-5.20.3/lib/site_perl/5.20.3/OpenBSD.amd64-openbsd
    /home/bar/perl5/perlbrew/perls/perl-5.20.3/lib/site_perl/5.20.3
    /home/bar/perl5/perlbrew/perls/perl-5.20.3/lib/5.20.3/OpenBSD.amd64-openbsd
    /home/bar/perl5/perlbrew/perls/perl-5.20.3/lib/5.20.3
    .