Report for HTML-CheckArgs-0.11

Back
From: metabase:user:30f4dfbe-2aae-11df-837a-5e0a49663a4f
Subject: FAIL HTML-CheckArgs-0.11 v5.14.4 SunOS/Solaris
Date: 2014-04-29T21:29:11Z

This distribution has been tested as part of the CPAN Testers
project, supporting the Perl programming language.  See
http://wiki.cpantesters.org/ for more information or email
questions to cpan-testers-discuss@perl.org


--
Dear Eric Folley,

This is a computer-generated report for HTML-CheckArgs-0.11
on perl 5.14.4, created by CPAN-Reporter-1.2011.

Thank you for uploading your work to CPAN.  However, there was a problem
testing your distribution.

If you think this report is invalid, please consult the CPAN Testers Wiki
for suggestions on how to avoid getting FAIL reports for missing library
or binary dependencies, unsupported operating systems, and so on:

http://wiki.cpantesters.org/wiki/CPANAuthorNotes

Sections of this report:

    * Tester comments
    * Program output
    * Prerequisites
    * Environment and other context

------------------------------
TESTER COMMENTS
------------------------------

Additional comments from tester:

none provided

------------------------------
PROGRAM OUTPUT
------------------------------

Output from '/usr/bin/make test':

PERL_DL_NONLAZY=1 /home/hornenj/perl5/perlbrew/perls/perl-5.14.4/bin/perl "-MExtUtils::Command::MM" "-MTest::Harness" "-e" "undef *Test::Harness::Switches; test_harness(0, 'blib/lib', 'blib/arch')" t/*.t

#   Failed test at t/cc_expiration.t line 29.
#          got: undef
#     expected: '201008'

#   Failed test at t/cc_expiration.t line 30.
#          got: 'cc_expiration_02'
#     expected: undef
# Looks like you failed 2 tests of 12.
t/cc_expiration.t .. 
Dubious, test returned 2 (wstat 512, 0x200)
Failed 2/12 subtests 
t/cc_number.t ...... ok
Use of uninitialized value $abbr in lc at /home/hornenj/.cpan/build/HTML-CheckArgs-0.11-v5bluW/blib/lib/HTML/CheckArgs/country.pm line 40, <DATA> line 290.
Use of uninitialized value $name in lc at /home/hornenj/.cpan/build/HTML-CheckArgs-0.11-v5bluW/blib/lib/HTML/CheckArgs/country.pm line 40, <DATA> line 290.
t/country.t ........ ok
t/date.t ........... ok
t/dollar.t ......... ok
t/email.t .......... ok
t/integer.t ........ ok
t/option.t ......... ok
t/phone.t .......... ok
t/postal_code.t .... ok
t/state.t .......... ok
t/string.t ......... ok
t/url.t ............ ok

Test Summary Report
-------------------
t/cc_expiration.t (Wstat: 512 Tests: 12 Failed: 2)
  Failed tests:  4-5
  Non-zero exit status: 2
Files=13, Tests=207, 11 wallclock secs ( 0.38 usr  0.19 sys +  8.29 cusr  1.16 csys = 10.02 CPU)
Result: FAIL
Failed 1/13 test programs. 2/207 subtests failed.
*** Error code 255
make: Fatal error: Command failed for target `test_dynamic'

------------------------------
PREREQUISITES
------------------------------

Prerequisite modules loaded:

requires:

    Module               Need  Have      
    -------------------- ----- ----------
    Carp                 0     1.3301    
    Email::Valid         0.15  1.193     
    Geography::Countries 1.4   2009041301
    HTML::FormatData     0.08  0.10      
    LWP::UserAgent       2.031 6.06      
    Scalar::Util         1.14  1.38      
    URI::Find            0.14  20111103  

build_requires:

    Module               Need  Have      
    -------------------- ----- ----------
    ExtUtils::MakeMaker  0     6.96      


------------------------------
ENVIRONMENT AND OTHER CONTEXT
------------------------------

Environment variables:

    LANG = en_US.UTF-8
    LC_ALL = 
    LC_COLLATE = 
    LC_CTYPE = 
    LC_MESSAGES = 
    LC_MONETARY = 
    LC_NUMERIC = 
    LC_TIME = 
    LD_LIBRARY_PATH = :/usr/local/lib
    PATH = /home/hornenj/perl5/perlbrew/bin:/home/hornenj/perl5/perlbrew/perls/perl-5.14.4/bin:/home/hornenj/bin:/opt/local/bin:/usr/dt/bin:/usr/openwin/bin:/usr/bin:/usr/gnu/bin:/usr/ncbi/bin:/usr/ncbi/OL/bin:/usr/ncbi/X11/bin:/netopt/studio12/SUNWspro/bin:/usr/sfw/bin:/usr/ucb
    PERL5LIB = 
    PERL5OPT = 
    PERL5_CPANPLUS_IS_RUNNING = 8448
    PERL5_CPAN_IS_RUNNING = 8448
    PERLBREW_BASHRC_VERSION = 0.67
    PERLBREW_HOME = /home/hornenj/.perlbrew
    PERLBREW_MANPATH = /home/hornenj/perl5/perlbrew/perls/perl-5.14.4/man
    PERLBREW_PATH = /home/hornenj/perl5/perlbrew/bin:/home/hornenj/perl5/perlbrew/perls/perl-5.14.4/bin
    PERLBREW_PERL = perl-5.14.4
    PERLBREW_ROOT = /home/hornenj/perl5/perlbrew
    PERLBREW_VERSION = 0.67
    SHELL = /bin/bash
    TERM = xterm

Perl special variables (and OS-specific diagnostics, for MSWin32):

    $^X = /home/hornenj/perl5/perlbrew/perls/perl-5.14.4/bin/perl
    $UID/$EUID = 12481 / 12481
    $GID = 14 14 5344 241 527
    $EGID = 14 14 5344 241 527

Perl module toolchain versions installed:

    Module              Have    
    ------------------- --------
    CPAN                2.05    
    CPAN::Meta          2.141170
    Cwd                 3.40    
    ExtUtils::CBuilder  0.280216
    ExtUtils::Command   1.18    
    ExtUtils::Install   1.66    
    ExtUtils::MakeMaker 6.96    
    ExtUtils::Manifest  1.63    
    ExtUtils::ParseXS   3.24    
    File::Spec          3.40    
    JSON                2.90    
    JSON::PP            2.27203 
    Module::Build       0.4005  
    Module::Signature   n/a     
    Parse::CPAN::Meta   1.4414  
    Test::Harness       3.28    
    Test::More          1.001003
    YAML                0.90    
    YAML::Syck          1.27    
    version             0.9908  


--

Summary of my perl5 (revision 5 version 14 subversion 4) configuration:
   
  Platform:
    osname=solaris, osvers=2.11, archname=sun4-solaris-thread-multi
    uname='sunos irb11ss 5.11 11.1 sun4v sparc sun4v '
    config_args='-Duseithreads -Dusemultiplicity -Dinstallprefix=/home/hornenj/perl5/perlbrew/perls/perl-5.14.4 -Dprefix=/home/hornenj/perl5/perlbrew/perls/perl-5.14.4 -de -Accflags=-O -v -xstrconst -D__EXTENSIONS__ -I/usr/local/include -native'
    hint=recommended, useposix=true, d_sigaction=define
    useithreads=define, usemultiplicity=define
    useperlio=define, d_sfio=undef, uselargefiles=define, usesocks=undef
    use64bitint=undef, use64bitall=undef, uselongdouble=undef
    usemymalloc=n, bincompat5005=undef
  Compiler:
    cc='cc', ccflags ='-D_REENTRANT -O -v -xstrconst -D__EXTENSIONS__ -I/usr/local/include -native -D_LARGEFILE_SOURCE -D_FILE_OFFSET_BITS=64 -DPERL_USE_SAFE_PUTENV',
    optimize='-O',
    cppflags='-D_REENTRANT -O -v -xstrconst -D__EXTENSIONS__ -I/usr/local/include -native'
    ccversion='Sun C 5.9 SunOS_sparc Patch 124867-16 2010/08/11', gccversion='', gccosandvers=''
    intsize=4, longsize=4, ptrsize=4, doublesize=8, byteorder=4321
    d_longlong=define, longlongsize=8, d_longdbl=define, longdblsize=16
    ivtype='long', ivsize=4, nvtype='double', nvsize=8, Off_t='off_t', lseeksize=8
    alignbytes=8, prototype=define
  Linker and Libraries:
    ld='cc', ldflags =' -L/usr/lib -L/usr/ccs/lib -L/netopt/studio12/SUNWspro/prod/lib/sparc -L/netopt/studio12/SUNWspro/prod/lib -L/lib -L/usr/gnu/lib '
    libpth=/usr/lib /usr/ccs/lib /netopt/studio12/SUNWspro/prod/lib/sparc /netopt/studio12/SUNWspro/prod/lib /lib /usr/gnu/lib
    libs=-lsocket -lnsl -lgdbm -ldb -ldl -lm -lpthread -lc
    perllibs=-lsocket -lnsl -ldl -lm -lpthread -lc
    libc=/lib/libc.so, so=so, useshrplib=false, libperl=libperl.a
    gnulibc_version=''
  Dynamic Linking:
    dlsrc=dl_dlopen.xs, dlext=so, d_dlsymun=undef, ccdlflags=' '
    cccdlflags='-KPIC', lddlflags='-G -L/usr/lib -L/usr/ccs/lib -L/netopt/studio12/SUNWspro/prod/lib/sparc -L/netopt/studio12/SUNWspro/prod/lib -L/lib -L/usr/gnu/lib'


Characteristics of this binary (from libperl): 
  Compile-time options: MULTIPLICITY PERL_DONT_CREATE_GVSV
                        PERL_IMPLICIT_CONTEXT PERL_MALLOC_WRAP
                        PERL_PRESERVE_IVUV PERL_USE_SAFE_PUTENV USE_ITHREADS
                        USE_LARGE_FILES USE_PERLIO USE_PERL_ATOF
                        USE_REENTRANT_API
  Built under solaris
  Compiled at Jan 27 2014 09:06:44
  %ENV:
    PERL5LIB=""
    PERL5OPT=""
    PERL5_CPANPLUS_IS_RUNNING="8448"
    PERL5_CPAN_IS_RUNNING="8448"
    PERLBREW_BASHRC_VERSION="0.67"
    PERLBREW_HOME="/home/hornenj/.perlbrew"
    PERLBREW_MANPATH="/home/hornenj/perl5/perlbrew/perls/perl-5.14.4/man"
    PERLBREW_PATH="/home/hornenj/perl5/perlbrew/bin:/home/hornenj/perl5/perlbrew/perls/perl-5.14.4/bin"
    PERLBREW_PERL="perl-5.14.4"
    PERLBREW_ROOT="/home/hornenj/perl5/perlbrew"
    PERLBREW_VERSION="0.67"
  @INC:
    /home/hornenj/perl5/perlbrew/perls/perl-5.14.4/lib/site_perl/5.14.4/sun4-solaris-thread-multi
    /home/hornenj/perl5/perlbrew/perls/perl-5.14.4/lib/site_perl/5.14.4
    /home/hornenj/perl5/perlbrew/perls/perl-5.14.4/lib/5.14.4/sun4-solaris-thread-multi
    /home/hornenj/perl5/perlbrew/perls/perl-5.14.4/lib/5.14.4
    .