Report for OpenERP-XMLRPC-Simple-0.14

Back
From: metabase:user:320bfe00-2aae-11df-837a-5e0a49663a4f
Subject: NA OpenERP-XMLRPC-Simple-0.14 v5.8.9 GNU/Linux
Date: 2016-05-17T15:52:05Z

This distribution has been tested as part of the CPAN Testers
project, supporting the Perl programming language.  See
http://wiki.cpantesters.org/ for more information or email
questions to cpan-testers-discuss@perl.org


--
Dear Colin Newell,

This is a computer-generated report for OpenERP-XMLRPC-Simple-0.14
on perl 5.8.9, created by CPAN-Reporter-1.2017.

Thank you for uploading your work to CPAN.  While attempting to build or test
this distribution, the distribution signaled that support is not available
either for this operating system or this version of Perl.  Nevertheless, any
diagnostic output produced is provided below for reference.  If this is not
what you expect, you may wish to consult the CPAN Testers Wiki:

http://wiki.cpantesters.org/wiki/CPANAuthorNotes

Sections of this report:

    * Tester comments
    * Program output
    * Prerequisites
    * Environment and other context

------------------------------
TESTER COMMENTS
------------------------------

Additional comments from tester:

this report is from an automated smoke testing program
and was not reviewed by a human for accuracy

------------------------------
PROGRAM OUTPUT
------------------------------

Output from '/usr/bin/make test':

PERL_DL_NONLAZY=1 "/home/sand/src/perl/repoperls/installed-perls/perl/perl-5.8.9/109d/bin/perl" "-MExtUtils::Command::MM" "-MTest::Harness" "-e" "undef *Test::Harness::Switches; test_harness(0, 'blib/lib', 'blib/arch')" t/*.t

#   Failed test 'use OpenERP::XMLRPC::Client;'
#   at t/00-load.t line 9.
#     Tried to use 'OpenERP::XMLRPC::Client'.
#     Error:  Perl v5.10.0 required--this is only v5.8.9, stopped at /tmp/loop_over_bdir-21751-HRxT33/OpenERP-XMLRPC-Simple-0.14-0/blib/lib/OpenERP/XMLRPC/Client.pm line 6.
# BEGIN failed--compilation aborted at /tmp/loop_over_bdir-21751-HRxT33/OpenERP-XMLRPC-Simple-0.14-0/blib/lib/OpenERP/XMLRPC/Client.pm line 6.
# Compilation failed in require at t/00-load.t line 9.
# BEGIN failed--compilation aborted at t/00-load.t line 9.
# Testing OpenERP::XMLRPC::Client 
# Looks like you failed 1 test of 1.
t/00-load.t ........... 
Dubious, test returned 1 (wstat 256, 0x100)
Failed 1/1 subtests 

#   Failed test 'use OpenERP::XMLRPC::Client;'
#   at t/01-xmlrpc-client.t line 12.
#     Tried to use 'OpenERP::XMLRPC::Client'.
#     Error:  Perl v5.10.0 required--this is only v5.8.9, stopped at /tmp/loop_over_bdir-21751-HRxT33/OpenERP-XMLRPC-Simple-0.14-0/blib/lib/OpenERP/XMLRPC/Client.pm line 6.
# BEGIN failed--compilation aborted at /tmp/loop_over_bdir-21751-HRxT33/OpenERP-XMLRPC-Simple-0.14-0/blib/lib/OpenERP/XMLRPC/Client.pm line 6.
# Compilation failed in require at t/01-xmlrpc-client.t line 12.
# BEGIN failed--compilation aborted at t/01-xmlrpc-client.t line 12.
Could not start the server: Address already in use at /tmp/loop_over_bdir-21751-HRxT33/OpenERP-XMLRPC-Simple-0.14-0/t/lib/Test/MockOpenERP.pm line 60.
Process() called on undefined socket.  Check the result from Start().
     at /tmp/loop_over_bdir-21751-HRxT33/OpenERP-XMLRPC-Simple-0.14-0/t/lib/Test/MockOpenERP.pm line 62.
Can't call method "close" on an undefined value at /tmp/loop_over_bdir-21751-HRxT33/OpenERP-XMLRPC-Simple-0.14-0/t/lib/Test/MockOpenERP.pm line 125.
# Tests were run but no plan was declared and done_testing() was not seen.
# Looks like your test exited with 2 just after 1.
t/01-xmlrpc-client.t .. 
Dubious, test returned 2 (wstat 512, 0x200)
Failed 1/1 subtests 

#   Failed test 'use OpenERP::XMLRPC::Client;'
#   at t/02-xmlrpc-simple.t line 13.
#     Tried to use 'OpenERP::XMLRPC::Client'.
#     Error:  Perl v5.10.0 required--this is only v5.8.9, stopped at /tmp/loop_over_bdir-21751-HRxT33/OpenERP-XMLRPC-Simple-0.14-0/blib/lib/OpenERP/XMLRPC/Client.pm line 6.
# BEGIN failed--compilation aborted at /tmp/loop_over_bdir-21751-HRxT33/OpenERP-XMLRPC-Simple-0.14-0/blib/lib/OpenERP/XMLRPC/Client.pm line 6.
# Compilation failed in require at t/02-xmlrpc-simple.t line 13.
# BEGIN failed--compilation aborted at t/02-xmlrpc-simple.t line 13.
# 
# #################################################################
# #                                                               #
# # The following tests are built to run against a Mock OpenERP.  #
# # (and will do, by default)                                     #
# # To run the tests against a real OpenERP please specify the    #
# # following $ENV variables                                      #
# #                                                               #
# #     OPENERP_SIMPLE_HOST - required!                           #
# #     OPENERP_SIMPLE_PORT - default = 8069                      #
# #     OPENERP_SIMPLE_NAME - default = terp                      #
# #     OPENERP_SIMPLE_USER - default = admin                     #
# #     OPENERP_SIMPLE_PASS - default = admin                     #
# #                                                               #
# #################################################################
# Testing against mock OpenERP server
Could not start the server: Address already in use at /tmp/loop_over_bdir-21751-HRxT33/OpenERP-XMLRPC-Simple-0.14-0/t/lib/Test/MockOpenERP.pm line 60.
Process() called on undefined socket.  Check the result from Start().
     at /tmp/loop_over_bdir-21751-HRxT33/OpenERP-XMLRPC-Simple-0.14-0/t/lib/Test/MockOpenERP.pm line 62.
Can't call method "close" on an undefined value at /tmp/loop_over_bdir-21751-HRxT33/OpenERP-XMLRPC-Simple-0.14-0/t/lib/Test/MockOpenERP.pm line 125.
# Looks like your test exited with 2 just after 1.
t/02-xmlrpc-simple.t .. 
Dubious, test returned 2 (wstat 512, 0x200)
Failed 18/18 subtests 
t/author-critic.t ..... skipped: these tests are for testing by the author
t/pod.t ............... skipped: set TEST_POD to enable this test

Test Summary Report
-------------------
t/00-load.t         (Wstat: 256 Tests: 1 Failed: 1)
  Failed test:  1
  Non-zero exit status: 1
t/01-xmlrpc-client.t (Wstat: 512 Tests: 1 Failed: 1)
  Failed test:  1
  Non-zero exit status: 2
  Parse errors: No plan found in TAP output
t/02-xmlrpc-simple.t (Wstat: 512 Tests: 1 Failed: 1)
  Failed test:  1
  Non-zero exit status: 2
  Parse errors: Bad plan.  You planned 18 tests but ran 1.
Files=5, Tests=3,  3 wallclock secs ( 0.04 usr  0.03 sys +  0.48 cusr  0.08 csys =  0.63 CPU)
Result: FAIL
Failed 3/5 test programs. 3/3 subtests failed.
Makefile:855: recipe for target 'test_dynamic' failed
make: *** [test_dynamic] Error 255

------------------------------
PREREQUISITES
------------------------------

Prerequisite modules loaded:

requires:

    Module                       Need    Have   
    ---------------------------- ------- -------
    File::ShareDir               1.02    1.102  
    File::Slurp                  9999.13 9999.19
    Moose                        1.15    2.1801 
    MooseX::Role::XMLRPC::Client 0.04    0.06   
    Net::HTTPServer              v1.1.1  1.1.1  
    XML::Simple                  2.18    2.22   

configure_requires:

    Module                       Need    Have   
    ---------------------------- ------- -------
    ExtUtils::MakeMaker          6.31    7.17_03


------------------------------
ENVIRONMENT AND OTHER CONTEXT
------------------------------

Environment variables:

    AUTOMATED_TESTING = 1
    LANG = en_US.UTF-8
    LANGUAGE = en_US:en
    PATH = /usr/lib/ccache:/home/sand/bin:/usr/local/bin:/usr/bin:/bin:/usr/games:/usr/local/perl/bin:/usr/X11/bin:/sbin:/usr/sbin
    PERL5LIB = 
    PERL5OPT = 
    PERL5_CPANPLUS_IS_RUNNING = 21752
    PERL5_CPAN_IS_RUNNING = 21752
    PERL_CANARY_STABILITY_NOPROMPT = 1
    PERL_MM_USE_DEFAULT = 1
    SHELL = /usr/bin/zsh
    TERM = screen

Perl special variables (and OS-specific diagnostics, for MSWin32):

    $^X = /home/sand/src/perl/repoperls/installed-perls/perl/perl-5.8.9/109d/bin/perl
    $UID/$EUID = 1005 / 1005
    $GID = 1005 1005
    $EGID = 1005 1005

Perl module toolchain versions installed:

    Module              Have    
    ------------------- --------
    CPAN                2.12    
    CPAN::Meta          2.150005
    Cwd                 3.62    
    ExtUtils::CBuilder  0.280224
    ExtUtils::Command   7.17_03 
    ExtUtils::Install   1.54    
    ExtUtils::MakeMaker 7.17_03 
    ExtUtils::Manifest  1.70    
    ExtUtils::ParseXS   3.30    
    File::Spec          3.62    
    JSON                2.90    
    JSON::PP            2.27400 
    Module::Build       0.4218  
    Module::Signature   0.79    
    Parse::CPAN::Meta   1.4417  
    Test::Harness       3.36    
    Test::More          1.302017
    YAML                1.15    
    YAML::Syck          1.29    
    version             0.9916  


--

Summary of my perl5 (revision 5 version 8 subversion 9) configuration:
  Platform:
    osname=linux, osvers=4.3.0-1-amd64, archname=x86_64-linux-thread-multi-ld
    uname='linux k83 4.3.0-1-amd64 #1 smp debian 4.3.3-7 (2016-01-19) x86_64 gnulinux '
    config_args='-Dprefix=/home/sand/src/perl/repoperls/installed-perls/perl/perl-5.8.9/109d -Dmyhostname=k83 -Dinstallusrbinperl=n -Uversiononly -Dusedevel -des -Ui_db -Dlibswanted=cl pthread socket inet nsl gdbm dbm malloc dl ld sun m crypt sec util c cposix posix ucb BSD gdbm_compat -Duseithreads -Duselongdouble -DDEBUGGING=-g'
    hint=recommended, useposix=true, d_sigaction=define
    usethreads=define use5005threads=undef useithreads=define usemultiplicity=define
    useperlio=define d_sfio=undef uselargefiles=define usesocks=undef
    use64bitint=define use64bitall=define uselongdouble=define
    usemymalloc=n, bincompat5005=undef
  Compiler:
    cc='cc', ccflags ='-D_REENTRANT -D_GNU_SOURCE -fno-strict-aliasing -pipe -I/usr/local/include -D_LARGEFILE_SOURCE -D_FILE_OFFSET_BITS=64',
    optimize='-O2 -g',
    cppflags='-D_REENTRANT -D_GNU_SOURCE -fno-strict-aliasing -pipe -I/usr/local/include'
    ccversion='', gccversion='5.3.1 20160121', gccosandvers=''
    intsize=4, longsize=8, ptrsize=8, doublesize=8, byteorder=12345678
    d_longlong=define, longlongsize=8, d_longdbl=define, longdblsize=16
    ivtype='long', ivsize=8, nvtype='long double', nvsize=16, Off_t='off_t', lseeksize=8
    alignbytes=16, prototype=define
  Linker and Libraries:
    ld='cc', ldflags =' -L/usr/local/lib'
    libpth=/usr/local/lib /lib/x86_64-linux-gnu /lib/../lib /usr/lib/x86_64-linux-gnu /usr/lib/../lib /lib /usr/lib
    libs=-lpthread -lnsl -lgdbm -ldl -lm -lcrypt -lutil -lc -lgdbm_compat
    perllibs=-lpthread -lnsl -ldl -lm -lcrypt -lutil -lc -lgdbm_compat
    libc=libc-2.21.so, so=so, useshrplib=false, libperl=libperl.a
    gnulibc_version='2.21'
  Dynamic Linking:
    dlsrc=dl_dlopen.xs, dlext=so, d_dlsymun=undef, ccdlflags='-Wl,-E'
    cccdlflags='-fPIC', lddlflags='-shared -O2 -g -L/usr/local/lib'


Characteristics of this binary (from libperl): 
  Compile-time options: MULTIPLICITY PERL_IMPLICIT_CONTEXT PERL_MALLOC_WRAP
                        USE_64_BIT_ALL USE_64_BIT_INT USE_FAST_STDIO
                        USE_ITHREADS USE_LARGE_FILES USE_LONG_DOUBLE
                        USE_PERLIO USE_REENTRANT_API
  Built under linux
  Compiled at May  8 2016 04:16:37
  %ENV:
    PERL5LIB=""
    PERL5OPT=""
    PERL5_CPANPLUS_IS_RUNNING="21752"
    PERL5_CPAN_IS_RUNNING="21752"
    PERL_CANARY_STABILITY_NOPROMPT="1"
    PERL_MM_USE_DEFAULT="1"
  @INC:
    /home/sand/src/perl/repoperls/installed-perls/perl/perl-5.8.9/109d/lib/5.8.9/x86_64-linux-thread-multi-ld
    /home/sand/src/perl/repoperls/installed-perls/perl/perl-5.8.9/109d/lib/5.8.9
    /home/sand/src/perl/repoperls/installed-perls/perl/perl-5.8.9/109d/lib/site_perl/5.8.9/x86_64-linux-thread-multi-ld
    /home/sand/src/perl/repoperls/installed-perls/perl/perl-5.8.9/109d/lib/site_perl/5.8.9
    .