Report for Pinto-0.09996

Back
From: metabase:user:553c21ce-8d47-11df-9de5-e28c4c42590d
Subject: FAIL Pinto-0.09996 v5.20.1 GNU/Linux
Date: 2015-01-22T17:30:06Z

This distribution has been tested as part of the CPAN Testers
project, supporting the Perl programming language.  See
http://wiki.cpantesters.org/ for more information or email
questions to cpan-testers-discuss@perl.org


--
Dear THALJEF,

This is a computer-generated report for Pinto-0.09996
on perl 5.20.1, created by App::cpanminus::reporter 0.12 (1.7024).

Thank you for uploading your work to CPAN.  However, there was a problem
testing your distribution.

If you think this report is invalid, please consult the CPAN Testers Wiki
for suggestions on how to avoid getting FAIL reports for missing library
or binary dependencies, unsupported operating systems, and so on:

http://wiki.cpantesters.org/wiki/CPANAuthorNotes

Sections of this report:

    * Tester comments
    * Program output
    * Prerequisites
    * Environment and other context

------------------------------
TESTER COMMENTS
------------------------------

Additional comments from tester:

none provided

------------------------------
PROGRAM OUTPUT
------------------------------

Output from '':

Building and testing Pinto-0.09996
Building Pinto
# 
# Versions for all modules listed in MYMETA.json (including optional ones):
# 
# === Configure Requires ===
# 
#     Module                        Want   Have
#     --------------------------- ------ ------
#     Module::Build               0.4005 0.4210
#     Module::Build::CleanInstall   0.05   0.05
# 
# === Build Requires ===
# 
#     Module                        Want   Have
#     --------------------------- ------ ------
#     Module::Build               0.4005 0.4210
#     Module::Build::CleanInstall   0.05   0.05
# 
# === Test Requires ===
# 
#     Module                 Want     Have
#     --------------------- ----- --------
#     Apache::Htpasswd        any      1.9
#     Capture::Tiny           any     0.27
#     ExtUtils::MakeMaker     any     7.04
#     File::Spec              any     3.48
#     File::Temp              any   0.2304
#     FindBin                 any     1.51
#     HTTP::Body              any     1.19
#     HTTP::Response          any     6.04
#     HTTP::Server::PSGI      any    undef
#     IO::Handle              any     1.35
#     IPC::Open3              any     1.16
#     Module::Faker::Dist   0.014    0.017
#     Plack::Test             any    undef
#     Test::Builder::Module   any 1.001014
#     Test::Exception         any     0.36
#     Test::File              any     1.41
#     Test::LWP::UserAgent  0.018    0.026
#     Test::More             0.96 1.001014
#     Test::TCP               any     2.06
#     Test::Warn              any     0.30
#     lib                     any     0.63
# 
# === Test Recommends ===
# 
#     Module         Want     Have
#     ---------- -------- --------
#     CPAN::Meta 2.120900 2.143240
# 
# === Runtime Requires ===
# 
#     Module                                Want       Have
#     ------------------------------- ---------- ----------
#     App::Cmd                             0.323      0.326
#     App::Cmd::Command::help                any      0.326
#     App::Cmd::Setup                        any      0.326
#     Archive::Extract                      0.68       0.74
#     Archive::Tar                           any       2.04
#     Authen::Simple::Passwd                 any        0.6
#     CPAN::Checksums                        any       2.09
#     CPAN::DistnameInfo                     any       0.12
#     CPAN::Meta                             any   2.143240
#     CPAN::Meta::Requirements               any      2.131
#     Carp                                   any     1.3301
#     Class::Load                            any       0.22
#     Cwd                                    any       3.48
#     Cwd::Guard                             any       0.04
#     DBD::SQLite                           1.33       1.46
#     DBIx::Class                        0.08200   0.082810
#     DBIx::Class::Core                      any      undef
#     DBIx::Class::ResultSet                 any      undef
#     DBIx::Class::Schema                    any      undef
#     DateTime                               any       1.18
#     DateTime::TimeZone                     any       1.83
#     DateTime::TimeZone::Local::Unix        any       1.83
#     DateTime::TimeZone::OffsetOnly         any       1.83
#     Devel::StackTrace                      any       2.00
#     Digest::MD5                            any       2.54
#     Digest::SHA                            any       5.95
#     Dist::Metadata                       0.924      0.925
#     Encode                                 any       2.67
#     Exporter                               any       5.70
#     File::Copy                             any       2.30
#     File::Find                             any       1.27
#     File::HomeDir                          any       1.00
#     File::NFSLock                          any       1.27
#     File::Spec                             any       3.48
#     File::Temp                             any     0.2304
#     File::Which                            any       1.09
#     Getopt::Long                           any       2.43
#     HTTP::Date                             any       6.02
#     HTTP::Request::Common                  any       6.04
#     HTTP::Status                           any       6.03
#     IO::File                               any       1.16
#     IO::Handle                             any       1.35
#     IO::Interactive                        any      0.0.6
#     IO::Pipe                               any       1.15
#     IO::Prompt                             any   0.997002
#     IO::Select                             any       1.22
#     IO::String                             any       1.08
#     IO::Zlib                               any       1.10
#     JSON                                   any       2.90
#     JSON::PP                           2.27103    2.27300
#     LWP::UserAgent                         any       6.06
#     List::MoreUtils                        any      0.402
#     List::Util                             any       1.41
#     Module::CoreList                5.20141020 5.20141220
#     Moose                                  any     2.1403
#     Moose::Role                            any     2.1403
#     MooseX::Aliases                        any       0.11
#     MooseX::ClassAttribute                0.27       0.27
#     MooseX::Configuration                  any       0.02
#     MooseX::MarkAsMethods                  any       0.15
#     MooseX::NonMoose                       any       0.26
#     MooseX::SetOnce                        any   0.200002
#     MooseX::StrictConstructor              any       0.19
#     MooseX::Types                          any       0.45
#     MooseX::Types::Moose                   any       0.45
#     Path::Class                            any       0.35
#     Path::Class::Dir                       any       0.35
#     Path::Class::File                      any       0.35
#     Plack                               1.0028     1.0033
#     Plack::MIME                            any      undef
#     Plack::Middleware::Auth::Basic         any      undef
#     Plack::Request                         any     1.0033
#     Plack::Response                        any     1.0033
#     Plack::Runner                          any      undef
#     Pod::Usage                             any       1.64
#     Proc::Fork                             any      0.804
#     Proc::Terminator                       any       0.05
#     Readonly                               any       2.00
#     Router::Simple                         any       0.17
#     Scalar::Util                           any       1.41
#     Starman                             0.3014     0.4011
#     String::Format                         any       1.17
#     Term::ANSIColor                       2.02       4.03
#     Term::EditorEdit                       any     0.0016
#     Throwable::Error                  0.200005   0.200012
#     Try::Tiny                              any       0.22
#     URI                                    any       1.65
#     URI::Escape                            any       3.31
#     URI::file                              any       4.21
#     UUID::Tiny                             any       1.04
#     base                                   any       2.22
#     overload                               any       1.22
#     strict                                 any       1.08
#     utf8                                   any    1.13_01
#     version                                any     0.9909
#     warnings                               any       1.23
# 
# === Other Modules ===
# 
#     Module      Want     Have
#     ----------- ---- --------
#     DBD::SQLite  any     1.46
#     DBIx::Class  any 0.082810
# 
t/00-report-prereqs.t ................. ok
t/01-common/02-target-package.t ....... ok
t/01-common/01-types.t ................ ok
t/01-common/03-target-distribution.t .. ok
t/01-common/05-pauseconfig.t .......... ok
t/01-common/04-util.t ................. ok
t/02-bowels/02-chrome.t ............... ok
t/02-bowels/01-config.t ............... ok
t/02-bowels/03-package.t .............. ok
t/02-bowels/04-distribution.t ......... ok
t/02-bowels/05-compare.t .............. ok
t/02-bowels/11-tester.t ............... ok
t/02-bowels/12-locator.t .............. ok
t/02-bowels/10-init.t ................. ok
t/02-bowels/19-basic.t ................ ok
t/02-bowels/21-add-no-index.t ......... ok
t/02-bowels/21-pull-vreq.t ............ ok
t/02-bowels/20-add.t .................. ok
t/02-bowels/21-pull.t ................. ok
t/02-bowels/22-add-deep.t ............. ok
t/02-bowels/24-skip-prereqs.t ......... ok
t/02-bowels/23-pull-multi.t ........... ok
t/02-bowels/35-delete.t ............... ok
t/02-bowels/31-pin.t .................. ok
t/02-bowels/32-pin-rjbs.t ............. ok
t/02-bowels/41-log.t .................. ok
t/02-bowels/40-list.t ................. ok
t/02-bowels/50-diff.t ................. ok
t/02-bowels/51-diff-more.t ............ ok
t/02-bowels/43-install-and-pull.t ..... ok
t/02-bowels/52-intermingle.t .......... ok
t/02-bowels/53-roots.t ................ ok
t/02-bowels/60-dryrun.t ............... ok
t/02-bowels/54-revert.t ............... ok
t/02-bowels/61-nofail.t ............... ok
t/02-bowels/63-prereq-circular.t ...... ok
    # File [/tmp/iI8CFO4L0r/lib/perl5/strict.pm] does not exist
    
    # Looks like you failed 1 test of 5.

#   Failed test 'Install a core module'
#   at t/02-bowels/42-install.t line 145.
# Looks like you failed 1 test of 9.
t/02-bowels/42-install.t .............. 
Dubious, test returned 1 (wstat 256, 0x100)
Failed 1/9 subtests 
t/02-bowels/63-prereq-core.t .......... ok
t/02-bowels/64-metadata.t ............. ok
t/02-bowels/62-commit.t ............... ok
t/00-compile.t ........................ ok
t/02-bowels/71-stack-kill.t ........... ok
t/02-bowels/72-stack-rename.t ......... ok
t/02-bowels/73-stack-lock.t ........... ok
t/02-bowels/70-stack-copy.t ........... ok
t/03-remote/01-requests.t ............. ok
t/02-bowels/74-stack-default.t ........ ok
t/03-remote/02-responses.t ............ ok
t/02-bowels/75-stack-props.t .......... ok
t/03-remote/05-timezone.t ............. ok
Installation failed.  See the cpanm build log for details
Installation failed.  See the cpanm build log for details
t/02-bowels/80-repo-lock.t ............ ok
t/04-server/01-functional.t ........... ok
t/04-server/03-security.t ............. ok
t/04-server/02-authentication.t ....... ok
t/03-remote/04-install-with-auth.t .... ok
Installation failed.  See the cpanm build log for details
t/03-remote/03-install.t .............. ok

Test Summary Report
-------------------
t/02-bowels/42-install.t            (Wstat: 256 Tests: 9 Failed: 1)
  Failed test:  9
  Non-zero exit status: 1
Files=56, Tests=1495, 183 wallclock secs ( 0.41 usr  0.23 sys + 252.67 cusr 18.62 csys = 271.93 CPU)
Result: FAIL

------------------------------
PREREQUISITES
------------------------------

Prerequisite modules loaded:

    No requirements found

------------------------------
ENVIRONMENT AND OTHER CONTEXT
------------------------------

Environment variables:

    LANG = en_CA.UTF-8
    LANGUAGE = en_CA:en
    PATH = /opt/perforce/bin:/home/ioan/perl5/bin::/usr/local/bin:/usr/bin:/bin:/usr/local/sbin:/sbin:/usr/sbin:/usr/games
    PERL5LIB = /home/ioan/perl5/lib/perl5
    PERL_CPANM_OPT = --prompt --no-man-pages --verify --mirror http://mirrors.gossamer-threads.com/CPAN/
    PERL_LOCAL_LIB_ROOT = /home/ioan/perl5
    PERL_MB_OPT = --install_base "/home/ioan/perl5"
    PERL_MM_OPT = INSTALL_BASE=/home/ioan/perl5
    SHELL = /bin/bash
    TERM = screen

Perl special variables (and OS-specific diagnostics, for MSWin32):

    EGID = 1000 4 24 25 27 29 30 44 46 103 120 122 1000 1001
    EUID = 1000
    EXECUTABLE_NAME = /usr/bin/perl
    GID = 1000 4 24 25 27 29 30 44 46 103 120 122 1000 1001
    UID = 1000

Perl module toolchain versions installed:

    Module              Have    
    ------------------- --------
    CPAN                2.05    
    CPAN::Meta          2.143240
    Cwd                 3.48    
    ExtUtils::CBuilder  0.280220
    ExtUtils::Command   1.20    
    ExtUtils::Install   2.04    
    ExtUtils::MakeMaker 7.04    
    ExtUtils::Manifest  1.70    
    ExtUtils::ParseXS   3.24    
    File::Spec          3.48    
    JSON                2.90    
    JSON::PP            2.27300 
    Module::Build       0.4211  
    Module::Signature   0.73    
    Parse::CPAN::Meta   1.4414  
    Test::Harness       3.35    
    Test::More          1.001014
    YAML                1.14    
    YAML::Syck          n/a     
    version             0.9912  


--

Summary of my perl5 (revision 5 version 20 subversion 1) configuration:
   
  Platform:
    osname=linux, osvers=3.2.0-4-amd64, archname=x86_64-linux-gnu-thread-multi
    uname='linux x86-csail-01 3.2.0-4-amd64 #1 smp debian 3.2.63-2+deb7u2 x86_64 gnulinux '
    config_args='-Dusethreads -Duselargefiles -Dccflags=-DDEBIAN -D_FORTIFY_SOURCE=2 -g -O2 -fstack-protector-strong -Wformat -Werror=format-security -Dldflags= -Wl,-z,relro -Dlddlflags=-shared -Wl,-z,relro -Dcccdlflags=-fPIC -Darchname=x86_64-linux-gnu -Dprefix=/usr -Dprivlib=/usr/share/perl/5.20 -Darchlib=/usr/lib/x86_64-linux-gnu/perl/5.20 -Dvendorprefix=/usr -Dvendorlib=/usr/share/perl5 -Dvendorarch=/usr/lib/x86_64-linux-gnu/perl5/5.20 -Dsiteprefix=/usr/local -Dsitelib=/usr/local/share/perl/5.20.1 -Dsitearch=/usr/local/lib/x86_64-linux-gnu/perl/5.20.1 -Dman1dir=/usr/share/man/man1 -Dman3dir=/usr/share/man/man3 -Dsiteman1dir=/usr/local/man/man1 -Dsiteman3dir=/usr/local/man/man3 -Duse64bitint -Dman1ext=1 -Dman3ext=3perl -Dpager=/usr/bin/sensible-pager -Uafs -Ud_csh -Ud_ualarm -Uusesfio -Uusenm -Ui_libutil -Uversiononly -DDEBUGGING=-g -Doptimize=-O2 -Duseshrplib -Dlibperl=libperl.so.5.20.1 -des'
    hint=recommended, useposix=true, d_sigaction=define
    useithreads=define, usemultiplicity=define
    use64bitint=define, use64bitall=define, uselongdouble=undef
    usemymalloc=n, bincompat5005=undef
  Compiler:
    cc='cc', ccflags ='-D_REENTRANT -D_GNU_SOURCE -DDEBIAN -fwrapv -fno-strict-aliasing -pipe -I/usr/local/include -D_LARGEFILE_SOURCE -D_FILE_OFFSET_BITS=64',
    optimize='-O2 -g',
    cppflags='-D_REENTRANT -D_GNU_SOURCE -DDEBIAN -fwrapv -fno-strict-aliasing -pipe -I/usr/local/include'
    ccversion='', gccversion='4.9.2', gccosandvers=''
    intsize=4, longsize=8, ptrsize=8, doublesize=8, byteorder=12345678
    d_longlong=define, longlongsize=8, d_longdbl=define, longdblsize=16
    ivtype='long', ivsize=8, nvtype='double', nvsize=8, Off_t='off_t', lseeksize=8
    alignbytes=8, prototype=define
  Linker and Libraries:
    ld='cc', ldflags =' -fstack-protector -L/usr/local/lib'
    libpth=/usr/local/lib /usr/lib/gcc/x86_64-linux-gnu/4.9/include-fixed /usr/include/x86_64-linux-gnu /usr/lib /lib/x86_64-linux-gnu /lib/../lib /usr/lib/x86_64-linux-gnu /usr/lib/../lib /lib
    libs=-lgdbm -lgdbm_compat -ldb -ldl -lm -lpthread -lc -lcrypt
    perllibs=-ldl -lm -lpthread -lc -lcrypt
    libc=libc-2.19.so, so=so, useshrplib=true, libperl=libperl.so.5.20
    gnulibc_version='2.19'
  Dynamic Linking:
    dlsrc=dl_dlopen.xs, dlext=so, d_dlsymun=undef, ccdlflags='-Wl,-E'
    cccdlflags='-fPIC', lddlflags='-shared -L/usr/local/lib -fstack-protector'


Characteristics of this binary (from libperl): 
  Compile-time options: HAS_TIMES MULTIPLICITY PERLIO_LAYERS
                        PERL_DONT_CREATE_GVSV
                        PERL_HASH_FUNC_ONE_AT_A_TIME_HARD
                        PERL_IMPLICIT_CONTEXT PERL_MALLOC_WRAP
                        PERL_NEW_COPY_ON_WRITE PERL_PRESERVE_IVUV
                        USE_64_BIT_ALL USE_64_BIT_INT USE_ITHREADS
                        USE_LARGE_FILES USE_LOCALE USE_LOCALE_COLLATE
                        USE_LOCALE_CTYPE USE_LOCALE_NUMERIC USE_PERLIO
                        USE_PERL_ATOF USE_REENTRANT_API
  Locally applied patches:
	DEBPKG:debian/cpan_definstalldirs - Provide a sensible INSTALLDIRS default for modules installed from CPAN.
	DEBPKG:debian/db_file_ver - http://bugs.debian.org/340047 Remove overly restrictive DB_File version check.
	DEBPKG:debian/doc_info - Replace generic man(1) instructions with Debian-specific information.
	DEBPKG:debian/enc2xs_inc - http://bugs.debian.org/290336 Tweak enc2xs to follow symlinks and ignore missing @INC directories.
	DEBPKG:debian/errno_ver - http://bugs.debian.org/343351 Remove Errno version check due to upgrade problems with long-running processes.
	DEBPKG:debian/libperl_embed_doc - http://bugs.debian.org/186778 Note that libperl-dev package is required for embedded linking
	DEBPKG:fixes/respect_umask - Respect umask during installation
	DEBPKG:debian/writable_site_dirs - Set umask approproately for site install directories
	DEBPKG:debian/extutils_set_libperl_path - EU:MM: set location of libperl.a under /usr/lib
	DEBPKG:debian/no_packlist_perllocal - Don't install .packlist or perllocal.pod for perl or vendor
	DEBPKG:debian/prefix_changes - Fiddle with *PREFIX and variables written to the makefile
	DEBPKG:debian/fakeroot - Postpone LD_LIBRARY_PATH evaluation to the binary targets.
	DEBPKG:debian/instmodsh_doc - Debian policy doesn't install .packlist files for core or vendor.
	DEBPKG:debian/ld_run_path - Remove standard libs from LD_RUN_PATH as per Debian policy.
	DEBPKG:debian/libnet_config_path - Set location of libnet.cfg to /etc/perl/Net as /usr may not be writable.
	DEBPKG:debian/mod_paths - Tweak @INC ordering for Debian
	DEBPKG:debian/module_build_man_extensions - http://bugs.debian.org/479460 Adjust Module::Build manual page extensions for the Debian Perl policy
	DEBPKG:debian/prune_libs - http://bugs.debian.org/128355 Prune the list of libraries wanted to what we actually need.
	DEBPKG:fixes/net_smtp_docs - [rt.cpan.org #36038] http://bugs.debian.org/100195 Document the Net::SMTP 'Port' option
	DEBPKG:debian/perlivp - http://bugs.debian.org/510895 Make perlivp skip include directories in /usr/local
	DEBPKG:debian/deprecate-with-apt - http://bugs.debian.org/747628 Point users to Debian packages of deprecated core modules
	DEBPKG:debian/squelch-locale-warnings - http://bugs.debian.org/508764 Squelch locale warnings in Debian package maintainer scripts
	DEBPKG:debian/skip-upstream-git-tests - Skip tests specific to the upstream Git repository
	DEBPKG:debian/patchlevel - http://bugs.debian.org/567489 List packaged patches for 5.20.1-4 in patchlevel.h
	DEBPKG:debian/skip-kfreebsd-crash - http://bugs.debian.org/628493 [perl #96272] Skip a crashing test case in t/op/threads.t on GNU/kFreeBSD
	DEBPKG:fixes/document_makemaker_ccflags - http://bugs.debian.org/628522 [rt.cpan.org #68613] Document that CCFLAGS should include $Config{ccflags}
	DEBPKG:debian/find_html2text - http://bugs.debian.org/640479 Configure CPAN::Distribution with correct name of html2text
	DEBPKG:debian/perl5db-x-terminal-emulator.patch - http://bugs.debian.org/668490 Invoke x-terminal-emulator rather than xterm in perl5db.pl
	DEBPKG:debian/cpan-missing-site-dirs - http://bugs.debian.org/688842 Fix CPAN::FirstTime defaults with nonexisting site dirs if a parent is writable
	DEBPKG:fixes/memoize_storable_nstore - [rt.cpan.org #77790] http://bugs.debian.org/587650 Memoize::Storable: respect 'nstore' option not respected
	DEBPKG:debian/regen-skip - Skip a regeneration check in unrelated git repositories
	DEBPKG:fixes/regcomp-mips-optim - [perl #122817] http://bugs.debian.org/754054 Downgrade the optimization of regcomp.c on mips and mipsel due to a gcc-4.9 bug
	DEBPKG:debian/makemaker-pasthru - http://bugs.debian.org/758471 Pass LD settings through to subdirectories
	DEBPKG:fixes/perldoc-less-R - [rt.cpan.org #98636] http://bugs.debian.org/758689 Tell the 'less' pager to allow terminal escape sequences
	DEBPKG:fixes/pod_man_reproducible_date - http://bugs.debian.org/759405 Support POD_MAN_DATE in Pod::Man for the left-hand footer
	DEBPKG:fixes/data_dump_infinite_recurse - [19be3be] don't recurse infinitely in Data::Dumper
	DEBPKG:fixes/io_uncompress_gunzip_inmemory - http://bugs.debian.org/747363 [rt.cpan.org #95494] Fix gunzip to in-memory file handle
	DEBPKG:fixes/socket_test_recv_fix - http://bugs.debian.org/758718 [perl #122657] Compare recv return value to peername in socket test
	DEBPKG:fixes/hurd_socket_recv_todo - http://bugs.debian.org/758718 [perl #122657] TODO checking the result of recv() on hurd
  Built under linux
  Compiled at Dec 21 2014 23:21:01
  %ENV:
    PERL5LIB="/home/ioan/perl5/lib/perl5"
    PERL_CPANM_OPT="--prompt --no-man-pages --verify --mirror http://mirrors.gossamer-threads.com/CPAN/"
    PERL_LOCAL_LIB_ROOT="/home/ioan/perl5"
    PERL_MB_OPT="--install_base "/home/ioan/perl5""
    PERL_MM_OPT="INSTALL_BASE=/home/ioan/perl5"
  @INC:
    /home/ioan/perl5/lib/perl5/x86_64-linux-gnu-thread-multi
    /home/ioan/perl5/lib/perl5
    /etc/perl
    /usr/local/lib/x86_64-linux-gnu/perl/5.20.1
    /usr/local/share/perl/5.20.1
    /usr/lib/x86_64-linux-gnu/perl5/5.20
    /usr/share/perl5
    /usr/lib/x86_64-linux-gnu/perl/5.20
    /usr/share/perl/5.20
    /usr/local/lib/site_perl
    .