Report for Linux-Sysfs-0.03

Back
From: metabase:user:314402c4-2aae-11df-837a-5e0a49663a4f
Subject: FAIL Linux-Sysfs-0.03 v5.8.1 GNU/Linux
Date: 2017-07-05T21:52:57Z

This distribution has been tested as part of the CPAN Testers
project, supporting the Perl programming language.  See
http://wiki.cpantesters.org/ for more information or email
questions to cpan-testers-discuss@perl.org


--
Dear Florian Ragwitz,

This is a computer-generated report for Linux-Sysfs-0.03
on perl 5.8.1, created by CPAN-Reporter-1.2018.

Thank you for uploading your work to CPAN.  However, there was a problem
testing your distribution.

If you think this report is invalid, please consult the CPAN Testers Wiki
for suggestions on how to avoid getting FAIL reports for missing library
or binary dependencies, unsupported operating systems, and so on:

http://wiki.cpantesters.org/wiki/CPANAuthorNotes

Sections of this report:

    * Tester comments
    * Program output
    * Prerequisites
    * Environment and other context

------------------------------
TESTER COMMENTS
------------------------------

Additional comments from tester:

none provided

------------------------------
PROGRAM OUTPUT
------------------------------

Output from '/usr/bin/make test':

"/bbbike/perl-5.8.1/bin/perl" -MExtUtils::Command::MM -e 'cp_nonempty' -- Sysfs.bs blib/arch/auto/Linux/Sysfs/Sysfs.bs 644
PERL_DL_NONLAZY=1 "/bbbike/perl-5.8.1/bin/perl" "-MExtUtils::Command::MM" "-MTest::Harness" "-e" "undef *Test::Harness::Switches; test_harness(0, 'blib/lib', 'blib/arch')" t/*.t
# Testing Linux::Sysfs 0.03, Perl 5.008001, /bbbike/perl-5.8.1/bin/perl
t/00-load.t ....... ok
Use of uninitialized value in concatenation (.) or string at t/01-config.t line 23.
Use of uninitialized value in concatenation (.) or string at t/01-config.t line 205.
t/01-config.t ..... ok

#   Failed test 'read'
#   at t/attr.t line 59.
# Looks like you failed 1 test of 14.
t/attr.t .......... 
Dubious, test returned 1 (wstat 256, 0x100)
Failed 1/14 subtests 
	(less 5 skipped subtests: 8 okay)

#   Failed test 'undef isa 'Linux::Sysfs::Device''
#   at t/bus.t line 54.
#     undef isn't defined

#   Failed test 'get_devices'
#   at t/bus.t line 150.
# Looks like you failed 2 tests of 25.
t/bus.t ........... 
Dubious, test returned 2 (wstat 512, 0x200)
Failed 2/25 subtests 
t/class.t ......... ok

#   Failed test 'undef isa 'Linux::Sysfs::ClassDevice''
#   at t/class_device.t line 108.
#     undef isn't defined
Can't call method "get_parent" on an undefined value at t/class_device.t line 110.
# Looks like your test exited with 2 just after 17.
t/class_device.t .. 
Dubious, test returned 2 (wstat 512, 0x200)
Failed 13/29 subtests 
t/constants.t ..... ok

#   Failed test 'undef isa 'Linux::Sysfs::Device''
#   at t/device.t line 52.
#     undef isn't defined
# Looks like you failed 1 test of 28.
t/device.t ........ 
Dubious, test returned 1 (wstat 256, 0x100)
Failed 1/28 subtests 

#   Failed test 'get_devices'
#   at t/driver.t line 149.
# Looks like you failed 1 test of 27.
t/driver.t ........ 
Dubious, test returned 1 (wstat 256, 0x100)
Failed 1/27 subtests 
t/examples.t ...... ok
t/export.t ........ ok
t/kwalitee.t ...... skipped: Needs Test::Kwalitee

#   Failed test 'undef isa 'Linux::Sysfs::Attribute''
#   at t/module.t line 82.
#     undef isn't defined

#   Failed test 'get_sections'
#   at t/module.t line 145.

#   Failed test 'undef isa 'Linux::Sysfs::Attribute''
#   at t/module.t line 204.
#     undef isn't defined
# Looks like you failed 3 tests of 36.
t/module.t ........ 
Dubious, test returned 3 (wstat 768, 0x300)
Failed 3/36 subtests 
t/notabs.t ........ skipped: Needs Test::NoTabs
t/pod-coverage.t .. skipped: Test::Pod::Coverage 1.04 required for testing POD coverage
t/pod.t ........... skipped: Test::Pod 1.14 required for testing POD
t/utils.t ......... ok
t/z-cleanup.t ..... ok

Test Summary Report
-------------------
t/attr.t        (Wstat: 256 Tests: 14 Failed: 1)
  Failed test:  8
  Non-zero exit status: 1
t/bus.t         (Wstat: 512 Tests: 25 Failed: 2)
  Failed tests:  7, 24
  Non-zero exit status: 2
t/class_device.t (Wstat: 512 Tests: 17 Failed: 1)
  Failed test:  17
  Non-zero exit status: 2
  Parse errors: Bad plan.  You planned 29 tests but ran 17.
t/device.t      (Wstat: 256 Tests: 28 Failed: 1)
  Failed test:  4
  Non-zero exit status: 1
t/driver.t      (Wstat: 256 Tests: 27 Failed: 1)
  Failed test:  26
  Non-zero exit status: 1
t/module.t      (Wstat: 768 Tests: 36 Failed: 3)
  Failed tests:  11, 21, 31
  Non-zero exit status: 3
Files=18, Tests=202,  4 wallclock secs ( 0.04 usr  0.08 sys +  0.42 cusr  0.15 csys =  0.69 CPU)
Result: FAIL
Failed 6/18 test programs. 9/202 subtests failed.
Makefile:1103: recipe for target 'test_dynamic' failed
make: *** [test_dynamic] Error 255

------------------------------
PREREQUISITES
------------------------------

Prerequisite modules loaded:

requires:

    Module              Need Have    
    ------------------- ---- --------
    Test::More          0    1.302056

build_requires:

    Module              Need Have    
    ------------------- ---- --------
    ExtUtils::MakeMaker 0    7.16    


------------------------------
ENVIRONMENT AND OTHER CONTEXT
------------------------------

Environment variables:

    LANG = C
    PATH = /usr/local/bin:/usr/bin:/bin:/usr/local/sbin:/usr/sbin:/sbin:/home/cpansand/bin/linux-gnu:/home/cpansand/bin/sh:/home/cpansand/bin:/usr/games:/home/cpansand/devel:/home/eserte/src/srezic-misc/scripts
    PERL5LIB = 
    PERL5OPT = 
    PERL5_CPANPLUS_IS_RUNNING = 22255
    PERL5_CPAN_IS_RUNNING = 22255
    PERL5_CPAN_IS_RUNNING_IN_RECURSION = 16386,22255
    PERLDOC = -MPod::Perldoc::ToTextOverstrike
    PERL_BATCH = yes
    PERL_CANARY_STABILITY_NOPROMPT = 1
    PERL_CPAN_REPORTER_CONFIG = /run/user/1023/cpansmoker/2017070521/cpanreporter_000_config.ini
    PERL_EXTUTILS_AUTOINSTALL = --defaultdeps
    SHELL = /bin/zsh
    TERM = screen
    TMPDIR = /run/user/1023/cpansmoker/2017070521

Perl special variables (and OS-specific diagnostics, for MSWin32):

    $^X = /bbbike/perl-5.8.1/bin/perl
    $UID/$EUID = 1023 / 1023
    $GID = 1023 1023
    $EGID = 1023 1023

Perl module toolchain versions installed:

    Module              Have    
    ------------------- --------
    CPAN                2.10    
    CPAN::Meta          2.143240
    Cwd                 3.62    
    ExtUtils::CBuilder  0.280224
    ExtUtils::Command   7.16    
    ExtUtils::Install   1.54    
    ExtUtils::MakeMaker 7.16    
    ExtUtils::Manifest  1.70    
    ExtUtils::ParseXS   3.30    
    File::Spec          3.62    
    JSON                2.90    
    JSON::PP            2.27400 
    Module::Build       0.4218  
    Module::Signature   n/a     
    Parse::CPAN::Meta   1.4422  
    Test::Harness       3.36    
    Test::More          1.302056
    YAML                1.15    
    YAML::Syck          1.29    
    version             0.9916  


--

Summary of my perl5 (revision 5.0 version 8 subversion 1) configuration:
  Platform:
    osname=linux, osvers=3.16.0-4-amd64, archname=x86_64-linux
    uname='linux eserte 3.16.0-4-amd64 #1 smp debian 3.16.7-ckt25-2 (2016-04-08) x86_64 gnulinux '
    config_args='-ds -e -Dprefix=/opt/perl-5.8.1 -Dcf_email=srezic@cpan.org'
    hint=recommended, useposix=true, d_sigaction=define
    usethreads=undef use5005threads=undef useithreads=undef usemultiplicity=undef
    useperlio=define d_sfio=undef uselargefiles=define usesocks=undef
    use64bitint=define use64bitall=define uselongdouble=undef
    usemymalloc=n, bincompat5005=undef
  Compiler:
    cc='cc', ccflags ='-fno-strict-aliasing -I/usr/local/include -D_LARGEFILE_SOURCE -D_FILE_OFFSET_BITS=64',
    optimize='-O2',
    cppflags='-fno-strict-aliasing -I/usr/local/include'
    ccversion='', gccversion='4.9.2', gccosandvers=''
    intsize=4, longsize=8, ptrsize=8, doublesize=8, byteorder=12345678
    d_longlong=define, longlongsize=8, d_longdbl=define, longdblsize=16
    ivtype='long', ivsize=8, nvtype='double', nvsize=8, Off_t='off_t', lseeksize=8
    alignbytes=8, prototype=define
  Linker and Libraries:
    ld='cc', ldflags =' -L/usr/local/lib'
    libpth=/usr/local/lib /lib/x86_64-linux-gnu /lib/../lib /usr/lib/x86_64-linux-gnu /usr/lib/../lib /lib /usr/lib
    libs=-lnsl -lgdbm -ldb -ldl -lm -lcrypt -lutil -lc -lgdbm_compat
    perllibs=-lnsl -ldl -lm -lcrypt -lutil -lc -lgdbm_compat
    libc=libc-2.19.so, so=so, useshrplib=false, libperl=libperl.a
    gnulibc_version='2.19'
  Dynamic Linking:
    dlsrc=dl_dlopen.xs, dlext=so, d_dlsymun=undef, ccdlflags='-rdynamic'
    cccdlflags='-fpic', lddlflags='-shared -L/usr/local/lib'


Characteristics of this binary (from libperl): 
  Compile-time options: USE_64_BIT_INT USE_64_BIT_ALL USE_LARGE_FILES
  Locally applied patches:
  	Devel::PatchPerl 1.42
  Built under linux
  Compiled at May  8 2016 18:17:48
  %ENV:
    PERL5LIB=""
    PERL5OPT=""
    PERL5_CPANPLUS_IS_RUNNING="22255"
    PERL5_CPAN_IS_RUNNING="22255"
    PERL5_CPAN_IS_RUNNING_IN_RECURSION="16386,22255"
    PERLDOC="-MPod::Perldoc::ToTextOverstrike"
    PERL_BATCH="yes"
    PERL_CANARY_STABILITY_NOPROMPT="1"
    PERL_CPAN_REPORTER_CONFIG="/run/user/1023/cpansmoker/2017070521/cpanreporter_000_config.ini"
    PERL_EXTUTILS_AUTOINSTALL="--defaultdeps"
  @INC:
    /opt/perl-5.8.1/lib/5.8.1/x86_64-linux
    /opt/perl-5.8.1/lib/5.8.1
    /opt/perl-5.8.1/lib/site_perl/5.8.1/x86_64-linux
    /opt/perl-5.8.1/lib/site_perl/5.8.1
    /opt/perl-5.8.1/lib/site_perl
    .