Back
From: metabase:user:30ae4450-2aae-11df-837a-5e0a49663a4f
Subject: FAIL AcePerl-1.92 v5.14.0
Date: 2012-03-30T21:27:05Z
This distribution has been tested as part of the CPAN Testers
project, supporting the Perl programming language. See
http://wiki.cpantesters.org/ for more information or email
questions to cpan-testers-discuss@perl.org
--
Dear Lincoln D. Stein,
This is a computer-generated report for AcePerl-1.92
on perl 5.14.0, created by CPAN-Reporter-1.2005.
Thank you for uploading your work to CPAN. However, there was a problem
testing your distribution.
If you think this report is invalid, please consult the CPAN Testers Wiki
for suggestions on how to avoid getting FAIL reports for missing library
or binary dependencies, unsupported operating systems, and so on:
http://wiki.cpantesters.org/wiki/CPANAuthorNotes
Sections of this report:
* Tester comments
* Program output
* Prerequisites
* Environment and other context
------------------------------
TESTER COMMENTS
------------------------------
Additional comments from tester:
none provided
------------------------------
PROGRAM OUTPUT
------------------------------
Output from 'C:\strawberry514\c\bin\dmake.EXE test':
C:\strawberry514\perl\bin\perl.exe "-MExtUtils::Command::MM" "-e" "test_harness(0, 'blib\lib', 'blib\arch')" t/*.t
Waiting for remote acedb regression database to start up. This may take a few minutes.
Couldn't establish connection to database. Aborting tests.
t/basic.t .....
Dubious, test returned 76 (wstat 19456, 0x4c00)
Failed 9/10 subtests
Couldn't establish connection to database. Aborting tests.
t/object.t ....
Dubious, test returned 76 (wstat 19456, 0x4c00)
Failed 35/36 subtests
Couldn't establish connection to database. Aborting tests.
t/sequence.t ..
Dubious, test returned 76 (wstat 19456, 0x4c00)
Failed 53/54 subtests
Couldn't establish connection to database. Aborting tests.
t/update.t ....
Dubious, test returned 76 (wstat 19456, 0x4c00)
Failed 16/17 subtests
Test Summary Report
-------------------
t/basic.t (Wstat: 19456 Tests: 2 Failed: 1)
Failed test: 2
Non-zero exit status: 76
Parse errors: Bad plan. You planned 10 tests but ran 2.
t/object.t (Wstat: 19456 Tests: 2 Failed: 1)
Failed test: 2
Non-zero exit status: 76
Parse errors: Bad plan. You planned 36 tests but ran 2.
t/sequence.t (Wstat: 19456 Tests: 2 Failed: 1)
Failed test: 2
Non-zero exit status: 76
Parse errors: Bad plan. You planned 54 tests but ran 2.
t/update.t (Wstat: 19456 Tests: 2 Failed: 1)
Failed test: 2
Non-zero exit status: 76
Parse errors: Bad plan. You planned 17 tests but ran 2.
Files=4, Tests=8, 85 wallclock secs ( 0.06 usr + 0.08 sys = 0.14 CPU)
Result: FAIL
Failed 4/4 test programs. 4/8 subtests failed.
dmake.EXE: makefile: line 597: Warning: -- Ignoring AUGMAKE meta-target [.docs] because prerequisites are present.
dmake.EXE: Error code 204, while making 'test_dynamic'
------------------------------
PREREQUISITES
------------------------------
Prerequisite modules loaded:
requires:
Module Need Have
------------------- ---- ----
Cache::Cache 1.03 1.06
Digest::MD5 2 2.51
build_requires:
Module Need Have
------------------- ---- ----
ExtUtils::MakeMaker 0 6.62
------------------------------
ENVIRONMENT AND OTHER CONTEXT
------------------------------
Environment variables:
COMSPEC = C:\WINDOWS\system32\cmd.exe
NUMBER_OF_PROCESSORS = 4
PATH = C:\Program Files\Far\;C:\Prg\PHP\;C:\WINDOWS\system32;C:\WINDOWS;C:\WINDOWS\System32\Wbem;C:\Program Files\ATI Technologies\ATI.ACE\Core-Static;C:\strawberry514\c\bin;C:\strawberry514\perl\site\bin;C:\strawberry514\perl\bin;C:\Prg\TortoiseGit\bin;C:\Prg\Git\cmd;C:\Program Files\TortoiseHg\;C:\Program Files\MySQL\MySQL Server 5.5\bin;c:\util\;C:\Prg\Subversion\bin;C:\Program Files\TortoiseSVN\bin
PERL5LIB =
PERL5OPT =
PERL5_CPANPLUS_IS_RUNNING = 2332
PERL5_CPAN_IS_RUNNING = 2332
PERL_JSON_BACKEND = JSON::XS
PERL_YAML_BACKEND = YAML
PROCESSOR_IDENTIFIER = x86 Family 16 Model 5 Stepping 3, AuthenticAMD
TEMP = C:\DOCUME~1\Sasha\LOCALS~1\Temp
TERM = dumb
Perl special variables (and OS-specific diagnostics, for MSWin32):
$^X = C:\strawberry514\perl\bin\perl.exe
$UID/$EUID = 0 / 0
$GID = 0
$EGID = 0
Win32::GetOSName = WinXP/.Net
Win32::GetOSVersion = Service Pack 3, 5, 1, 2600, 2, 3, 0, 256, 1
Win32::FsType = NTFS
Win32::IsAdminUser = 1
Perl module toolchain versions installed:
Module Have
------------------- --------
CPAN 1.9800
CPAN::Meta 2.112150
Cwd 3.36
ExtUtils::CBuilder 0.280203
ExtUtils::Command 1.17
ExtUtils::Install 1.56
ExtUtils::MakeMaker 6.62
ExtUtils::Manifest 1.58
ExtUtils::ParseXS 3.15
File::Spec 3.33
JSON 2.53
JSON::PP 2.27200
Module::Build 0.3800
Module::Signature 0.66
Parse::CPAN::Meta 1.4401
Test::Harness 3.23
Test::More 0.98
YAML 0.73
YAML::Syck 1.17
version 0.91
--
Summary of my perl5 (revision 5 version 14 subversion 0) configuration:
Platform:
osname=MSWin32, osvers=4.0, archname=MSWin32-x86-multi-thread
uname='Win32 strawberryperl 5.14.0.0.beta_1 #1 Thu Jun 9 01:53:47 2011 i386'
config_args='undef'
hint=recommended, useposix=true, d_sigaction=undef
useithreads=define, usemultiplicity=define
useperlio=define, d_sfio=undef, uselargefiles=define, usesocks=undef
use64bitint=undef, use64bitall=undef, uselongdouble=undef
usemymalloc=n, bincompat5005=undef
Compiler:
cc='gcc', ccflags =' -s -O2 -DWIN32 -DPERL_TEXTMODE_SCRIPTS -DUSE_SITECUSTOMIZE -DPERL_IMPLICIT_CONTEXT -DPERL_IMPLICIT_SYS -fno-strict-aliasing -mms-bitfields',
optimize='-s -O2',
cppflags='-DWIN32'
ccversion='', gccversion='4.4.3', gccosandvers=''
intsize=4, longsize=4, ptrsize=4, doublesize=8, byteorder=1234
d_longlong=undef, longlongsize=8, d_longdbl=define, longdblsize=12
ivtype='long', ivsize=4, nvtype='double', nvsize=8, Off_t='long long', lseeksize=8
alignbytes=8, prototype=define
Linker and Libraries:
ld='g++', ldflags ='-s -L"C:\strawberry514\perl\lib\CORE" -L"C:\strawberry514\c\lib"'
libpth=C:\strawberry514\c\lib C:\strawberry514\c\i686-w64-mingw32\lib
libs=-lmoldname -lkernel32 -luser32 -lgdi32 -lwinspool -lcomdlg32 -ladvapi32 -lshell32 -lole32 -loleaut32 -lnetapi32 -luuid -lws2_32 -lmpr -lwinmm -lversion -lodbc32 -lodbccp32 -lcomctl32
perllibs=-lmoldname -lkernel32 -luser32 -lgdi32 -lwinspool -lcomdlg32 -ladvapi32 -lshell32 -lole32 -loleaut32 -lnetapi32 -luuid -lws2_32 -lmpr -lwinmm -lversion -lodbc32 -lodbccp32 -lcomctl32
libc=, so=dll, useshrplib=true, libperl=libperl514.a
gnulibc_version=''
Dynamic Linking:
dlsrc=dl_win32.xs, dlext=dll, d_dlsymun=undef, ccdlflags=' '
cccdlflags=' ', lddlflags='-mdll -s -L"C:\strawberry514\perl\lib\CORE" -L"C:\strawberry514\c\lib"'
Characteristics of this binary (from libperl):
Compile-time options: MULTIPLICITY PERL_DONT_CREATE_GVSV
PERL_IMPLICIT_CONTEXT PERL_IMPLICIT_SYS
PERL_MALLOC_WRAP PERL_PRESERVE_IVUV PL_OP_SLAB_ALLOC
USE_ITHREADS USE_LARGE_FILES USE_PERLIO USE_PERL_ATOF
USE_SITECUSTOMIZE
Built under MSWin32
Compiled at Jun 9 2011 02:27:43
%ENV:
PERL5_CPANPLUS_IS_RUNNING="2332"
PERL5_CPAN_IS_RUNNING="2332"
PERL_JSON_BACKEND="JSON::XS"
PERL_YAML_BACKEND="YAML"
@INC:
C:/strawberry514/perl/site/lib
C:/strawberry514/perl/vendor/lib
C:/strawberry514/perl/lib
.