Report for Web-MREST-0.286

Back
From: metabase:user:30f4dfbe-2aae-11df-837a-5e0a49663a4f
Subject: FAIL Web-MREST-0.286 v5.14.3 Mac OS X
Date: 2016-09-30T13:17:59Z

This distribution has been tested as part of the CPAN Testers
project, supporting the Perl programming language.  See
http://wiki.cpantesters.org/ for more information or email
questions to cpan-testers-discuss@perl.org


--
Dear Nathan Cutler,

This is a computer-generated report for Web-MREST-0.286
on perl 5.14.3, created by CPAN-Reporter-1.2018.

Thank you for uploading your work to CPAN.  However, there was a problem
testing your distribution.

If you think this report is invalid, please consult the CPAN Testers Wiki
for suggestions on how to avoid getting FAIL reports for missing library
or binary dependencies, unsupported operating systems, and so on:

http://wiki.cpantesters.org/wiki/CPANAuthorNotes

Sections of this report:

    * Tester comments
    * Program output
    * Prerequisites
    * Environment and other context

------------------------------
TESTER COMMENTS
------------------------------

Additional comments from tester:

this report is from an automated smoke testing program
and was not reviewed by a human for accuracy

------------------------------
PROGRAM OUTPUT
------------------------------

Output from './Build test':

cannot open '/Users/hornenj/mrest.log' for append: Is a directory at /Users/hornenj/perl5/perlbrew/perls/perl-5.14.3/lib/site_perl/5.14.3/Log/Any/Adapter/File.pm line 35.
t/2xx/200-OK.t ........................ 
Dubious, test returned 21 (wstat 5376, 0x1500)
No subtests run 
cannot open '/Users/hornenj/mrest.log' for append: Is a directory at /Users/hornenj/perl5/perlbrew/perls/perl-5.14.3/lib/site_perl/5.14.3/Log/Any/Adapter/File.pm line 35.
t/2xx/201-Created.t ................... 
Dubious, test returned 21 (wstat 5376, 0x1500)
No subtests run 
cannot open '/Users/hornenj/mrest.log' for append: Is a directory at /Users/hornenj/perl5/perlbrew/perls/perl-5.14.3/lib/site_perl/5.14.3/Log/Any/Adapter/File.pm line 35.
t/4xx/400-Bad-Request.t ............... 
Dubious, test returned 21 (wstat 5376, 0x1500)
No subtests run 
cannot open '/Users/hornenj/mrest.log' for append: Is a directory at /Users/hornenj/perl5/perlbrew/perls/perl-5.14.3/lib/site_perl/5.14.3/Log/Any/Adapter/File.pm line 35.
t/4xx/401-Unauthorized.t .............. 
Dubious, test returned 21 (wstat 5376, 0x1500)
No subtests run 
cannot open '/Users/hornenj/mrest.log' for append: Is a directory at /Users/hornenj/perl5/perlbrew/perls/perl-5.14.3/lib/site_perl/5.14.3/Log/Any/Adapter/File.pm line 35.
t/4xx/403-Forbidden.t ................. 
Dubious, test returned 21 (wstat 5376, 0x1500)
No subtests run 
cannot open '/Users/hornenj/mrest.log' for append: Is a directory at /Users/hornenj/perl5/perlbrew/perls/perl-5.14.3/lib/site_perl/5.14.3/Log/Any/Adapter/File.pm line 35.
t/4xx/405-Method-Not-Allowed.t ........ 
Dubious, test returned 21 (wstat 5376, 0x1500)
No subtests run 
cannot open '/Users/hornenj/mrest.log' for append: Is a directory at /Users/hornenj/perl5/perlbrew/perls/perl-5.14.3/lib/site_perl/5.14.3/Log/Any/Adapter/File.pm line 35.
t/4xx/406-Not-Acceptable.t ............ 
Dubious, test returned 21 (wstat 5376, 0x1500)
No subtests run 
cannot open '/Users/hornenj/mrest.log' for append: Is a directory at /Users/hornenj/perl5/perlbrew/perls/perl-5.14.3/lib/site_perl/5.14.3/Log/Any/Adapter/File.pm line 35.
t/4xx/413-Request-Entity-Too-Large.t .. 
Dubious, test returned 21 (wstat 5376, 0x1500)
No subtests run 
cannot open '/Users/hornenj/mrest.log' for append: Is a directory at /Users/hornenj/perl5/perlbrew/perls/perl-5.14.3/lib/site_perl/5.14.3/Log/Any/Adapter/File.pm line 35.
t/4xx/414-Request-URI-Too-Long.t ...... 
Dubious, test returned 21 (wstat 5376, 0x1500)
No subtests run 
cannot open '/Users/hornenj/mrest.log' for append: Is a directory at /Users/hornenj/perl5/perlbrew/perls/perl-5.14.3/lib/site_perl/5.14.3/Log/Any/Adapter/File.pm line 35.
t/4xx/415-Unsupported-Media-Type.t .... 
Dubious, test returned 21 (wstat 5376, 0x1500)
No subtests run 
cannot open '/Users/hornenj/mrest.log' for append: Is a directory at /Users/hornenj/perl5/perlbrew/perls/perl-5.14.3/lib/site_perl/5.14.3/Log/Any/Adapter/File.pm line 35.
t/5xx/501-Not-Implemented.t ........... 
Dubious, test returned 21 (wstat 5376, 0x1500)
No subtests run 
cannot open '/Users/hornenj/mrest.log' for append: Is a directory at /Users/hornenj/perl5/perlbrew/perls/perl-5.14.3/lib/site_perl/5.14.3/Log/Any/Adapter/File.pm line 35.
t/5xx/503-Service-Unavailable.t ....... 
Dubious, test returned 21 (wstat 5376, 0x1500)
No subtests run 
cannot open '/Users/hornenj/mrest.log' for append: Is a directory at /Users/hornenj/perl5/perlbrew/perls/perl-5.14.3/lib/site_perl/5.14.3/Log/Any/Adapter/File.pm line 35.
t/config.t ............................ 
Dubious, test returned 21 (wstat 5376, 0x1500)
No subtests run 
cannot open '/Users/hornenj/mrest.log' for append: Is a directory at /Users/hornenj/perl5/perlbrew/perls/perl-5.14.3/lib/site_perl/5.14.3/Log/Any/Adapter/File.pm line 35.
t/dispatch/bugreport.t ................ 
Dubious, test returned 21 (wstat 5376, 0x1500)
No subtests run 
cannot open '/Users/hornenj/mrest.log' for append: Is a directory at /Users/hornenj/perl5/perlbrew/perls/perl-5.14.3/lib/site_perl/5.14.3/Log/Any/Adapter/File.pm line 35.
t/dispatch/docu.t ..................... 
Dubious, test returned 21 (wstat 5376, 0x1500)
No subtests run 
cannot open '/Users/hornenj/mrest.log' for append: Is a directory at /Users/hornenj/perl5/perlbrew/perls/perl-5.14.3/lib/site_perl/5.14.3/Log/Any/Adapter/File.pm line 35.
t/dispatch/echo.t ..................... 
Dubious, test returned 21 (wstat 5376, 0x1500)
No subtests run 
cannot open '/Users/hornenj/mrest.log' for append: Is a directory at /Users/hornenj/perl5/perlbrew/perls/perl-5.14.3/lib/site_perl/5.14.3/Log/Any/Adapter/File.pm line 35.
t/dispatch/noop.t ..................... 
Dubious, test returned 21 (wstat 5376, 0x1500)
No subtests run 
cannot open '/Users/hornenj/mrest.log' for append: Is a directory at /Users/hornenj/perl5/perlbrew/perls/perl-5.14.3/lib/site_perl/5.14.3/Log/Any/Adapter/File.pm line 35.
t/dispatch/param.t .................... 
Dubious, test returned 21 (wstat 5376, 0x1500)
No subtests run 
cannot open '/Users/hornenj/mrest.log' for append: Is a directory at /Users/hornenj/perl5/perlbrew/perls/perl-5.14.3/lib/site_perl/5.14.3/Log/Any/Adapter/File.pm line 35.
t/dispatch/root_resource.t ............ 
Dubious, test returned 21 (wstat 5376, 0x1500)
No subtests run 
cannot open '/Users/hornenj/mrest.log' for append: Is a directory at /Users/hornenj/perl5/perlbrew/perls/perl-5.14.3/lib/site_perl/5.14.3/Log/Any/Adapter/File.pm line 35.
t/dispatch/version.t .................. 
Dubious, test returned 21 (wstat 5376, 0x1500)
No subtests run 
t/mrest_declare_status.t .............. ok
cannot open '/Users/hornenj/mrest.log' for append: Is a directory at /Users/hornenj/perl5/perlbrew/perls/perl-5.14.3/lib/site_perl/5.14.3/Log/Any/Adapter/File.pm line 35.
t/request_body_read.t ................. 
Dubious, test returned 21 (wstat 5376, 0x1500)
No subtests run 

Test Summary Report
-------------------
t/2xx/200-OK.t                      (Wstat: 5376 Tests: 0 Failed: 0)
  Non-zero exit status: 21
  Parse errors: No plan found in TAP output
t/2xx/201-Created.t                 (Wstat: 5376 Tests: 0 Failed: 0)
  Non-zero exit status: 21
  Parse errors: No plan found in TAP output
t/4xx/400-Bad-Request.t             (Wstat: 5376 Tests: 0 Failed: 0)
  Non-zero exit status: 21
  Parse errors: No plan found in TAP output
t/4xx/401-Unauthorized.t            (Wstat: 5376 Tests: 0 Failed: 0)
  Non-zero exit status: 21
  Parse errors: No plan found in TAP output
t/4xx/403-Forbidden.t               (Wstat: 5376 Tests: 0 Failed: 0)
  Non-zero exit status: 21
  Parse errors: No plan found in TAP output
t/4xx/405-Method-Not-Allowed.t      (Wstat: 5376 Tests: 0 Failed: 0)
  Non-zero exit status: 21
  Parse errors: No plan found in TAP output
t/4xx/406-Not-Acceptable.t          (Wstat: 5376 Tests: 0 Failed: 0)
  Non-zero exit status: 21
  Parse errors: No plan found in TAP output
t/4xx/413-Request-Entity-Too-Large.t (Wstat: 5376 Tests: 0 Failed: 0)
  Non-zero exit status: 21
  Parse errors: No plan found in TAP output
t/4xx/414-Request-URI-Too-Long.t    (Wstat: 5376 Tests: 0 Failed: 0)
  Non-zero exit status: 21
  Parse errors: No plan found in TAP output
t/4xx/415-Unsupported-Media-Type.t  (Wstat: 5376 Tests: 0 Failed: 0)
  Non-zero exit status: 21
  Parse errors: No plan found in TAP output
t/5xx/501-Not-Implemented.t         (Wstat: 5376 Tests: 0 Failed: 0)
  Non-zero exit status: 21
  Parse errors: No plan found in TAP output
t/5xx/503-Service-Unavailable.t     (Wstat: 5376 Tests: 0 Failed: 0)
  Non-zero exit status: 21
  Parse errors: No plan found in TAP output
t/config.t                          (Wstat: 5376 Tests: 0 Failed: 0)
  Non-zero exit status: 21
  Parse errors: No plan found in TAP output
t/dispatch/bugreport.t              (Wstat: 5376 Tests: 0 Failed: 0)
  Non-zero exit status: 21
  Parse errors: No plan found in TAP output
t/dispatch/docu.t                   (Wstat: 5376 Tests: 0 Failed: 0)
  Non-zero exit status: 21
  Parse errors: No plan found in TAP output
t/dispatch/echo.t                   (Wstat: 5376 Tests: 0 Failed: 0)
  Non-zero exit status: 21
  Parse errors: No plan found in TAP output
t/dispatch/noop.t                   (Wstat: 5376 Tests: 0 Failed: 0)
  Non-zero exit status: 21
  Parse errors: No plan found in TAP output
t/dispatch/param.t                  (Wstat: 5376 Tests: 0 Failed: 0)
  Non-zero exit status: 21
  Parse errors: No plan found in TAP output
t/dispatch/root_resource.t          (Wstat: 5376 Tests: 0 Failed: 0)
  Non-zero exit status: 21
  Parse errors: No plan found in TAP output
t/dispatch/version.t                (Wstat: 5376 Tests: 0 Failed: 0)
  Non-zero exit status: 21
  Parse errors: No plan found in TAP output
t/request_body_read.t               (Wstat: 5376 Tests: 0 Failed: 0)
  Non-zero exit status: 21
  Parse errors: No plan found in TAP output
Files=22, Tests=21,  4 wallclock secs ( 0.05 usr  0.04 sys +  2.67 cusr  0.92 csys =  3.68 CPU)
Result: FAIL
Failed 21/22 test programs. 0/21 subtests failed.

------------------------------
PREREQUISITES
------------------------------

Prerequisite modules loaded:

requires:

    Module                        Need   Have    
    ----------------------------- ------ --------
    App::CELL                     0.205  0.222   
    Encode                        0      2.86    
    File::ShareDir                1.00   1.102   
    File::Spec                    0      3.47    
    Getopt::Long                  2.32   2.48    
    HTTP::Request                 0      6.11    
    HTTP::Request::Common         0      6.11    
    JSON                          0      2.90    
    LWP::Protocol::https          6.04   6.06    
    LWP::UserAgent                6.05   6.13    
    Module::Runtime               0      0.014   
    Params::Validate              1.06   1.21    
    Path::Router                  0.12   0.15    
    perl                          5.012  5.014003
    Plack::Middleware::LogErrors  0      0.002   
    Plack::Middleware::Session    0      0.30    
    Plack::Middleware::StackTrace 0      0       
    Plack::Runner                 0      0       
    Plack::Session                0      0.30    
    Pod::Simple::HTML             0      3.32    
    Pod::Simple::Text             0      3.32    
    Pod::Usage                    0      1.67    
    Term::ReadLine                0      1.14    
    Test::Deep::NoTest            0      0       
    Try::Tiny                     0      0.22    
    URI::Escape                   0      3.31    
    Web::Machine                  0.15   0.17    
    Web::MREST::CLI               0.276  0.283   

build_requires:

    Module                        Need   Have    
    ----------------------------- ------ --------
    App::CELL                     0.209  0.222   
    Cwd                           0      3.47    
    Encode                        0      2.86    
    File::Basename                0      2.82    
    File::ShareDir                0      1.102   
    File::Spec                    0      3.47    
    HTTP::Request                 0      6.11    
    HTTP::Request::Common         0      6.11    
    JSON                          0      2.90    
    LWP::Protocol::https          6.04   6.06    
    LWP::UserAgent                6.05   6.13    
    Module::Runtime               0      0.014   
    Params::Validate              0      1.21    
    Path::Router                  0.12   0.15    
    Plack                         1.0031 1.0037  
    Plack::Session                0      0.30    
    Plack::Test                   0      0       
    Pod::Simple::HTML             0      3.32    
    Pod::Simple::Text             0      3.32    
    Test::Deep                    0      0.119   
    Test::Fatal                   0      0.014   
    Test::JSON                    0      0.11    
    Test::More                    0      1.302030
    Test::Warnings                0      0.021   
    Try::Tiny                     0      0.22    
    URI::Escape                   0      3.31    
    Web::Machine                  0.15   0.17    

configure_requires:

    Module                        Need   Have    
    ----------------------------- ------ --------
    Module::Build                 0      0.4214  


------------------------------
ENVIRONMENT AND OTHER CONTEXT
------------------------------

Environment variables:

    AUTOMATED_TESTING = 1
    LANG = en_US.UTF-8
    LC_ALL = POSIX
    LDFLAGS = 
    PATH = /Users/hornenj/perl5/perlbrew/bin:/Users/hornenj/perl5/perlbrew/perls/perl-5.14.3/bin:/Users/hornenj/perl5/perlbrew/bin:/Users/hornenj/bin:/sw/lib/perl5/ExtUtils:/sw/bin:/am/ncbiapdata/bin:/usr/bin:/bin:/usr/X11R6/bin:/netopt/ncbi_tools/bin:/usr/local/ncbi/blast/bin:/net/traces01.be-md.ncbi.nlm.nih.gov/trace_software/vdb/mac/release/x86_64/bin
    PERL5LIB = /Users/hornenj/.cpan/build/Web-MREST-CLI-0.283-NqO2dm/blib/arch:/Users/hornenj/.cpan/build/Web-MREST-CLI-0.283-NqO2dm/blib/lib:/Users/hornenj/.cpan/build/Plack-Middleware-LogErrors-0.002-H2PnSr/blib/arch:/Users/hornenj/.cpan/build/Plack-Middleware-LogErrors-0.002-H2PnSr/blib/lib:/Users/hornenj/.cpan/build/Path-Router-0.15-dSK1wK/blib/arch:/Users/hornenj/.cpan/build/Path-Router-0.15-dSK1wK/blib/lib:/Users/hornenj/.cpan/build/DBIx-Connector-0.56-AHKWo4/blib/arch:/Users/hornenj/.cpan/build/DBIx-Connector-0.56-AHKWo4/blib/lib:/Users/hornenj/.cpan/build/Test-MockModule-0.11-9iKU4n/blib/arch:/Users/hornenj/.cpan/build/Test-MockModule-0.11-9iKU4n/blib/lib:/Users/hornenj/.cpan/build/SUPER-1.20141117-ye2oeE/blib/arch:/Users/hornenj/.cpan/build/SUPER-1.20141117-ye2oeE/blib/lib:/Users/hornenj/.cpan/build/App-Dochazka-Common-0.206-6j_p7p/blib/arch:/Users/hornenj/.cpan/build/App-Dochazka-Common-0.206-6j_p7p/blib/lib:/Users/hornenj/.cpan/build/App-MFILE-WWW-0.146-Nhx_GW/blib/arch:/Users/hornenj/.cpan/build/App-MFILE-WWW-0.146-Nhx_GW/blib/lib:/Users/hornenj/.cpan/build/Plack-Middleware-Session-0.30-vs6Xa1/blib/arch:/Users/hornenj/.cpan/build/Plack-Middleware-Session-0.30-vs6Xa1/blib/lib:/Users/hornenj/.cpan/build/Test-JSON-0.11-LahoL3/blib/arch:/Users/hornenj/.cpan/build/Test-JSON-0.11-LahoL3/blib/lib:/Users/hornenj/.cpan/build/Web-Machine-0.17-0PpYGU/blib/arch:/Users/hornenj/.cpan/build/Web-Machine-0.17-0PpYGU/blib/lib:/Users/hornenj/.cpan/build/IO-Handle-Util-0.01-IboUaC/blib/arch:/Users/hornenj/.cpan/build/IO-Handle-Util-0.01-IboUaC/blib/lib:/Users/hornenj/.cpan/build/asa-1.03-iIsCyI/blib/arch:/Users/hornenj/.cpan/build/asa-1.03-iIsCyI/blib/lib:/Users/hornenj/.cpan/build/HTTP-Headers-ActionPack-0.09-UxUgEH/blib/arch:/Users/hornenj/.cpan/build/HTTP-Headers-ActionPack-0.09-UxUgEH/blib/lib:/Users/hornenj/.cpan/build/App-MFILE-0.180-mytRY8/blib/arch:/Users/hornenj/.cpan/build/App-MFILE-0.180-mytRY8/blib/lib:/Users/hornenj/.cpan/build/App-CELL-0.222-JpFo6d/blib/arch:/Users/hornenj/.cpan/build/App-CELL-0.222-JpFo6d/blib/lib:/Users/hornenj/.cpan/build/File-ShareDir-Install-0.11-b2RM49/blib/arch:/Users/hornenj/.cpan/build/File-ShareDir-Install-0.11-b2RM49/blib/lib
    PERL5OPT = 
    PERL5_CPANPLUS_IS_RUNNING = 61060
    PERL5_CPAN_IS_RUNNING = 61060
    PERL5_MINISMOKEBOX = 0.58
    PERLBREW_BASHRC_VERSION = 0.76
    PERLBREW_HOME = /Users/hornenj/.perlbrew
    PERLBREW_LIB = 
    PERLBREW_MANPATH = /Users/hornenj/perl5/perlbrew/perls/perl-5.14.3/man
    PERLBREW_PATH = /Users/hornenj/perl5/perlbrew/bin:/Users/hornenj/perl5/perlbrew/perls/perl-5.14.3/bin
    PERLBREW_PERL = perl-5.14.3
    PERLBREW_ROOT = /Users/hornenj/perl5/perlbrew
    PERLBREW_VERSION = 0.76
    PERL_EXTUTILS_AUTOINSTALL = --defaultdeps
    PERL_LOCAL_LIB_ROOT = 
    PERL_MM_USE_DEFAULT = 1
    SHELL = /bin/bash
    TERM = xterm-256color
    TMPDIR = /var/folders/pz/pd7y1qjs6s3cbk170cw50fjc000c61/T/
    ac_cv_path_INTLTOOL_PERL = /usr/bin/perl

Perl special variables (and OS-specific diagnostics, for MSWin32):

    $^X = /Users/hornenj/perl5/perlbrew/perls/perl-5.14.3/bin/perl5.14.3
    $UID/$EUID = 12481 / 12481
    $GID = 14 14 5344 37191 527 37223 241
    $EGID = 14 14 5344 37191 527 37223 241

Perl module toolchain versions installed:

    Module              Have    
    ------------------- --------
    CPAN                2.10    
    CPAN::Meta          2.150005
    Cwd                 3.47    
    ExtUtils::CBuilder  0.280224
    ExtUtils::Command   7.22    
    ExtUtils::Install   2.04    
    ExtUtils::MakeMaker 7.22    
    ExtUtils::Manifest  1.70    
    ExtUtils::ParseXS   3.30    
    File::Spec          3.47    
    JSON                2.90    
    JSON::PP            2.27400 
    Module::Build       0.4214  
    Module::Signature   n/a     
    Parse::CPAN::Meta   1.4422  
    Test::Harness       3.36    
    Test::More          1.302030
    YAML                1.15    
    YAML::Syck          1.29    
    version             0.9912  


--

Summary of my perl5 (revision 5 version 14 subversion 3) configuration:
   
  Platform:
    osname=darwin, osvers=14.3.0, archname=darwin-thread-multi-2level
    uname='darwin ncbimac2027.ncbi.nlm.nih.gov 14.3.0 darwin kernel version 14.3.0: mon mar 23 11:59:05 pdt 2015; root:xnu-2782.20.48~5release_x86_64 x86_64 '
    config_args='-de -Dprefix=/Users/hornenj/perl5/perlbrew/perls/perl-5.14.3 -Duseithreads -Dusemultiplicity -Dusedevel -Accflags=-O2 -W -Wformat=2 -Wswitch -Wshadow -Wwrite-strings -Wuninitialized -Wall -pipe -mtune=native -march=native -fomit-frame-pointer -msse2 -msse -mmmx -pedantic -D_FORTIFY_SOURCE=2 -Wpointer-arith -Wstrict-prototypes -fstack-protector -Wstack-protector -Wextra -Wbad-function-cast -Wcast-align -Wcast-qual -Wdisabled-optimization -Wendif-labels -Wfloat-equal -Wformat-nonliteral -Winline -Wmissing-declarations -Wmissing-prototypes -Wnested-externs -Wpointer-arith -Wundef -Wformat-security -fassociative-math -Acc=cc -Aeval:scriptdir=/Users/hornenj/perl5/perlbrew/perls/perl-5.14.3/bin'
    hint=recommended, useposix=true, d_sigaction=define
    useithreads=define, usemultiplicity=define
    useperlio=define, d_sfio=undef, uselargefiles=define, usesocks=undef
    use64bitint=define, use64bitall=define, uselongdouble=undef
    usemymalloc=n, bincompat5005=undef
  Compiler:
    cc=' cc', ccflags ='-fno-common -DPERL_DARWIN -O2 -W -Wformat=2 -Wswitch -Wshadow -Wwrite-strings -Wuninitialized -Wall -pipe -mtune=native -march=native -fomit-frame-pointer -msse2 -msse -mmmx -pedantic -D_FORTIFY_SOURCE=2 -Wpointer-arith -Wstrict-prototypes -fstack-protector -Wstack-protector -Wextra -Wbad-function-cast -Wcast-align -Wcast-qual -Wdisabled-optimization -Wendif-labels -Wfloat-equal -Wformat-nonliteral -Winline -Wmissing-declarations -Wmissing-prototypes -Wnested-externs -Wpointer-arith -Wundef -Wformat-security -fassociative-math -fno-strict-aliasing -I/usr/local/include',
    optimize='-O3',
    cppflags='-fno-common -DPERL_DARWIN -O2 -W -Wformat=2 -Wswitch -Wshadow -Wwrite-strings -Wuninitialized -Wall -pipe -mtune=native -march=native -fomit-frame-pointer -msse2 -msse -mmmx -pedantic -D_FORTIFY_SOURCE=2 -Wpointer-arith -Wstrict-prototypes -fstack-protector -Wstack-protector -Wextra -Wbad-function-cast -Wcast-align -Wcast-qual -Wdisabled-optimization -Wendif-labels -Wfloat-equal -Wformat-nonliteral -Winline -Wmissing-declarations -Wmissing-prototypes -Wnested-externs -Wpointer-arith -Wundef -Wformat-security -fassociative-math -fno-strict-aliasing -I/usr/local/include'
    ccversion='', gccversion='4.2.1 Compatible Apple LLVM 6.0 (clang-600.0.56)', gccosandvers=''
    intsize=4, longsize=8, ptrsize=8, doublesize=8, byteorder=12345678
    d_longlong=define, longlongsize=8, d_longdbl=define, longdblsize=16
    ivtype='long', ivsize=8, nvtype='double', nvsize=8, Off_t='off_t', lseeksize=8
    alignbytes=8, prototype=define
  Linker and Libraries:
    ld='env MACOSX_DEPLOYMENT_TARGET=10.3 cc', ldflags =' -fstack-protector -L/usr/local/lib'
    libpth=/usr/local/lib /usr/lib
    libs=-ldbm -ldl -lm -lutil -lc
    perllibs=-ldl -lm -lutil -lc
    libc=, so=dylib, useshrplib=false, libperl=libperl.a
    gnulibc_version=''
  Dynamic Linking:
    dlsrc=dl_dlopen.xs, dlext=bundle, d_dlsymun=undef, ccdlflags=' '
    cccdlflags=' ', lddlflags=' -bundle -undefined dynamic_lookup -L/usr/local/lib -fstack-protector'


Characteristics of this binary (from libperl): 
  Compile-time options: MULTIPLICITY PERL_DONT_CREATE_GVSV
                        PERL_IMPLICIT_CONTEXT PERL_MALLOC_WRAP
                        PERL_PRESERVE_IVUV PERL_USE_DEVEL USE_64_BIT_ALL
                        USE_64_BIT_INT USE_ITHREADS USE_LARGE_FILES
                        USE_PERLIO USE_PERL_ATOF USE_REENTRANT_API
  Locally applied patches:
	Devel::PatchPerl 1.30
  Built under darwin
  Compiled at Apr 20 2015 10:10:59
  %ENV:
    PERL5LIB="/Users/hornenj/.cpan/build/Web-MREST-CLI-0.283-NqO2dm/blib/arch:/Users/hornenj/.cpan/build/Web-MREST-CLI-0.283-NqO2dm/blib/lib:/Users/hornenj/.cpan/build/Plack-Middleware-LogErrors-0.002-H2PnSr/blib/arch:/Users/hornenj/.cpan/build/Plack-Middleware-LogErrors-0.002-H2PnSr/blib/lib:/Users/hornenj/.cpan/build/Path-Router-0.15-dSK1wK/blib/arch:/Users/hornenj/.cpan/build/Path-Router-0.15-dSK1wK/blib/lib:/Users/hornenj/.cpan/build/DBIx-Connector-0.56-AHKWo4/blib/arch:/Users/hornenj/.cpan/build/DBIx-Connector-0.56-AHKWo4/blib/lib:/Users/hornenj/.cpan/build/Test-MockModule-0.11-9iKU4n/blib/arch:/Users/hornenj/.cpan/build/Test-MockModule-0.11-9iKU4n/blib/lib:/Users/hornenj/.cpan/build/SUPER-1.20141117-ye2oeE/blib/arch:/Users/hornenj/.cpan/build/SUPER-1.20141117-ye2oeE/blib/lib:/Users/hornenj/.cpan/build/App-Dochazka-Common-0.206-6j_p7p/blib/arch:/Users/hornenj/.cpan/build/App-Dochazka-Common-0.206-6j_p7p/blib/lib:/Users/hornenj/.cpan/build/App-MFILE-WWW-0.146-Nhx_GW/blib/arch:/Users/hornenj/.cpan/build/App-MFILE-WWW-0.146-Nhx_GW/blib/lib:/Users/hornenj/.cpan/build/Plack-Middleware-Session-0.30-vs6Xa1/blib/arch:/Users/hornenj/.cpan/build/Plack-Middleware-Session-0.30-vs6Xa1/blib/lib:/Users/hornenj/.cpan/build/Test-JSON-0.11-LahoL3/blib/arch:/Users/hornenj/.cpan/build/Test-JSON-0.11-LahoL3/blib/lib:/Users/hornenj/.cpan/build/Web-Machine-0.17-0PpYGU/blib/arch:/Users/hornenj/.cpan/build/Web-Machine-0.17-0PpYGU/blib/lib:/Users/hornenj/.cpan/build/IO-Handle-Util-0.01-IboUaC/blib/arch:/Users/hornenj/.cpan/build/IO-Handle-Util-0.01-IboUaC/blib/lib:/Users/hornenj/.cpan/build/asa-1.03-iIsCyI/blib/arch:/Users/hornenj/.cpan/build/asa-1.03-iIsCyI/blib/lib:/Users/hornenj/.cpan/build/HTTP-Headers-ActionPack-0.09-UxUgEH/blib/arch:/Users/hornenj/.cpan/build/HTTP-Headers-ActionPack-0.09-UxUgEH/blib/lib:/Users/hornenj/.cpan/build/App-MFILE-0.180-mytRY8/blib/arch:/Users/hornenj/.cpan/build/App-MFILE-0.180-mytRY8/blib/lib:/Users/hornenj/.cpan/build/App-CELL-0.222-JpFo6d/blib/arch:/Users/hornenj/.cpan/build/App-CELL-0.222-JpFo6d/blib/lib:/Users/hornenj/.cpan/build/File-ShareDir-Install-0.11-b2RM49/blib/arch:/Users/hornenj/.cpan/build/File-ShareDir-Install-0.11-b2RM49/blib/lib"
    PERL5OPT=""
    PERL5_CPANPLUS_IS_RUNNING="61060"
    PERL5_CPAN_IS_RUNNING="61060"
    PERL5_MINISMOKEBOX="0.58"
    PERLBREW_BASHRC_VERSION="0.76"
    PERLBREW_HOME="/Users/hornenj/.perlbrew"
    PERLBREW_LIB=""
    PERLBREW_MANPATH="/Users/hornenj/perl5/perlbrew/perls/perl-5.14.3/man"
    PERLBREW_PATH="/Users/hornenj/perl5/perlbrew/bin:/Users/hornenj/perl5/perlbrew/perls/perl-5.14.3/bin"
    PERLBREW_PERL="perl-5.14.3"
    PERLBREW_ROOT="/Users/hornenj/perl5/perlbrew"
    PERLBREW_VERSION="0.76"
    PERL_EXTUTILS_AUTOINSTALL="--defaultdeps"
    PERL_LOCAL_LIB_ROOT=""
    PERL_MM_USE_DEFAULT="1"
  @INC:
    /Users/hornenj/.cpan/build/Web-MREST-CLI-0.283-NqO2dm/blib/arch
    /Users/hornenj/.cpan/build/Web-MREST-CLI-0.283-NqO2dm/blib/lib
    /Users/hornenj/.cpan/build/Plack-Middleware-LogErrors-0.002-H2PnSr/blib/arch
    /Users/hornenj/.cpan/build/Plack-Middleware-LogErrors-0.002-H2PnSr/blib/lib
    /Users/hornenj/.cpan/build/Path-Router-0.15-dSK1wK/blib/arch
    /Users/hornenj/.cpan/build/Path-Router-0.15-dSK1wK/blib/lib
    /Users/hornenj/.cpan/build/DBIx-Connector-0.56-AHKWo4/blib/arch
    /Users/hornenj/.cpan/build/DBIx-Connector-0.56-AHKWo4/blib/lib
    /Users/hornenj/.cpan/build/Test-MockModule-0.11-9iKU4n/blib/arch
    /Users/hornenj/.cpan/build/Test-MockModule-0.11-9iKU4n/blib/lib
    /Users/hornenj/.cpan/build/SUPER-1.20141117-ye2oeE/blib/arch
    /Users/hornenj/.cpan/build/SUPER-1.20141117-ye2oeE/blib/lib
    /Users/hornenj/.cpan/build/App-Dochazka-Common-0.206-6j_p7p/blib/arch
    /Users/hornenj/.cpan/build/App-Dochazka-Common-0.206-6j_p7p/blib/lib
    /Users/hornenj/.cpan/build/App-MFILE-WWW-0.146-Nhx_GW/blib/arch
    /Users/hornenj/.cpan/build/App-MFILE-WWW-0.146-Nhx_GW/blib/lib
    /Users/hornenj/.cpan/build/Plack-Middleware-Session-0.30-vs6Xa1/blib/arch
    /Users/hornenj/.cpan/build/Plack-Middleware-Session-0.30-vs6Xa1/blib/lib
    /Users/hornenj/.cpan/build/Test-JSON-0.11-LahoL3/blib/arch
    /Users/hornenj/.cpan/build/Test-JSON-0.11-LahoL3/blib/lib
    /Users/hornenj/.cpan/build/Web-Machine-0.17-0PpYGU/blib/arch
    /Users/hornenj/.cpan/build/Web-Machine-0.17-0PpYGU/blib/lib
    /Users/hornenj/.cpan/build/IO-Handle-Util-0.01-IboUaC/blib/arch
    /Users/hornenj/.cpan/build/IO-Handle-Util-0.01-IboUaC/blib/lib
    /Users/hornenj/.cpan/build/asa-1.03-iIsCyI/blib/arch
    /Users/hornenj/.cpan/build/asa-1.03-iIsCyI/blib/lib
    /Users/hornenj/.cpan/build/HTTP-Headers-ActionPack-0.09-UxUgEH/blib/arch
    /Users/hornenj/.cpan/build/HTTP-Headers-ActionPack-0.09-UxUgEH/blib/lib
    /Users/hornenj/.cpan/build/App-MFILE-0.180-mytRY8/blib/arch
    /Users/hornenj/.cpan/build/App-MFILE-0.180-mytRY8/blib/lib
    /Users/hornenj/.cpan/build/App-CELL-0.222-JpFo6d/blib/arch
    /Users/hornenj/.cpan/build/App-CELL-0.222-JpFo6d/blib/lib
    /Users/hornenj/.cpan/build/File-ShareDir-Install-0.11-b2RM49/blib/arch
    /Users/hornenj/.cpan/build/File-ShareDir-Install-0.11-b2RM49/blib/lib
    /Users/hornenj/perl5/perlbrew/perls/perl-5.14.3/lib/site_perl/5.14.3/darwin-thread-multi-2level
    /Users/hornenj/perl5/perlbrew/perls/perl-5.14.3/lib/site_perl/5.14.3
    /Users/hornenj/perl5/perlbrew/perls/perl-5.14.3/lib/5.14.3/darwin-thread-multi-2level
    /Users/hornenj/perl5/perlbrew/perls/perl-5.14.3/lib/5.14.3
    .