App-GitHooks-Plugin-ValidatePODFormat vv1.1.0 Perl 5 v5.24.4 x86_64-linux-ld
- Status
- Fail
- From
- Slaven Rezić
- Dist
-
App-GitHooks-Plugin-ValidatePODFormat vv1.1.0
- Platform
- Perl 5 v5.24.4 x86_64-linux-ld
- Date
- 2024-10-20 17:04:03
- ID
- 4f34822e-8f05-11ef-89a5-6eec6d8775ea
This distribution has been tested as part of the CPAN Testers
project, supporting the Perl programming language. See
http://wiki.cpantesters.org/ for more information or email
questions to cpan-testers-discuss@perl.org
--
Dear Guillaume Aubert,
This is a computer-generated report for App-GitHooks-Plugin-ValidatePODFormat-v1.1.0
on perl 5.24.4, created by CPAN-Reporter-1.2019.
Thank you for uploading your work to CPAN. However, there was a problem
testing your distribution.
If you think this report is invalid, please consult the CPAN Testers Wiki
for suggestions on how to avoid getting FAIL reports for missing library
or binary dependencies, unsupported operating systems, and so on:
http://wiki.cpantesters.org/wiki/CPANAuthorNotes
Sections of this report:
* Tester comments
* Program output
* Prerequisites
* Environment and other context
------------------------------
TESTER COMMENTS
------------------------------
Additional comments from tester:
none provided
------------------------------
PROGRAM OUTPUT
------------------------------
Output from './Build test':
# Testing App::GitHooks::Plugin::ValidatePODFormat 1.1.0, Perl 5.024004, /opt/perl-5.24.4D/bin/perl
t/00-load.t ........................ ok
# git version 2.43.5
# Using git version 2.43.5.
t/01-git_version.t ................. ok
t/03-get_file_check_description.t .. ok
t/05-get_file_pattern.t ............ ok
# Failed test 'The output matches expected results.'
# at t/10-run.t line 93.
# '(1/1) test.pl
# o POD format is valid. at t/10-run.t line 83.
# '
# doesn't match '(?^:x POD format is valid)'
# Looks like you failed 1 test of 4.
# Failed test 'Invalid POD.'
# at t/10-run.t line 97.
# Looks like you failed 1 test of 3.
t/10-run.t .........................
Dubious, test returned 1 (wstat 256, 0x100)
Failed 1/3 subtests
Test Summary Report
-------------------
t/10-run.t (Wstat: 256 (exited 1) Tests: 3 Failed: 1)
Failed test: 3
Non-zero exit status: 1
Files=5, Tests=11, 4 wallclock secs ( 0.01 usr 0.01 sys + 0.68 cusr 0.47 csys = 1.17 CPU)
Result: FAIL
Failed 1/5 test programs. 1/11 subtests failed.
------------------------------
PREREQUISITES
------------------------------
Prerequisite modules loaded:
requires:
Module Need Have
------------------- ----- --------
App::GitHooks 0 1.9.0
perl 5.01 5.024004
Pod::Simple 0 3.45
build_requires:
Module Need Have
------------------- ----- --------
Capture::Tiny 0 0.48
Git::Repository 0 1.325
Test::Exception 0 0.43
Test::FailWarnings 0 0.008
Test::More 0.94 1.302203
Test::Requires::Git 1.005 1.008
Test::Type 0 1.3.0
configure_requires:
Module Need Have
------------------- ----- --------
Module::Build 0 0.4234
------------------------------
ENVIRONMENT AND OTHER CONTEXT
------------------------------
Environment variables:
LANG = en_US.UTF-8
PATH = /usr/local/bin:/usr/bin:/bin:/usr/local/sbin:/usr/sbin:/sbin:/home/cpansand/bin/linux-gnu:/home/cpansand/bin/sh:/home/cpansand/bin:/usr/games:/home/cpansand/devel:/home/eserte/src/srezic-misc/scripts
PERL5LIB = /home/cpansand/.cpan/build/2024102016/App-GitHooks-v1.9.0-1/blib/arch:/home/cpansand/.cpan/build/2024102016/App-GitHooks-v1.9.0-1/blib/lib:/home/cpansand/.cpan/build/2024102016/Test-Type-v1.3.0-1/blib/arch:/home/cpansand/.cpan/build/2024102016/Test-Type-v1.3.0-1/blib/lib:/home/cpansand/.cpan/build/2024102016/Git-Repository-1.325-1/blib/arch:/home/cpansand/.cpan/build/2024102016/Git-Repository-1.325-1/blib/lib:/home/cpansand/.cpan/build/2024102016/Data-Validate-Type-v1.6.0-1/blib/arch:/home/cpansand/.cpan/build/2024102016/Data-Validate-Type-v1.6.0-1/blib/lib
PERL5OPT =
PERL5_CPANPLUS_IS_RUNNING = 1454800
PERL5_CPAN_IS_RUNNING = 1454800
PERL5_CPAN_IS_RUNNING_IN_RECURSION = 1452430,1454800
PERLDOC = -MPod::Perldoc::ToTextOverstrike
PERL_BATCH = yes
PERL_CANARY_STABILITY_NOPROMPT = 1
PERL_CPAN_REPORTER_CONFIG = /var/tmp/cpansmoker-1023/2024102016/cpanreporter_000_config.ini
PERL_EXTUTILS_AUTOINSTALL = --defaultdeps
PERL_USE_UNSAFE_INC = 1
SHELL = /usr/bin/zsh
TERM = screen
TMPDIR = /var/tmp/cpansmoker-1023/2024102016
Perl special variables (and OS-specific diagnostics, for MSWin32):
$^X = /opt/perl-5.24.4D/bin/perl
$UID/$EUID = 1023 / 1023
$GID = 1023 1023
$EGID = 1023 1023
Perl module toolchain versions installed:
Module Have
------------------- --------
CPAN 2.37
CPAN::Meta 2.150010
Cwd 3.75
ExtUtils::CBuilder 0.280236
ExtUtils::Command 7.70
ExtUtils::Install 2.06
ExtUtils::MakeMaker 7.70
ExtUtils::Manifest 1.70
ExtUtils::ParseXS 3.31
File::Spec 3.75
JSON 4.10
JSON::PP 4.16
Module::Build 0.4234
Module::Signature n/a
Parse::CPAN::Meta 2.150010
Test2 1.302203
Test::Harness 3.50
Test::More 1.302203
YAML 1.31
YAML::Syck 1.34
version 0.9916
--
Summary of my perl5 (revision 5 version 24 subversion 4) configuration:
Platform:
osname=linux, osvers=5.14.0-427.24.1.el9_4.x86_64, archname=x86_64-linux-ld
uname='linux rockylinux9-2gb-ash-1-cloud3.cloud 5.14.0-427.24.1.el9_4.x86_64 #1 smp preempt_dynamic mon jul 8 17:47:19 utc 2024 x86_64 x86_64 x86_64 gnulinux '
config_args='-ds -e -Dprefix=/opt/perl-5.24.4D -Uinstallusrbinperl -Duselongdouble -Dcf_email=srezic@cpan.org'
hint=recommended, useposix=true, d_sigaction=define
useithreads=undef, usemultiplicity=undef
use64bitint=define, use64bitall=define, uselongdouble=define
usemymalloc=n, bincompat5005=undef
Compiler:
cc='cc', ccflags ='-fwrapv -fno-strict-aliasing -pipe -fstack-protector-strong -I/usr/local/include -D_LARGEFILE_SOURCE -D_FILE_OFFSET_BITS=64 -D_FORTIFY_SOURCE=2',
optimize='-O2',
cppflags='-fwrapv -fno-strict-aliasing -pipe -fstack-protector-strong -I/usr/local/include'
ccversion='', gccversion='11.4.1 20231218 (Red Hat 11.4.1-3)', gccosandvers=''
intsize=4, longsize=8, ptrsize=8, doublesize=8, byteorder=12345678, doublekind=3
d_longlong=define, longlongsize=8, d_longdbl=define, longdblsize=16, longdblkind=3
ivtype='long', ivsize=8, nvtype='long double', nvsize=16, Off_t='off_t', lseeksize=8
alignbytes=16, prototype=define
Linker and Libraries:
ld='cc', ldflags =' -fstack-protector-strong -L/usr/local/lib'
libpth=/usr/local/lib /usr/lib /lib/../lib64 /usr/lib/../lib64 /lib /lib64 /usr/lib64 /usr/local/lib64
libs=-lpthread -ldb -ldl -lm -lcrypt -lutil -lc
perllibs=-lpthread -ldl -lm -lcrypt -lutil -lc
libc=/lib/../lib64/libc.so.6, so=so, useshrplib=false, libperl=libperl.a
gnulibc_version='2.34'
Dynamic Linking:
dlsrc=dl_dlopen.xs, dlext=so, d_dlsymun=undef, ccdlflags='-Wl,-E'
cccdlflags='-fPIC', lddlflags='-shared -O2 -L/usr/local/lib -fstack-protector-strong'
Characteristics of this binary (from libperl):
Compile-time options: HAS_TIMES PERLIO_LAYERS PERL_COPY_ON_WRITE
PERL_DONT_CREATE_GVSV
PERL_HASH_FUNC_ONE_AT_A_TIME_HARD PERL_MALLOC_WRAP
PERL_PRESERVE_IVUV USE_64_BIT_ALL USE_64_BIT_INT
USE_LARGE_FILES USE_LOCALE USE_LOCALE_COLLATE
USE_LOCALE_CTYPE USE_LOCALE_NUMERIC USE_LOCALE_TIME
USE_LONG_DOUBLE USE_PERLIO USE_PERL_ATOF
Locally applied patches:
Devel::PatchPerl 2.08
Built under linux
Compiled at Jul 19 2024 20:19:54
%ENV:
PERL5LIB="/home/cpansand/.cpan/build/2024102016/App-GitHooks-v1.9.0-1/blib/arch:/home/cpansand/.cpan/build/2024102016/App-GitHooks-v1.9.0-1/blib/lib:/home/cpansand/.cpan/build/2024102016/Test-Type-v1.3.0-1/blib/arch:/home/cpansand/.cpan/build/2024102016/Test-Type-v1.3.0-1/blib/lib:/home/cpansand/.cpan/build/2024102016/Git-Repository-1.325-1/blib/arch:/home/cpansand/.cpan/build/2024102016/Git-Repository-1.325-1/blib/lib:/home/cpansand/.cpan/build/2024102016/Data-Validate-Type-v1.6.0-1/blib/arch:/home/cpansand/.cpan/build/2024102016/Data-Validate-Type-v1.6.0-1/blib/lib"
PERL5OPT=""
PERL5_CPANPLUS_IS_RUNNING="1454800"
PERL5_CPAN_IS_RUNNING="1454800"
PERL5_CPAN_IS_RUNNING_IN_RECURSION="1452430,1454800"
PERLDOC="-MPod::Perldoc::ToTextOverstrike"
PERL_BATCH="yes"
PERL_CANARY_STABILITY_NOPROMPT="1"
PERL_CPAN_REPORTER_CONFIG="/var/tmp/cpansmoker-1023/2024102016/cpanreporter_000_config.ini"
PERL_EXTUTILS_AUTOINSTALL="--defaultdeps"
PERL_USE_UNSAFE_INC="1"
@INC:
/home/cpansand/.cpan/build/2024102016/App-GitHooks-v1.9.0-1/blib/arch
/home/cpansand/.cpan/build/2024102016/App-GitHooks-v1.9.0-1/blib/lib
/home/cpansand/.cpan/build/2024102016/Test-Type-v1.3.0-1/blib/arch
/home/cpansand/.cpan/build/2024102016/Test-Type-v1.3.0-1/blib/lib
/home/cpansand/.cpan/build/2024102016/Git-Repository-1.325-1/blib/arch
/home/cpansand/.cpan/build/2024102016/Git-Repository-1.325-1/blib/lib
/home/cpansand/.cpan/build/2024102016/Data-Validate-Type-v1.6.0-1/blib/arch
/home/cpansand/.cpan/build/2024102016/Data-Validate-Type-v1.6.0-1/blib/lib
/opt/perl-5.24.4D/lib/site_perl/5.24.4/x86_64-linux-ld
/opt/perl-5.24.4D/lib/site_perl/5.24.4
/opt/perl-5.24.4D/lib/5.24.4/x86_64-linux-ld
/opt/perl-5.24.4D/lib/5.24.4
.