Report for Imager-DTP-0.06

Back
From: metabase:user:30f0bd62-2aae-11df-837a-5e0a49663a4f
Subject: FAIL Imager-DTP-0.06 v5.17.5 OpenBSD
Date: 2012-11-07T10:17:18Z

This distribution has been tested as part of the CPAN Testers
project, supporting the Perl programming language.  See
http://wiki.cpantesters.org/ for more information or email
questions to cpan-testers-discuss@perl.org


--
Dear Toshimasa Ishibashi,

This is a computer-generated report for Imager-DTP-0.06
on perl 5.17.5, created by CPAN-Reporter-1.2006.

Thank you for uploading your work to CPAN.  However, there was a problem
testing your distribution.

If you think this report is invalid, please consult the CPAN Testers Wiki
for suggestions on how to avoid getting FAIL reports for missing library
or binary dependencies, unsupported operating systems, and so on:

http://wiki.cpantesters.org/wiki/CPANAuthorNotes

Sections of this report:

    * Tester comments
    * Program output
    * Prerequisites
    * Environment and other context

------------------------------
TESTER COMMENTS
------------------------------

Additional comments from tester:

this report is from an automated smoke testing program
and was not reviewed by a human for accuracy

------------------------------
PROGRAM OUTPUT
------------------------------

Output from '/usr/bin/make test':

PERL_DL_NONLAZY=1 /home/sts/cpansmoke/perl-5.17.5/bin/perl5.17.5 "-MExtUtils::Command::MM" "-e" "test_harness(0, 'blib/lib', 'blib/arch')" t/*.t
Scalar found where operator expected at /home/sts/cpansmoke/perl-5.17.5/cpan/build/Imager-DTP-0.06-uRYuQa/blib/lib/Imager/DTP/Letter.pm line 176, near "*= $x"
	(Missing operator before  $x?)
Scalar found where operator expected at /home/sts/cpansmoke/perl-5.17.5/cpan/build/Imager-DTP-0.06-uRYuQa/blib/lib/Imager/DTP/Letter.pm line 181, near "*= $y"
	(Missing operator before  $y?)

#   Failed test 'use Imager::DTP::Textbox::Horizontal;'
#   at t/00_load.t line 4.
#     Tried to use 'Imager::DTP::Textbox::Horizontal'.
#     Error:  syntax error at /home/sts/cpansmoke/perl-5.17.5/cpan/build/Imager-DTP-0.06-uRYuQa/blib/lib/Imager/DTP/Letter.pm line 175, near "$v qw(width advanced_width left_bearing right_bearing end_offset)"
# Global symbol "$v" requires explicit package name at /home/sts/cpansmoke/perl-5.17.5/cpan/build/Imager-DTP-0.06-uRYuQa/blib/lib/Imager/DTP/Letter.pm line 176.
# syntax error at /home/sts/cpansmoke/perl-5.17.5/cpan/build/Imager-DTP-0.06-uRYuQa/blib/lib/Imager/DTP/Letter.pm line 176, near "*= $x"
# syntax error at /home/sts/cpansmoke/perl-5.17.5/cpan/build/Imager-DTP-0.06-uRYuQa/blib/lib/Imager/DTP/Letter.pm line 178, near "}"
# Global symbol "$y" requires explicit package name at /home/sts/cpansmoke/perl-5.17.5/cpan/build/Imager-DTP-0.06-uRYuQa/blib/lib/Imager/DTP/Letter.pm line 179.
# Global symbol "$y" requires explicit package name at /home/sts/cpansmoke/perl-5.17.5/cpan/build/Imager-DTP-0.06-uRYuQa/blib/lib/Imager/DTP/Letter.pm line 181.
# Global symbol "$self" requires explicit package name at /home/sts/cpansmoke/perl-5.17.5/cpan/build/Imager-DTP-0.06-uRYuQa/blib/lib/Imager/DTP/Letter.pm line 185.
# Global symbol "$self" requires explicit package name at /home/sts/cpansmoke/perl-5.17.5/cpan/build/Imager-DTP-0.06-uRYuQa/blib/lib/Imager/DTP/Letter.pm line 186.
# Global symbol "$self" requires explicit package name at /home/sts/cpansmoke/perl-5.17.5/cpan/build/Imager-DTP-0.06-uRYuQa/blib/lib/Imager/DTP/Letter.pm line 186.
# Global symbol "$self" requires explicit package name at /home/sts/cpansmoke/perl-5.17.5/cpan/build/Imager-DTP-0.06-uRYuQa/blib/lib/Imager/DTP/Letter.pm line 187.
# Global symbol "$self" requires explicit package name at /home/sts/cpansmoke/perl-5.17.5/cpan/build/Imager-DTP-0.06-uRYuQa/blib/lib/Imager/DTP/Letter.pm line 187.
# syntax error at /home/sts/cpansmoke/perl-5.17.5/cpan/build/Imager-DTP-0.06-uRYuQa/blib/lib/Imager/DTP/Letter.pm line 188, near "}"
# /home/sts/cpansmoke/perl-5.17.5/cpan/build/Imager-DTP-0.06-uRYuQa/blib/lib/Imager/DTP/Letter.pm has too many errors.
# Compilation failed in require at /home/sts/cpansmoke/perl-5.17.5/cpan/build/Imager-DTP-0.06-uRYuQa/blib/lib/Imager/DTP/Line.pm line 5.
# BEGIN failed--compilation aborted at /home/sts/cpansmoke/perl-5.17.5/cpan/build/Imager-DTP-0.06-uRYuQa/blib/lib/Imager/DTP/Line.pm line 5.
# Compilation failed in require at (eval 11) line 2.
# 	...propagated at /home/sts/cpansmoke/perl-5.17.5/lib/5.17.5/base.pm line 84.
# BEGIN failed--compilation aborted at /home/sts/cpansmoke/perl-5.17.5/cpan/build/Imager-DTP-0.06-uRYuQa/blib/lib/Imager/DTP/Line/Horizontal.pm line 2.
# Compilation failed in require at /home/sts/cpansmoke/perl-5.17.5/cpan/build/Imager-DTP-0.06-uRYuQa/blib/lib/Imager/DTP/Textbox/Horizontal.pm line 3.
# BEGIN failed--compilation aborted at /home/sts/cpansmoke/perl-5.17.5/cpan/build/Imager-DTP-0.06-uRYuQa/blib/lib/Imager/DTP/Textbox/Horizontal.pm line 3.
# Compilation failed in require at (eval 4) line 2.
# BEGIN failed--compilation aborted at (eval 4) line 2.

#   Failed test 'use Imager::DTP::Textbox::Vertical;'
#   at t/00_load.t line 5.
#     Tried to use 'Imager::DTP::Textbox::Vertical'.
#     Error:  Attempt to reload Imager/DTP/Line.pm aborted.
# Compilation failed in require at (eval 16) line 2.
# 	...propagated at /home/sts/cpansmoke/perl-5.17.5/lib/5.17.5/base.pm line 84.
# BEGIN failed--compilation aborted at /home/sts/cpansmoke/perl-5.17.5/cpan/build/Imager-DTP-0.06-uRYuQa/blib/lib/Imager/DTP/Line/Vertical.pm line 2.
# Compilation failed in require at /home/sts/cpansmoke/perl-5.17.5/cpan/build/Imager-DTP-0.06-uRYuQa/blib/lib/Imager/DTP/Textbox/Vertical.pm line 3.
# BEGIN failed--compilation aborted at /home/sts/cpansmoke/perl-5.17.5/cpan/build/Imager-DTP-0.06-uRYuQa/blib/lib/Imager/DTP/Textbox/Vertical.pm line 3.
# Compilation failed in require at (eval 14) line 2.
# BEGIN failed--compilation aborted at (eval 14) line 2.

#   Failed test 'use Imager::DTP::Line::Horizontal;'
#   at t/00_load.t line 6.
#     Tried to use 'Imager::DTP::Line::Horizontal'.
#     Error:  Attempt to reload Imager/DTP/Line/Horizontal.pm aborted.
# Compilation failed in require at (eval 17) line 2.
# BEGIN failed--compilation aborted at (eval 17) line 2.

#   Failed test 'use Imager::DTP::Line::Vertical;'
#   at t/00_load.t line 7.
#     Tried to use 'Imager::DTP::Line::Vertical'.
#     Error:  Attempt to reload Imager/DTP/Line/Vertical.pm aborted.
# Compilation failed in require at (eval 18) line 2.
# BEGIN failed--compilation aborted at (eval 18) line 2.

#   Failed test 'use Imager::DTP::Letter;'
#   at t/00_load.t line 8.
#     Tried to use 'Imager::DTP::Letter'.
#     Error:  Attempt to reload Imager/DTP/Letter.pm aborted.
# Compilation failed in require at (eval 19) line 2.
# BEGIN failed--compilation aborted at (eval 19) line 2.
# Looks like you failed 5 tests of 6.
t/00_load.t .... 
Dubious, test returned 5 (wstat 1280, 0x500)
Failed 5/6 subtests 
Scalar found where operator expected at /home/sts/cpansmoke/perl-5.17.5/cpan/build/Imager-DTP-0.06-uRYuQa/blib/lib/Imager/DTP/Letter.pm line 176, near "*= $x"
	(Missing operator before  $x?)
Scalar found where operator expected at /home/sts/cpansmoke/perl-5.17.5/cpan/build/Imager-DTP-0.06-uRYuQa/blib/lib/Imager/DTP/Letter.pm line 181, near "*= $y"
	(Missing operator before  $y?)
syntax error at /home/sts/cpansmoke/perl-5.17.5/cpan/build/Imager-DTP-0.06-uRYuQa/blib/lib/Imager/DTP/Letter.pm line 175, near "$v qw(width advanced_width left_bearing right_bearing end_offset)"
Global symbol "$v" requires explicit package name at /home/sts/cpansmoke/perl-5.17.5/cpan/build/Imager-DTP-0.06-uRYuQa/blib/lib/Imager/DTP/Letter.pm line 176.
syntax error at /home/sts/cpansmoke/perl-5.17.5/cpan/build/Imager-DTP-0.06-uRYuQa/blib/lib/Imager/DTP/Letter.pm line 176, near "*= $x"
syntax error at /home/sts/cpansmoke/perl-5.17.5/cpan/build/Imager-DTP-0.06-uRYuQa/blib/lib/Imager/DTP/Letter.pm line 178, near "}"
Global symbol "$y" requires explicit package name at /home/sts/cpansmoke/perl-5.17.5/cpan/build/Imager-DTP-0.06-uRYuQa/blib/lib/Imager/DTP/Letter.pm line 179.
Global symbol "$y" requires explicit package name at /home/sts/cpansmoke/perl-5.17.5/cpan/build/Imager-DTP-0.06-uRYuQa/blib/lib/Imager/DTP/Letter.pm line 181.
Global symbol "$self" requires explicit package name at /home/sts/cpansmoke/perl-5.17.5/cpan/build/Imager-DTP-0.06-uRYuQa/blib/lib/Imager/DTP/Letter.pm line 185.
Global symbol "$self" requires explicit package name at /home/sts/cpansmoke/perl-5.17.5/cpan/build/Imager-DTP-0.06-uRYuQa/blib/lib/Imager/DTP/Letter.pm line 186.
Global symbol "$self" requires explicit package name at /home/sts/cpansmoke/perl-5.17.5/cpan/build/Imager-DTP-0.06-uRYuQa/blib/lib/Imager/DTP/Letter.pm line 186.
Global symbol "$self" requires explicit package name at /home/sts/cpansmoke/perl-5.17.5/cpan/build/Imager-DTP-0.06-uRYuQa/blib/lib/Imager/DTP/Letter.pm line 187.
Global symbol "$self" requires explicit package name at /home/sts/cpansmoke/perl-5.17.5/cpan/build/Imager-DTP-0.06-uRYuQa/blib/lib/Imager/DTP/Letter.pm line 187.
syntax error at /home/sts/cpansmoke/perl-5.17.5/cpan/build/Imager-DTP-0.06-uRYuQa/blib/lib/Imager/DTP/Letter.pm line 188, near "}"
/home/sts/cpansmoke/perl-5.17.5/cpan/build/Imager-DTP-0.06-uRYuQa/blib/lib/Imager/DTP/Letter.pm has too many errors.
Compilation failed in require at /home/sts/cpansmoke/perl-5.17.5/cpan/build/Imager-DTP-0.06-uRYuQa/blib/lib/Imager/DTP/Line.pm line 5.
BEGIN failed--compilation aborted at /home/sts/cpansmoke/perl-5.17.5/cpan/build/Imager-DTP-0.06-uRYuQa/blib/lib/Imager/DTP/Line.pm line 5.
Compilation failed in require at (eval 10) line 2.
	...propagated at /home/sts/cpansmoke/perl-5.17.5/lib/5.17.5/base.pm line 84.
BEGIN failed--compilation aborted at /home/sts/cpansmoke/perl-5.17.5/cpan/build/Imager-DTP-0.06-uRYuQa/blib/lib/Imager/DTP/Line/Horizontal.pm line 2.
Compilation failed in require at /home/sts/cpansmoke/perl-5.17.5/cpan/build/Imager-DTP-0.06-uRYuQa/blib/lib/Imager/DTP/Textbox/Horizontal.pm line 3.
BEGIN failed--compilation aborted at /home/sts/cpansmoke/perl-5.17.5/cpan/build/Imager-DTP-0.06-uRYuQa/blib/lib/Imager/DTP/Textbox/Horizontal.pm line 3.
Compilation failed in require at t/01_sanity.t line 3.
BEGIN failed--compilation aborted at t/01_sanity.t line 3.
# Looks like your test exited with 255 before it could output anything.
t/01_sanity.t .. 
Dubious, test returned 255 (wstat 65280, 0xff00)
No subtests run 
t/pod.t ........ skipped: Test::Pod 1.14 required for testing POD

Test Summary Report
-------------------
t/00_load.t  (Wstat: 1280 Tests: 6 Failed: 5)
  Failed tests:  1-5
  Non-zero exit status: 5
t/01_sanity.t (Wstat: 65280 Tests: 0 Failed: 0)
  Non-zero exit status: 255
  Parse errors: No plan found in TAP output
Files=3, Tests=6,  1 wallclock secs ( 0.05 usr  0.00 sys +  0.23 cusr  0.04 csys =  0.32 CPU)
Result: FAIL
Failed 2/3 test programs. 5/6 subtests failed.
*** Error code 255

Stop in /home/sts/cpansmoke/perl-5.17.5/cpan/build/Imager-DTP-0.06-uRYuQa (line 873 of Makefile).

------------------------------
PREREQUISITES
------------------------------

Prerequisite modules loaded:

requires:

    Module              Need Have   
    ------------------- ---- -------
    Imager              0.39 0.93   
    Imager::Matrix2d    0    1.010  
    Test::More          0    0.98   
    utf8                0    1.10   

build_requires:

    Module              Need Have   
    ------------------- ---- -------
    ExtUtils::MakeMaker 0    6.63_02


------------------------------
ENVIRONMENT AND OTHER CONTEXT
------------------------------

Environment variables:

    AUTOMATED_TESTING = 1
    PATH = /home/sts/bin:/bin:/sbin:/usr/bin:/usr/sbin:/usr/X11R6/bin:/usr/local/bin:/usr/local/sbin:/usr/games:.
    PERL5LIB = /home/sts/cpansmoke/perl-5.17.5/cpan/build/Imager-0.93-avwIfZ/blib/arch:/home/sts/cpansmoke/perl-5.17.5/cpan/build/Imager-0.93-avwIfZ/blib/lib
    PERL5OPT = 
    PERL5_CPANPLUS_IS_RUNNING = 18439
    PERL5_CPAN_IS_RUNNING = 18439
    PERL5_CPAN_IS_RUNNING_IN_RECURSION = 2890,18439
    PERL_CR_SMOKER_CURRENT = Imager-DTP-0.06
    PERL_EXTUTILS_AUTOINSTALL = --defaultdeps
    PERL_MM_USE_DEFAULT = 1
    SHELL = /usr/local/bin/bash
    TERM = screen
    TMPDIR = /home/sts/cpansmoke/tmp

Perl special variables (and OS-specific diagnostics, for MSWin32):

    $^X = /home/sts/cpansmoke/perl-5.17.5/bin/perl5.17.5
    $UID/$EUID = 1000 / 1000
    $GID = 10 10 0
    $EGID = 10 10 0

Perl module toolchain versions installed:

    Module              Have    
    ------------------- --------
    CPAN                1.9800  
    CPAN::Meta          2.120921
    Cwd                 3.39_02 
    ExtUtils::CBuilder  0.280209
    ExtUtils::Command   1.17    
    ExtUtils::Install   1.58    
    ExtUtils::MakeMaker 6.63_02 
    ExtUtils::Manifest  1.61    
    ExtUtils::ParseXS   3.18    
    File::Spec          3.39_02 
    JSON                2.53    
    JSON::PP            2.27200 
    Module::Build       0.4003  
    Module::Signature   n/a     
    Parse::CPAN::Meta   1.4404  
    Test::Harness       3.25_01 
    Test::More          0.98    
    YAML                n/a     
    YAML::Syck          n/a     
    version             0.9901  


--

Summary of my perl5 (revision 5 version 17 subversion 5) configuration:
   
  Platform:
    osname=openbsd, osvers=5.1, archname=OpenBSD.i386-openbsd-thread-multi
    uname='openbsd cpansmoke3 5.1 generic.mp#188 i386 '
    config_args='-des -Dusedevel -Dusethreads -Dprefix=/home/sts/cpansmoke/perl-5.17.5'
    hint=recommended, useposix=true, d_sigaction=define
    useithreads=define, usemultiplicity=define
    useperlio=define, d_sfio=undef, uselargefiles=define, usesocks=undef
    use64bitint=undef, use64bitall=undef, uselongdouble=undef
    usemymalloc=y, bincompat5005=undef
  Compiler:
    cc='cc', ccflags ='-pthread -fno-strict-aliasing -pipe -fstack-protector -I/usr/local/include',
    optimize='-O2',
    cppflags='-pthread -fno-strict-aliasing -pipe -fstack-protector -I/usr/local/include'
    ccversion='', gccversion='4.2.1 20070719 ', gccosandvers='openbsd5.1'
    intsize=4, longsize=4, ptrsize=4, doublesize=8, byteorder=1234
    d_longlong=define, longlongsize=8, d_longdbl=define, longdblsize=12
    ivtype='long', ivsize=4, nvtype='double', nvsize=8, Off_t='off_t', lseeksize=8
    alignbytes=4, prototype=define
  Linker and Libraries:
    ld='cc', ldflags ='-pthread -Wl,-E  -fstack-protector -L/usr/local/lib'
    libpth=/usr/local/lib /usr/lib
    libs=-lgdbm -lm -lutil -lc
    perllibs=-lm -lutil -lc
    libc=/usr/lib/libc.so.62.0, so=so, useshrplib=false, libperl=libperl.a
    gnulibc_version=''
  Dynamic Linking:
    dlsrc=dl_dlopen.xs, dlext=so, d_dlsymun=undef, ccdlflags=' '
    cccdlflags='-DPIC -fPIC ', lddlflags='-shared -fPIC  -L/usr/local/lib -fstack-protector'


Characteristics of this binary (from libperl): 
  Compile-time options: HAS_TIMES MULTIPLICITY MYMALLOC PERLIO_LAYERS
                        PERL_DONT_CREATE_GVSV PERL_IMPLICIT_CONTEXT
                        PERL_MALLOC_WRAP PERL_PRESERVE_IVUV PERL_USE_DEVEL
                        USE_ITHREADS USE_LARGE_FILES USE_LOCALE
                        USE_LOCALE_COLLATE USE_LOCALE_CTYPE
                        USE_LOCALE_NUMERIC USE_PERLIO USE_PERL_ATOF
                        USE_REENTRANT_API
  Built under openbsd
  Compiled at Oct 20 2012 19:34:26
  %ENV:
    PERL5LIB="/home/sts/cpansmoke/perl-5.17.5/cpan/build/Imager-0.93-avwIfZ/blib/arch:/home/sts/cpansmoke/perl-5.17.5/cpan/build/Imager-0.93-avwIfZ/blib/lib"
    PERL5OPT=""
    PERL5_CPANPLUS_IS_RUNNING="18439"
    PERL5_CPAN_IS_RUNNING="18439"
    PERL5_CPAN_IS_RUNNING_IN_RECURSION="2890,18439"
    PERL_CR_SMOKER_CURRENT="Imager-DTP-0.06"
    PERL_EXTUTILS_AUTOINSTALL="--defaultdeps"
    PERL_MM_USE_DEFAULT="1"
  @INC:
    /home/sts/cpansmoke/perl-5.17.5/cpan/build/Imager-0.93-avwIfZ/blib/arch
    /home/sts/cpansmoke/perl-5.17.5/cpan/build/Imager-0.93-avwIfZ/blib/lib
    /home/sts/cpansmoke/perl-5.17.5/lib/site_perl/5.17.5/OpenBSD.i386-openbsd-thread-multi
    /home/sts/cpansmoke/perl-5.17.5/lib/site_perl/5.17.5
    /home/sts/cpansmoke/perl-5.17.5/lib/5.17.5/OpenBSD.i386-openbsd-thread-multi
    /home/sts/cpansmoke/perl-5.17.5/lib/5.17.5
    .