Back
From: Andreas J. König (ANDK)
Subject: FAIL CPAN-LinksToDocs-No404s-Remember-0.002 v5.19.4 GNU/Linux
Date: 2013-11-07T01:31:22Z
This distribution has been tested as part of the CPAN Testers
project, supporting the Perl programming language. See
http://wiki.cpantesters.org/ for more information or email
questions to cpan-testers-discuss@perl.org
--
Dear Zoffix Znet,
This is a computer-generated report for CPAN-LinksToDocs-No404s-Remember-0.002
on perl 5.19.4, created by CPAN-Reporter-1.2010.
Thank you for uploading your work to CPAN. However, there was a problem
testing your distribution.
If you think this report is invalid, please consult the CPAN Testers Wiki
for suggestions on how to avoid getting FAIL reports for missing library
or binary dependencies, unsupported operating systems, and so on:
http://wiki.cpantesters.org/wiki/CPANAuthorNotes
Sections of this report:
* Tester comments
* Program output
* Prerequisites
* Environment and other context
------------------------------
TESTER COMMENTS
------------------------------
Additional comments from tester:
this report is from an automated smoke testing program
and was not reviewed by a human for accuracy
------------------------------
PROGRAM OUTPUT
------------------------------
Output from './Build test':
# Failed test 'use CPAN::LinksToDocs::No404s::Remember;'
# at t/00-load.t line 16.
# Tried to use 'CPAN::LinksToDocs::No404s::Remember'.
# Error: syntax error at /tmp/loop_over_bdir-26722-8lgJJt/CPAN-LinksToDocs-No404s-Remember-0.002-R6n9JZ/blib/lib/CPAN/LinksToDocs/No404s/Remember.pm line 20, near ")"
# (Might be a runaway multi-line () string starting on line 15)
# Compilation failed in require at t/00-load.t line 16.
# BEGIN failed--compilation aborted at t/00-load.t line 16.
Use of uninitialized value $CPAN::LinksToDocs::No404s::Remember::VERSION in concatenation (.) or string at t/00-load.t line 19.
# Testing CPAN::LinksToDocs::No404s::Remember , Perl 5.019004, /home/sand/src/perl/repoperls/installed-perls/perl/v5.19.4/165a/bin/perl
# Failed test 'CPAN::LinksToDocs::No404s::Remember->can(...)'
# at t/00-load.t line 23.
# CPAN::LinksToDocs::No404s::Remember->can('response') failed
# CPAN::LinksToDocs::No404s::Remember->can('message_404') failed
# CPAN::LinksToDocs::No404s::Remember->can('ua') failed
# CPAN::LinksToDocs::No404s::Remember->can('dbh') failed
# Failed test 'link_for with non-existant module'
# at t/00-load.t line 56.
# 'http://search.cpan.org/perldoc?POEfdfsfsdffsdfdsfsdfsdfsfsfsfsdfsfdgsgsdgsdgsdgdsg'
# doesn't match '(?^:^(?:Not found|Network error.+)$)'
Can't locate object method "message_404" via package "CPAN::LinksToDocs::No404s::Remember" at t/00-load.t line 61.
# Looks like you planned 17 tests but ran 16.
# Looks like you failed 3 tests of 16 run.
# Looks like your test exited with 255 just after 16.
t/00-load.t .......
Dubious, test returned 255 (wstat 65280, 0xff00)
Failed 4/17 subtests
These tests should not be running unless AUTHOR_TESTING=1 and/or RELEASE_TESTING=1!
t/kwalitee.t ...... ok
# Failed test 'Pod coverage on CPAN::LinksToDocs::No404s::Remember'
# at /home/sand/src/perl/repoperls/installed-perls/perl/v5.19.4/165a/lib/site_perl/5.19.4/Test/Pod/Coverage.pm line 126.
# CPAN::LinksToDocs::No404s::Remember: requiring 'CPAN::LinksToDocs::No404s::Remember' failed
# Looks like you failed 1 test of 1.
t/pod-coverage.t ..
Dubious, test returned 1 (wstat 256, 0x100)
Failed 1/1 subtests
t/pod.t ........... ok
Test Summary Report
-------------------
t/00-load.t (Wstat: 65280 Tests: 16 Failed: 3)
Failed tests: 9, 11, 16
Non-zero exit status: 255
Parse errors: Bad plan. You planned 17 tests but ran 16.
t/pod-coverage.t (Wstat: 256 Tests: 1 Failed: 1)
Failed test: 1
Non-zero exit status: 1
Files=4, Tests=32, 4 wallclock secs ( 0.03 usr 0.01 sys + 0.57 cusr 0.11 csys = 0.72 CPU)
Result: FAIL
Failed 2/4 test programs. 4/32 subtests failed.
------------------------------
PREREQUISITES
------------------------------
Prerequisite modules loaded:
requires:
Module Need Have
--------------------- ------- --------
Carp 1.04 1.32
Class::Data::Accessor 0.04001 0.04004
CPAN::LinksToDocs 0.001 0.001
DBD::SQLite 1.14 1.40
DBI 1.602 1.630
Devel::TakeHashArgs 0.001 0.005
LWP::UserAgent 2.036 6.05
URI 1.35 1.60
build_requires:
Module Need Have
--------------------- ------- --------
Test::More 0 1.001002
------------------------------
ENVIRONMENT AND OTHER CONTEXT
------------------------------
Environment variables:
AUTOMATED_TESTING = 1
LANG = en_US.UTF-8
LANGUAGE = en_US:en
PATH = /usr/lib/ccache:/home/sand/bin:/usr/local/bin:/usr/bin:/bin:/usr/bin/X11:/usr/games:/usr/local/perl/bin:/usr/X11/bin:/sbin:/usr/sbin
PERL5LIB =
PERL5OPT =
PERL5_CPANPLUS_IS_RUNNING = 26723
PERL5_CPAN_IS_RUNNING = 26723
PERL_MM_USE_DEFAULT = 1
SHELL = /usr/bin/zsh
TERM = screen
Perl special variables (and OS-specific diagnostics, for MSWin32):
$^X = /home/sand/src/perl/repoperls/installed-perls/perl/v5.19.4/165a/bin/perl
$UID/$EUID = 1005 / 1005
$GID = 1005 1005
$EGID = 1005 1005
Perl module toolchain versions installed:
Module Have
------------------- --------
CPAN 2.03
CPAN::Meta 2.132830
Cwd 3.44
ExtUtils::CBuilder 0.280212
ExtUtils::Command 1.18
ExtUtils::Install 1.60
ExtUtils::MakeMaker 6.83_01
ExtUtils::Manifest 1.63
ExtUtils::ParseXS 3.23
File::Spec 3.44
JSON 2.90
JSON::PP 2.27203
Module::Build 0.40_10
Module::Signature 0.73
Parse::CPAN::Meta 1.4409
Test::Harness 3.29
Test::More 1.001002
YAML 0.84
YAML::Syck 1.27
version 0.9904
--
Summary of my perl5 (revision 5 version 19 subversion 4) configuration:
Commit id: 388a7a89010010e899c2e3a9707478167adad606
Platform:
osname=linux, osvers=3.10-3-amd64, archname=x86_64-linux
uname='linux k83 3.10-3-amd64 #1 smp debian 3.10.11-1 (2013-09-10) x86_64 gnulinux '
config_args='-Dprefix=/home/sand/src/perl/repoperls/installed-perls/perl/v5.19.4/165a -Dmyhostname=k83 -Dinstallusrbinperl=n -Uversiononly -Dusedevel -des -Ui_db -Uuseithreads -Uuselongdouble -DDEBUGGING=-g'
hint=recommended, useposix=true, d_sigaction=define
useithreads=undef, usemultiplicity=undef
useperlio=define, d_sfio=undef, uselargefiles=define, usesocks=undef
use64bitint=define, use64bitall=define, uselongdouble=undef
usemymalloc=n, bincompat5005=undef
Compiler:
cc='cc', ccflags ='-fno-strict-aliasing -pipe -fstack-protector -I/usr/local/include -D_LARGEFILE_SOURCE -D_FILE_OFFSET_BITS=64',
optimize='-O2 -g',
cppflags='-fno-strict-aliasing -pipe -fstack-protector -I/usr/local/include'
ccversion='', gccversion='4.8.1', gccosandvers=''
intsize=4, longsize=8, ptrsize=8, doublesize=8, byteorder=12345678
d_longlong=define, longlongsize=8, d_longdbl=define, longdblsize=16
ivtype='long', ivsize=8, nvtype='double', nvsize=8, Off_t='off_t', lseeksize=8
alignbytes=8, prototype=define
Linker and Libraries:
ld='cc', ldflags =' -fstack-protector -L/usr/local/lib'
libpth=/usr/local/lib /lib/x86_64-linux-gnu /lib/../lib /usr/lib/x86_64-linux-gnu /usr/lib/../lib /lib /usr/lib
libs=-lnsl -lgdbm -ldb -ldl -lm -lcrypt -lutil -lc -lgdbm_compat
perllibs=-lnsl -ldl -lm -lcrypt -lutil -lc
libc=, so=so, useshrplib=false, libperl=libperl.a
gnulibc_version='2.17'
Dynamic Linking:
dlsrc=dl_dlopen.xs, dlext=so, d_dlsymun=undef, ccdlflags='-Wl,-E'
cccdlflags='-fPIC', lddlflags='-shared -O2 -g -L/usr/local/lib -fstack-protector'
Characteristics of this binary (from libperl):
Compile-time options: HAS_TIMES PERLIO_LAYERS PERL_DONT_CREATE_GVSV
PERL_HASH_FUNC_ONE_AT_A_TIME_HARD PERL_MALLOC_WRAP
PERL_NEW_COPY_ON_WRITE PERL_PRESERVE_IVUV
PERL_USE_DEVEL USE_64_BIT_ALL USE_64_BIT_INT
USE_LARGE_FILES USE_LOCALE USE_LOCALE_COLLATE
USE_LOCALE_CTYPE USE_LOCALE_NUMERIC USE_PERLIO
USE_PERL_ATOF
Built under linux
Compiled at Oct 10 2013 13:15:22
%ENV:
PERL5LIB=""
PERL5OPT=""
PERL5_CPANPLUS_IS_RUNNING="26723"
PERL5_CPAN_IS_RUNNING="26723"
PERL_MM_USE_DEFAULT="1"
@INC:
/home/sand/src/perl/repoperls/installed-perls/perl/v5.19.4/165a/lib/site_perl/5.19.4/x86_64-linux
/home/sand/src/perl/repoperls/installed-perls/perl/v5.19.4/165a/lib/site_perl/5.19.4
/home/sand/src/perl/repoperls/installed-perls/perl/v5.19.4/165a/lib/5.19.4/x86_64-linux
/home/sand/src/perl/repoperls/installed-perls/perl/v5.19.4/165a/lib/5.19.4
.