Back
From: metabase:user:30ae4450-2aae-11df-837a-5e0a49663a4f
Subject: FAIL Lingua-FR-Ladl-v0.0.4 v5.16.1
Date: 2013-11-04T11:00:30Z
This distribution has been tested as part of the CPAN Testers
project, supporting the Perl programming language. See
http://wiki.cpantesters.org/ for more information or email
questions to cpan-testers-discuss@perl.org
--
Dear Ingrid Falk,
This is a computer-generated report for Lingua-FR-Ladl-v0.0.4
on perl 5.16.1, created by CPAN-Reporter-1.2010_01.
Thank you for uploading your work to CPAN. However, there was a problem
testing your distribution.
If you think this report is invalid, please consult the CPAN Testers Wiki
for suggestions on how to avoid getting FAIL reports for missing library
or binary dependencies, unsupported operating systems, and so on:
http://wiki.cpantesters.org/wiki/CPANAuthorNotes
Sections of this report:
* Tester comments
* Program output
* Prerequisites
* Environment and other context
------------------------------
TESTER COMMENTS
------------------------------
Additional comments from tester:
this report is from an automated smoke testing program
and was not reviewed by a human for accuracy
------------------------------
PROGRAM OUTPUT
------------------------------
Output from 'C:\strawberry5161\perl\bin\perl.exe ./Build test':
# Failed test 'use Lingua::FR::Ladl::Table;'
# at t\00.load.t line 5.
# Tried to use 'Lingua::FR::Ladl::Table'.
# Error: Can't locate Class/Std.pm in @INC (@INC contains: C:\strawberry5161\cpan\build\Lingua-FR-Ladl-v0.0.4-dXNBGj\blib\lib C:\strawberry5161\cpan\build\Lingua-FR-Ladl-v0.0.4-dXNBGj\blib\arch C:/strawberry5161/perl/site/lib C:/strawberry5161/perl/vendor/lib C:/strawberry5161/perl/lib .) at C:\strawberry5161\cpan\build\Lingua-FR-Ladl-v0.0.4-dXNBGj\blib\lib/Lingua/FR/Ladl/Parametrizer.pm line 10.
# BEGIN failed--compilation aborted at C:\strawberry5161\cpan\build\Lingua-FR-Ladl-v0.0.4-dXNBGj\blib\lib/Lingua/FR/Ladl/Parametrizer.pm line 10.
# Compilation failed in require at C:\strawberry5161\cpan\build\Lingua-FR-Ladl-v0.0.4-dXNBGj\blib\lib/Lingua/FR/Ladl/Table.pm line 17.
# BEGIN failed--compilation aborted at C:\strawberry5161\cpan\build\Lingua-FR-Ladl-v0.0.4-dXNBGj\blib\lib/Lingua/FR/Ladl/Table.pm line 17.
# Compilation failed in require at (eval 6) line 2.
# BEGIN failed--compilation aborted at (eval 6) line 2.
# Failed test 'use Lingua::FR::Ladl::Parametrizer;'
# at t\00.load.t line 6.
# Tried to use 'Lingua::FR::Ladl::Parametrizer'.
# Error: Attempt to reload Lingua/FR/Ladl/Parametrizer.pm aborted.
# Compilation failed in require at (eval 20) line 2.
# BEGIN failed--compilation aborted at (eval 20) line 2.
# Testing Lingua::FR::Ladl 0.0.4
# Looks like you failed 2 tests of 4.
t\00.load.t .......
Dubious, test returned 2 (wstat 512, 0x200)
Failed 2/4 subtests
# Failed test 'Test::Perl::Critic for "blib\lib\Lingua\FR\Ladl\Graph.pm"'
# at C:/strawberry5161/perl/site/lib/Test/Perl/Critic.pm line 110.
#
# Perl::Critic found these violations in "blib\lib\Lingua\FR\Ladl\Graph.pm":
# Private Member Data shouldn't be accessed directly at line 69, column 18. Accessing an objects data directly breaks encapsulation and should be avoided. Example: $object->{ some_key }. (Severity: 5)
# Private Member Data shouldn't be accessed directly at line 70, column 21. Accessing an objects data directly breaks encapsulation and should be avoided. Example: $object->{ some_key }. (Severity: 5)
# Failed test 'Test::Perl::Critic for "blib\lib\Lingua\FR\Ladl\Table.pm"'
# at C:/strawberry5161/perl/site/lib/Test/Perl/Critic.pm line 110.
#
# Perl::Critic found these violations in "blib\lib\Lingua\FR\Ladl\Table.pm":
# Private Member Data shouldn't be accessed directly at line 102, column 17. Accessing an objects data directly breaks encapsulation and should be avoided. Example: $object->{ some_key }. (Severity: 5)
# Private Member Data shouldn't be accessed directly at line 103, column 5. Accessing an objects data directly breaks encapsulation and should be avoided. Example: $object->{ some_key }. (Severity: 5)
# Private Member Data shouldn't be accessed directly at line 103, column 26. Accessing an objects data directly breaks encapsulation and should be avoided. Example: $object->{ some_key }. (Severity: 5)
# Private Member Data shouldn't be accessed directly at line 104, column 13. Accessing an objects data directly breaks encapsulation and should be avoided. Example: $object->{ some_key }. (Severity: 5)
# Private Member Data shouldn't be accessed directly at line 107, column 22. Accessing an objects data directly breaks encapsulation and should be avoided. Example: $object->{ some_key }. (Severity: 5)
# Private Member Data shouldn't be accessed directly at line 107, column 42. Accessing an objects data directly breaks encapsulation and should be avoided. Example: $object->{ some_key }. (Severity: 5)
# Private Member Data shouldn't be accessed directly at line 108, column 7. Accessing an objects data directly breaks encapsulation and should be avoided. Example: $object->{ some_key }. (Severity: 5)
# Private Member Data shouldn't be accessed directly at line 108, column 28. Accessing an objects data directly breaks encapsulation and should be avoided. Example: $object->{ some_key }. (Severity: 5)
# Private Member Data shouldn't be accessed directly at line 109, column 24. Accessing an objects data directly breaks encapsulation and should be avoided. Example: $object->{ some_key }. (Severity: 5)
# Private Member Data shouldn't be accessed directly at line 109, column 45. Accessing an objects data directly breaks encapsulation and should be avoided. Example: $object->{ some_key }. (Severity: 5)
# Private Member Data shouldn't be accessed directly at line 110, column 20. Accessing an objects data directly breaks encapsulation and should be avoided. Example: $object->{ some_key }. (Severity: 5)
# Private Member Data shouldn't be accessed directly at line 112, column 11. Accessing an objects data directly breaks encapsulation and should be avoided. Example: $object->{ some_key }. (Severity: 5)
# Private Member Data shouldn't be accessed directly at line 112, column 40. Accessing an objects data directly breaks encapsulation and should be avoided. Example: $object->{ some_key }. (Severity: 5)
# Private Member Data shouldn't be accessed directly at line 116, column 25. Accessing an objects data directly breaks encapsulation and should be avoided. Example: $object->{ some_key }. (Severity: 5)
# Private Member Data shouldn't be accessed directly at line 116, column 43. Accessing an objects data directly breaks encapsulation and should be avoided. Example: $object->{ some_key }. (Severity: 5)
# Private Member Data shouldn't be accessed directly at line 138, column 7. Accessing an objects data directly breaks encapsulation and should be avoided. Example: $object->{ some_key }. (Severity: 5)
# Private Member Data shouldn't be accessed directly at line 163, column 18. Accessing an objects data directly breaks encapsulation and should be avoided. Example: $object->{ some_key }. (Severity: 5)
# Private Member Data shouldn't be accessed directly at line 164, column 21. Accessing an objects data directly breaks encapsulation and should be avoided. Example: $object->{ some_key }. (Severity: 5)
# Private Member Data shouldn't be accessed directly at line 240, column 16. Accessing an objects data directly breaks encapsulation and should be avoided. Example: $object->{ some_key }. (Severity: 5)
# Private Member Data shouldn't be accessed directly at line 241, column 14. Accessing an objects data directly breaks encapsulation and should be avoided. Example: $object->{ some_key }. (Severity: 5)
# Private Member Data shouldn't be accessed directly at line 379, column 12. Accessing an objects data directly breaks encapsulation and should be avoided. Example: $object->{ some_key }. (Severity: 5)
# Private Member Data shouldn't be accessed directly at line 404, column 79. Accessing an objects data directly breaks encapsulation and should be avoided. Example: $object->{ some_key }. (Severity: 5)
# Private Member Data shouldn't be accessed directly at line 455, column 9. Accessing an objects data directly breaks encapsulation and should be avoided. Example: $object->{ some_key }. (Severity: 5)
# Private Member Data shouldn't be accessed directly at line 497, column 27. Accessing an objects data directly breaks encapsulation and should be avoided. Example: $object->{ some_key }. (Severity: 5)
# Looks like you failed 2 tests of 6.
t\perlcritic.t ....
Dubious, test returned 2 (wstat 512, 0x200)
Failed 2/6 subtests
# Failed test 'with all-caps functions as privates'
# at C:/strawberry5161/perl/site/lib/Test/Pod/Coverage.pm line 126.
# Lingua::FR::Ladl::Graph: requiring 'Lingua::FR::Ladl::Graph' failed
# Failed test 'with all-caps functions as privates'
# at C:/strawberry5161/perl/site/lib/Test/Pod/Coverage.pm line 126.
# Lingua::FR::Ladl::Parametrizer: requiring 'Lingua::FR::Ladl::Parametrizer' failed
# Failed test 'with all-caps functions as privates'
# at C:/strawberry5161/perl/site/lib/Test/Pod/Coverage.pm line 126.
# Lingua::FR::Ladl::Table: requiring 'Lingua::FR::Ladl::Table' failed
# Looks like you failed 3 tests of 6.
t\pod-coverage.t ..
Dubious, test returned 3 (wstat 768, 0x300)
Failed 3/6 subtests
# Failed test 'POD test for blib/lib/Lingua/FR/Ladl/Parametrizer.pm'
# at C:/strawberry5161/perl/site/lib/Test/Pod.pm line 186.
# blib/lib/Lingua/FR/Ladl/Parametrizer.pm (98): Non-ASCII character seen before =encoding in '"Nég"'. Assuming UTF-8
# Looks like you failed 1 test of 6.
t\pod.t ...........
Dubious, test returned 1 (wstat 256, 0x100)
Failed 1/6 subtests
Test Summary Report
-------------------
t\00.load.t (Wstat: 512 Tests: 4 Failed: 2)
Failed tests: 2-3
Non-zero exit status: 2
t\perlcritic.t (Wstat: 512 Tests: 6 Failed: 2)
Failed tests: 3, 5
Non-zero exit status: 2
t\pod-coverage.t (Wstat: 768 Tests: 6 Failed: 3)
Failed tests: 3-5
Non-zero exit status: 3
t\pod.t (Wstat: 256 Tests: 6 Failed: 1)
Failed test: 4
Non-zero exit status: 1
Files=4, Tests=22, 5 wallclock secs ( 0.02 usr + 0.07 sys = 0.09 CPU)
Result: FAIL
Failed 4/4 test programs. 8/22 subtests failed.
------------------------------
PREREQUISITES
------------------------------
Prerequisite modules loaded:
requires:
Module Need Have
---------- ---- ------
Test::More 0 0.98
version 0 0.9904
------------------------------
ENVIRONMENT AND OTHER CONTEXT
------------------------------
Environment variables:
AUTOMATED_TESTING = 1
COMSPEC = C:\WINDOWS\system32\cmd.exe
NUMBER_OF_PROCESSORS = 1
PATH = C:\Program Files\Far Manager\;C:\WINDOWS\system32;C:\WINDOWS;C:\WINDOWS\System32\Wbem;C:\strawberry5161\c\bin;C:\strawberry5161\perl\site\bin;C:\strawberry5161\perl\bin
PERL5LIB =
PERL5OPT =
PERL5_CPANPLUS_IS_RUNNING = 1536
PERL5_CPAN_IS_RUNNING = 1536
PERL5_CPAN_IS_RUNNING_IN_RECURSION = 1376,1536
PERL_CR_SMOKER_CURRENT = Lingua-FR-Ladl-v0.0.4
PERL_EXTUTILS_AUTOINSTALL = --defaultdeps
PERL_MM_USE_DEFAULT = 1
PROCESSOR_IDENTIFIER = x86 Family 16 Model 5 Stepping 3, AuthenticAMD
TEMP = C:\DOCUME~1\c\LOCALS~1\Temp
TERM = dumb
Perl special variables (and OS-specific diagnostics, for MSWin32):
$^X = C:\strawberry5161\perl\bin\perl.exe
$UID/$EUID = 0 / 0
$GID = 0
$EGID = 0
Win32::GetOSName = WinXP/.Net
Win32::GetOSVersion = Service Pack 3, 5, 1, 2600, 2, 3, 0, 256, 1
Win32::FsType = NTFS
Win32::IsAdminUser = 1
Perl module toolchain versions installed:
Module Have
------------------- --------
CPAN 2.00
CPAN::Meta 2.132661
Cwd 3.40
ExtUtils::CBuilder 0.280206
ExtUtils::Command 1.17
ExtUtils::Install 1.58
ExtUtils::MakeMaker 6.63_02
ExtUtils::Manifest 1.61
ExtUtils::ParseXS 3.16
File::Spec 3.40
JSON 2.59
JSON::PP 2.27200
Module::Build 0.4007
Module::Signature 0.68
Parse::CPAN::Meta 1.4404
Test::Harness 3.29
Test::More 0.98
YAML 0.84
YAML::Syck 1.27
version 0.9904
--
Summary of my perl5 (revision 5 version 16 subversion 1) configuration:
Platform:
osname=MSWin32, osvers=4.0, archname=MSWin32-x86-multi-thread
uname='Win32 strawberry-perl 5.16.1.1 #1 Thu Aug 9 09:54:46 2012 i386'
config_args='undef'
hint=recommended, useposix=true, d_sigaction=undef
useithreads=define, usemultiplicity=define
useperlio=define, d_sfio=undef, uselargefiles=define, usesocks=undef
use64bitint=undef, use64bitall=undef, uselongdouble=undef
usemymalloc=n, bincompat5005=undef
Compiler:
cc='gcc', ccflags =' -s -O2 -DWIN32 -DPERL_TEXTMODE_SCRIPTS -DPERL_IMPLICIT_CONTEXT -DPERL_IMPLICIT_SYS -fno-strict-aliasing -mms-bitfields',
optimize='-s -O2',
cppflags='-DWIN32'
ccversion='', gccversion='4.6.3', gccosandvers=''
intsize=4, longsize=4, ptrsize=4, doublesize=8, byteorder=1234
d_longlong=undef, longlongsize=8, d_longdbl=define, longdblsize=12
ivtype='long', ivsize=4, nvtype='double', nvsize=8, Off_t='long long', lseeksize=8
alignbytes=8, prototype=define
Linker and Libraries:
ld='g++', ldflags ='-s -L"C:\strawberry5161\perl\lib\CORE" -L"C:\strawberry5161\c\lib"'
libpth=C:\strawberry5161\c\lib C:\strawberry5161\c\i686-w64-mingw32\lib
libs=-lmoldname -lkernel32 -luser32 -lgdi32 -lwinspool -lcomdlg32 -ladvapi32 -lshell32 -lole32 -loleaut32 -lnetapi32 -luuid -lws2_32 -lmpr -lwinmm -lversion -lodbc32 -lodbccp32 -lcomctl32
perllibs=-lmoldname -lkernel32 -luser32 -lgdi32 -lwinspool -lcomdlg32 -ladvapi32 -lshell32 -lole32 -loleaut32 -lnetapi32 -luuid -lws2_32 -lmpr -lwinmm -lversion -lodbc32 -lodbccp32 -lcomctl32
libc=, so=dll, useshrplib=true, libperl=libperl516.a
gnulibc_version=''
Dynamic Linking:
dlsrc=dl_win32.xs, dlext=dll, d_dlsymun=undef, ccdlflags=' '
cccdlflags=' ', lddlflags='-mdll -s -L"C:\strawberry5161\perl\lib\CORE" -L"C:\strawberry5161\c\lib"'
Characteristics of this binary (from libperl):
Compile-time options: HAS_TIMES HAVE_INTERP_INTERN MULTIPLICITY
PERLIO_LAYERS PERL_DONT_CREATE_GVSV
PERL_IMPLICIT_CONTEXT PERL_IMPLICIT_SYS
PERL_MALLOC_WRAP PERL_PRESERVE_IVUV PL_OP_SLAB_ALLOC
USE_ITHREADS USE_LARGE_FILES USE_LOCALE
USE_LOCALE_COLLATE USE_LOCALE_CTYPE
USE_LOCALE_NUMERIC USE_PERLIO USE_PERL_ATOF
Built under MSWin32
Compiled at Aug 9 2012 10:03:09
%ENV:
PERL5_CPANPLUS_IS_RUNNING="1536"
PERL5_CPAN_IS_RUNNING="1536"
PERL5_CPAN_IS_RUNNING_IN_RECURSION="1376,1536"
PERL_CR_SMOKER_CURRENT="Lingua-FR-Ladl-v0.0.4"
PERL_EXTUTILS_AUTOINSTALL="--defaultdeps"
PERL_MM_USE_DEFAULT="1"
@INC:
C:/strawberry5161/perl/site/lib
C:/strawberry5161/perl/vendor/lib
C:/strawberry5161/perl/lib
.