Report for Module-Install-HTML5Manifest-0.01_02

Back
From: metabase:user:d2c9f356-b46f-11df-9a90-20a83c0b7757
Subject: FAIL Module-Install-HTML5Manifest-0.01_02 v5.15.5 SunOS/Solaris
Date: 2011-12-06T20:53:12Z

This distribution has been tested as part of the CPAN Testers
project, supporting the Perl programming language.  See
http://wiki.cpantesters.org/ for more information or email
questions to cpan-testers-discuss@perl.org


--
Dear Kazuhiro Osawa,

This is a computer-generated report for Module-Install-HTML5Manifest-0.01_02
on perl 5.15.5, created by CPAN-Reporter-1.2002.

Thank you for uploading your work to CPAN.  However, there was a problem
testing your distribution.

If you think this report is invalid, please consult the CPAN Testers Wiki
for suggestions on how to avoid getting FAIL reports for missing library
or binary dependencies, unsupported operating systems, and so on:

http://wiki.cpantesters.org/wiki/CPANAuthorNotes

Sections of this report:

    * Tester comments
    * Program output
    * Prerequisites
    * Environment and other context

------------------------------
TESTER COMMENTS
------------------------------

Additional comments from tester:

this report is from an automated smoke testing program
and was not reviewed by a human for accuracy

------------------------------
PROGRAM OUTPUT
------------------------------

Output from '/usr/local/bin/make test':

PERL_DL_NONLAZY=1 /export/home/cpant4/perl5/bin/perl5.15.5 "-MExtUtils::Command::MM" "-e" "test_harness(0, 'inc', 'blib/lib', 'blib/arch')" t/*.t
t/00_compile.t .. ok
t/01_simple.t ... ok

#   Failed test at t/02_gz.t line 16.
show stdout: 
include /export/home/cpant4/.cpan/build/Module-Install-HTML5Manifest-0.01_02-gICCWE/t/Zlib/inc/Module/Install.pm
include inc/Module/Install/Metadata.pm
include inc/Module/Install/Base.pm
include inc/Module/Install/Makefile.pm
include inc/Module/Install/HTML5Manifest.pm
include inc/HTML5/Manifest.pm
include inc/Module/Install/WriteAll.pm
include inc/Module/Install/Win32.pm
include inc/Module/Install/Can.pm
include inc/Module/Install/Fetch.pm
Checking if your kit is complete...
Warning: the following files are missing in your kit:
	inc/Module/Install/AuthorTests.pm
	inc/Module/Install/GithubMeta.pm
	inc/Module/Install/Include.pm
	inc/Module/Install/ReadmeFromPod.pm
	inc/Module/Install/ReadmeMarkdownFromPod.pm
	inc/Module/Install/Repository.pm
	inc/Pod/Markdown.pm
	inc/Test/More.pm
	META.yml
Please inform the author.
Writing Makefile for Example
Writing MYMETA.yml and MYMETA.json
Writing META.yml
make[1]: Entering directory `/export/home/cpant4/.cpan/build/Module-Install-HTML5Manifest-0.01_02-gICCWE/t/Zlib'
echo "ok"
ok
perl -Mlib=inc -MModule::Install::HTML5Manifest -e 'Module::Install::HTML5Manifest->generate("JFZBUjEgPSB7J3VzZV9kaWdlc3QnID0+IDEsJ2dlbmVyYXRlX3RvJyA9PiAnZXhhbXBsZS5tYW5pZmVzdCcsJ21hbmlmZXN0X3NraXAnID0+ICdodG1sNW1hbmlmZXN0LnNraXAnLCduZXR3b3JrX2xpc3QnID0+IFsnL2FwaScsJy9mb28vYmFyLmNnaSddLCd3aXRoX2d6ZmlsZScgPT4gMSwnaHRkb2NzX2Zyb20nID0+ICdodGRvY3MnfTs=")'
make[1]: Leaving directory `/export/home/cpant4/.cpan/build/Module-Install-HTML5Manifest-0.01_02-gICCWE/t/Zlib'

show stderr: 
Cannot determine perl version info from lib/Example.pm
Digest::MD5 object version 2.33 does not match bootstrap parameter 2.51 at /usr/perl5/5.8.4/lib/i86pc-solaris-64int/DynaLoader.pm line 253.
Compilation failed in require at inc/HTML5/Manifest.pm line 6.
BEGIN failed--compilation aborted at inc/HTML5/Manifest.pm line 6.
Compilation failed in require at inc/Module/Install/HTML5Manifest.pm line 8.
BEGIN failed--compilation aborted at inc/Module/Install/HTML5Manifest.pm line 8.
Compilation failed in require.
BEGIN failed--compilation aborted.
make[1]: *** [html5manifest] Error 2

show current directory for debug at t/02_gz.t line 27.
# . (512 bytes)  at t/02_gz.t line 29.
# .. (512 bytes)  at t/02_gz.t line 29.
# .gitignore (103 bytes)  at t/02_gz.t line 29.
# .shipit (96 bytes)  at t/02_gz.t line 29.
# Changes (105 bytes)  at t/02_gz.t line 29.
# example.manifest (104 bytes)  at t/02_gz.t line 29.
# htdocs (512 bytes)  at t/02_gz.t line 29.
# html5manifest.skip (11 bytes)  at t/02_gz.t line 29.
# lib (512 bytes)  at t/02_gz.t line 29.
# Makefile.PL (313 bytes)  at t/02_gz.t line 29.
# MANIFEST (813 bytes)  at t/02_gz.t line 29.
# MANIFEST.SKIP (213 bytes)  at t/02_gz.t line 29.
# README (269 bytes)  at t/02_gz.t line 29.
# README.mkdn (261 bytes)  at t/02_gz.t line 29.
# t (512 bytes)  at t/02_gz.t line 29.
# xt (512 bytes)  at t/02_gz.t line 29.
# inc (512 bytes)  at t/02_gz.t line 29.
# MYMETA.json (824 bytes)  at t/02_gz.t line 29.
# Makefile (23386 bytes)  at t/02_gz.t line 29.
# MYMETA.yml (464 bytes)  at t/02_gz.t line 29.
# META.yml (489 bytes)  at t/02_gz.t line 29.

#   Failed test at t/02_gz.t line 33.
#          got: undef
#     expected: 'CACHE MANIFEST
# 
# NETWORK:
# /api
# /foo/bar.cgi
# 
# CACHE:
# /site.css
# /site.js
# 
# # digest: KC22SJMksgNahFOXL97t7w
# '
# Looks like you failed 2 tests of 2.
t/02_gz.t ....... 
Dubious, test returned 2 (wstat 512, 0x200)
Failed 2/2 subtests 
t/03_target.t ... ok

Test Summary Report
-------------------
t/02_gz.t     (Wstat: 512 Tests: 2 Failed: 2)
  Failed tests:  1-2
  Non-zero exit status: 2
Files=4, Tests=6,  5 wallclock secs ( 0.03 usr  0.01 sys +  2.87 cusr  0.74 csys =  3.65 CPU)
Result: FAIL
Failed 1/4 test programs. 2/6 subtests failed.
make: *** [test_dynamic] Error 255

------------------------------
PREREQUISITES
------------------------------

Prerequisite modules loaded:

requires:

    Module                 Need Have   
    ---------------------- ---- -------
    Data::Dumper           0    2.134  
    HTML5::Manifest        0    0.04   
    MIME::Base64           0    3.13   
    Module::Install        0    1.04   

build_requires:

    Module                 Need Have   
    ---------------------- ---- -------
    Capture::Tiny          0    0.12   
    Digest::MD5            0    2.51   
    ExtUtils::MakeMaker    6.42 6.63_02
    File::Spec             0    3.34   
    IO::Compress::Gzip     0    2.043  
    IO::Uncompress::Gunzip 0    2.043  
    Test::More             0    0.98   

configure_requires:

    Module                 Need Have   
    ---------------------- ---- -------
    ExtUtils::MakeMaker    6.42 6.63_02


------------------------------
ENVIRONMENT AND OTHER CONTEXT
------------------------------

Environment variables:

    AUTOMATED_TESTING = 1
    LANG = C
    LD_LIBRARY_PATH = /usr/local/lib:
    PATH = /export/home/cpant4/perl5/bin:/usr/local/bin:/usr/bin
    PERL5LIB = /export/home/cpant4/.cpan/build/HTML5-Manifest-0.04-DQIP1_/blib/arch:/export/home/cpant4/.cpan/build/HTML5-Manifest-0.04-DQIP1_/blib/lib:/export/home/cpant4/.cpan/build/Module-Install-1.04-Pc46Ks/blib/arch:/export/home/cpant4/.cpan/build/Module-Install-1.04-Pc46Ks/blib/lib
    PERL5OPT = 
    PERL5_CPANPLUS_IS_RUNNING = 10903
    PERL5_CPAN_IS_RUNNING = 10903
    PERL5_CPAN_IS_RUNNING_IN_RECURSION = 19504,10903
    PERL_CR_SMOKER_CURRENT = Module-Install-HTML5Manifest-0.01_02
    PERL_EXTUTILS_AUTOINSTALL = --defaultdeps
    PERL_MM_USE_DEFAULT = 1
    SHELL = /bin/bash
    TERM = xterm

Perl special variables (and OS-specific diagnostics, for MSWin32):

    $^X = /export/home/cpant4/perl5/bin/perl5.15.5
    $UID/$EUID = 104 / 104
    $GID = 1 1
    $EGID = 1 1

Perl module toolchain versions installed:

    Module              Have    
    ------------------- --------
    CPAN                1.9800  
    CPAN::Meta          2.112621
    Cwd                 3.37    
    ExtUtils::CBuilder  0.280204
    ExtUtils::Command   1.17    
    ExtUtils::Install   1.57    
    ExtUtils::MakeMaker 6.63_02 
    ExtUtils::Manifest  1.60    
    ExtUtils::ParseXS   3.05    
    File::Spec          3.34    
    JSON                2.53    
    JSON::PP            2.27200 
    Module::Build       0.39_01 
    Module::Signature   n/a     
    Parse::CPAN::Meta   1.4401  
    Test::Harness       3.23    
    Test::More          0.98    
    YAML                0.77    
    YAML::Syck          1.19    
    version             0.95    


--

Summary of my perl5 (revision 5 version 15 subversion 5) configuration:
   
  Platform:
    osname=solaris, osvers=2.10, archname=i86pc-solaris-64int
    uname='sunos vmrz0046 5.10 generic_141445-09 i86pc i386 i86pc solaris '
    config_args='-Dcc=gcc -Dprefix=~/perl5 -Duse64bitint -Dusedevel -d'
    hint=recommended, useposix=true, d_sigaction=define
    useithreads=undef, usemultiplicity=undef
    useperlio=define, d_sfio=undef, uselargefiles=define, usesocks=undef
    use64bitint=define, use64bitall=undef, uselongdouble=undef
    usemymalloc=n, bincompat5005=undef
  Compiler:
    cc='gcc', ccflags ='-DPTR_IS_LONG -fno-strict-aliasing -pipe -I/usr/local/include -D_LARGEFILE_SOURCE -D_FILE_OFFSET_BITS=64 -DPERL_USE_SAFE_PUTENV',
    optimize='-O',
    cppflags='-DPTR_IS_LONG -fno-strict-aliasing -pipe -I/usr/local/include'
    ccversion='', gccversion='3.4.6', gccosandvers='solaris2.10'
    intsize=4, longsize=4, ptrsize=4, doublesize=8, byteorder=12345678
    d_longlong=define, longlongsize=8, d_longdbl=define, longdblsize=12
    ivtype='long long', ivsize=8, nvtype='double', nvsize=8, Off_t='off_t', lseeksize=8
    alignbytes=4, prototype=define
  Linker and Libraries:
    ld='gcc', ldflags =' -L/usr/local/lib '
    libpth=/usr/local/lib /usr/lib /usr/ccs/lib
    libs=-lsocket -lnsl -lgdbm -ldl -lm -lc
    perllibs=-lsocket -lnsl -ldl -lm -lc
    libc=/lib/libc.so, so=so, useshrplib=false, libperl=libperl.a
    gnulibc_version=''
  Dynamic Linking:
    dlsrc=dl_dlopen.xs, dlext=so, d_dlsymun=undef, ccdlflags=' '
    cccdlflags='-fPIC', lddlflags='-G -L/usr/local/lib'


Characteristics of this binary (from libperl): 
  Compile-time options: HAS_TIMES PERLIO_LAYERS PERL_DONT_CREATE_GVSV
                        PERL_MALLOC_WRAP PERL_PRESERVE_IVUV PERL_USE_DEVEL
                        PERL_USE_SAFE_PUTENV USE_64_BIT_INT USE_LARGE_FILES
                        USE_LOCALE USE_LOCALE_COLLATE USE_LOCALE_CTYPE
                        USE_LOCALE_NUMERIC USE_PERLIO USE_PERL_ATOF
  Built under solaris
  Compiled at Nov 28 2011 11:34:47
  %ENV:
    PERL5LIB="/export/home/cpant4/.cpan/build/HTML5-Manifest-0.04-DQIP1_/blib/arch:/export/home/cpant4/.cpan/build/HTML5-Manifest-0.04-DQIP1_/blib/lib:/export/home/cpant4/.cpan/build/Module-Install-1.04-Pc46Ks/blib/arch:/export/home/cpant4/.cpan/build/Module-Install-1.04-Pc46Ks/blib/lib"
    PERL5OPT=""
    PERL5_CPANPLUS_IS_RUNNING="10903"
    PERL5_CPAN_IS_RUNNING="10903"
    PERL5_CPAN_IS_RUNNING_IN_RECURSION="19504,10903"
    PERL_CR_SMOKER_CURRENT="Module-Install-HTML5Manifest-0.01_02"
    PERL_EXTUTILS_AUTOINSTALL="--defaultdeps"
    PERL_MM_USE_DEFAULT="1"
  @INC:
    /export/home/cpant4/.cpan/build/HTML5-Manifest-0.04-DQIP1_/blib/arch
    /export/home/cpant4/.cpan/build/HTML5-Manifest-0.04-DQIP1_/blib/lib
    /export/home/cpant4/.cpan/build/Module-Install-1.04-Pc46Ks/blib/arch
    /export/home/cpant4/.cpan/build/Module-Install-1.04-Pc46Ks/blib/lib
    /export/home/cpant4/perl5/lib/site_perl/5.15.5/i86pc-solaris-64int
    /export/home/cpant4/perl5/lib/site_perl/5.15.5
    /export/home/cpant4/perl5/lib/5.15.5/i86pc-solaris-64int
    /export/home/cpant4/perl5/lib/5.15.5
    /export/home/cpant4/perl5/lib/site_perl
    .