Back
From: metabase:user:a0e144f2-373b-11e6-8edd-c6848980b093
Subject: FAIL URI-ParseSearchString-3.51 v5.26.0 GNU/Linux
Date: 2017-04-09T06:03:54Z
This distribution has been tested as part of the CPAN Testers
project, supporting the Perl programming language. See
http://wiki.cpantesters.org/ for more information or email
questions to cpan-testers-discuss@perl.org
--
Dear Spiros Denaxas,
This is a computer-generated report for URI-ParseSearchString-3.51
on perl 5.26.0, created by CPAN-Reporter-1.2018.
Thank you for uploading your work to CPAN. However, there was a problem
testing your distribution.
If you think this report is invalid, please consult the CPAN Testers Wiki
for suggestions on how to avoid getting FAIL reports for missing library
or binary dependencies, unsupported operating systems, and so on:
http://wiki.cpantesters.org/wiki/CPANAuthorNotes
Sections of this report:
* Tester comments
* Program output
* Prerequisites
* Environment and other context
------------------------------
TESTER COMMENTS
------------------------------
Additional comments from tester:
this report is from an automated smoke testing program
and was not reviewed by a human for accuracy
------------------------------
PROGRAM OUTPUT
------------------------------
Output from '/usr/bin/make test':
PERL_DL_NONLAZY=1 "/home/cpan3/install/bin/perl" "-MExtUtils::Command::MM" "-MTest::Harness" "-e" "undef *Test::Harness::Switches; test_harness(0, 'blib/lib', 'blib/arch')" t/*.t
# Testing URI::ParseSearchString 3.51, Perl 5.026000, /home/cpan3/install/bin/perl
t/00-load.t ....... ok
# Testing simple queries
t/pod-coverage.t .. ok
# Testing complex queries
# Making sure no warnings get issues from weird Google
# Testing for akward situations
t/parse.t ......... ok
t/pod.t ........... ok
These tests should not be running unless AUTHOR_TESTING=1 and/or RELEASE_TESTING=1!
# Failed test 'meta_json_conforms_to_known_spec'
# at t/kwalitee.t line 3.
# Error: META.json does not conform to any recognised META Spec.
# Details:
# META.json is broken.
# Remedy: Take a look at the META.json Spec at http://module-build.sourceforge.net/META-spec-v1.4.html (for version 1.4) or http://search.cpan.org/perldoc?CPAN::Meta::Spec (for version 2), and change your META.json accordingly.
# Failed test 'meta_json_is_parsable'
# at t/kwalitee.t line 3.
# Error: The META.json file of this distribution could not be parsed by the version of JSON parser CPANTS is using.
# Details:
# invalid character encountered while parsing JSON string, at character offset 78 (before "\r",\n "author" : ...")
# invalid character encountered while parsing JSON string, at character offset 78 (before "\r",\n "author" : ...")
# Remedy: Upgrade your META.json generator so it produces valid JSON.
# Failed test 'meta_yml_is_parsable'
# at t/kwalitee.t line 3.
# Error: The META.yml file of this distribution could not be parsed by the version of CPAN::Meta::YAML.pm CPANTS is using.
# Details:
# CPAN::Meta::YAML does not support a feature in line '"parse search engine referrer URLs and extract keywords used'
# CPAN::Meta::YAML does not support a feature in line '"parse search engine referrer URLs and extract keywords used'
# Remedy: Upgrade your YAML generator so it produces valid YAML.
# Looks like you failed 3 tests of 17.
t/kwalitee.t ......
Dubious, test returned 3 (wstat 768, 0x300)
Failed 3/17 subtests
Test Summary Report
-------------------
t/kwalitee.t (Wstat: 768 Tests: 17 Failed: 3)
Failed tests: 1-2, 4
Non-zero exit status: 3
Files=5, Tests=535, 1 wallclock secs ( 0.12 usr 0.00 sys + 1.21 cusr 0.07 csys = 1.40 CPU)
Result: FAIL
Failed 1/5 test programs. 3/535 subtests failed.
Makefile:848: recipe for target 'test_dynamic' failed
make: *** [test_dynamic] Error 3
------------------------------
PREREQUISITES
------------------------------
Prerequisite modules loaded:
requires:
Module Need Have
------------------- ---- --------
Test::More 0 1.302078
Test::NoWarnings 0 1.04
URI 0 1.71
build_requires:
Module Need Have
------------------- ---- --------
ExtUtils::MakeMaker 0 7.24
------------------------------
ENVIRONMENT AND OTHER CONTEXT
------------------------------
Environment variables:
AUTOMATED_TESTING = 1
HARNESS_OPTIONS = j3
LANG = en_US.UTF-8
PATH = /usr/local/bin:/usr/bin:/bin:/usr/local/games:/usr/games
PERL5LIB =
PERL5OPT =
PERL5_CPANPLUS_IS_RUNNING = 6330
PERL5_CPAN_IS_RUNNING = 6330
PERL5_CPAN_IS_RUNNING_IN_RECURSION = 23928,6330
PERL_CR_SMOKER_CURRENT = URI-ParseSearchString-More-0.17
PERL_CR_SMOKER_RUNONCE = 1
PERL_EXTUTILS_AUTOINSTALL = --defaultdeps
PERL_MM_USE_DEFAULT = 1
SHELL = /bin/bash
TERM = putty-256color
Perl special variables (and OS-specific diagnostics, for MSWin32):
$^X = /home/cpan3/install/bin/perl
$UID/$EUID = 1004 / 1004
$GID = 1004 1004
$EGID = 1004 1004
Perl module toolchain versions installed:
Module Have
------------------- --------
CPAN 2.16
CPAN::Meta 2.150010
Cwd 3.62
ExtUtils::CBuilder 0.280224
ExtUtils::Command 7.24
ExtUtils::Install 2.04
ExtUtils::MakeMaker 7.24
ExtUtils::Manifest 1.70
ExtUtils::ParseXS 3.30
File::Spec 3.62
JSON 2.91_04
JSON::PP 2.27400
Module::Build 0.4222
Module::Signature 0.81
Parse::CPAN::Meta 2.150010
Test::Harness 3.38
Test::More 1.302078
YAML 1.23
YAML::Syck 1.29
version 0.9917
--
Summary of my perl5 (revision 5 version 26 subversion 0) configuration:
Commit id: 5fc389563644287b3e5f448616ce62dd0ce4e7a6
Platform:
osname=linux
osvers=3.16.0-4-amd64
archname=x86_64-linux-thread-multi
uname='linux digitalis 3.16.0-4-amd64 #1 smp debian 3.16.36-1+deb8u2 (2016-10-19) x86_64 gnulinux '
config_args='-Dusedevel -DDEBUGGING -Dusethreads -Dprefix=/home/cpan3/install -Uversiononly -des'
hint=recommended
useposix=true
d_sigaction=define
useithreads=define
usemultiplicity=define
use64bitint=define
use64bitall=define
uselongdouble=undef
usemymalloc=n
default_inc_excludes_dot=define
bincompat5005=undef
Compiler:
cc='cc'
ccflags ='-D_REENTRANT -D_GNU_SOURCE -fwrapv -DDEBUGGING -fno-strict-aliasing -pipe -fstack-protector-strong -I/usr/local/include -D_LARGEFILE_SOURCE -D_FILE_OFFSET_BITS=64 -D_FORTIFY_SOURCE=2'
optimize='-O2 -g'
cppflags='-D_REENTRANT -D_GNU_SOURCE -fwrapv -DDEBUGGING -fno-strict-aliasing -pipe -fstack-protector-strong -I/usr/local/include'
ccversion=''
gccversion='4.9.2'
gccosandvers=''
intsize=4
longsize=8
ptrsize=8
doublesize=8
byteorder=12345678
doublekind=3
d_longlong=define
longlongsize=8
d_longdbl=define
longdblsize=16
longdblkind=3
ivtype='long'
ivsize=8
nvtype='double'
nvsize=8
Off_t='off_t'
lseeksize=8
alignbytes=8
prototype=define
Linker and Libraries:
ld='cc'
ldflags =' -fstack-protector-strong -L/usr/local/lib'
libpth=/usr/local/lib /usr/lib/gcc/x86_64-linux-gnu/4.9/include-fixed /usr/include/x86_64-linux-gnu /usr/lib /lib/x86_64-linux-gnu /lib/../lib /usr/lib/x86_64-linux-gnu /usr/lib/../lib /lib /lib64 /usr/lib64
libs=-lpthread -lnsl -ldl -lm -lcrypt -lutil -lc
perllibs=-lpthread -lnsl -ldl -lm -lcrypt -lutil -lc
libc=libc-2.19.so
so=so
useshrplib=false
libperl=libperl.a
gnulibc_version='2.19'
Dynamic Linking:
dlsrc=dl_dlopen.xs
dlext=so
d_dlsymun=undef
ccdlflags='-Wl,-E'
cccdlflags='-fPIC'
lddlflags='-shared -O2 -g -L/usr/local/lib -fstack-protector-strong'
Characteristics of this binary (from libperl):
Compile-time options:
DEBUGGING
HAS_TIMES
MULTIPLICITY
PERLIO_LAYERS
PERL_COPY_ON_WRITE
PERL_DONT_CREATE_GVSV
PERL_IMPLICIT_CONTEXT
PERL_MALLOC_WRAP
PERL_OP_PARENT
PERL_PRESERVE_IVUV
PERL_TRACK_MEMPOOL
PERL_USE_DEVEL
USE_64_BIT_ALL
USE_64_BIT_INT
USE_ITHREADS
USE_LARGE_FILES
USE_LOCALE
USE_LOCALE_COLLATE
USE_LOCALE_CTYPE
USE_LOCALE_NUMERIC
USE_LOCALE_TIME
USE_PERLIO
USE_PERL_ATOF
USE_REENTRANT_API
Built under linux
Compiled at Apr 4 2017 17:17:54
%ENV:
PERL5LIB=""
PERL5OPT=""
PERL5_CPANPLUS_IS_RUNNING="6330"
PERL5_CPAN_IS_RUNNING="6330"
PERL5_CPAN_IS_RUNNING_IN_RECURSION="23928,6330"
PERL_CR_SMOKER_CURRENT="URI-ParseSearchString-More-0.17"
PERL_CR_SMOKER_RUNONCE="1"
PERL_EXTUTILS_AUTOINSTALL="--defaultdeps"
PERL_MM_USE_DEFAULT="1"
@INC:
/home/cpan3/install/lib/perl5/site_perl/5.26.0/x86_64-linux-thread-multi
/home/cpan3/install/lib/perl5/site_perl/5.26.0
/home/cpan3/install/lib/perl5/5.26.0/x86_64-linux-thread-multi
/home/cpan3/install/lib/perl5/5.26.0