Report for SOAP-WSDL-v3.001

Back
From: metabase:user:e667a2a9-6c14-1014-9503-c31448f0d22a
Subject: FAIL SOAP-WSDL-v3.001 v5.20.0 
Date: 2014-09-08T20:10:34Z

This distribution has been tested as part of the CPAN Testers
project, supporting the Perl programming language.  See
http://wiki.cpantesters.org/ for more information or email
questions to cpan-testers-discuss@perl.org


--
Dear Scott Walters,

This is a computer-generated report for SOAP-WSDL-v3.001
on perl 5.20.0, created by CPAN-Reporter-1.2012.

Thank you for uploading your work to CPAN.  However, there was a problem
testing your distribution.

If you think this report is invalid, please consult the CPAN Testers Wiki
for suggestions on how to avoid getting FAIL reports for missing library
or binary dependencies, unsupported operating systems, and so on:

http://wiki.cpantesters.org/wiki/CPANAuthorNotes

Sections of this report:

    * Tester comments
    * Program output
    * Prerequisites
    * Environment and other context

------------------------------
TESTER COMMENTS
------------------------------

Additional comments from tester:

this report is from an automated smoke testing program
and was not reviewed by a human for accuracy

------------------------------
PROGRAM OUTPUT
------------------------------

Output from 'C:\STRAWB~1\c\bin\dmake.exe test':

C:\Strawberry\perl\bin\perl.exe "-MExtUtils::Command::MM" "-MTest::Harness" "-e" "undef *Test::Harness::Switches; test_harness(0, 'blib\lib', 'blib\arch')" t/*.t t/*/*.t t/*/*/*.t t/*/*/*/*.t t/*/*/*/*/*.t t/*/*/*/*/*/*.t
t/002_parse_wsdl.t .................................... ok
t/003_wsdl_based_serializer.t ......................... ok
t/006_client.t ........................................ ok
t/008_client_wsdl_complexType.t ....................... ok
t/009_data_classes.t .................................. ok
t/011_simpleType.t .................................... ok
t/012_element.t ....................................... ok
t/013_complexType.t ................................... ok
t/016_client_object.t ................................. ok
t/094_cpan_meta.t ..................................... skipped: Author test.  Set $ENV{RELEASE_TESTING} to a true value to run.
t/095_copying.t ....................................... skipped: Author test.  Set $ENV{RELEASE_TESTING} to a true value to run.
t/096_characters.t .................................... skipped: Author test.  Set $ENV{RELEASE_TESTING} to a true value to run.
t/097_kwalitee.t ...................................... skipped: Author test.  Set $ENV{RELEASE_TESTING} to a true value to run.
t/098_pod.t ........................................... ok
t/099_pod_coverage.t .................................. skipped: Author test.  Set $ENV{RELEASE_TESTING} to a true value to run.
t/SOAP/WSDL.t ......................................... ok
t/SOAP/WSDL/02_port.t ................................. ok
t/SOAP/WSDL/03_complexType-all.t ...................... ok
t/SOAP/WSDL/03_complexType-choice.t ................... ok
t/SOAP/WSDL/03_complexType-complexContent.t ........... ok
t/SOAP/WSDL/03_complexType-element-ref.t .............. ok
t/SOAP/WSDL/03_complexType-group.t .................... ok
t/SOAP/WSDL/03_complexType-sequence.t ................. ok
t/SOAP/WSDL/03_complexType-simpleContent.t ............ ok
t/SOAP/WSDL/04_element-complexType.t .................. skipped: TODO: implement tests
t/SOAP/WSDL/04_element-simpleType.t ................... ok
t/SOAP/WSDL/04_element.t .............................. ok
t/SOAP/WSDL/05_simpleType-list.t ...................... ok
t/SOAP/WSDL/05_simpleType-restriction.t ............... ok
t/SOAP/WSDL/05_simpleType-union.t ..................... skipped: Not supported yet
t/SOAP/WSDL/06_keep_alive.t ........................... ok
t/SOAP/WSDL/11_helloworld.NET.t ....................... ok
t/SOAP/WSDL/12_binding.t .............................. ok
t/SOAP/WSDL/Base.t .................................... ok
t/SOAP/WSDL/Client.t .................................. ok
t/SOAP/WSDL/Client/Base.t ............................. ok
t/SOAP/WSDL/Definitions.t ............................. ok
t/SOAP/WSDL/Deserializer/Hash.t ....................... ok
t/SOAP/WSDL/Deserializer/SOM.t ........................ ok
t/SOAP/WSDL/Deserializer/XSD.t ........................ ok
t/SOAP/WSDL/Expat/Base.t .............................. ok
t/SOAP/WSDL/Expat/MessageParser.t ..................... ok
file://C:/STRAWB~1/cpan/build/SOAP-WSDL-v3.001-QdOjeY/t/acceptance/wsdl/WSDLParser-imported.wsdl already imported; ignoring it.
t/SOAP/WSDL/Expat/WSDLParser.t ........................ ok
t/SOAP/WSDL/Factory/Deserializer.t .................... ok
t/SOAP/WSDL/Factory/Serializer.t ...................... ok
t/SOAP/WSDL/Factory/Transport.t ....................... ok
t/SOAP/WSDL/Generator/Template.t ...................... ok
t/SOAP/WSDL/Generator/Template/XSD/Import.t ........... ok
t/SOAP/WSDL/Generator/Template/XSD/Unqualified.t ...... ok
t/SOAP/WSDL/Generator/Visitor.t ....................... ok
t/SOAP/WSDL/Generator/Visitor/Typemap.t ............... ok
t/SOAP/WSDL/Generator/XSD.t ........................... ok
t/SOAP/WSDL/Generator/XSD_custom_resolver.t ........... ok
t/SOAP/WSDL/Generator/XSD_dot_names.t ................. ok
t/SOAP/WSDL/Generator/XSD_nested_complextype.t ........ ok
t/SOAP/WSDL/Generator/XSD_unsupported.t ............... ok
t/SOAP/WSDL/Part.t .................................... ok
t/SOAP/WSDL/PortType.t ................................ ok
t/SOAP/WSDL/Serializer/XSD.t .......................... ok
Use of uninitialized value in hash element at C:\STRAWB~1\cpan\build\Class-Std-Fast-v0.0.8-6zbX1B/blib/lib/Class/Std/Fast.pm line 159.
Use of uninitialized value in hash element at C:\STRAWB~1\cpan\build\Class-Std-Fast-v0.0.8-6zbX1B/blib/lib/Class/Std/Fast.pm line 159.
Use of uninitialized value in hash element at C:\STRAWB~1\cpan\build\Class-Std-Fast-v0.0.8-6zbX1B/blib/lib/Class/Std/Fast.pm line 159.
Use of uninitialized value in hash element at C:\STRAWB~1\cpan\build\Class-Std-Fast-v0.0.8-6zbX1B/blib/lib/Class/Std/Fast.pm line 159.
Use of uninitialized value in hash element at C:\STRAWB~1\cpan\build\Class-Std-Fast-v0.0.8-6zbX1B/blib/lib/Class/Std/Fast.pm line 159.
t/SOAP/WSDL/Server.t .................................. ok
#   Failed test at t/SOAP/WSDL/Server/CGI.t line 49.
#                   'Status: 500 Internal Server Error
# Content-Type: text/xml; charset="utf-8"
# 
# Cannot load serializer SOAP::WSDL::Deserializer::XSDCan't load 'C:/Strawberry/perl/vendor/lib/auto/XML/Parser/Expat/Expat.xs.dll' for module XML::Parser::Expat: load_file:The specified module could not be found at C:/Strawberry/perl/lib/DynaLoader.pm line 193.
#  at C:\STRAWB~1\cpan\build\SOAP-WSDL-v3.001-QdOjeY\blib\lib/SOAP/WSDL/Expat/Base.pm line 5.
# Compilation failed in require at C:\STRAWB~1\cpan\build\SOAP-WSDL-v3.001-QdOjeY\blib\lib/SOAP/WSDL/Expat/Base.pm line 5.
# BEGIN failed--compilation aborted at C:\STRAWB~1\cpan\build\SOAP-WSDL-v3.001-QdOjeY\blib\lib/SOAP/WSDL/Expat/Base.pm line 5.
# Compilation failed in require at C:/Strawberry/perl/lib/base.pm line 99.
# 	...propagated at C:/Strawberry/perl/lib/base.pm line 108.
# BEGIN failed--compilation aborted at C:\STRAWB~1\cpan\build\SOAP-WSDL-v3.001-QdOjeY\blib\lib/SOAP/WSDL/Expat/MessageParser.pm line 8.
# Compilation failed in require at C:\STRAWB~1\cpan\build\SOAP-WSDL-v3.001-QdOjeY\blib\lib/SOAP/WSDL/Deserializer/XSD.pm line 6.
# BEGIN failed--compilation aborted at C:\STRAWB~1\cpan\build\SOAP-WSDL-v3.001-QdOjeY\blib\lib/SOAP/WSDL/Deserializer/XSD.pm line 6.
# Compilation failed in require at (eval 32) line 2.
# '
#     doesn't match '(?^msx: Error \s deserializing )'
#   Failed test at t/SOAP/WSDL/Server/CGI.t line 58.
#                   'Status: 500 Internal Server Error
# Content-Type: text/xml; charset="utf-8"
# 
# Cannot load serializer SOAP::WSDL::Deserializer::XSDAttempt to reload SOAP/WSDL/Deserializer/XSD.pm aborted.
# Compilation failed in require at (eval 64) line 2.
# '
#     doesn't match '(?^msx:no \s element \s found)'
#   Failed test at t/SOAP/WSDL/Server/CGI.t line 64.
#                   'Status: 500 Internal Server Error
# Content-Type: text/xml; charset="utf-8"
# 
# Cannot load serializer SOAP::WSDL::Deserializer::XSDAttempt to reload SOAP/WSDL/Deserializer/XSD.pm aborted.
# Compilation failed in require at (eval 66) line 2.
# '
#     doesn't match '(?^msx:no \s element \s found)'
#   Failed test at t/SOAP/WSDL/Server/CGI.t line 73.
#                   'Status: 500 Internal Server Error
# Content-Type: text/xml; charset="utf-8"
# 
# Cannot load serializer SOAP::WSDL::Deserializer::XSDAttempt to reload SOAP/WSDL/Deserializer/XSD.pm aborted.
# Compilation failed in require at (eval 68) line 2.
# '
#     doesn't match '(?^msx:no \s element \s found)'
#   Failed test at t/SOAP/WSDL/Server/CGI.t line 95.
#                   'Status: 500 Internal Server Error
# Content-Type: text/xml; charset="utf-8"
# 
# Cannot load serializer SOAP::WSDL::Deserializer::XSDAttempt to reload SOAP/WSDL/Deserializer/XSD.pm aborted.
# Compilation failed in require at (eval 72) line 2.
# '
#     doesn't match '(?^msx: Error \s deserializing \s message)'
#   Failed test at t/SOAP/WSDL/Server/CGI.t line 105.
#                   'Status: 500 Internal Server Error
# Content-Type: text/xml; charset="utf-8"
# 
# Cannot load serializer SOAP::WSDL::Deserializer::XSDAttempt to reload SOAP/WSDL/Deserializer/XSD.pm aborted.
# Compilation failed in require at (eval 74) line 2.
# '
#     doesn't match '(?^msx: Not \s found:)'
#   Failed test at t/SOAP/WSDL/Server/CGI.t line 120.
#                   'Status: 500 Internal Server Error
# Content-Type: text/xml; charset="utf-8"
# 
# Cannot load serializer SOAP::WSDL::Deserializer::XSDAttempt to reload SOAP/WSDL/Deserializer/XSD.pm aborted.
# Compilation failed in require at (eval 76) line 2.
# '
#     doesn't match '(?^msx: \A Status: \s 200 \s OK)'
#   Failed test at t/SOAP/WSDL/Server/CGI.t line 136.
#                   'HTTP/1.0 500 Internal Server Error
# Content-Type: text/xml; charset="utf-8"
# 
# Cannot load serializer SOAP::WSDL::Deserializer::XSDAttempt to reload SOAP/WSDL/Deserializer/XSD.pm aborted.
# Compilation failed in require at (eval 78) line 2.
# '
#     doesn't match '(?^msx: \A HTTP/1.0 \s 200 \s OK)'
# Looks like you failed 8 tests of 12.
t/SOAP/WSDL/Server/CGI.t .............................. 
Dubious, test returned 8 (wstat 2048, 0x800)
Failed 8/12 subtests 
t/SOAP/WSDL/Server/Mod_Perl2.t ........................ ok
HTTP/1.0 500 Internal Server Error
Content-Type: text/xml; charset="utf-8"
<?xml version="1.0" ?><SOAP-ENV:Envelope xmlns:SOAP-ENV="http://schemas.xmlsoap.org/soap/envelope/" xmlns:xsi="http://www.w3.org/2001/XMLSchema-instance" ><SOAP-ENV:Body><Fault xmlns="http://schemas.xmlsoap.org/soap/envelope/"><faultcode>SOAP-ENV:Server</faultcode><faultstring>Error deserializing message: 
no element found at line 1, column 0, byte -1 at C:\STRAWB~1\cpan\build\SOAP-WSDL-v3.001-QdOjeY\blib\lib/SOAP/WSDL/Expat/Base.pm line 79.
 at line 1 at C:\STRAWB~1\cpan\build\SOAP-WSDL-v3.001-QdOjeY\blib\lib/SOAP/WSDL/Expat/Base.pm line 82.
. 
Message was: 
</faultstring><faultactor>urn:localhost</faultactor></Fault></SOAP-ENV:Body></SOAP-ENV:Envelope>

t/SOAP/WSDL/Server/Simple.t ........................... ok
t/SOAP/WSDL/Transport/01_Test.t ....................... ok
t/SOAP/WSDL/Transport/HTTP.t .......................... ok
t/SOAP/WSDL/Typelib/Fault11.t ......................... ok
t/SOAP/WSDL/Types.t ................................... ok
t/SOAP/WSDL/XSD/Attribute.t ........................... ok
t/SOAP/WSDL/XSD/AttributeGroup.t ...................... ok
t/SOAP/WSDL/XSD/Builtin.t ............................. ok
t/SOAP/WSDL/XSD/ComplexType.t ......................... ok
t/SOAP/WSDL/XSD/Element.t ............................. ok
t/SOAP/WSDL/XSD/Enumeration.t ......................... ok
t/SOAP/WSDL/XSD/Schema.t .............................. ok
t/SOAP/WSDL/XSD/SimpleType.t .......................... ok
t/SOAP/WSDL/XSD/Typelib/Attribute.t ................... ok
t/SOAP/WSDL/XSD/Typelib/Builtin/anySimpleType.t ....... ok
t/SOAP/WSDL/XSD/Typelib/Builtin/anyType.t ............. ok
t/SOAP/WSDL/XSD/Typelib/Builtin/anyURI.t .............. ok
t/SOAP/WSDL/XSD/Typelib/Builtin/base64Binary.t ........ ok
t/SOAP/WSDL/XSD/Typelib/Builtin/boolean.t ............. ok
t/SOAP/WSDL/XSD/Typelib/Builtin/byte.t ................ ok
t/SOAP/WSDL/XSD/Typelib/Builtin/date.t ................ ok
t/SOAP/WSDL/XSD/Typelib/Builtin/dateTime.t ............ ok
t/SOAP/WSDL/XSD/Typelib/Builtin/decimal.t ............. ok
t/SOAP/WSDL/XSD/Typelib/Builtin/double.t .............. ok
t/SOAP/WSDL/XSD/Typelib/Builtin/duration.t ............ ok
t/SOAP/WSDL/XSD/Typelib/Builtin/ENTITY.t .............. ok
t/SOAP/WSDL/XSD/Typelib/Builtin/float.t ............... ok
t/SOAP/WSDL/XSD/Typelib/Builtin/gDay.t ................ ok
t/SOAP/WSDL/XSD/Typelib/Builtin/gMonth.t .............. ok
t/SOAP/WSDL/XSD/Typelib/Builtin/gMonthDay.t ........... ok
t/SOAP/WSDL/XSD/Typelib/Builtin/gYear.t ............... ok
t/SOAP/WSDL/XSD/Typelib/Builtin/gYearMonth.t .......... ok
t/SOAP/WSDL/XSD/Typelib/Builtin/hexBinary.t ........... ok
t/SOAP/WSDL/XSD/Typelib/Builtin/ID.t .................. ok
t/SOAP/WSDL/XSD/Typelib/Builtin/IDREF.t ............... ok
t/SOAP/WSDL/XSD/Typelib/Builtin/IDREFS.t .............. ok
t/SOAP/WSDL/XSD/Typelib/Builtin/int.t ................. ok
t/SOAP/WSDL/XSD/Typelib/Builtin/integer.t ............. ok
t/SOAP/WSDL/XSD/Typelib/Builtin/language.t ............ ok
t/SOAP/WSDL/XSD/Typelib/Builtin/list.t ................ ok
t/SOAP/WSDL/XSD/Typelib/Builtin/long.t ................ ok
t/SOAP/WSDL/XSD/Typelib/Builtin/Name.t ................ ok
t/SOAP/WSDL/XSD/Typelib/Builtin/NCName.t .............. ok
t/SOAP/WSDL/XSD/Typelib/Builtin/negativeInteger.t ..... ok
t/SOAP/WSDL/XSD/Typelib/Builtin/NMTOKEN.t ............. ok
t/SOAP/WSDL/XSD/Typelib/Builtin/NMTOKENS.t ............ ok
t/SOAP/WSDL/XSD/Typelib/Builtin/nonNegativeInteger.t .. ok
t/SOAP/WSDL/XSD/Typelib/Builtin/nonPositiveInteger.t .. ok
t/SOAP/WSDL/XSD/Typelib/Builtin/normalizedString.t .... ok
t/SOAP/WSDL/XSD/Typelib/Builtin/NOTATION.t ............ ok
t/SOAP/WSDL/XSD/Typelib/Builtin/positiveInteger.t ..... ok
t/SOAP/WSDL/XSD/Typelib/Builtin/QName.t ............... ok
t/SOAP/WSDL/XSD/Typelib/Builtin/short.t ............... ok
t/SOAP/WSDL/XSD/Typelib/Builtin/string.t .............. ok
t/SOAP/WSDL/XSD/Typelib/Builtin/time.t ................ ok
t/SOAP/WSDL/XSD/Typelib/Builtin/token.t ............... ok
t/SOAP/WSDL/XSD/Typelib/Builtin/unsignedByte.t ........ ok
t/SOAP/WSDL/XSD/Typelib/Builtin/unsignedInt.t ......... ok
t/SOAP/WSDL/XSD/Typelib/Builtin/unsignedLong.t ........ ok
t/SOAP/WSDL/XSD/Typelib/Builtin/unsignedShort.t ....... ok
t/SOAP/WSDL/XSD/Typelib/ComplexType.t ................. ok
t/SOAP/WSDL/XSD/Typelib/Element.t ..................... ok

Test Summary Report
-------------------
t/SOAP/WSDL/Server/CGI.t                            (Wstat: 2048 Tests: 12 Failed: 8)
  Failed tests:  4-7, 9-12
  Non-zero exit status: 8
Files=124, Tests=1241, 250 wallclock secs ( 0.62 usr +  0.20 sys =  0.83 CPU)
Result: FAIL
Failed 1/124 test programs. 8/1241 subtests failed.
dmake.exe:  Error code 255, while making 'test_dynamic'

------------------------------
PREREQUISITES
------------------------------

Prerequisite modules loaded:

requires:

    Module              Need     Have    
    ------------------- -------- --------
    Class::Std::Fast    0.000005 0.0.8   
    Cwd                 0        3.47    
    Data::Dumper        0        2.151   
    Date::Format        0        2.24    
    Date::Parse         0        2.30    
    File::Basename      0        2.85    
    File::Path          0        2.09    
    File::Spec          0        3.47    
    Getopt::Long        0        2.42    
    List::Util          0        1.39    
    LWP::UserAgent      0        6.06    
    Module::Build       0        0.4205  
    perl                5.008    5.020000
    Storable            0        2.49    
    Template            2.18     2.25    
    Term::ReadKey       0        2.32    
    Test::More          0        1.001003
    URI                 0        1.60    
    XML::Parser::Expat  0        2.41    

build_requires:

    Module              Need     Have    
    ------------------- -------- --------
    ExtUtils::MakeMaker 0        6.98    

configure_requires:

    Module              Need     Have    
    ------------------- -------- --------
    ExtUtils::MakeMaker 0        6.98    


------------------------------
ENVIRONMENT AND OTHER CONTEXT
------------------------------

Environment variables:

    AUTOMATED_TESTING = 1
    COMSPEC = C:\Windows\system32\cmd.exe
    NUMBER_OF_PROCESSORS = 1
    PATH = C:\Windows\system32;C:\Windows;C:\Windows\System32\Wbem;C:\Windows\System32\WindowsPowerShell\v1.0\;C:\Strawberry\c\bin;C:\Strawberry\perl\site\bin;C:\Strawberry\perl\bin;C:\Program Files\Git\cmd
    PERL5LIB = C:\STRAWB~1\cpan\build\Class-Std-Fast-v0.0.8-6zbX1B/blib/arch;C:\STRAWB~1\cpan\build\Class-Std-Fast-v0.0.8-6zbX1B/blib/lib;C:\STRAWB~1\cpan\build\Class-Std-0.011-g6UIC9/blib/arch;C:\STRAWB~1\cpan\build\Class-Std-0.011-g6UIC9/blib/lib
    PERL5OPT = 
    PERL5_CPANPLUS_IS_RUNNING = 3408
    PERL5_CPAN_IS_RUNNING = 3408
    PERL5_CPAN_IS_RUNNING_IN_RECURSION = 4088,3408
    PERL_CR_SMOKER_CURRENT = Net-DashCS-0.01
    PERL_EXTUTILS_AUTOINSTALL = --defaultdeps
    PERL_MM_USE_DEFAULT = 1
    PROCESSOR_IDENTIFIER = x86 Family 21 Model 1 Stepping 2, AuthenticAMD
    TEMP = C:\Users\albie\AppData\Local\Temp

Perl special variables (and OS-specific diagnostics, for MSWin32):

    $^X = C:\Strawberry\perl\bin\perl.exe
    $UID/$EUID = 0 / 0
    $GID = 0
    $EGID = 0
    Win32::GetOSName = Win7
    Win32::GetOSVersion = Service Pack 1, 6, 1, 7601, 2, 1, 0, 256, 1
    Win32::FsType = NTFS
    Win32::IsAdminUser = 0

Perl module toolchain versions installed:

    Module              Have    
    ------------------- --------
    CPAN                2.05    
    CPAN::Meta          2.141520
    Cwd                 3.47    
    ExtUtils::CBuilder  0.280216
    ExtUtils::Command   1.18    
    ExtUtils::Install   1.68    
    ExtUtils::MakeMaker 6.98    
    ExtUtils::Manifest  1.63    
    ExtUtils::ParseXS   3.24    
    File::Spec          3.47    
    JSON                2.90    
    JSON::PP            2.27203 
    Module::Build       0.4205  
    Module::Signature   n/a     
    Parse::CPAN::Meta   1.4414  
    Test::Harness       3.32    
    Test::More          1.001003
    YAML                0.94    
    YAML::Syck          1.27    
    version             0.9908  


--

Summary of my perl5 (revision 5 version 20 subversion 0) configuration:
   
  Platform:
    osname=MSWin32, osvers=6.2, archname=MSWin32-x86-multi-thread-64int
    uname='Win32 strawberry-perl 5.20.0.1 #1 Fri May 30 23:25:11 2014 i386'
    config_args='undef'
    hint=recommended, useposix=true, d_sigaction=undef
    useithreads=define, usemultiplicity=define
    use64bitint=define, use64bitall=undef, uselongdouble=undef
    usemymalloc=n, bincompat5005=undef
  Compiler:
    cc='gcc', ccflags =' -s -O2 -DWIN32  -DPERL_TEXTMODE_SCRIPTS -DPERL_IMPLICIT_CONTEXT -DPERL_IMPLICIT_SYS -DUSE_PERLIO -fwrapv -fno-strict-aliasing -mms-bitfields',
    optimize='-s -O2',
    cppflags='-DWIN32'
    ccversion='', gccversion='4.8.2', gccosandvers=''
    intsize=4, longsize=4, ptrsize=4, doublesize=8, byteorder=12345678
    d_longlong=define, longlongsize=8, d_longdbl=define, longdblsize=12
    ivtype='long long', ivsize=8, nvtype='double', nvsize=8, Off_t='long long', lseeksize=8
    alignbytes=8, prototype=define
  Linker and Libraries:
    ld='g++', ldflags ='-s -L"C:\STRAWB~1\perl\lib\CORE" -L"C:\STRAWB~1\c\lib"'
    libpth=C:\STRAWB~1\c\lib C:\STRAWB~1\c\i686-w64-mingw32\lib C:\STRAWB~1\c\lib\gcc\i686-w64-mingw32\4.8.2
    libs=-lmoldname -lkernel32 -luser32 -lgdi32 -lwinspool -lcomdlg32 -ladvapi32 -lshell32 -lole32 -loleaut32 -lnetapi32 -luuid -lws2_32 -lmpr -lwinmm -lversion -lodbc32 -lodbccp32 -lcomctl32
    perllibs=-lmoldname -lkernel32 -luser32 -lgdi32 -lwinspool -lcomdlg32 -ladvapi32 -lshell32 -lole32 -loleaut32 -lnetapi32 -luuid -lws2_32 -lmpr -lwinmm -lversion -lodbc32 -lodbccp32 -lcomctl32
    libc=, so=dll, useshrplib=true, libperl=libperl520.a
    gnulibc_version=''
  Dynamic Linking:
    dlsrc=dl_win32.xs, dlext=xs.dll, d_dlsymun=undef, ccdlflags=' '
    cccdlflags=' ', lddlflags='-mdll -s -L"C:\STRAWB~1\perl\lib\CORE" -L"C:\STRAWB~1\c\lib"'


Characteristics of this binary (from libperl): 
  Compile-time options: HAS_TIMES HAVE_INTERP_INTERN MULTIPLICITY
                        PERLIO_LAYERS PERL_DONT_CREATE_GVSV
                        PERL_HASH_FUNC_ONE_AT_A_TIME_HARD
                        PERL_IMPLICIT_CONTEXT PERL_IMPLICIT_SYS
                        PERL_MALLOC_WRAP PERL_NEW_COPY_ON_WRITE
                        PERL_PRESERVE_IVUV USE_64_BIT_INT USE_ITHREADS
                        USE_LARGE_FILES USE_LOCALE USE_LOCALE_COLLATE
                        USE_LOCALE_CTYPE USE_LOCALE_NUMERIC USE_PERLIO
                        USE_PERL_ATOF
  Built under MSWin32
  Compiled at May 30 2014 23:29:27
  %ENV:
    PERL5LIB="C:\STRAWB~1\cpan\build\Class-Std-Fast-v0.0.8-6zbX1B/blib/arch;C:\STRAWB~1\cpan\build\Class-Std-Fast-v0.0.8-6zbX1B/blib/lib;C:\STRAWB~1\cpan\build\Class-Std-0.011-g6UIC9/blib/arch;C:\STRAWB~1\cpan\build\Class-Std-0.011-g6UIC9/blib/lib"
    PERL5_CPANPLUS_IS_RUNNING="3408"
    PERL5_CPAN_IS_RUNNING="3408"
    PERL5_CPAN_IS_RUNNING_IN_RECURSION="4088,3408"
    PERL_CR_SMOKER_CURRENT="Net-DashCS-0.01"
    PERL_EXTUTILS_AUTOINSTALL="--defaultdeps"
    PERL_MM_USE_DEFAULT="1"
  @INC:
    C:\STRAWB~1\cpan\build\Class-Std-Fast-v0.0.8-6zbX1B/blib/arch
    C:\STRAWB~1\cpan\build\Class-Std-Fast-v0.0.8-6zbX1B/blib/lib
    C:\STRAWB~1\cpan\build\Class-Std-0.011-g6UIC9/blib/arch
    C:\STRAWB~1\cpan\build\Class-Std-0.011-g6UIC9/blib/lib
    C:/Strawberry/perl/site/lib/MSWin32-x86-multi-thread-64int
    C:/Strawberry/perl/site/lib
    C:/Strawberry/perl/vendor/lib
    C:/Strawberry/perl/lib
    .