ETL-Yertl v0.041 Perl 5 v5.26.0 x86_64-linux

Status
Fail
From
Slaven Rezić (SREZIC)
Dist
ETL-Yertl v0.041
Platform
Perl 5 v5.26.0 x86_64-linux
Date
2018-09-06 18:04:35
ID
503d5f5e-b1ff-11e8-a6f7-dd1706c27539
This distribution has been tested as part of the CPAN Testers
project, supporting the Perl programming language.  See
http://wiki.cpantesters.org/ for more information or email
questions to cpan-testers-discuss@perl.org


--
Dear Doug Bell,

This is a computer-generated report for ETL-Yertl-0.041
on perl 5.26.0, created by CPAN-Reporter-1.2018.

Thank you for uploading your work to CPAN.  However, there was a problem
testing your distribution.

If you think this report is invalid, please consult the CPAN Testers Wiki
for suggestions on how to avoid getting FAIL reports for missing library
or binary dependencies, unsupported operating systems, and so on:

http://wiki.cpantesters.org/wiki/CPANAuthorNotes

Sections of this report:

    * Tester comments
    * Program output
    * Prerequisites
    * Environment and other context

------------------------------
TESTER COMMENTS
------------------------------

Additional comments from tester:

none provided

------------------------------
PROGRAM OUTPUT
------------------------------

Output from '/usr/bin/make test':

PERL_DL_NONLAZY=1 "/opt/perl-5.26.0/bin/perl" "-MExtUtils::Command::MM" "-MTest::Harness" "-e" "undef *Test::Harness::Switches; test_harness(0, 'blib/lib', 'blib/arch')" t/*.t t/adapter/*.t t/bin/*.t t/command/ygrok/*.t t/command/ygrok/pattern/*.t t/command/yq/*.t t/format/*.t t/integration/*.t
t/00-compile.t ........................... ok
# 
# Versions for all modules listed in MYMETA.json (including optional ones):
# 
# === Configure Requires ===
# 
#     Module              Want Have
#     ------------------- ---- ----
#     ExtUtils::MakeMaker  any 7.34
# 
# === Build Requires ===
# 
#     Module              Want Have
#     ------------------- ---- ----
#     ExtUtils::MakeMaker  any 7.34
# 
# === Test Requires ===
# 
#     Module                  Want     Have
#     ------------------- -------- --------
#     Capture::Tiny            any     0.46
#     Dir::Self                any     0.11
#     ExtUtils::MakeMaker      any     7.34
#     File::Spec               any     3.74
#     Future                   any     0.38
#     IO::Handle               any     1.39
#     IPC::Open3               any     1.20
#     JSON::PP                 any     2.95
#     Mock::MonkeyPatch        any     0.04
#     Test::Deep               any    1.128
#     Test::Differences        any     0.64
#     Test::Exception          any     0.43
#     Test::Lib                any    0.002
#     Test::More          1.001005 1.302140
# 
# === Test Recommends ===
# 
#     Module         Want     Have
#     ---------- -------- --------
#     CPAN::Meta 2.120900 2.150010
# 
# === Runtime Requires ===
# 
#     Module                    Want       Have
#     ------------------- ---------- ----------
#     File::HomeDir              any      1.002
#     File::Spec                 any       3.74
#     Getopt::Long              2.36        2.5
#     Hash::Merge::Simple        any      0.051
#     IO::Async                 0.72       0.72
#     IO::Interactive            any      1.022
#     Import::Base             0.010      1.003
#     JSON::MaybeXS              any   1.003009
#     List::Util                 any       1.50
#     Module::Runtime            any      0.016
#     Net::Async::HTTP           any       0.41
#     Path::Tiny               0.072      0.108
#     Pod::Usage::Return         any      0.003
#     Regexp::Common      2013031301 2017060201
#     SQL::Abstract              any       1.86
#     Time::Local                any       1.27
#     Time::Piece                any       1.33
#     URI                        any       1.74
#     YAML::Tiny                 any       1.73
#     boolean                    any       0.46
# 
# === Runtime Recommends ===
# 
#     Module       Want  Have
#     ------------ ---- -----
#     DBD::SQLite   any  1.58
#     DBI           any 1.641
#     JSON::PP      any  2.95
#     JSON::XS      any  3.04
#     Text::CSV     any  1.97
#     Text::CSV_XS  any  1.36
#     YAML::Syck    any  1.30
#     YAML::XS      any  0.69
# 
t/00-report-prereqs.t .................... ok
Name "CORE::GLOBAL::time" used only once: possible typo at t/adapter/graphite.t line 142.
t/adapter/graphite.t ..................... ok
Name "CORE::GLOBAL::time" used only once: possible typo at t/adapter/influxdb.t line 151.
t/adapter/influxdb.t ..................... ok
t/bin/yfrom.t ............................ 
All 1 subtests passed 
t/bin/ygrok.t ............................ 
All 1 subtests passed 
Use of uninitialized value in string eq at /home/cpansand/.cpan/build/2018090612/ETL-Yertl-0.041-0/blib/lib/ETL/Yertl.pm line 23.
t/bin/yq.t ............................... 
All 2 subtests passed 
t/bin/ysql.t ............................. 
All 3 subtests passed 
t/bin/yto.t .............................. 
All 1 subtests passed 
t/bin/yts.t .............................. 
All 2 subtests passed 
t/command/ygrok/edit_patterns.t .......... 
No subtests run 
t/command/ygrok/pattern/http_combined.t .. 
No subtests run 
t/command/ygrok/pattern/http_common.t .... 
No subtests run 
t/command/ygrok/pattern/linux_proc.t ..... 
No subtests run 
t/command/ygrok/pattern/ls-l.t ........... 
No subtests run 
t/command/ygrok/pattern/ps-u.t ........... 
No subtests run 
t/command/ygrok/pattern/ps-x.t ........... 
No subtests run 
t/command/ygrok/pattern/ps.t ............. 
No subtests run 
t/command/ygrok/pattern/syslog.t ......... 
No subtests run 
t/command/yq/combinator.t ................ ok
t/command/yq/comparison.t ................ ok
t/command/yq/conditional.t ............... ok
t/command/yq/filter.t .................... ok
empty does not take arguments
t/command/yq/functions.t ................. ok
t/command/yq/regression.t ................ ok
t/command/yq/values.t .................... ok
t/format.t ............................... ok
t/format/csv.t ........................... ok
Prototype mismatch: sub main::decode_json ($) vs none at /opt/perl-5.26.0/lib/5.26.0/Exporter.pm line 66.
 at (eval 35) line 1.
t/format/json.t .......................... ok
t/format/yaml.t .......................... ok
t/format_stream.t ........................ ok
Use of uninitialized value in string eq at /home/cpansand/.cpan/build/2018090612/ETL-Yertl-0.041-0/blib/lib/ETL/Yertl.pm line 23.
t/helpers.t .............................. ok
t/input_series.t ......................... ok
Use of uninitialized value in string eq at /home/cpansand/.cpan/build/2018090612/ETL-Yertl-0.041-0/blib/lib/ETL/Yertl.pm line 23.
t/integration/parse_apache_log.t ......... 
No subtests run 
t/transform.t ............................ 
No subtests run 

Test Summary Report
-------------------
t/bin/yfrom.t                          (Wstat: 9 Tests: 1 Failed: 0)
  Non-zero wait status: 9
  Parse errors: No plan found in TAP output
t/bin/ygrok.t                          (Wstat: 9 Tests: 1 Failed: 0)
  Non-zero wait status: 9
  Parse errors: No plan found in TAP output
t/bin/yq.t                             (Wstat: 9 Tests: 2 Failed: 0)
  Non-zero wait status: 9
  Parse errors: No plan found in TAP output
t/bin/ysql.t                           (Wstat: 9 Tests: 3 Failed: 0)
  Non-zero wait status: 9
  Parse errors: No plan found in TAP output
t/bin/yto.t                            (Wstat: 9 Tests: 1 Failed: 0)
  Non-zero wait status: 9
  Parse errors: No plan found in TAP output
t/bin/yts.t                            (Wstat: 9 Tests: 2 Failed: 0)
  Non-zero wait status: 9
  Parse errors: No plan found in TAP output
t/command/ygrok/edit_patterns.t        (Wstat: 9 Tests: 0 Failed: 0)
  Non-zero wait status: 9
  Parse errors: No plan found in TAP output
t/command/ygrok/pattern/http_combined.t (Wstat: 9 Tests: 0 Failed: 0)
  Non-zero wait status: 9
  Parse errors: No plan found in TAP output
t/command/ygrok/pattern/http_common.t  (Wstat: 9 Tests: 0 Failed: 0)
  Non-zero wait status: 9
  Parse errors: No plan found in TAP output
t/command/ygrok/pattern/linux_proc.t   (Wstat: 9 Tests: 0 Failed: 0)
  Non-zero wait status: 9
  Parse errors: No plan found in TAP output
t/command/ygrok/pattern/ls-l.t         (Wstat: 9 Tests: 0 Failed: 0)
  Non-zero wait status: 9
  Parse errors: No plan found in TAP output
t/command/ygrok/pattern/ps-u.t         (Wstat: 9 Tests: 0 Failed: 0)
  Non-zero wait status: 9
  Parse errors: No plan found in TAP output
t/command/ygrok/pattern/ps-x.t         (Wstat: 9 Tests: 0 Failed: 0)
  Non-zero wait status: 9
  Parse errors: No plan found in TAP output
t/command/ygrok/pattern/ps.t           (Wstat: 9 Tests: 0 Failed: 0)
  Non-zero wait status: 9
  Parse errors: No plan found in TAP output
t/command/ygrok/pattern/syslog.t       (Wstat: 9 Tests: 0 Failed: 0)
  Non-zero wait status: 9
  Parse errors: No plan found in TAP output
t/integration/parse_apache_log.t       (Wstat: 9 Tests: 0 Failed: 0)
  Non-zero wait status: 9
  Parse errors: No plan found in TAP output
t/transform.t                          (Wstat: 9 Tests: 0 Failed: 0)
  Non-zero wait status: 9
  Parse errors: No plan found in TAP output
Files=35, Tests=91, 3502 wallclock secs ( 0.20 usr  0.28 sys + 16.76 cusr  3.86 csys = 21.10 CPU)
Result: FAIL
Failed 17/35 test programs. 0/91 subtests failed.
Makefile:1050: recipe for target 'test_dynamic' failed
make: *** [test_dynamic] Error 255

------------------------------
PREREQUISITES
------------------------------

Prerequisite modules loaded:

requires:

    Module              Need       Have      
    ------------------- ---------- ----------
    boolean             0          0.46      
    File::HomeDir       0          1.002     
    File::Spec          0          3.74      
    Getopt::Long        2.36       2.5       
    Hash::Merge::Simple 0          0.051     
    Import::Base        0.010      1.003     
    IO::Async           0.72       0.72      
    IO::Interactive     0          1.022     
    JSON::MaybeXS       0          1.003009  
    List::Util          0          1.50      
    Module::Runtime     0          0.016     
    Net::Async::HTTP    0          0.41      
    Path::Tiny          0.072      0.108     
    perl                5.010      5.026000  
    Pod::Usage::Return  0          0.003     
    Regexp::Common      2013031301 2017060201
    SQL::Abstract       0          1.86      
    Time::Local         0          1.27      
    Time::Piece         0          1.33      
    URI                 0          1.74      
    YAML::Tiny          0          1.73      

build_requires:

    Module              Need       Have      
    ------------------- ---------- ----------
    Capture::Tiny       0          0.46      
    Dir::Self           0          0.11      
    ExtUtils::MakeMaker 0          7.34      
    File::Spec          0          3.74      
    Future              0          0.38      
    IO::Handle          0          1.39      
    IPC::Open3          0          1.20      
    JSON::PP            0          2.95      
    Mock::MonkeyPatch   0          0.04      
    Test::Deep          0          1.128     
    Test::Differences   0          0.64      
    Test::Exception     0          0.43      
    Test::Lib           0          0.002     
    Test::More          1.001005   1.302140  

configure_requires:

    Module              Need       Have      
    ------------------- ---------- ----------
    ExtUtils::MakeMaker 0          7.34      

opt_requires:

    Module              Need       Have      
    ------------------- ---------- ----------
    DBD::SQLite         0          1.58      
    DBI                 0          1.641     
    JSON::PP            0          2.95      
    JSON::XS            0          3.04      
    Text::CSV           0          1.97      
    Text::CSV_XS        0          1.36      
    YAML::Syck          0          1.30      
    YAML::XS            0          0.69      

opt_build_requires:

    Module              Need       Have      
    ------------------- ---------- ----------
    CPAN::Meta          2.120900   2.150010  


------------------------------
ENVIRONMENT AND OTHER CONTEXT
------------------------------

Environment variables:

    LANG = C
    PATH = /usr/local/bin:/usr/bin:/bin:/usr/local/sbin:/usr/sbin:/sbin:/home/cpansand/bin/linux-gnu:/home/cpansand/bin/sh:/home/cpansand/bin:/usr/games:/home/cpansand/devel:/home/eserte/src/srezic-misc/scripts
    PERL5LIB = 
    PERL5OPT = 
    PERL5_CPANPLUS_IS_RUNNING = 28047
    PERL5_CPAN_IS_RUNNING = 28047
    PERL5_CPAN_IS_RUNNING_IN_RECURSION = 17267,28047
    PERLDOC = -MPod::Perldoc::ToTextOverstrike
    PERL_BATCH = yes
    PERL_CANARY_STABILITY_NOPROMPT = 1
    PERL_CPAN_REPORTER_CONFIG = /var/tmp/cpansmoker-1023/2018090603/cpanreporter_000_config.ini
    PERL_EXTUTILS_AUTOINSTALL = --defaultdeps
    PERL_USE_UNSAFE_INC = 1
    SHELL = /usr/bin/zsh
    TERM = screen
    TMPDIR = /var/tmp/cpansmoker-1023/2018090603

Perl special variables (and OS-specific diagnostics, for MSWin32):

    $^X = /opt/perl-5.26.0/bin/perl
    $UID/$EUID = 1023 / 1023
    $GID = 1023 1023
    $EGID = 1023 1023

Perl module toolchain versions installed:

    Module              Have    
    ------------------- --------
    CPAN                2.18    
    CPAN::Meta          2.150010
    Cwd                 3.74    
    ExtUtils::CBuilder  0.280230
    ExtUtils::Command   7.34    
    ExtUtils::Install   2.06    
    ExtUtils::MakeMaker 7.34    
    ExtUtils::Manifest  1.70    
    ExtUtils::ParseXS   3.34    
    File::Spec          3.74    
    JSON                2.97001 
    JSON::PP            2.95    
    Module::Build       0.4224  
    Module::Signature   0.83    
    Parse::CPAN::Meta   2.150010
    Test::Harness       3.42    
    Test::More          1.302140
    YAML                1.26    
    YAML::Syck          1.30    
    version             0.9923  


--

Summary of my perl5 (revision 5 version 26 subversion 0) configuration:
   
  Platform:
    osname=linux
    osvers=4.9.0-3-amd64
    archname=x86_64-linux
    uname='linux debian9 4.9.0-3-amd64 #1 smp debian 4.9.30-2+deb9u1 (2017-06-18) x86_64 gnulinux '
    config_args='-ds -e -Dprefix=/opt/perl-5.26.0 -Dcf_email=srezic@cpan.org'
    hint=recommended
    useposix=true
    d_sigaction=define
    useithreads=undef
    usemultiplicity=undef
    use64bitint=define
    use64bitall=define
    uselongdouble=undef
    usemymalloc=n
    default_inc_excludes_dot=define
    bincompat5005=undef
  Compiler:
    cc='cc'
    ccflags ='-fwrapv -fno-strict-aliasing -pipe -fstack-protector-strong -I/usr/local/include -D_LARGEFILE_SOURCE -D_FILE_OFFSET_BITS=64'
    optimize='-O2'
    cppflags='-fwrapv -fno-strict-aliasing -pipe -fstack-protector-strong -I/usr/local/include'
    ccversion=''
    gccversion='6.3.0 20170516'
    gccosandvers=''
    intsize=4
    longsize=8
    ptrsize=8
    doublesize=8
    byteorder=12345678
    doublekind=3
    d_longlong=define
    longlongsize=8
    d_longdbl=define
    longdblsize=16
    longdblkind=3
    ivtype='long'
    ivsize=8
    nvtype='double'
    nvsize=8
    Off_t='off_t'
    lseeksize=8
    alignbytes=8
    prototype=define
  Linker and Libraries:
    ld='cc'
    ldflags =' -fstack-protector-strong -L/usr/local/lib'
    libpth=/usr/local/lib /usr/lib/gcc/x86_64-linux-gnu/6/include-fixed /usr/include/x86_64-linux-gnu /usr/lib /lib/x86_64-linux-gnu /lib/../lib /usr/lib/x86_64-linux-gnu /usr/lib/../lib /lib
    libs=-lpthread -lnsl -lgdbm -ldb -ldl -lm -lcrypt -lutil -lc -lgdbm_compat
    perllibs=-lpthread -lnsl -ldl -lm -lcrypt -lutil -lc
    libc=libc-2.24.so
    so=so
    useshrplib=false
    libperl=libperl.a
    gnulibc_version='2.24'
  Dynamic Linking:
    dlsrc=dl_dlopen.xs
    dlext=so
    d_dlsymun=undef
    ccdlflags='-Wl,-E'
    cccdlflags='-fPIC'
    lddlflags='-shared -O2 -L/usr/local/lib -fstack-protector-strong'


Characteristics of this binary (from libperl): 
  Compile-time options:
    HAS_TIMES
    PERLIO_LAYERS
    PERL_COPY_ON_WRITE
    PERL_DONT_CREATE_GVSV
    PERL_MALLOC_WRAP
    PERL_OP_PARENT
    PERL_PRESERVE_IVUV
    USE_64_BIT_ALL
    USE_64_BIT_INT
    USE_LARGE_FILES
    USE_LOCALE
    USE_LOCALE_COLLATE
    USE_LOCALE_CTYPE
    USE_LOCALE_NUMERIC
    USE_LOCALE_TIME
    USE_PERLIO
    USE_PERL_ATOF
  Built under linux
  Compiled at Jun 23 2017 06:17:13
  %ENV:
    PERL5LIB=""
    PERL5OPT=""
    PERL5_CPANPLUS_IS_RUNNING="28047"
    PERL5_CPAN_IS_RUNNING="28047"
    PERL5_CPAN_IS_RUNNING_IN_RECURSION="17267,28047"
    PERLDOC="-MPod::Perldoc::ToTextOverstrike"
    PERL_BATCH="yes"
    PERL_CANARY_STABILITY_NOPROMPT="1"
    PERL_CPAN_REPORTER_CONFIG="/var/tmp/cpansmoker-1023/2018090603/cpanreporter_000_config.ini"
    PERL_EXTUTILS_AUTOINSTALL="--defaultdeps"
    PERL_USE_UNSAFE_INC="1"
  @INC:
    /opt/perl-5.26.0/lib/site_perl/5.26.0/x86_64-linux
    /opt/perl-5.26.0/lib/site_perl/5.26.0
    /opt/perl-5.26.0/lib/5.26.0/x86_64-linux
    /opt/perl-5.26.0/lib/5.26.0
    .