Report for Win32-Tracert-0.002

Back
From: metabase:user:30f4dfbe-2aae-11df-837a-5e0a49663a4f
Subject: FAIL Win32-Tracert-0.002 v5.14.3 GNU/Linux
Date: 2014-03-30T00:07:42Z

This distribution has been tested as part of the CPAN Testers
project, supporting the Perl programming language.  See
http://wiki.cpantesters.org/ for more information or email
questions to cpan-testers-discuss@perl.org


--
Dear Sebastien Deseille,

This is a computer-generated report for Win32-Tracert-0.002
on perl 5.14.3, created by CPAN-Reporter-1.2011.

Thank you for uploading your work to CPAN.  However, there was a problem
testing your distribution.

If you think this report is invalid, please consult the CPAN Testers Wiki
for suggestions on how to avoid getting FAIL reports for missing library
or binary dependencies, unsupported operating systems, and so on:

http://wiki.cpantesters.org/wiki/CPANAuthorNotes

Sections of this report:

    * Tester comments
    * Program output
    * Prerequisites
    * Environment and other context

------------------------------
TESTER COMMENTS
------------------------------

Additional comments from tester:

this report is from an automated smoke testing program
and was not reviewed by a human for accuracy

------------------------------
PROGRAM OUTPUT
------------------------------

Output from '/usr/bin/make test':

PERL_DL_NONLAZY=1 /home/njh/perl5/perlbrew/perls/perl-5.14.3/bin/perl "-MExtUtils::Command::MM" "-MTest::Harness" "-e" "undef *Test::Harness::Switches; test_harness(0, 'blib/lib', 'blib/arch')" t/*.t
t/01_basic.t ........ ok
t/02_circuit.t ...... ok
Can't exec "tracert": No such file or directory at /home/njh/.cpan/build/Win32-Tracert-0.002-Absz8N/blib/lib/Win32/Tracert.pm line 88.
No traceroute result for 127.0.0.1
# Looks like you planned 4 tests but ran 1.
# Looks like your test exited with 2 just after 1.
t/03_destination.t .. 
Dubious, test returned 2 (wstat 512, 0x200)
Failed 3/4 subtests 
Can't locate Data/Printer.pm in @INC (@INC contains: /home/njh/.cpan/build/Win32-Tracert-0.002-Absz8N/blib/lib /home/njh/.cpan/build/Win32-Tracert-0.002-Absz8N/blib/arch /home/njh/.cpan/build/Object-Tiny-1.08-Djk3CD/blib/arch /home/njh/.cpan/build/Object-Tiny-1.08-Djk3CD/blib/lib /home/njh/.cpan/build/Object-Tiny-1.08-Djk3CD/blib/arch /home/njh/.cpan/build/Object-Tiny-1.08-Djk3CD/blib/lib /home/njh/perl5/perlbrew/perls/perl-5.14.3/lib/site_perl/5.14.3/x86_64-linux-thread-multi /home/njh/perl5/perlbrew/perls/perl-5.14.3/lib/site_perl/5.14.3 /home/njh/perl5/perlbrew/perls/perl-5.14.3/lib/5.14.3/x86_64-linux-thread-multi /home/njh/perl5/perlbrew/perls/perl-5.14.3/lib/5.14.3 .) at t/04_weird_use.t line 3.
BEGIN failed--compilation aborted at t/04_weird_use.t line 3.
t/04_weird_use.t .... 
Dubious, test returned 2 (wstat 512, 0x200)
No subtests run 

Test Summary Report
-------------------
t/03_destination.t (Wstat: 512 Tests: 1 Failed: 0)
  Non-zero exit status: 2
  Parse errors: Bad plan.  You planned 4 tests but ran 1.
t/04_weird_use.t  (Wstat: 512 Tests: 0 Failed: 0)
  Non-zero exit status: 2
  Parse errors: No plan found in TAP output
Files=4, Tests=13,  0 wallclock secs ( 0.01 usr  0.00 sys +  0.07 cusr  0.00 csys =  0.08 CPU)
Result: FAIL
Failed 2/4 test programs. 0/13 subtests failed.
make: *** [test_dynamic] Error 2

------------------------------
PREREQUISITES
------------------------------

Prerequisite modules loaded:

requires:

    Module              Need Have
    ------------------- ---- ----
    Object::Tiny        1.08 1.08

configure_requires:

    Module              Need Have
    ------------------- ---- ----
    ExtUtils::MakeMaker 6.30 6.90


------------------------------
ENVIRONMENT AND OTHER CONTEXT
------------------------------

Environment variables:

    AUTOMATED_TESTING = 1
    LANG = en_GB.UTF-8
    LANGUAGE = en_GB:en
    LD_LIBRARY_PATH = /usr/local/lib::
    PATH = /home/njh/perl5/perlbrew/bin:/home/njh/perl5/perlbrew/perls/perl-5.14.3/bin:/home/njh/perl5/perlbrew/bin:/usr/local/bin:/usr/bin:/bin:/usr/local/games:/usr/games:/home/njh/bin:/sbin
    PERL5LIB = /home/njh/.cpan/build/Object-Tiny-1.08-Djk3CD/blib/arch:/home/njh/.cpan/build/Object-Tiny-1.08-Djk3CD/blib/lib
    PERL5OPT = 
    PERL5_CPANPLUS_IS_RUNNING = 26276
    PERL5_CPAN_IS_RUNNING = 26276
    PERL5_MINISMOKEBOX = 0.58
    PERLBREW_BASHRC_VERSION = 0.58
    PERLBREW_HOME = /home/njh/.perlbrew
    PERLBREW_MANPATH = /home/njh/perl5/perlbrew/perls/perl-5.14.3/man
    PERLBREW_PATH = /home/njh/perl5/perlbrew/bin:/home/njh/perl5/perlbrew/perls/perl-5.14.3/bin
    PERLBREW_PERL = perl-5.14.3
    PERLBREW_ROOT = /home/njh/perl5/perlbrew
    PERLBREW_VERSION = 0.67
    PERL_EXTUTILS_AUTOINSTALL = --defaultdeps
    PERL_MM_USE_DEFAULT = 1
    SHELL = /bin/bash
    TERM = xterm

Perl special variables (and OS-specific diagnostics, for MSWin32):

    $^X = /home/njh/perl5/perlbrew/perls/perl-5.14.3/bin/perl
    $UID/$EUID = 1000 / 1000
    $GID = 1000 4 24 25 29 30 44 46 108 112 1000
    $EGID = 1000 4 24 25 29 30 44 46 108 112 1000

Perl module toolchain versions installed:

    Module              Have    
    ------------------- --------
    CPAN                2.00    
    CPAN::Meta          2.133380
    Cwd                 3.40    
    ExtUtils::CBuilder  0.280205
    ExtUtils::Command   1.17    
    ExtUtils::Install   1.56    
    ExtUtils::MakeMaker 6.90    
    ExtUtils::Manifest  1.61    
    ExtUtils::ParseXS   3.18    
    File::Spec          3.40    
    JSON                2.59    
    JSON::PP            2.27203 
    Module::Build       0.4007  
    Module::Signature   0.73    
    Parse::CPAN::Meta   1.4405  
    Test::Harness       3.30    
    Test::More          0.98    
    YAML                0.84    
    YAML::Syck          1.27    
    version             0.9902  


--

Summary of my perl5 (revision 5 version 14 subversion 3) configuration:
   
  Platform:
    osname=linux, osvers=3.2.0-4-amd64, archname=x86_64-linux-thread-multi
    uname='linux nigelhorne.force9.co.uk 3.2.0-4-amd64 #1 smp debian 3.2.32-1 x86_64 gnulinux '
    config_args='-de -Dprefix=/home/njh/perl5/perlbrew/perls/perl-5.14.3 -Duseithreads -Dusemultiplicity -Accflags=-O2 -W -Wformat=2 -Wswitch -Wshadow -Wwrite-strings -Wuninitialized -Wall -pipe -mtune=native -march=native -fomit-frame-pointer -mfpmath=sse -pedantic -D_FORTIFY_SOURCE=2 -Wpointer-arith -Wstrict-prototypes -fstack-protector -Wstack-protector -Wextra -Wbad-function-cast -Wcast-align -Wcast-qual -Wdisabled-optimization -Wendif-labels -Wfloat-equal -Wformat-nonliteral -Winline -Wmissing-declarations -Wmissing-prototypes -Wnested-externs -Wpointer-arith -Wundef -Wformat-security -Aeval:scriptdir=/home/njh/perl5/perlbrew/perls/perl-5.14.3/bin'
    hint=recommended, useposix=true, d_sigaction=define
    useithreads=define, usemultiplicity=define
    useperlio=define, d_sfio=undef, uselargefiles=define, usesocks=undef
    use64bitint=define, use64bitall=define, uselongdouble=undef
    usemymalloc=n, bincompat5005=undef
  Compiler:
    cc='cc', ccflags ='-D_REENTRANT -D_GNU_SOURCE -O2 -W -Wformat=2 -Wswitch -Wshadow -Wwrite-strings -Wuninitialized -Wall -pipe -mtune=native -march=native -fomit-frame-pointer -mfpmath=sse -pedantic -D_FORTIFY_SOURCE=2 -Wpointer-arith -Wstrict-prototypes -fstack-protector -Wstack-protector -Wextra -Wbad-function-cast -Wcast-align -Wcast-qual -Wdisabled-optimization -Wendif-labels -Wfloat-equal -Wformat-nonliteral -Winline -Wmissing-declarations -Wmissing-prototypes -Wnested-externs -Wpointer-arith -Wundef -Wformat-security -fno-strict-aliasing -I/usr/local/include -D_LARGEFILE_SOURCE -D_FILE_OFFSET_BITS=64',
    optimize='-O2',
    cppflags='-D_REENTRANT -D_GNU_SOURCE -O2 -W -Wformat=2 -Wswitch -Wshadow -Wwrite-strings -Wuninitialized -Wall -pipe -mtune=native -march=native -fomit-frame-pointer -mfpmath=sse -pedantic -D_FORTIFY_SOURCE=2 -Wpointer-arith -Wstrict-prototypes -fstack-protector -Wstack-protector -Wextra -Wbad-function-cast -Wcast-align -Wcast-qual -Wdisabled-optimization -Wendif-labels -Wfloat-equal -Wformat-nonliteral -Winline -Wmissing-declarations -Wmissing-prototypes -Wnested-externs -Wpointer-arith -Wundef -Wformat-security -fno-strict-aliasing -I/usr/local/include'
    ccversion='', gccversion='4.7.2', gccosandvers=''
    intsize=4, longsize=8, ptrsize=8, doublesize=8, byteorder=12345678
    d_longlong=define, longlongsize=8, d_longdbl=define, longdblsize=16
    ivtype='long', ivsize=8, nvtype='double', nvsize=8, Off_t='off_t', lseeksize=8
    alignbytes=8, prototype=define
  Linker and Libraries:
    ld='cc', ldflags =' -fstack-protector -L/usr/local/lib'
    libpth=/usr/local/lib /lib/x86_64-linux-gnu /lib/../lib /usr/lib/x86_64-linux-gnu /usr/lib/../lib /lib /usr/lib
    libs=-lnsl -lgdbm -ldb -ldl -lm -lcrypt -lutil -lpthread -lc -lgdbm_compat
    perllibs=-lnsl -ldl -lm -lcrypt -lutil -lpthread -lc
    libc=, so=so, useshrplib=false, libperl=libperl.a
    gnulibc_version='2.13'
  Dynamic Linking:
    dlsrc=dl_dlopen.xs, dlext=so, d_dlsymun=undef, ccdlflags='-Wl,-E'
    cccdlflags='-fPIC', lddlflags='-shared -O2 -L/usr/local/lib -fstack-protector'


Characteristics of this binary (from libperl): 
  Compile-time options: MULTIPLICITY PERL_DONT_CREATE_GVSV
                        PERL_IMPLICIT_CONTEXT PERL_MALLOC_WRAP
                        PERL_PRESERVE_IVUV USE_64_BIT_ALL USE_64_BIT_INT
                        USE_ITHREADS USE_LARGE_FILES USE_PERLIO USE_PERL_ATOF
                        USE_REENTRANT_API
  Built under linux
  Compiled at Mar  5 2013 02:01:19
  %ENV:
    PERL5LIB="/home/njh/.cpan/build/Object-Tiny-1.08-Djk3CD/blib/arch:/home/njh/.cpan/build/Object-Tiny-1.08-Djk3CD/blib/lib"
    PERL5OPT=""
    PERL5_CPANPLUS_IS_RUNNING="26276"
    PERL5_CPAN_IS_RUNNING="26276"
    PERL5_MINISMOKEBOX="0.58"
    PERLBREW_BASHRC_VERSION="0.58"
    PERLBREW_HOME="/home/njh/.perlbrew"
    PERLBREW_MANPATH="/home/njh/perl5/perlbrew/perls/perl-5.14.3/man"
    PERLBREW_PATH="/home/njh/perl5/perlbrew/bin:/home/njh/perl5/perlbrew/perls/perl-5.14.3/bin"
    PERLBREW_PERL="perl-5.14.3"
    PERLBREW_ROOT="/home/njh/perl5/perlbrew"
    PERLBREW_VERSION="0.67"
    PERL_EXTUTILS_AUTOINSTALL="--defaultdeps"
    PERL_MM_USE_DEFAULT="1"
  @INC:
    /home/njh/.cpan/build/Object-Tiny-1.08-Djk3CD/blib/arch
    /home/njh/.cpan/build/Object-Tiny-1.08-Djk3CD/blib/lib
    /home/njh/perl5/perlbrew/perls/perl-5.14.3/lib/site_perl/5.14.3/x86_64-linux-thread-multi
    /home/njh/perl5/perlbrew/perls/perl-5.14.3/lib/site_perl/5.14.3
    /home/njh/perl5/perlbrew/perls/perl-5.14.3/lib/5.14.3/x86_64-linux-thread-multi
    /home/njh/perl5/perlbrew/perls/perl-5.14.3/lib/5.14.3
    .