Finance-Contract v0.011 Perl 5 v5.20.1 x86_64-linux

Status
Fail
From
Slaven Rezić (SREZIC)
Dist
Finance-Contract v0.011
Platform
Perl 5 v5.20.1 x86_64-linux
Date
2017-12-21 20:05:38
ID
5089e932-e68a-11e7-be24-b07047aed156
This distribution has been tested as part of the CPAN Testers
project, supporting the Perl programming language.  See
http://wiki.cpantesters.org/ for more information or email
questions to cpan-testers-discuss@perl.org


--
Dear Binary.com,

This is a computer-generated report for Finance-Contract-0.011
on perl 5.20.1, created by CPAN-Reporter-1.2018.

Thank you for uploading your work to CPAN.  However, there was a problem
testing your distribution.

If you think this report is invalid, please consult the CPAN Testers Wiki
for suggestions on how to avoid getting FAIL reports for missing library
or binary dependencies, unsupported operating systems, and so on:

http://wiki.cpantesters.org/wiki/CPANAuthorNotes

Sections of this report:

    * Tester comments
    * Program output
    * Prerequisites
    * Environment and other context

------------------------------
TESTER COMMENTS
------------------------------

Additional comments from tester:

none provided

------------------------------
PROGRAM OUTPUT
------------------------------

Output from '/usr/bin/make test':

Skip blib/lib/auto/share/dist/Finance-Contract/contract_categories.yml (unchanged)
Skip blib/lib/auto/share/dist/Finance-Contract/contract_types.yml (unchanged)
PERL_DL_NONLAZY=1 "/bbbike/perl-5.20.1/bin/perl5.20.1" "-MExtUtils::Command::MM" "-MTest::Harness" "-e" "undef *Test::Harness::Switches; test_harness(0, 'blib/lib', 'blib/arch')" t/*.t
t/00-check-deps.t ......... ok

#   Failed test 'Finance/Contract.pm loaded ok'
#   at t/00-compile.t line 38.
#          got: '65280'
#     expected: '0'
"roundcommon" is not exported by the Format::Util::Numbers module
Can't continue after import errors at /tmpfs/.cpan-build-cpansand/2017122106/Finance-Contract-0.011-11/blib/lib/Finance/Contract.pm line 71.
BEGIN failed--compilation aborted at /tmpfs/.cpan-build-cpansand/2017122106/Finance-Contract-0.011-11/blib/lib/Finance/Contract.pm line 71, <DATA> line 1.
Compilation failed in require at -e line 1, <DATA> line 1.
# Looks like you failed 1 test of 2.
t/00-compile.t ............ 
Dubious, test returned 1 (wstat 256, 0x100)
Failed 1/2 subtests 
# 
# Versions for all modules listed in MYMETA.json (including optional ones):
# 
# === Configure Requires ===
# 
#     Module                  Want Have
#     ----------------------- ---- ----
#     ExtUtils::MakeMaker     6.48 7.24
#     File::ShareDir::Install 0.06 0.11
# 
# === Build Requires ===
# 
#     Module              Want Have
#     ------------------- ---- ----
#     ExtUtils::MakeMaker  any 7.24
# 
# === Test Requires ===
# 
#     Module               Want     Have
#     ------------------- ----- --------
#     ExtUtils::MakeMaker   any     7.24
#     File::Spec            any     3.62
#     IO::Handle            any     1.35
#     IPC::Open3            any     1.16
#     Test::CheckDeps     0.010    0.010
#     Test::More           0.94 1.302120
# 
# === Test Recommends ===
# 
#     Module         Want     Have
#     ---------- -------- --------
#     CPAN::Meta 2.120900 2.150010
# 
# === Runtime Requires ===
# 
#     Module                                   Want   Have
#     ---------------------------------------- ---- ------
#     Date::Utility                             any   1.05
#     Format::Util::Numbers                     any   0.06
#     Math::Util::CalculatedValue::Validatable  any   0.07
#     Moose                                     any 2.2008
#     Time::Duration::Concise                   any    1.3
#     Time::HiRes                               any 1.9746
#     YAML                                      any   1.23
# 
t/00-report-prereqs.t ..... ok
"roundcommon" is not exported by the Format::Util::Numbers module
Can't continue after import errors at /tmpfs/.cpan-build-cpansand/2017122106/Finance-Contract-0.011-11/blib/lib/Finance/Contract.pm line 71.
BEGIN failed--compilation aborted at /tmpfs/.cpan-build-cpansand/2017122106/Finance-Contract-0.011-11/blib/lib/Finance/Contract.pm line 71, <DATA> line 1.
Compilation failed in require at t/for_shortcode_string.t line 6, <DATA> line 1.
BEGIN failed--compilation aborted at t/for_shortcode_string.t line 6, <DATA> line 1.
t/for_shortcode_string.t .. 
Dubious, test returned 255 (wstat 65280, 0xff00)
No subtests run 

Test Summary Report
-------------------
t/00-compile.t          (Wstat: 256 Tests: 2 Failed: 1)
  Failed test:  1
  Non-zero exit status: 1
t/for_shortcode_string.t (Wstat: 65280 Tests: 0 Failed: 0)
  Non-zero exit status: 255
  Parse errors: No plan found in TAP output
Files=4, Tests=20,  2 wallclock secs ( 0.01 usr  0.02 sys +  0.97 cusr  0.22 csys =  1.22 CPU)
Result: FAIL
Failed 2/4 test programs. 1/20 subtests failed.
Makefile:879: recipe for target 'test_dynamic' failed
make: *** [test_dynamic] Error 255

------------------------------
PREREQUISITES
------------------------------

Prerequisite modules loaded:

requires:

    Module                                   Need     Have    
    ---------------------------------------- -------- --------
    Date::Utility                            0        1.05    
    Format::Util::Numbers                    0        0.06    
    Math::Util::CalculatedValue::Validatable 0        0.07    
    Moose                                    0        2.2008  
    perl                                     5.010000 5.020001
    Time::Duration::Concise                  0        1.3     
    Time::HiRes                              0        1.9746  
    YAML                                     0        1.23    

build_requires:

    Module                                   Need     Have    
    ---------------------------------------- -------- --------
    ExtUtils::MakeMaker                      0        7.24    
    File::Spec                               0        3.62    
    IO::Handle                               0        1.35    
    IPC::Open3                               0        1.16    
    Test::CheckDeps                          0.010    0.010   
    Test::More                               0.94     1.302120

configure_requires:

    Module                                   Need     Have    
    ---------------------------------------- -------- --------
    ExtUtils::MakeMaker                      6.48     7.24    
    File::ShareDir::Install                  0.06     0.11    


------------------------------
ENVIRONMENT AND OTHER CONTEXT
------------------------------

Environment variables:

    LANG = C
    LC_ALL = de_DE.UTF-8
    PATH = /usr/local/bin:/usr/bin:/bin:/usr/local/sbin:/usr/sbin:/sbin:/home/cpansand/bin/linux-gnu:/home/cpansand/bin/sh:/home/cpansand/bin:/usr/games:/home/cpansand/devel:/home/eserte/src/srezic-misc/scripts
    PERL5LIB = /home/cpansand/.cpan/build/2017122106/WWW-Shorten-URLchen-v0.0.4-11/blib/arch:/home/cpansand/.cpan/build/2017122106/WWW-Shorten-URLchen-v0.0.4-11/blib/lib
    PERL5OPT = 
    PERL5_CPANPLUS_IS_RUNNING = 20909
    PERL5_CPAN_IS_RUNNING = 20909
    PERL5_CPAN_IS_RUNNING_IN_RECURSION = 20851,20909
    PERLDOC = -MPod::Perldoc::ToTextOverstrike
    PERL_BATCH = yes
    PERL_CANARY_STABILITY_NOPROMPT = 1
    PERL_CPAN_REPORTER_CONFIG = /var/tmp/cpansmoker-1023/2017122106/cpanreporter_000_config.ini
    PERL_EXTUTILS_AUTOINSTALL = --defaultdeps
    PERL_PARALLEL_SMOKER = yes
    PERL_USE_UNSAFE_INC = 1
    SHELL = /bin/zsh
    TERM = screen
    TMPDIR = /var/tmp/cpansmoker-1023/2017122106

Perl special variables (and OS-specific diagnostics, for MSWin32):

    $^X = /bbbike/perl-5.20.1/bin/perl5.20.1
    $UID/$EUID = 1023 / 1023
    $GID = 1023 1023
    $EGID = 1023 1023

Perl module toolchain versions installed:

    Module              Have    
    ------------------- --------
    CPAN                2.16    
    CPAN::Meta          2.150010
    Cwd                 3.62    
    ExtUtils::CBuilder  0.280230
    ExtUtils::Command   7.24    
    ExtUtils::Install   2.14    
    ExtUtils::MakeMaker 7.24    
    ExtUtils::Manifest  1.70    
    ExtUtils::ParseXS   3.35    
    File::Spec          3.62    
    JSON                2.97000 
    JSON::PP            2.97000 
    Module::Build       0.4224  
    Module::Signature   0.81    
    Parse::CPAN::Meta   2.150010
    Test::Harness       3.39    
    Test::More          1.302120
    YAML                1.23    
    YAML::Syck          1.30    
    version             0.9916  


--

Summary of my perl5 (revision 5 version 20 subversion 1) configuration:
   
  Platform:
    osname=linux, osvers=3.16.0-4-amd64, archname=x86_64-linux
    uname='linux eserte 3.16.0-4-amd64 #1 smp debian 3.16.7-ckt25-2 (2016-04-08) x86_64 gnulinux '
    config_args='-ds -e -Dprefix=/opt/perl-5.20.1 -Dcf_email=srezic@cpan.org'
    hint=recommended, useposix=true, d_sigaction=define
    useithreads=undef, usemultiplicity=undef
    use64bitint=define, use64bitall=define, uselongdouble=undef
    usemymalloc=n, bincompat5005=undef
  Compiler:
    cc='cc', ccflags ='-fwrapv -fno-strict-aliasing -pipe -fstack-protector -I/usr/local/include -D_LARGEFILE_SOURCE -D_FILE_OFFSET_BITS=64',
    optimize='-O2',
    cppflags='-fwrapv -fno-strict-aliasing -pipe -fstack-protector -I/usr/local/include'
    ccversion='', gccversion='4.9.2', gccosandvers=''
    intsize=4, longsize=8, ptrsize=8, doublesize=8, byteorder=12345678
    d_longlong=define, longlongsize=8, d_longdbl=define, longdblsize=16
    ivtype='long', ivsize=8, nvtype='double', nvsize=8, Off_t='off_t', lseeksize=8
    alignbytes=8, prototype=define
  Linker and Libraries:
    ld='cc', ldflags =' -fstack-protector -L/usr/local/lib'
    libpth=/usr/local/lib /usr/lib/gcc/x86_64-linux-gnu/4.9/include-fixed /usr/include/x86_64-linux-gnu /usr/lib /lib/x86_64-linux-gnu /lib/../lib /usr/lib/x86_64-linux-gnu /usr/lib/../lib /lib
    libs=-lnsl -lgdbm -ldb -ldl -lm -lcrypt -lutil -lc -lgdbm_compat
    perllibs=-lnsl -ldl -lm -lcrypt -lutil -lc
    libc=libc-2.19.so, so=so, useshrplib=false, libperl=libperl.a
    gnulibc_version='2.19'
  Dynamic Linking:
    dlsrc=dl_dlopen.xs, dlext=so, d_dlsymun=undef, ccdlflags='-Wl,-E'
    cccdlflags='-fPIC', lddlflags='-shared -O2 -L/usr/local/lib -fstack-protector'


Characteristics of this binary (from libperl): 
  Compile-time options: HAS_TIMES PERLIO_LAYERS PERL_DONT_CREATE_GVSV
                        PERL_HASH_FUNC_ONE_AT_A_TIME_HARD PERL_MALLOC_WRAP
                        PERL_NEW_COPY_ON_WRITE PERL_PRESERVE_IVUV
                        USE_64_BIT_ALL USE_64_BIT_INT USE_LARGE_FILES
                        USE_LOCALE USE_LOCALE_COLLATE USE_LOCALE_CTYPE
                        USE_LOCALE_NUMERIC USE_PERLIO USE_PERL_ATOF
  Built under linux
  Compiled at May  7 2016 16:00:15
  %ENV:
    PERL5LIB="/home/cpansand/.cpan/build/2017122106/WWW-Shorten-URLchen-v0.0.4-11/blib/arch:/home/cpansand/.cpan/build/2017122106/WWW-Shorten-URLchen-v0.0.4-11/blib/lib"
    PERL5OPT=""
    PERL5_CPANPLUS_IS_RUNNING="20909"
    PERL5_CPAN_IS_RUNNING="20909"
    PERL5_CPAN_IS_RUNNING_IN_RECURSION="20851,20909"
    PERLDOC="-MPod::Perldoc::ToTextOverstrike"
    PERL_BATCH="yes"
    PERL_CANARY_STABILITY_NOPROMPT="1"
    PERL_CPAN_REPORTER_CONFIG="/var/tmp/cpansmoker-1023/2017122106/cpanreporter_000_config.ini"
    PERL_EXTUTILS_AUTOINSTALL="--defaultdeps"
    PERL_PARALLEL_SMOKER="yes"
    PERL_USE_UNSAFE_INC="1"
  @INC:
    /home/cpansand/.cpan/build/2017122106/WWW-Shorten-URLchen-v0.0.4-11/blib/arch
    /home/cpansand/.cpan/build/2017122106/WWW-Shorten-URLchen-v0.0.4-11/blib/lib
    /opt/perl-5.20.1/lib/site_perl/5.20.1/x86_64-linux
    /opt/perl-5.20.1/lib/site_perl/5.20.1
    /opt/perl-5.20.1/lib/5.20.1/x86_64-linux
    /opt/perl-5.20.1/lib/5.20.1
    .