Back
From: metabase:user:9820532a-708b-1014-9a05-b18a96298da1
Subject: FAIL HTTP-MobileAgent-Plugin-CIDR-0.0.1 v5.15.7 GNU/Linux
Date: 2012-02-13T23:34:47Z
This distribution has been tested as part of the CPAN Testers
project, supporting the Perl programming language. See
http://wiki.cpantesters.org/ for more information or email
questions to cpan-testers-discuss@perl.org
--
Dear OHTSUKA Ko-hei,
This is a computer-generated report for HTTP-MobileAgent-Plugin-CIDR-0.0.1
on perl 5.15.7, created by CPAN-Reporter-1.2003.
Thank you for uploading your work to CPAN. However, there was a problem
testing your distribution.
If you think this report is invalid, please consult the CPAN Testers Wiki
for suggestions on how to avoid getting FAIL reports for missing library
or binary dependencies, unsupported operating systems, and so on:
http://wiki.cpantesters.org/wiki/CPANAuthorNotes
Sections of this report:
* Tester comments
* Program output
* Prerequisites
* Environment and other context
------------------------------
TESTER COMMENTS
------------------------------
Additional comments from tester:
this report is from an automated smoke testing program
and was not reviewed by a human for accuracy
------------------------------
PROGRAM OUTPUT
------------------------------
Output from './Build test':
# Testing HTTP::MobileAgent::Plugin::CIDR 0.0.1
t/00.load.t ....... ok
t/01.chkip.t ...... ok
defined(@array) is deprecated at /home/bri/perl5/perlbrew/perls/perl-5.15.7-ld/lib/site_perl/5.15.7/i686-linux-ld/PPI/XS.pm line 45.
(Maybe you should just omit the defined()?)
# Failed test 'Test::Perl::Critic for "blib/script/makeipregex"'
# at /home/bri/perl5/perlbrew/perls/perl-5.15.7-ld/lib/site_perl/5.15.7/Test/Perl/Critic.pm line 110.
#
# Perl::Critic found these violations in "blib/script/makeipregex":
# Variable, subroutine, and package names have to be in CamelCase at line 15, column 4. (no explanation). (Severity: 5)
# Three-argument form of open used at line 22, column 1. Three-argument open is not available until perl 5.6. (Severity: 5)
# Use of "open" is not allowed at line 22, column 1. Use file operation methods of MainObject instead. (Severity: 5)
# Variable, subroutine, and package names have to be in CamelCase at line 22, column 9. (no explanation). (Severity: 5)
# Three-argument form of open used at line 23, column 1. Three-argument open is not available until perl 5.6. (Severity: 5)
# Use of "open" is not allowed at line 23, column 1. Use file operation methods of MainObject instead. (Severity: 5)
# Variable, subroutine, and package names have to be in CamelCase at line 23, column 9. (no explanation). (Severity: 5)
# Variable, subroutine, and package names have to be in CamelCase at line 25, column 7. (no explanation). (Severity: 5)
# Variable, subroutine, and package names have to be in CamelCase at line 33, column 7. (no explanation). (Severity: 5)
# Variable, subroutine, and package names have to be in CamelCase at line 58, column 12. (no explanation). (Severity: 5)
# Variable, subroutine, and package names have to be in CamelCase at line 58, column 21. (no explanation). (Severity: 5)
# Variable, subroutine, and package names have to be in CamelCase at line 58, column 40. (no explanation). (Severity: 5)
# Variable, subroutine, and package names have to be in CamelCase at line 59, column 8. (no explanation). (Severity: 5)
# Variable, subroutine, and package names have to be in CamelCase at line 60, column 8. (no explanation). (Severity: 5)
# Variable, subroutine, and package names have to be in CamelCase at line 60, column 17. (no explanation). (Severity: 5)
# Variable, subroutine, and package names have to be in CamelCase at line 62, column 8. (no explanation). (Severity: 5)
# Variable, subroutine, and package names have to be in CamelCase at line 63, column 16. (no explanation). (Severity: 5)
# Variable, subroutine, and package names have to be in CamelCase at line 63, column 25. (no explanation). (Severity: 5)
# Variable, subroutine, and package names have to be in CamelCase at line 64, column 12. (no explanation). (Severity: 5)
# Variable, subroutine, and package names have to be in CamelCase at line 64, column 60. (no explanation). (Severity: 5)
# Variable, subroutine, and package names have to be in CamelCase at line 64, column 72. (no explanation). (Severity: 5)
# Variable, subroutine, and package names have to be in CamelCase at line 65, column 15. (no explanation). (Severity: 5)
# Variable, subroutine, and package names have to be in CamelCase at line 65, column 30. (no explanation). (Severity: 5)
# Variable, subroutine, and package names have to be in CamelCase at line 67, column 12. (no explanation). (Severity: 5)
# Variable, subroutine, and package names have to be in CamelCase at line 67, column 18. (no explanation). (Severity: 5)
# Variable, subroutine, and package names have to be in CamelCase at line 68, column 15. (no explanation). (Severity: 5)
# Variable, subroutine, and package names have to be in CamelCase at line 78, column 8. (no explanation). (Severity: 5)
# Variable, subroutine, and package names have to be in CamelCase at line 78, column 35. (no explanation). (Severity: 5)
# Variable, subroutine, and package names have to be in CamelCase at line 80, column 11. (no explanation). (Severity: 5)
# Variable, subroutine, and package names have to be in CamelCase at line 89, column 7. (no explanation). (Severity: 5)
# Failed test 'Test::Perl::Critic for "blib/lib/HTTP/MobileAgent/Plugin/CIDR.pm"'
# at /home/bri/perl5/perlbrew/perls/perl-5.15.7-ld/lib/site_perl/5.15.7/Test/Perl/Critic.pm line 110.
#
# Perl::Critic found these violations in "blib/lib/HTTP/MobileAgent/Plugin/CIDR.pm":
# Variable, subroutine, and package names have to be in CamelCase at line 14, column 1. (no explanation). (Severity: 5)
# Variable, subroutine, and package names have to be in CamelCase at line 15, column 9. (no explanation). (Severity: 5)
# Variable, subroutine, and package names have to be in CamelCase at line 15, column 15. (no explanation). (Severity: 5)
# Variable, subroutine, and package names have to be in CamelCase at line 17, column 8. (no explanation). (Severity: 5)
# Variable, subroutine, and package names have to be in CamelCase at line 17, column 30. (no explanation). (Severity: 5)
# Variable, subroutine, and package names have to be in CamelCase at line 19, column 5. (no explanation). (Severity: 5)
# Variable, subroutine, and package names have to be in CamelCase at line 19, column 15. (no explanation). (Severity: 5)
# Method invokation should use "()" at line 19, column 20. Use "->MethodName()" instead of "->MethodName". (Severity: 5)
# Variable, subroutine, and package names have to be in CamelCase at line 22, column 1. (no explanation). (Severity: 5)
# Variable, subroutine, and package names have to be in CamelCase at line 24, column 1. (no explanation). (Severity: 5)
# Variable, subroutine, and package names have to be in CamelCase at line 25, column 9. (no explanation). (Severity: 5)
# Variable, subroutine, and package names have to be in CamelCase at line 25, column 13. (no explanation). (Severity: 5)
# Variable, subroutine, and package names have to be in CamelCase at line 25, column 18. (no explanation). (Severity: 5)
# Variable, subroutine, and package names have to be in CamelCase at line 26, column 5. (no explanation). (Severity: 5)
# Variable, subroutine, and package names have to be in CamelCase at line 28, column 8. (no explanation). (Severity: 5)
# Variable, subroutine, and package names have to be in CamelCase at line 28, column 15. (no explanation). (Severity: 5)
# Variable, subroutine, and package names have to be in CamelCase at line 28, column 86. (no explanation). (Severity: 5)
# Variable, subroutine, and package names have to be in CamelCase at line 28, column 94. (no explanation). (Severity: 5)
# Variable, subroutine, and package names have to be in CamelCase at line 30, column 9. (no explanation). (Severity: 5)
# Variable, subroutine, and package names have to be in CamelCase at line 31, column 9. (no explanation). (Severity: 5)
# Variable, subroutine, and package names have to be in CamelCase at line 31, column 39. (no explanation). (Severity: 5)
# Variable, subroutine, and package names have to be in CamelCase at line 31, column 52. (no explanation). (Severity: 5)
# Variable, subroutine, and package names have to be in CamelCase at line 34, column 12. (no explanation). (Severity: 5)
# Failed test 'Test::Perl::Critic for "blib/lib/HTTP/MobileAgent/Plugin/CIDR/RegEx.pm"'
# at /home/bri/perl5/perlbrew/perls/perl-5.15.7-ld/lib/site_perl/5.15.7/Test/Perl/Critic.pm line 110.
#
# Perl::Critic found these violations in "blib/lib/HTTP/MobileAgent/Plugin/CIDR/RegEx.pm":
# Variable, subroutine, and package names have to be in CamelCase at line 9, column 1. (no explanation). (Severity: 5)
# Variable, subroutine, and package names have to be in CamelCase at line 14, column 1. (no explanation). (Severity: 5)
# Variable, subroutine, and package names have to be in CamelCase at line 19, column 1. (no explanation). (Severity: 5)
# Variable, subroutine, and package names have to be in CamelCase at line 24, column 1. (no explanation). (Severity: 5)
# Looks like you failed 3 tests of 3.
t/perlcritic.t ....
Dubious, test returned 3 (wstat 768, 0x300)
Failed 3/3 subtests
t/pod-coverage.t .. ok
t/pod.t ........... ok
Test Summary Report
-------------------
t/perlcritic.t (Wstat: 768 Tests: 3 Failed: 3)
Failed tests: 1-3
Non-zero exit status: 3
Files=5, Tests=649, 3 wallclock secs ( 0.09 usr 0.02 sys + 2.70 cusr 0.07 csys = 2.88 CPU)
Result: FAIL
Failed 1/5 test programs. 3/649 subtests failed.
------------------------------
PREREQUISITES
------------------------------
Prerequisite modules loaded:
requires:
Module Need Have
----------------- ------ ----
HTTP::MobileAgent 0.26_1 0.35
Test::More 0 0.98
version 0 0.96
------------------------------
ENVIRONMENT AND OTHER CONTEXT
------------------------------
Environment variables:
AUTOMATED_TESTING = 1
LANG = C
LANGUAGE = en_GB:en
LC_ALL = C
MANPATH_WITHOUT_PERLBREW =
PATH = /home/bri/bin:/home/bri/perl5/perlbrew/bin:/home/bri/perl5/perlbrew/perls/perl-5.15.7-ld/bin:~/bin:/usr/local/sbin:/usr/local/bin:/usr/sbin:/usr/bin:/sbin:/bin:/usr/games
PATH_WITHOUT_PERLBREW = ~/bin:/usr/local/sbin:/usr/local/bin:/usr/sbin:/usr/bin:/sbin:/bin:/usr/games
PERL5LIB =
PERL5OPT =
PERL5_CPANPLUS_IS_RUNNING = 31223
PERL5_CPAN_IS_RUNNING = 31223
PERL5_CPAN_IS_RUNNING_IN_RECURSION = 4307,31223
PERLBREW_BASHRC_VERSION = 0.41
PERLBREW_HOME = /home/bri/.perlbrew
PERLBREW_MANPATH = /home/bri/perl5/perlbrew/perls/perl-5.15.7-ld/man
PERLBREW_PATH = /home/bri/perl5/perlbrew/bin:/home/bri/perl5/perlbrew/perls/perl-5.15.7-ld/bin
PERLBREW_PERL = perl-5.15.7-ld
PERLBREW_ROOT = /home/bri/perl5/perlbrew
PERLBREW_VERSION = 0.40
PERL_CPANM_OPT = --prompt --mirror http://172.16.1.3/cpan/
PERL_CR_SMOKER_CURRENT = HTTP-MobileAgent-Plugin-CIDR-0.0.1
PERL_EXTUTILS_AUTOINSTALL = --defaultdeps
PERL_MM_USE_DEFAULT = 1
SHELL = /bin/bash
TERM = linux
Perl special variables (and OS-specific diagnostics, for MSWin32):
$^X = /home/bri/perl5/perlbrew/perls/perl-5.15.7-ld/bin/perl5.15.7
$UID/$EUID = 1000 / 1000
$GID = 1000 4 20 24 46 112 120 122 1000
$EGID = 1000 4 20 24 46 112 120 122 1000
Perl module toolchain versions installed:
Module Have
------------------- --------
CPAN 1.9800
CPAN::Meta 2.120351
Cwd 3.33
ExtUtils::CBuilder 0.280202
ExtUtils::Command 1.17
ExtUtils::Install 1.52
ExtUtils::MakeMaker 6.62
ExtUtils::Manifest 1.60
ExtUtils::ParseXS 3.15
File::Spec 3.33
JSON 2.53
JSON::PP 2.27008
Module::Build 0.39_01
Module::Signature n/a
Parse::CPAN::Meta 1.4402
Test::Harness 3.23
Test::More 0.98
YAML 0.78
YAML::Syck 1.19
version 0.96
--
Summary of my perl5 (revision 5 version 15 subversion 7) configuration:
Platform:
osname=linux, osvers=2.6.38-11-generic, archname=i686-linux-ld
uname='linux lappy 2.6.38-11-generic #48-ubuntu smp fri jul 29 19:05:14 utc 2011 i686 i686 i386 gnulinux '
config_args='-de -Dprefix=/home/bri/perl5/perlbrew/perls/perl-5.15.7-ld -Duselongdouble -Dusedevel'
hint=recommended, useposix=true, d_sigaction=define
useithreads=undef, usemultiplicity=undef
useperlio=define, d_sfio=undef, uselargefiles=define, usesocks=undef
use64bitint=undef, use64bitall=undef, uselongdouble=define
usemymalloc=n, bincompat5005=undef
Compiler:
cc='cc', ccflags ='-fno-strict-aliasing -pipe -fstack-protector -I/usr/local/include -D_LARGEFILE_SOURCE -D_FILE_OFFSET_BITS=64',
optimize='-O2',
cppflags='-fno-strict-aliasing -pipe -fstack-protector -I/usr/local/include'
ccversion='', gccversion='4.5.2', gccosandvers=''
intsize=4, longsize=4, ptrsize=4, doublesize=8, byteorder=1234
d_longlong=define, longlongsize=8, d_longdbl=define, longdblsize=12
ivtype='long', ivsize=4, nvtype='long double', nvsize=12, Off_t='off_t', lseeksize=8
alignbytes=4, prototype=define
Linker and Libraries:
ld='cc', ldflags =' -fstack-protector -L/usr/local/lib'
libpth=/usr/local/lib /lib /usr/lib /usr/lib/i386-linux-gnu /usr/lib64
libs=-lnsl -ldl -lm -lcrypt -lutil -lc
perllibs=-lnsl -ldl -lm -lcrypt -lutil -lc
libc=, so=so, useshrplib=false, libperl=libperl.a
gnulibc_version='2.13'
Dynamic Linking:
dlsrc=dl_dlopen.xs, dlext=so, d_dlsymun=undef, ccdlflags='-Wl,-E'
cccdlflags='-fPIC', lddlflags='-shared -O2 -L/usr/local/lib -fstack-protector'
Characteristics of this binary (from libperl):
Compile-time options: HAS_TIMES PERLIO_LAYERS PERL_DONT_CREATE_GVSV
PERL_MALLOC_WRAP PERL_PRESERVE_IVUV PERL_USE_DEVEL
USE_LARGE_FILES USE_LOCALE USE_LOCALE_COLLATE
USE_LOCALE_CTYPE USE_LOCALE_NUMERIC USE_LONG_DOUBLE
USE_PERLIO USE_PERL_ATOF
Built under linux
Compiled at Feb 5 2012 13:08:12
%ENV:
PERL5LIB=""
PERL5OPT=""
PERL5_CPANPLUS_IS_RUNNING="31223"
PERL5_CPAN_IS_RUNNING="31223"
PERL5_CPAN_IS_RUNNING_IN_RECURSION="4307,31223"
PERLBREW_BASHRC_VERSION="0.41"
PERLBREW_HOME="/home/bri/.perlbrew"
PERLBREW_MANPATH="/home/bri/perl5/perlbrew/perls/perl-5.15.7-ld/man"
PERLBREW_PATH="/home/bri/perl5/perlbrew/bin:/home/bri/perl5/perlbrew/perls/perl-5.15.7-ld/bin"
PERLBREW_PERL="perl-5.15.7-ld"
PERLBREW_ROOT="/home/bri/perl5/perlbrew"
PERLBREW_VERSION="0.40"
PERL_CPANM_OPT="--prompt --mirror http://172.16.1.3/cpan/"
PERL_CR_SMOKER_CURRENT="HTTP-MobileAgent-Plugin-CIDR-0.0.1"
PERL_EXTUTILS_AUTOINSTALL="--defaultdeps"
PERL_MM_USE_DEFAULT="1"
@INC:
/home/bri/perl5/perlbrew/perls/perl-5.15.7-ld/lib/site_perl/5.15.7/i686-linux-ld
/home/bri/perl5/perlbrew/perls/perl-5.15.7-ld/lib/site_perl/5.15.7
/home/bri/perl5/perlbrew/perls/perl-5.15.7-ld/lib/5.15.7/i686-linux-ld
/home/bri/perl5/perlbrew/perls/perl-5.15.7-ld/lib/5.15.7
.