Report for DBIx-Table-TestDataGenerator-0.003

Back
From: metabase:user:3215efbe-2aae-11df-837a-5e0a49663a4f
Subject: FAIL DBIx-Table-TestDataGenerator-0.003 v5.16.2 GNU/Linux
Date: 2012-12-26T16:50:13Z

This distribution has been tested as part of the CPAN Testers
project, supporting the Perl programming language.  See
http://wiki.cpantesters.org/ for more information or email
questions to cpan-testers-discuss@perl.org


--
Dear Jose Diaz Seng,

This is a computer-generated report for DBIx-Table-TestDataGenerator-0.003
on perl 5.16.2, created by CPAN-Reporter-1.2009.

Thank you for uploading your work to CPAN.  However, there was a problem
testing your distribution.

If you think this report is invalid, please consult the CPAN Testers Wiki
for suggestions on how to avoid getting FAIL reports for missing library
or binary dependencies, unsupported operating systems, and so on:

http://wiki.cpantesters.org/wiki/CPANAuthorNotes

Sections of this report:

    * Tester comments
    * Program output
    * Prerequisites
    * Environment and other context

------------------------------
TESTER COMMENTS
------------------------------

Additional comments from tester:

this report is from an automated smoke testing program
and was not reviewed by a human for accuracy

------------------------------
PROGRAM OUTPUT
------------------------------

Output from './Build test':

# Testing DBIx::Table::TestDataGenerator 0.003, Perl 5.016002, /opt/perl/threads/5.16.2/bin/perl
t/00-load.t .................... ok
Cannot import Moo::Role into a Moo class at /opt/perl/threads/5.16.2/lib/site_perl/5.16.2/Moo/Role.pm line 24.
BEGIN failed--compilation aborted at /home/tf/.cpan/build/DBIx-Table-TestDataGenerator-0.003-QCy_oV/blib/lib/DBIx/Table/TestDataGenerator/TableProbe/SQLite.pm line 3.
Compilation failed in require at t/01_Test_TestDataGenerator.t line 48.
DBD::SQLite::db do failed: no such table: test_testdatagenerator at t/01_Test_TestDataGenerator.t line 586.
DBD::SQLite::db do failed: no such table: test_testdatagenerator_ref at t/01_Test_TestDataGenerator.t line 587.
# Looks like your test exited with 255 before it could output anything.
t/01_Test_TestDataGenerator.t .. 
Dubious, test returned 255 (wstat 65280, 0xff00)
Failed 20/20 subtests 
Cannot import Moo::Role into a Moo class at /opt/perl/threads/5.16.2/lib/site_perl/5.16.2/Moo/Role.pm line 24.
BEGIN failed--compilation aborted at /home/tf/.cpan/build/DBIx-Table-TestDataGenerator-0.003-QCy_oV/blib/lib/DBIx/Table/TestDataGenerator/TableProbe/SQLite.pm line 3.
Compilation failed in require at t/02_Test_TestDataGenerator.t line 44.
DBD::SQLite::db do failed: no such table: test_testdatagenerator_nn_pkey at t/02_Test_TestDataGenerator.t line 152.
# Looks like your test exited with 255 before it could output anything.
t/02_Test_TestDataGenerator.t .. 
Dubious, test returned 255 (wstat 65280, 0xff00)
Failed 1/1 subtests 
Cannot import Moo::Role into a Moo class at /opt/perl/threads/5.16.2/lib/site_perl/5.16.2/Moo/Role.pm line 24.
BEGIN failed--compilation aborted at /home/tf/.cpan/build/DBIx-Table-TestDataGenerator-0.003-QCy_oV/blib/lib/DBIx/Table/TestDataGenerator/TableProbe/SQLite.pm line 3.
Compilation failed in require at t/03_Test_TestDataGenerator.t line 49.
DBD::SQLite::db do failed: no such table: tdg_target at t/03_Test_TestDataGenerator.t line 259.
DBD::SQLite::db do failed: no such table: tdg_ref1 at t/03_Test_TestDataGenerator.t line 260.
DBD::SQLite::db do failed: no such table: tdg_ref2 at t/03_Test_TestDataGenerator.t line 261.
# Looks like your test exited with 255 before it could output anything.
t/03_Test_TestDataGenerator.t .. 
Dubious, test returned 255 (wstat 65280, 0xff00)
Failed 1/1 subtests 
Cannot import Moo::Role into a Moo class at /opt/perl/threads/5.16.2/lib/site_perl/5.16.2/Moo/Role.pm line 24.
BEGIN failed--compilation aborted at /home/tf/.cpan/build/DBIx-Table-TestDataGenerator-0.003-QCy_oV/blib/lib/DBIx/Table/TestDataGenerator/TableProbe/SQLite.pm line 3.
Compilation failed in require at t/04_Test_TableProbe.t line 39.
DBD::SQLite::db do failed: no such table: test_helperqueries at t/04_Test_TableProbe.t line 294.
# Looks like your test exited with 255 before it could output anything.
t/04_Test_TableProbe.t ......... 
Dubious, test returned 255 (wstat 65280, 0xff00)
Failed 10/10 subtests 
t/05_Test_TreeUtils.t .......... ok
t/06_Test_TreeUtils2.t ......... ok
t/boilerplate.t ................ ok

Test Summary Report
-------------------
t/01_Test_TestDataGenerator.t (Wstat: 65280 Tests: 0 Failed: 0)
  Non-zero exit status: 255
  Parse errors: Bad plan.  You planned 20 tests but ran 0.
t/02_Test_TestDataGenerator.t (Wstat: 65280 Tests: 0 Failed: 0)
  Non-zero exit status: 255
  Parse errors: Bad plan.  You planned 1 tests but ran 0.
t/03_Test_TestDataGenerator.t (Wstat: 65280 Tests: 0 Failed: 0)
  Non-zero exit status: 255
  Parse errors: Bad plan.  You planned 1 tests but ran 0.
t/04_Test_TableProbe.t       (Wstat: 65280 Tests: 0 Failed: 0)
  Non-zero exit status: 255
  Parse errors: Bad plan.  You planned 10 tests but ran 0.
t/boilerplate.t              (Wstat: 0 Tests: 5 Failed: 0)
  TODO passed:   1-5
Files=8, Tests=47,  1 wallclock secs ( 0.03 usr  0.01 sys +  0.50 cusr  0.05 csys =  0.59 CPU)
Result: FAIL
Failed 4/8 test programs. 0/47 subtests failed.

------------------------------
PREREQUISITES
------------------------------

Prerequisite modules loaded:

requires:

    Module                  Need  Have    
    ----------------------- ----- --------
    Carp                    0     1.26    
    Class::Load             0     0.20    
    DBD::SQLite             0     1.37    
    DBI                     0     1.623   
    DBI::Const::GetInfoType 0     2.008696
    DBIx::Admin::TableInfo  0     2.07    
    List::MoreUtils         0     0.33    
    List::Util              0     1.26    
    Moo                     0     1.000007
    Moo::Role               0     0       
    perl                    5.006 5.016002
    Readonly                0     1.03    
    Test::Exception         0     0.31    

build_requires:

    Module                  Need  Have    
    ----------------------- ----- --------
    Test::More              0     0.98    

configure_requires:

    Module                  Need  Have    
    ----------------------- ----- --------
    Module::Build           0.4   0.4003  


------------------------------
ENVIRONMENT AND OTHER CONTEXT
------------------------------

Environment variables:

    AUTOMATED_TESTING = 1
    LANG = C
    PATH = /opt/perl/threads/5.16.2/bin:/usr/local/sbin:/usr/local/bin:/usr/sbin:/usr/bin:/sbin:/bin:/usr/games
    PERL5LIB = 
    PERL5OPT = 
    PERL5_CPANPLUS_IS_RUNNING = 32714
    PERL5_CPAN_IS_RUNNING = 32714
    PERL5_CPAN_IS_RUNNING_IN_RECURSION = 6030,32714
    PERL_CR_SMOKER_CURRENT = DBIx-Table-TestDataGenerator-0.003
    PERL_EXTUTILS_AUTOINSTALL = --defaultdeps
    PERL_MM_USE_DEFAULT = 1
    SHELL = /bin/bash
    TERM = screen

Perl special variables (and OS-specific diagnostics, for MSWin32):

    $^X = /opt/perl/threads/5.16.2/bin/perl
    $UID/$EUID = 1000 / 1000
    $GID = 1000 4 24 27 30 46 112 113 1000
    $EGID = 1000 4 24 27 30 46 112 113 1000

Perl module toolchain versions installed:

    Module              Have    
    ------------------- --------
    CPAN                1.9800  
    CPAN::Meta          2.120921
    Cwd                 3.39_02 
    ExtUtils::CBuilder  0.280206
    ExtUtils::Command   1.17    
    ExtUtils::Install   1.58    
    ExtUtils::MakeMaker 6.64    
    ExtUtils::Manifest  1.61    
    ExtUtils::ParseXS   3.16    
    File::Spec          3.39_02 
    JSON                2.53    
    JSON::PP            2.27200 
    Module::Build       0.4003  
    Module::Signature   0.70    
    Parse::CPAN::Meta   1.4404  
    Test::Harness       3.25    
    Test::More          0.98    
    YAML                0.84    
    YAML::Syck          1.22    
    version             0.9901  


--

Summary of my perl5 (revision 5 version 16 subversion 2) configuration:
   
  Platform:
    osname=linux, osvers=3.2.0-35-virtual, archname=x86_64-linux-thread-multi
    uname='linux cpansmoker 3.2.0-35-virtual #55-ubuntu smp wed dec 5 18:02:05 utc 2012 x86_64 x86_64 x86_64 gnulinux '
    config_args='-des -Dprefix=/opt/perl/threads/5.16.2 -Dusethreads'
    hint=recommended, useposix=true, d_sigaction=define
    useithreads=define, usemultiplicity=define
    useperlio=define, d_sfio=undef, uselargefiles=define, usesocks=undef
    use64bitint=define, use64bitall=define, uselongdouble=undef
    usemymalloc=n, bincompat5005=undef
  Compiler:
    cc='cc', ccflags ='-D_REENTRANT -D_GNU_SOURCE -fno-strict-aliasing -pipe -fstack-protector -I/usr/local/include -D_LARGEFILE_SOURCE -D_FILE_OFFSET_BITS=64',
    optimize='-O2',
    cppflags='-D_REENTRANT -D_GNU_SOURCE -fno-strict-aliasing -pipe -fstack-protector -I/usr/local/include'
    ccversion='', gccversion='4.6.3', gccosandvers=''
    intsize=4, longsize=8, ptrsize=8, doublesize=8, byteorder=12345678
    d_longlong=define, longlongsize=8, d_longdbl=define, longdblsize=16
    ivtype='long', ivsize=8, nvtype='double', nvsize=8, Off_t='off_t', lseeksize=8
    alignbytes=8, prototype=define
  Linker and Libraries:
    ld='cc', ldflags =' -fstack-protector -L/usr/local/lib'
    libpth=/usr/local/lib /lib/x86_64-linux-gnu /lib/../lib /usr/lib/x86_64-linux-gnu /usr/lib/../lib /lib /usr/lib
    libs=-lnsl -lgdbm -ldb -ldl -lm -lcrypt -lutil -lpthread -lc -lgdbm_compat
    perllibs=-lnsl -ldl -lm -lcrypt -lutil -lpthread -lc
    libc=, so=so, useshrplib=false, libperl=libperl.a
    gnulibc_version='2.15'
  Dynamic Linking:
    dlsrc=dl_dlopen.xs, dlext=so, d_dlsymun=undef, ccdlflags='-Wl,-E'
    cccdlflags='-fPIC', lddlflags='-shared -O2 -L/usr/local/lib -fstack-protector'


Characteristics of this binary (from libperl): 
  Compile-time options: HAS_TIMES MULTIPLICITY PERLIO_LAYERS
                        PERL_DONT_CREATE_GVSV PERL_IMPLICIT_CONTEXT
                        PERL_MALLOC_WRAP PERL_PRESERVE_IVUV USE_64_BIT_ALL
                        USE_64_BIT_INT USE_ITHREADS USE_LARGE_FILES
                        USE_LOCALE USE_LOCALE_COLLATE USE_LOCALE_CTYPE
                        USE_LOCALE_NUMERIC USE_PERLIO USE_PERL_ATOF
                        USE_REENTRANT_API
  Built under linux
  Compiled at Dec 26 2012 10:15:24
  %ENV:
    PERL5LIB=""
    PERL5OPT=""
    PERL5_CPANPLUS_IS_RUNNING="32714"
    PERL5_CPAN_IS_RUNNING="32714"
    PERL5_CPAN_IS_RUNNING_IN_RECURSION="6030,32714"
    PERL_CR_SMOKER_CURRENT="DBIx-Table-TestDataGenerator-0.003"
    PERL_EXTUTILS_AUTOINSTALL="--defaultdeps"
    PERL_MM_USE_DEFAULT="1"
  @INC:
    /opt/perl/threads/5.16.2/lib/site_perl/5.16.2/x86_64-linux-thread-multi
    /opt/perl/threads/5.16.2/lib/site_perl/5.16.2
    /opt/perl/threads/5.16.2/lib/5.16.2/x86_64-linux-thread-multi
    /opt/perl/threads/5.16.2/lib/5.16.2
    .