Syntax-Highlight-WithEmacs v0.3_01 Perl 5 v5.24.1 x86_64-linux

Status
Fail
From
Slaven Rezić (SREZIC)
Dist
Syntax-Highlight-WithEmacs v0.3_01
Platform
Perl 5 v5.24.1 x86_64-linux
Date
2019-02-27 23:49:27
ID
51a55ca6-3aea-11e9-8c95-a4c29d9de35d
This distribution has been tested as part of the CPAN Testers
project, supporting the Perl programming language.  See
http://wiki.cpantesters.org/ for more information or email
questions to cpan-testers-discuss@perl.org


--
Dear Ailin Nemui,

This is a computer-generated report for Syntax-Highlight-WithEmacs-0.3_01
on perl 5.24.1, created by CPAN-Reporter-1.2018.

Thank you for uploading your work to CPAN.  However, there was a problem
testing your distribution.

If you think this report is invalid, please consult the CPAN Testers Wiki
for suggestions on how to avoid getting FAIL reports for missing library
or binary dependencies, unsupported operating systems, and so on:

http://wiki.cpantesters.org/wiki/CPANAuthorNotes

Sections of this report:

    * Tester comments
    * Program output
    * Prerequisites
    * Environment and other context

------------------------------
TESTER COMMENTS
------------------------------

Additional comments from tester:

none provided

------------------------------
PROGRAM OUTPUT
------------------------------

Output from '/usr/bin/make test':

PERL_DL_NONLAZY=1 "/opt/perl-5.24.1/bin/perl" "-MExtUtils::Command::MM" "-MTest::Harness" "-e" "undef *Test::Harness::Switches; test_harness(0, 'blib/lib', 'blib/arch')" t/*.t
t/00-compile.t ..... ok
# GNU Emacs 24.5.1
t/1emacs-html.t .... ok
failed to create result file EmacsHtmlize6410MbjtP.pl.html
I ran: {
  "run_htmlize" => [
                     "emacsclient",
                     "-a",
                     "",
                     "-s",
                     "EmacsHtmlize6410_1",
                     "-nw",
                     "-eval",
                     "(add-to-list 'load-path \"/home/cpansand/.cpan/build/2019022714/Syntax-Highlight-WithEmacs-0.3_01-4\")",
                     "-eval",
                     "(ignore-errors (require 'htmlize) (setq htmlize-generate-hyperlinks nil) (setq htmlize-output-type \"font\") (htmlize-file \"EmacsHtmlize6410MbjtP.pl\" ))",
                     "-eval",
                     "(delete-frame (selected-frame) t)"
                   ]
}
I saw: {
  "run_htmlize" => [
                     "\e[?1049h\e[?12;25h\e[?1h\e=\e[H\e[2J\e[>0c",
                     ""
                   ]
}
 at t/basic-html.pl line 9.
# Looks like your test exited with 2 just after 1.
t/2emacs-client.t .. 
Dubious, test returned 2 (wstat 512, 0x200)
Failed 4/5 subtests 
t/3marked.t ........ ok
# using client: yes
failed to create result file EmacsHtmlize6425Vzj_V.pl.html at t/4ansi.t line 38.
# Looks like your test exited with 2 before it could output anything.
t/4ansi.t .......... 
Dubious, test returned 2 (wstat 512, 0x200)
Failed 8/8 subtests 
Devel::Hide hides Convert/Color/XTerm.pm
t/5runtime-dep.t ... ok

Test Summary Report
-------------------
t/2emacs-client.t (Wstat: 512 Tests: 1 Failed: 0)
  Non-zero exit status: 2
  Parse errors: Bad plan.  You planned 5 tests but ran 1.
t/4ansi.t        (Wstat: 512 Tests: 0 Failed: 0)
  Non-zero exit status: 2
  Parse errors: Bad plan.  You planned 8 tests but ran 0.
Files=6, Tests=10, 20 wallclock secs ( 0.03 usr  0.01 sys +  0.94 cusr  0.46 csys =  1.44 CPU)
Result: FAIL
Failed 2/6 test programs. 0/10 subtests failed.
Makefile:877: recipe for target 'test_dynamic' failed
make: *** [test_dynamic] Error 255

------------------------------
PREREQUISITES
------------------------------

Prerequisite modules loaded:

requires:

    Module              Need Have      
    ------------------- ---- ----------
    Carp                0    1.40      
    CSS::Tiny           0    1.20      
    Data::Dumper        0    2.173     
    File::Temp          0    0.2308    
    Hash::Util          0    0.19      
    IPC::Run            0    20180523.0
    Moo                 0    2.003004  
    strict              0    1.11      
    Term::ANSIColor     0    4.06      
    warnings            0    1.36      
    XML::LibXML         0    2.0133    

build_requires:

    Module              Need Have      
    ------------------- ---- ----------
    Cwd                 0    3.75      
    Devel::Hide         0    0.0010    
    ExtUtils::MakeMaker 0    7.34      
    ok                  0    1.302140  
    Test::More          0    1.302140  
    Test::Most          0    0.35      

configure_requires:

    Module              Need Have      
    ------------------- ---- ----------
    ExtUtils::MakeMaker 0    7.34      


------------------------------
ENVIRONMENT AND OTHER CONTEXT
------------------------------

Environment variables:

    LANG = C
    PATH = /usr/local/bin:/usr/bin:/bin:/usr/local/sbin:/usr/sbin:/sbin:/home/cpansand/bin/linux-gnu:/home/cpansand/bin/sh:/home/cpansand/bin:/usr/games:/home/cpansand/devel:/home/eserte/src/srezic-misc/scripts
    PERL5LIB = 
    PERL5OPT = 
    PERL5_CPANPLUS_IS_RUNNING = 6294
    PERL5_CPAN_IS_RUNNING = 6294
    PERL5_CPAN_IS_RUNNING_IN_RECURSION = 5462,6294
    PERLDOC = -MPod::Perldoc::ToTextOverstrike
    PERL_BATCH = yes
    PERL_CANARY_STABILITY_NOPROMPT = 1
    PERL_CPAN_REPORTER_CONFIG = /var/tmp/cpansmoker-1023/2019022714/cpanreporter_000_config.ini
    PERL_EXTUTILS_AUTOINSTALL = --defaultdeps
    PERL_USE_UNSAFE_INC = 1
    SHELL = /usr/bin/zsh
    TERM = screen
    TMPDIR = /var/tmp/cpansmoker-1023/2019022714

Perl special variables (and OS-specific diagnostics, for MSWin32):

    $^X = /opt/perl-5.24.1/bin/perl
    $UID/$EUID = 1023 / 1023
    $GID = 1023 1023
    $EGID = 1023 1023

Perl module toolchain versions installed:

    Module              Have    
    ------------------- --------
    CPAN                2.16    
    CPAN::Meta          2.150010
    Cwd                 3.75    
    ExtUtils::CBuilder  0.280230
    ExtUtils::Command   7.34    
    ExtUtils::Install   2.14    
    ExtUtils::MakeMaker 7.34    
    ExtUtils::Manifest  1.70    
    ExtUtils::ParseXS   3.31    
    File::Spec          3.75    
    JSON                4.01    
    JSON::PP            2.97001 
    Module::Build       0.4224  
    Module::Signature   0.83    
    Parse::CPAN::Meta   2.150010
    Test::Harness       3.42    
    Test::More          1.302140
    YAML                1.26    
    YAML::Syck          1.30    
    version             0.9923  


--

Summary of my perl5 (revision 5 version 24 subversion 1) configuration:
   
  Platform:
    osname=linux, osvers=4.9.0-3-amd64, archname=x86_64-linux
    uname='linux debian9 4.9.0-3-amd64 #1 smp debian 4.9.30-2+deb9u1 (2017-06-18) x86_64 gnulinux '
    config_args='-ds -e -Dprefix=/opt/perl-5.24.1 -Dcf_email=srezic@cpan.org'
    hint=recommended, useposix=true, d_sigaction=define
    useithreads=undef, usemultiplicity=undef
    use64bitint=define, use64bitall=define, uselongdouble=undef
    usemymalloc=n, bincompat5005=undef
  Compiler:
    cc='cc', ccflags ='-fwrapv -fno-strict-aliasing -pipe -fstack-protector-strong -I/usr/local/include -D_LARGEFILE_SOURCE -D_FILE_OFFSET_BITS=64',
    optimize='-O2',
    cppflags='-fwrapv -fno-strict-aliasing -pipe -fstack-protector-strong -I/usr/local/include'
    ccversion='', gccversion='6.3.0 20170516', gccosandvers=''
    intsize=4, longsize=8, ptrsize=8, doublesize=8, byteorder=12345678, doublekind=3
    d_longlong=define, longlongsize=8, d_longdbl=define, longdblsize=16, longdblkind=3
    ivtype='long', ivsize=8, nvtype='double', nvsize=8, Off_t='off_t', lseeksize=8
    alignbytes=8, prototype=define
  Linker and Libraries:
    ld='cc', ldflags =' -fstack-protector-strong -L/usr/local/lib'
    libpth=/usr/local/lib /usr/lib/gcc/x86_64-linux-gnu/6/include-fixed /usr/include/x86_64-linux-gnu /usr/lib /lib/x86_64-linux-gnu /lib/../lib /usr/lib/x86_64-linux-gnu /usr/lib/../lib /lib
    libs=-lpthread -lnsl -lgdbm -ldb -ldl -lm -lcrypt -lutil -lc -lgdbm_compat
    perllibs=-lpthread -lnsl -ldl -lm -lcrypt -lutil -lc
    libc=libc-2.24.so, so=so, useshrplib=false, libperl=libperl.a
    gnulibc_version='2.24'
  Dynamic Linking:
    dlsrc=dl_dlopen.xs, dlext=so, d_dlsymun=undef, ccdlflags='-Wl,-E'
    cccdlflags='-fPIC', lddlflags='-shared -O2 -L/usr/local/lib -fstack-protector-strong'


Characteristics of this binary (from libperl): 
  Compile-time options: HAS_TIMES PERLIO_LAYERS PERL_COPY_ON_WRITE
                        PERL_DONT_CREATE_GVSV
                        PERL_HASH_FUNC_ONE_AT_A_TIME_HARD PERL_MALLOC_WRAP
                        PERL_PRESERVE_IVUV USE_64_BIT_ALL USE_64_BIT_INT
                        USE_LARGE_FILES USE_LOCALE USE_LOCALE_COLLATE
                        USE_LOCALE_CTYPE USE_LOCALE_NUMERIC USE_LOCALE_TIME
                        USE_PERLIO USE_PERL_ATOF
  Built under linux
  Compiled at Jun 23 2017 20:31:37
  %ENV:
    PERL5LIB=""
    PERL5OPT=""
    PERL5_CPANPLUS_IS_RUNNING="6294"
    PERL5_CPAN_IS_RUNNING="6294"
    PERL5_CPAN_IS_RUNNING_IN_RECURSION="5462,6294"
    PERLDOC="-MPod::Perldoc::ToTextOverstrike"
    PERL_BATCH="yes"
    PERL_CANARY_STABILITY_NOPROMPT="1"
    PERL_CPAN_REPORTER_CONFIG="/var/tmp/cpansmoker-1023/2019022714/cpanreporter_000_config.ini"
    PERL_EXTUTILS_AUTOINSTALL="--defaultdeps"
    PERL_USE_UNSAFE_INC="1"
  @INC:
    /opt/perl-5.24.1/lib/site_perl/5.24.1/x86_64-linux
    /opt/perl-5.24.1/lib/site_perl/5.24.1
    /opt/perl-5.24.1/lib/5.24.1/x86_64-linux
    /opt/perl-5.24.1/lib/5.24.1
    .