Report for Class-PObject-2.17

Back
From: metabase:user:31cd6f96-2aae-11df-837a-5e0a49663a4f
Subject: FAIL Class-PObject-2.17 v5.14.1 Mac OS X
Date: 2011-12-09T16:32:02Z

This distribution has been tested as part of the CPAN Testers
project, supporting the Perl programming language.  See
http://wiki.cpantesters.org/ for more information or email
questions to cpan-testers-discuss@perl.org


--
Dear Sherzod Ruzmetov,

This is a computer-generated report for Class-PObject-2.17
on perl 5.14.1, created by CPAN-Reporter-1.2002.

Thank you for uploading your work to CPAN.  However, there was a problem
testing your distribution.

If you think this report is invalid, please consult the CPAN Testers Wiki
for suggestions on how to avoid getting FAIL reports for missing library
or binary dependencies, unsupported operating systems, and so on:

http://wiki.cpantesters.org/wiki/CPANAuthorNotes

Sections of this report:

    * Tester comments
    * Program output
    * Prerequisites
    * Environment and other context

------------------------------
TESTER COMMENTS
------------------------------

Additional comments from tester:

none provided

------------------------------
PROGRAM OUTPUT
------------------------------

Output from '/usr/bin/make test':

PERL_DL_NONLAZY=1 /Users/schwern/perl5/perlbrew/perls/perl-5.14.1/bin/perl "-MExtUtils::Command::MM" "-e" "test_harness(0, 'blib/lib', 'blib/arch')" t/*.t
t/01basic_file.t ..... ok
t/06basic_csv.t ...... skipped: DBD::CSV is not installed
t/11basic_mysql.t .... skipped: DBD::mysql is not available
t/16basic_db_file.t .. ok

#   Failed test at /Users/schwern/.cpan/build/Class-PObject-2.17-zAkhiM/blib/lib/Class/PObject/Test/Basic.pm line 195.

#   Failed test at /Users/schwern/.cpan/build/Class-PObject-2.17-zAkhiM/blib/lib/Class/PObject/Test/Basic.pm line 198.

#   Failed test at /Users/schwern/.cpan/build/Class-PObject-2.17-zAkhiM/blib/lib/Class/PObject/Test/Basic.pm line 231.
Can't call method "title" on an undefined value at /Users/schwern/.cpan/build/Class-PObject-2.17-zAkhiM/blib/lib/Class/PObject/Test/Basic.pm line 233.
# Looks like you planned 204 tests but ran 51.
# Looks like you failed 3 tests of 51 run.
# Looks like your test exited with 2 just after 51.
t/21basic_sqlite.t ... 
Dubious, test returned 2 (wstat 512, 0x200)
Failed 156/204 subtests 
t/61types_file.t ..... ok
t/62types_csv.t ...... skipped: DBD::CSV is not installed
t/63types_db_file.t .. ok
t/64types_mysql.t .... skipped: DBD::mysql is not available

#   Failed test at /Users/schwern/.cpan/build/Class-PObject-2.17-zAkhiM/blib/lib/Class/PObject/Test/Types.pm line 105.
Can't call method "name" on an undefined value at /Users/schwern/.cpan/build/Class-PObject-2.17-zAkhiM/blib/lib/Class/PObject/Test/Types.pm line 113.
# Looks like you planned 46 tests but ran 21.
# Looks like you failed 1 test of 21 run.
# Looks like your test exited with 2 just after 21.
t/65types_sqlite.t ... 
Dubious, test returned 2 (wstat 512, 0x200)
Failed 26/46 subtests 
Use of uninitialized value in concatenation (.) or string at /Users/schwern/.cpan/build/Class-PObject-2.17-zAkhiM/blib/lib/Class/PObject/Test/HAS_A.pm line 81.
t/70hasa_file.t ...... ok
t/71hasa_csv.t ....... skipped: DBD::CSV is not installed
t/72hasa_mysql.t ..... skipped: DBD::mysql is not available
Use of uninitialized value in concatenation (.) or string at /Users/schwern/.cpan/build/Class-PObject-2.17-zAkhiM/blib/lib/Class/PObject/Test/HAS_A.pm line 81.
t/73hasa_db_file.t ... ok
Use of uninitialized value in concatenation (.) or string at /Users/schwern/.cpan/build/Class-PObject-2.17-zAkhiM/blib/lib/Class/PObject/Test/HAS_A.pm line 81.
Use of uninitialized value in string eq at /Users/schwern/.cpan/build/Class-PObject-2.17-zAkhiM/blib/lib/Class/PObject/Test/HAS_A.pm line 99.

#   Failed test at /Users/schwern/.cpan/build/Class-PObject-2.17-zAkhiM/blib/lib/Class/PObject/Test/HAS_A.pm line 99.

#   Failed test at /Users/schwern/.cpan/build/Class-PObject-2.17-zAkhiM/blib/lib/Class/PObject/Test/HAS_A.pm line 108.
Can't call method "author" on an undefined value at /Users/schwern/.cpan/build/Class-PObject-2.17-zAkhiM/blib/lib/Class/PObject/Test/HAS_A.pm line 112.
# Looks like you planned 37 tests but ran 15.
# Looks like you failed 2 tests of 15 run.
# Looks like your test exited with 2 just after 15.
t/74hasa_sqlite.t .... 
Dubious, test returned 2 (wstat 512, 0x200)
Failed 24/37 subtests 

Test Summary Report
-------------------
t/21basic_sqlite.t (Wstat: 512 Tests: 51 Failed: 3)
  Failed tests:  45-46, 51
  Non-zero exit status: 2
  Parse errors: Bad plan.  You planned 204 tests but ran 51.
t/65types_sqlite.t (Wstat: 512 Tests: 21 Failed: 1)
  Failed test:  21
  Non-zero exit status: 2
  Parse errors: Bad plan.  You planned 46 tests but ran 21.
t/74hasa_sqlite.t  (Wstat: 512 Tests: 15 Failed: 2)
  Failed tests:  12, 15
  Non-zero exit status: 2
  Parse errors: Bad plan.  You planned 37 tests but ran 15.
Files=15, Tests=661,  1 wallclock secs ( 0.11 usr  0.03 sys +  0.70 cusr  0.10 csys =  0.94 CPU)
Result: FAIL
Failed 3/15 test programs. 6/661 subtests failed.
make: *** [test_dynamic] Error 2

------------------------------
PREREQUISITES
------------------------------

Prerequisite modules loaded:

requires:

    Module              Need Have   
    ------------------- ---- -------
    File::Basename      0    2.82   
    File::Path          0    2.08_01
    File::Spec          0    3.33   
    IO::Dir             0    1.08   
    Log::Agent          0    0.307  
    Storable            0    2.27   
    Test::More          0    0.98   

build_requires:

    Module              Need Have   
    ------------------- ---- -------
    ExtUtils::MakeMaker 0    6.59   


------------------------------
ENVIRONMENT AND OTHER CONTEXT
------------------------------

Environment variables:

    LANG = en_US.UTF-8
    LC_CTYPE = en_US.UTF-8
    PATH = /Users/schwern/perl5/perlbrew/bin:/Users/schwern/perl5/perlbrew/perls/perl-5.14.1/bin:/Users/schwern/bin:/Users/schwern/devel/git-achievements:/usr/local/bin:/opt/local/bin:/opt/local/sbin:/opt/local/libexec/gnubin/:/usr/bin:/bin:/usr/sbin:/sbin:/usr/local/bin:/usr/X11/bin
    PATH_WITHOUT_PERLBREW = /Users/schwern/bin:/Users/schwern/devel/git-achievements:/usr/local/bin:/opt/local/bin:/opt/local/sbin:/opt/local/libexec/gnubin/:/usr/bin:/bin:/usr/sbin:/sbin:/usr/local/bin:/usr/X11/bin
    PERL5LIB = 
    PERL5OPT = 
    PERL5_CPANPLUS_IS_RUNNING = 3513
    PERL5_CPAN_IS_RUNNING = 3513
    PERLBREW_HOME = /Users/schwern/.perlbrew
    PERLBREW_PATH = /Users/schwern/perl5/perlbrew/bin:/Users/schwern/perl5/perlbrew/perls/perl-5.14.1/bin
    PERLBREW_PERL = perl-5.14.1
    PERLBREW_ROOT = /Users/schwern/perl5/perlbrew
    PERLBREW_VERSION = 0.28
    PERL_AUTOINSTALL = --defaultdeps
    SHELL = /bin/bash
    TERM = xterm-color
    TMPDIR = /var/folders/eJ/eJzTVP7oG7GVsKYHJtMprE+++TI/-Tmp-/

Perl special variables (and OS-specific diagnostics, for MSWin32):

    $^X = /Users/schwern/perl5/perlbrew/perls/perl-5.14.1/bin/perl
    $UID/$EUID = 501 / 501
    $GID = 501 501 401 204 100 98 80 61 12 0
    $EGID = 501 501 401 204 100 98 80 61 12 0

Perl module toolchain versions installed:

    Module              Have    
    ------------------- --------
    CPAN                1.9800  
    CPAN::Meta          2.112621
    Cwd                 3.36    
    ExtUtils::CBuilder  0.280203
    ExtUtils::Command   1.17    
    ExtUtils::Install   1.56    
    ExtUtils::MakeMaker 6.59    
    ExtUtils::Manifest  1.58    
    ExtUtils::ParseXS   2.2210  
    File::Spec          3.33    
    JSON                2.53    
    JSON::PP            2.27200 
    Module::Build       0.3800  
    Module::Signature   0.68    
    Parse::CPAN::Meta   1.4401  
    Test::Harness       3.23    
    Test::More          0.98    
    YAML                0.73    
    YAML::Syck          n/a     
    version             0.95    


--

Summary of my perl5 (revision 5 version 14 subversion 1) configuration:
   
  Platform:
    osname=darwin, osvers=10.8.0, archname=darwin-thread-multi-2level
    uname='darwin windhund.local 10.8.0 darwin kernel version 10.8.0: tue jun 7 16:32:41 pdt 2011; root:xnu-1504.15.3~1release_x86_64 x86_64 i386 macbookpro8,1 darwin '
    config_args='-de -Dprefix=/Users/schwern/perl5/perlbrew/perls/perl-5.14.1 -Dusethreads -Duselargefiles -Dcf_email=schwern@pobox.com -Duse64bitall'
    hint=recommended, useposix=true, d_sigaction=define
    useithreads=define, usemultiplicity=define
    useperlio=define, d_sfio=undef, uselargefiles=define, usesocks=undef
    use64bitint=define, use64bitall=define, uselongdouble=undef
    usemymalloc=n, bincompat5005=undef
  Compiler:
    cc='cc', ccflags ='-fno-common -DPERL_DARWIN -arch x86_64 -fno-strict-aliasing -pipe -fstack-protector -I/usr/local/include -I/opt/local/include',
    optimize='-O3',
    cppflags='-arch x86_64 -fno-common -DPERL_DARWIN -arch x86_64 -fno-strict-aliasing -pipe -fstack-protector -I/usr/local/include -I/opt/local/include'
    ccversion='', gccversion='4.2.1 (Based on Apple Inc. build 5658) (LLVM build 2335.9)', gccosandvers=''
    intsize=4, longsize=8, ptrsize=8, doublesize=8, byteorder=12345678
    d_longlong=define, longlongsize=8, d_longdbl=define, longdblsize=16
    ivtype='long', ivsize=8, nvtype='double', nvsize=8, Off_t='off_t', lseeksize=8
    alignbytes=8, prototype=define
  Linker and Libraries:
    ld='env MACOSX_DEPLOYMENT_TARGET=10.3 cc -arch x86_64', ldflags =' -arch x86_64 -fstack-protector -L/usr/local/lib -L/opt/local/lib'
    libpth=/usr/local/lib /opt/local/lib /usr/lib
    libs=-lgdbm -ldbm -ldl -lm -lutil -lc
    perllibs=-ldl -lm -lutil -lc
    libc=, so=dylib, useshrplib=false, libperl=libperl.a
    gnulibc_version=''
  Dynamic Linking:
    dlsrc=dl_dlopen.xs, dlext=bundle, d_dlsymun=undef, ccdlflags=' '
    cccdlflags=' ', lddlflags=' -bundle -undefined dynamic_lookup -L/usr/local/lib -L/opt/local/lib -fstack-protector'


Characteristics of this binary (from libperl): 
  Compile-time options: MULTIPLICITY PERL_DONT_CREATE_GVSV
                        PERL_IMPLICIT_CONTEXT PERL_MALLOC_WRAP
                        PERL_PRESERVE_IVUV USE_64_BIT_ALL USE_64_BIT_INT
                        USE_ITHREADS USE_LARGE_FILES USE_PERLIO USE_PERL_ATOF
                        USE_REENTRANT_API
  Built under darwin
  Compiled at Sep 14 2011 16:59:11
  %ENV:
    PERL5LIB=""
    PERL5OPT=""
    PERL5_CPANPLUS_IS_RUNNING="3513"
    PERL5_CPAN_IS_RUNNING="3513"
    PERLBREW_HOME="/Users/schwern/.perlbrew"
    PERLBREW_PATH="/Users/schwern/perl5/perlbrew/bin:/Users/schwern/perl5/perlbrew/perls/perl-5.14.1/bin"
    PERLBREW_PERL="perl-5.14.1"
    PERLBREW_ROOT="/Users/schwern/perl5/perlbrew"
    PERLBREW_VERSION="0.28"
    PERL_AUTOINSTALL="--defaultdeps"
  @INC:
    /Users/schwern/perl5/perlbrew/perls/perl-5.14.1/lib/site_perl/5.14.1/darwin-thread-multi-2level
    /Users/schwern/perl5/perlbrew/perls/perl-5.14.1/lib/site_perl/5.14.1
    /Users/schwern/perl5/perlbrew/perls/perl-5.14.1/lib/5.14.1/darwin-thread-multi-2level
    /Users/schwern/perl5/perlbrew/perls/perl-5.14.1/lib/5.14.1
    .